File: //home/salhiscp/access-logs/salhab360photos.com.salhab360booth.com-ssl_log
51.79.229.86 - - [18/Oct/2025:08:13:14 -0400] "GET /v.phtml HTTP/1.1" 404 10903 "http://salhab360photos.com/v.phtml" "Go-http-client/2.0"
58.68.197.127 - - [18/Oct/2025:08:13:16 -0400] "GET /video-post-format-youtube-video/ HTTP/1.1" 200 16481 "-" "Mozilla/5.0 (Linux; Android 5.0; SM-G900P Build/LRX21T) AppleWebKit/537.36 (KHTML, like Gecko) Chrome/49.0.3186.1005 Mobile Safari/537.36"
58.68.197.127 - - [18/Oct/2025:08:13:26 -0400] "GET /wp-includes/css/dist/block-library/style.min.css?ver=6.8.3 HTTP/1.1" 200 14360 "https://salhab360photos.com/video-post-format-youtube-video/" "Mozilla/5.0 (Linux; Android 5.0; SM-G900P Build/LRX21T) AppleWebKit/537.36 (KHTML, like Gecko) Chrome/49.0.3186.1005 Mobile Safari/537.36"
58.68.197.127 - - [18/Oct/2025:08:13:26 -0400] "GET /wp-content/themes/acora/css/fwdicon.css?ver=3.0 HTTP/1.1" 200 1143 "https://salhab360photos.com/video-post-format-youtube-video/" "Mozilla/5.0 (Linux; Android 5.0; SM-G900P Build/LRX21T) AppleWebKit/537.36 (KHTML, like Gecko) Chrome/49.0.3186.1005 Mobile Safari/537.36"
58.68.197.127 - - [18/Oct/2025:08:13:26 -0400] "GET /wp-content/themes/acora/style.css?ver=3.0 HTTP/1.1" 200 333 "https://salhab360photos.com/video-post-format-youtube-video/" "Mozilla/5.0 (Linux; Android 5.0; SM-G900P Build/LRX21T) AppleWebKit/537.36 (KHTML, like Gecko) Chrome/49.0.3186.1005 Mobile Safari/537.36"
58.68.197.127 - - [18/Oct/2025:08:13:26 -0400] "GET /wp-content/themes/acora/css/global.css?ver=3.0 HTTP/1.1" 200 3091 "https://salhab360photos.com/video-post-format-youtube-video/" "Mozilla/5.0 (Linux; Android 5.0; SM-G900P Build/LRX21T) AppleWebKit/537.36 (KHTML, like Gecko) Chrome/49.0.3186.1005 Mobile Safari/537.36"
58.68.197.127 - - [18/Oct/2025:08:13:26 -0400] "GET /wp-content/themes/acora/css/style.css?ver=3.0 HTTP/1.1" 200 42248 "https://salhab360photos.com/video-post-format-youtube-video/" "Mozilla/5.0 (Linux; Android 5.0; SM-G900P Build/LRX21T) AppleWebKit/537.36 (KHTML, like Gecko) Chrome/49.0.3186.1005 Mobile Safari/537.36"
58.68.197.127 - - [18/Oct/2025:08:13:28 -0400] "GET /wp-content/uploads/2019/08/moment-14-h-1321x743.jpg HTTP/1.1" 206 500 "https://salhab360photos.com/video-post-format-youtube-video/" "Mozilla/5.0 (Linux; Android 5.0; SM-G900P Build/LRX21T) AppleWebKit/537.36 (KHTML, like Gecko) Chrome/49.0.3186.1005 Mobile Safari/537.36"
58.68.197.127 - - [18/Oct/2025:08:13:28 -0400] "GET /wp-content/uploads/2019/08/travel-03-h.jpg HTTP/1.1" 206 500 "https://salhab360photos.com/video-post-format-youtube-video/" "Mozilla/5.0 (Linux; Android 5.0; SM-G900P Build/LRX21T) AppleWebKit/537.36 (KHTML, like Gecko) Chrome/49.0.3186.1005 Mobile Safari/537.36"
51.79.229.86 - - [18/Oct/2025:08:13:24 -0400] "GET /v1s.php HTTP/1.1" 404 10896 "http://salhab360photos.com/v1s.php" "Go-http-client/2.0"
157.20.32.210 - - [18/Oct/2025:08:13:23 -0400] "POST /var HTTP/1.1" 404 10855 "https://salhab360photos.com" "Mozilla/5.0 (Macintosh, Intel Mac OS X 10_15_7) AppleWebKit/605.1.15 (KHTML, like Gecko) Version/16.3 Safari/605.1.15"
110.249.202.74 - - [18/Oct/2025:08:13:32 -0400] "GET /robots.txt HTTP/1.1" 200 84 "-" "Mozilla/5.0 (Linux; Android 5.0) AppleWebKit/537.36 (KHTML, like Gecko) Mobile Safari/537.36 (compatible; Bytespider; https://zhanzhang.toutiao.com/)"
51.79.229.86 - - [18/Oct/2025:08:13:36 -0400] "GET /v3.php HTTP/1.1" 404 10901 "http://salhab360photos.com/v3.php" "Go-http-client/2.0"
47.128.43.215 - - [18/Oct/2025:08:13:49 -0400] "GET /robots.txt HTTP/1.1" 200 84 "-" "Mozilla/5.0 (Linux; Android 5.0) AppleWebKit/537.36 (KHTML, like Gecko) Mobile Safari/537.36 (compatible; Bytespider; spider-feedback@bytedance.com)"
51.79.229.86 - - [18/Oct/2025:08:13:53 -0400] "GET /vb.php HTTP/1.1" 404 10897 "http://salhab360photos.com/vb.php" "Go-http-client/2.0"
157.20.32.210 - - [18/Oct/2025:08:13:55 -0400] "POST /SearchSvc/CVSearchService.svc HTTP/1.1" 404 10853 "-" "Mozilla/5.0 (Macintosh; Intel Mac OS X 10_15_7) AppleWebKit/605.1.15 (KHTML, like Gecko) Version/16.4 Mobile/15E148 Safari/604.1"
185.61.153.107 - - [18/Oct/2025:08:14:16 -0400] "POST /wp-cron.php?doing_wp_cron=1760789656.8564720153808593750000 HTTP/1.1" 200 0 "-" "WordPress/6.8.3; https://salhab360photos.com"
51.79.229.86 - - [18/Oct/2025:08:14:11 -0400] "GET /vf.php HTTP/1.1" 404 10899 "http://salhab360photos.com/vf.php" "Go-http-client/2.0"
157.20.32.210 - - [18/Oct/2025:08:14:27 -0400] "POST / HTTP/1.1" 200 1404 "-" "Mozilla/5.0 (SS; Linux i686) AppleWebKit/537.36 (KHTML, like Gecko) Chrome/133.0.0.0 Safari/537.36"
157.20.32.210 - - [18/Oct/2025:08:14:26 -0400] "GET /index.php?fc=module&module=productcomments&controller=CommentGrade&id_products%5B%5D=(select*from(select(sleep(6)))a) HTTP/1.1" 301 0 "-" "Mozilla/5.0 (Windows NT 6.2; rv:140.) Gecko/20100101 Firefox/140."
66.249.64.106 - - [18/Oct/2025:08:14:31 -0400] "GET /?ctg/search/similarImageSearchResultView/?ctgItemCd=57756 HTTP/1.1" 200 1164 "-" "Mozilla/5.0 (Linux; Android 6.0.1; Nexus 5X Build/MMB29P) AppleWebKit/537.36 (KHTML, like Gecko) Chrome/140.0.7339.207 Mobile Safari/537.36 (compatible; Googlebot/2.1; +http://www.google.com/bot.html)"
66.249.64.105 - - [18/Oct/2025:08:14:31 -0400] "GET /products8779444?kg=0008672459 HTTP/1.1" 200 29161 "-" "Mozilla/5.0 (Linux; Android 6.0.1; Nexus 5X Build/MMB29P) AppleWebKit/537.36 (KHTML, like Gecko) Chrome/140.0.7339.207 Mobile Safari/537.36 (compatible; Googlebot/2.1; +http://www.google.com/bot.html)"
51.79.229.86 - - [18/Oct/2025:08:14:33 -0400] "GET /viperz.php HTTP/1.1" 404 10903 "http://salhab360photos.com/viperz.php" "Go-http-client/2.0"
66.249.64.105 - - [18/Oct/2025:08:14:42 -0400] "GET /products2396528?kg=0002367385 HTTP/1.1" 200 28825 "-" "Mozilla/5.0 (Linux; Android 6.0.1; Nexus 5X Build/MMB29P) AppleWebKit/537.36 (KHTML, like Gecko) Chrome/140.0.7339.207 Mobile Safari/537.36 (compatible; Googlebot/2.1; +http://www.google.com/bot.html)"
216.73.216.159 - - [18/Oct/2025:08:14:41 -0400] "GET /products157400070?kg=0155480638 HTTP/1.1" 200 0 "-" "Mozilla/5.0 AppleWebKit/537.36 (KHTML, like Gecko; compatible; ClaudeBot/1.0; +claudebot@anthropic.com)"
51.79.229.86 - - [18/Oct/2025:08:14:40 -0400] "GET /voldshell.php HTTP/1.1" 404 10898 "http://salhab360photos.com/voldshell.php" "Go-http-client/2.0"
66.249.64.105 - - [18/Oct/2025:08:14:54 -0400] "GET /products8663090?kg=0008557524 HTTP/1.1" 200 29034 "-" "Mozilla/5.0 (Linux; Android 6.0.1; Nexus 5X Build/MMB29P) AppleWebKit/537.36 (KHTML, like Gecko) Chrome/140.0.7339.207 Mobile Safari/537.36 (compatible; Googlebot/2.1; +http://www.google.com/bot.html)"
51.79.229.86 - - [18/Oct/2025:08:13:31 -0400] "GET /v2.php HTTP/1.1" 404 10902 "http://salhab360photos.com/v2.php" "Go-http-client/2.0"
157.20.32.210 - - [18/Oct/2025:08:13:41 -0400] "GET /?p=1 HTTP/1.1" 200 1404 "-" "Mozilla/5.0 (Macintosh; Intel Mac OS X 10_15_7) AppleWebKit/605.1.15 (KHTML, like Gecko) Version/15.6 Safari/605.1.15"
51.79.229.86 - - [18/Oct/2025:08:13:40 -0400] "GET /v30.php HTTP/1.1" 404 10896 "http://salhab360photos.com/v30.php" "Go-http-client/2.0"
51.79.229.86 - - [18/Oct/2025:08:13:46 -0400] "GET /vasxvii.php HTTP/1.1" 404 10898 "http://salhab360photos.com/vasxvii.php" "Go-http-client/2.0"
20.171.207.254 - - [18/Oct/2025:08:13:50 -0400] "GET /products60919230?kg=0060176394 HTTP/1.1" 404 9740 "-" "Mozilla/5.0 AppleWebKit/537.36 (KHTML, like Gecko; compatible; GPTBot/1.2; +https://openai.com/gptbot)"
51.79.229.86 - - [18/Oct/2025:08:13:59 -0400] "GET /vb.php1 HTTP/1.1" 404 10899 "http://salhab360photos.com/vb.php1" "Go-http-client/2.0"
51.79.229.86 - - [18/Oct/2025:08:14:05 -0400] "GET /venom.php HTTP/1.1" 404 10898 "http://salhab360photos.com/venom.php" "Go-http-client/2.0"
66.249.64.107 - - [18/Oct/2025:08:14:24 -0400] "GET /categories/12330870 HTTP/1.1" 200 28855 "-" "Mozilla/5.0 (Linux; Android 6.0.1; Nexus 5X Build/MMB29P) AppleWebKit/537.36 (KHTML, like Gecko) Chrome/140.0.7339.207 Mobile Safari/537.36 (compatible; GoogleOther)"
51.79.229.86 - - [18/Oct/2025:08:14:18 -0400] "GET /views.php HTTP/1.1" 404 10902 "http://salhab360photos.com/views.php" "Go-http-client/2.0"
51.79.229.86 - - [18/Oct/2025:08:14:28 -0400] "GET /vip.php HTTP/1.1" 404 10896 "http://salhab360photos.com/vip.php" "Go-http-client/2.0"
66.249.64.105 - - [18/Oct/2025:08:14:56 -0400] "GET /products123038668?kg=0121538279 HTTP/1.1" 200 30871 "-" "Mozilla/5.0 (Linux; Android 6.0.1; Nexus 5X Build/MMB29P) AppleWebKit/537.36 (KHTML, like Gecko) Chrome/140.0.7339.207 Mobile Safari/537.36 (compatible; Googlebot/2.1; +http://www.google.com/bot.html)"
66.249.64.106 - - [18/Oct/2025:08:15:01 -0400] "GET /wp-content/themes/acora/js/fwd/fwdsisc/content/minimal_skin_dark/?SA HTTP/1.1" 200 662 "-" "Mozilla/5.0 (Linux; Android 6.0.1; Nexus 5X Build/MMB29P) AppleWebKit/537.36 (KHTML, like Gecko) Chrome/140.0.7339.207 Mobile Safari/537.36 (compatible; GoogleOther)"
51.79.229.86 - - [18/Oct/2025:08:14:59 -0400] "GET /vuln.php3.j HTTP/1.1" 404 10905 "http://salhab360photos.com/vuln.php3.j" "Go-http-client/2.0"
66.249.64.105 - - [18/Oct/2025:08:15:06 -0400] "GET /_autoindex/assets/icons/image.svg HTTP/1.1" 200 388 "https://salhab360photos.com/wp-content/themes/acora/js/fwd/fwdsisc/content/minimal_skin_dark/?SA" "Mozilla/5.0 (Linux; Android 6.0.1; Nexus 5X Build/MMB29P) AppleWebKit/537.36 (KHTML, like Gecko) Chrome/140.0.7339.207 Mobile Safari/537.36 (compatible; Googlebot/2.1; +http://www.google.com/bot.html)"
51.79.229.86 - - [18/Oct/2025:08:15:05 -0400] "GET /vyolin.php5 HTTP/1.1" 404 10896 "http://salhab360photos.com/vyolin.php5" "Go-http-client/2.0"
66.249.64.105 - - [18/Oct/2025:08:15:12 -0400] "GET /ctg/search/similarImageSearchResultView/?ctgItemCd=168430 HTTP/1.1" 200 28802 "-" "Mozilla/5.0 (Linux; Android 6.0.1; Nexus 5X Build/MMB29P) AppleWebKit/537.36 (KHTML, like Gecko) Chrome/140.0.7339.207 Mobile Safari/537.36 (compatible; Googlebot/2.1; +http://www.google.com/bot.html)"
185.61.153.107 - - [18/Oct/2025:08:15:14 -0400] "POST /wp-cron.php?doing_wp_cron=1760789714.5754408836364746093750 HTTP/1.1" 200 0 "-" "WordPress/6.8.3; https://salhab360photos.com"
66.249.64.105 - - [18/Oct/2025:08:15:24 -0400] "GET /ctg/search/similarImageSearchResultView/?ctgItemCd=1484225 HTTP/1.1" 200 28962 "-" "Mozilla/5.0 (Linux; Android 6.0.1; Nexus 5X Build/MMB29P) AppleWebKit/537.36 (KHTML, like Gecko) Chrome/140.0.7339.207 Mobile Safari/537.36 (compatible; Googlebot/2.1; +http://www.google.com/bot.html)"
51.79.229.86 - - [18/Oct/2025:08:15:15 -0400] "GET /w2o.php HTTP/1.1" 404 10899 "http://salhab360photos.com/w2o.php" "Go-http-client/2.0"
66.249.64.105 - - [18/Oct/2025:08:14:56 -0400] "GET /categories/12362112 HTTP/1.1" 200 28923 "-" "Mozilla/5.0 (Linux; Android 6.0.1; Nexus 5X Build/MMB29P) AppleWebKit/537.36 (KHTML, like Gecko) Chrome/140.0.7339.207 Mobile Safari/537.36 (compatible; Googlebot/2.1; +http://www.google.com/bot.html)"
51.79.229.86 - - [18/Oct/2025:08:14:52 -0400] "GET /vouu.php HTTP/1.1" 404 10903 "http://salhab360photos.com/vouu.php" "Go-http-client/2.0"
20.171.207.254 - - [18/Oct/2025:08:14:52 -0400] "GET /products60885980?kg=0060143551 HTTP/1.1" 404 9740 "-" "Mozilla/5.0 AppleWebKit/537.36 (KHTML, like Gecko; compatible; GPTBot/1.2; +https://openai.com/gptbot)"
216.73.216.159 - - [18/Oct/2025:08:14:53 -0400] "GET /products28894864?kg=0028542569 HTTP/1.1" 404 9740 "-" "Mozilla/5.0 AppleWebKit/537.36 (KHTML, like Gecko; compatible; ClaudeBot/1.0; +claudebot@anthropic.com)"
51.79.229.86 - - [18/Oct/2025:08:15:08 -0400] "GET /w00.php HTTP/1.1" 404 10896 "http://salhab360photos.com/w00.php" "Go-http-client/2.0"
66.249.64.105 - - [18/Oct/2025:08:15:13 -0400] "GET /?products3185258?kg=0003146496 HTTP/1.1" 200 1164 "-" "Mozilla/5.0 (Linux; Android 6.0.1; Nexus 5X Build/MMB29P) AppleWebKit/537.36 (KHTML, like Gecko) Chrome/140.0.7339.207 Mobile Safari/537.36 (compatible; Googlebot/2.1; +http://www.google.com/bot.html)"
51.79.229.86 - - [18/Oct/2025:08:15:11 -0400] "GET /w0rk.php HTTP/1.1" 404 10898 "http://salhab360photos.com/w0rk.php" "Go-http-client/2.0"
66.249.64.105 - - [18/Oct/2025:08:15:24 -0400] "GET /?products1287564?kg=0001271943 HTTP/1.1" 200 1164 "-" "Mozilla/5.0 (Linux; Android 6.0.1; Nexus 5X Build/MMB29P) AppleWebKit/537.36 (KHTML, like Gecko) Chrome/140.0.7339.207 Mobile Safari/537.36 (compatible; Googlebot/2.1; +http://www.google.com/bot.html)"
66.249.64.105 - - [18/Oct/2025:08:15:24 -0400] "GET /?products7361628?kg=0007271935 HTTP/1.1" 200 1164 "-" "Mozilla/5.0 (Linux; Android 6.0.1; Nexus 5X Build/MMB29P) AppleWebKit/537.36 (KHTML, like Gecko) Chrome/140.0.7339.207 Mobile Safari/537.36 (compatible; Googlebot/2.1; +http://www.google.com/bot.html)"
51.79.229.86 - - [18/Oct/2025:08:15:26 -0400] "GET /w3bsh3ll.php HTTP/1.1" 404 10897 "http://salhab360photos.com/w3bsh3ll.php" "Go-http-client/2.0"
51.79.229.86 - - [18/Oct/2025:08:15:30 -0400] "GET /w7.php HTTP/1.1" 404 10897 "http://salhab360photos.com/w7.php" "Go-http-client/2.0"
51.79.229.86 - - [18/Oct/2025:08:15:34 -0400] "GET /wahid.php HTTP/1.1" 404 10898 "http://salhab360photos.com/wahid.php" "Go-http-client/2.0"
51.79.229.86 - - [18/Oct/2025:08:15:41 -0400] "GET /wan.php HTTP/1.1" 404 10899 "http://salhab360photos.com/wan.php" "Go-http-client/2.0"
20.171.207.254 - - [18/Oct/2025:08:15:56 -0400] "GET /products60904470?kg=0060161814 HTTP/1.1" 404 9743 "-" "Mozilla/5.0 AppleWebKit/537.36 (KHTML, like Gecko; compatible; GPTBot/1.2; +https://openai.com/gptbot)"
66.249.64.105 - - [18/Oct/2025:08:16:03 -0400] "GET /?products112197680?kg=0110829497 HTTP/1.1" 304 0 "-" "Mozilla/5.0 (Linux; Android 6.0.1; Nexus 5X Build/MMB29P) AppleWebKit/537.36 (KHTML, like Gecko) Chrome/140.0.7339.207 Mobile Safari/537.36 (compatible; Googlebot/2.1; +http://www.google.com/bot.html)"
51.79.229.86 - - [18/Oct/2025:08:15:58 -0400] "GET /wasd.php HTTP/1.1" 404 10896 "http://salhab360photos.com/wasd.php" "Go-http-client/2.0"
51.79.229.86 - - [18/Oct/2025:08:16:06 -0400] "GET /waychild.php HTTP/1.1" 404 10896 "http://salhab360photos.com/waychild.php" "Go-http-client/2.0"
66.249.64.106 - - [18/Oct/2025:08:16:19 -0400] "GET /products122868928?kg=0121370609 HTTP/1.1" 200 29424 "-" "Mozilla/5.0 (Linux; Android 6.0.1; Nexus 5X Build/MMB29P) AppleWebKit/537.36 (KHTML, like Gecko) Chrome/140.0.7339.207 Mobile Safari/537.36 (compatible; Googlebot/2.1; +http://www.google.com/bot.html)"
51.79.229.86 - - [18/Oct/2025:08:16:19 -0400] "GET /wci-shell-403.php HTTP/1.1" 404 10903 "http://salhab360photos.com/wci-shell-403.php" "Go-http-client/2.0"
51.79.229.86 - - [18/Oct/2025:08:16:27 -0400] "GET /webadmin.php HTTP/1.1" 404 10899 "http://salhab360photos.com/webadmin.php" "Go-http-client/2.0"
66.249.64.105 - - [18/Oct/2025:08:15:37 -0400] "GET /products3879252?kg=0003832027 HTTP/1.1" 200 28888 "-" "Mozilla/5.0 (Linux; Android 6.0.1; Nexus 5X Build/MMB29P) AppleWebKit/537.36 (KHTML, like Gecko) Chrome/140.0.7339.207 Mobile Safari/537.36 (compatible; Googlebot/2.1; +http://www.google.com/bot.html)"
216.73.216.159 - - [18/Oct/2025:08:15:33 -0400] "GET /products167577364?kg=0165533819 HTTP/1.1" 404 9733 "-" "Mozilla/5.0 AppleWebKit/537.36 (KHTML, like Gecko; compatible; ClaudeBot/1.0; +claudebot@anthropic.com)"
216.73.216.159 - - [18/Oct/2025:08:15:43 -0400] "GET /products167621120?kg=0165577041 HTTP/1.1" 404 9740 "-" "Mozilla/5.0 AppleWebKit/537.36 (KHTML, like Gecko; compatible; ClaudeBot/1.0; +claudebot@anthropic.com)"
51.79.229.86 - - [18/Oct/2025:08:15:48 -0400] "GET /wanna2.php HTTP/1.1" 404 10898 "http://salhab360photos.com/wanna2.php" "Go-http-client/2.0"
66.249.64.105 - - [18/Oct/2025:08:15:56 -0400] "GET /products13397866?kg=0013234560 HTTP/1.1" 200 28818 "-" "Mozilla/5.0 (Linux; Android 6.0.1; Nexus 5X Build/MMB29P) AppleWebKit/537.36 (KHTML, like Gecko) Chrome/140.0.7339.207 Mobile Safari/537.36 (compatible; Googlebot/2.1; +http://www.google.com/bot.html)"
51.79.229.86 - - [18/Oct/2025:08:15:52 -0400] "GET /wans.php HTTP/1.1" 404 10897 "http://salhab360photos.com/wans.php" "Go-http-client/2.0"
185.61.153.107 - - [18/Oct/2025:08:16:18 -0400] "POST /wp-cron.php?doing_wp_cron=1760789777.9521510601043701171875 HTTP/1.1" 200 0 "-" "WordPress/6.8.3; https://salhab360photos.com"
51.79.229.86 - - [18/Oct/2025:08:16:14 -0400] "GET /wc.php HTTP/1.1" 404 10897 "http://salhab360photos.com/wc.php" "Go-http-client/2.0"
66.249.64.106 - - [18/Oct/2025:08:16:19 -0400] "GET /?products5758200?kg=0005688061 HTTP/1.1" 200 1164 "-" "Mozilla/5.0 (Linux; Android 6.0.1; Nexus 5X Build/MMB29P) AppleWebKit/537.36 (KHTML, like Gecko) Chrome/140.0.7339.207 Mobile Safari/537.36 (compatible; Googlebot/2.1; +http://www.google.com/bot.html)"
51.79.229.86 - - [18/Oct/2025:08:16:24 -0400] "GET /weak.php HTTP/1.1" 404 10899 "http://salhab360photos.com/weak.php" "Go-http-client/2.0"
51.79.229.86 - - [18/Oct/2025:08:16:35 -0400] "GET /webr.php HTTP/1.1" 404 10897 "http://salhab360photos.com/webr.php" "Go-http-client/2.0"
51.79.229.86 - - [18/Oct/2025:08:16:40 -0400] "GET /webshell.php HTTP/1.1" 404 10899 "http://salhab360photos.com/webshell.php" "Go-http-client/2.0"
66.249.64.105 - - [18/Oct/2025:08:16:51 -0400] "GET /products13485310?kg=0013320938 HTTP/1.1" 200 29796 "-" "Mozilla/5.0 (Linux; Android 6.0.1; Nexus 5X Build/MMB29P) AppleWebKit/537.36 (KHTML, like Gecko) Chrome/140.0.7339.207 Mobile Safari/537.36 (compatible; Googlebot/2.1; +http://www.google.com/bot.html)"
51.79.229.86 - - [18/Oct/2025:08:16:50 -0400] "GET /webz.php HTTP/1.1" 404 10899 "http://salhab360photos.com/webz.php" "Go-http-client/2.0"
185.61.153.107 - - [18/Oct/2025:08:16:56 -0400] "GET / HTTP/1.1" 200 4189 "-" "Mozilla/5.0 (Windows NT 10.0; Win64; x64; rv:122.0) Gecko/20100101 Firefox/122.0"
185.61.153.107 - - [18/Oct/2025:08:17:02 -0400] "GET / HTTP/1.1" 200 4189 "-" "Mozilla/5.0 (Windows NT 10.0; Win64; x64; rv:122.0) Gecko/20100101 Firefox/122.0"
66.249.64.105 - - [18/Oct/2025:08:17:01 -0400] "GET /ctg/search/similarImageSearchResultView/?ctgItemCd=1496384 HTTP/1.1" 200 28952 "-" "Mozilla/5.0 (Linux; Android 6.0.1; Nexus 5X Build/MMB29P) AppleWebKit/537.36 (KHTML, like Gecko) Chrome/140.0.7339.207 Mobile Safari/537.36 (compatible; Googlebot/2.1; +http://www.google.com/bot.html)"
51.79.229.86 - - [18/Oct/2025:08:16:56 -0400] "GET /webz2.php HTTP/1.1" 404 10905 "http://salhab360photos.com/webz2.php" "Go-http-client/2.0"
20.171.207.254 - - [18/Oct/2025:08:16:56 -0400] "GET /products60901892?kg=0060159267 HTTP/1.1" 404 9740 "-" "Mozilla/5.0 AppleWebKit/537.36 (KHTML, like Gecko; compatible; GPTBot/1.2; +https://openai.com/gptbot)"
157.20.32.210 - - [18/Oct/2025:08:17:10 -0400] "POST / HTTP/1.1" 200 1404 "-" "Mozilla/5.0 (Windows NT 6.1; WOW64) AppleWebKit/537.36 (KHTML, like Gecko) Chrome/66.0.3359.181 Safari/537.36"
51.79.229.86 - - [18/Oct/2025:08:16:30 -0400] "GET /webhertprojects.aspx HTTP/1.1" 404 10906 "http://salhab360photos.com/webhertprojects.aspx" "Go-http-client/2.0"
51.79.229.86 - - [18/Oct/2025:08:16:44 -0400] "GET /webshll2019.php HTTP/1.1" 404 10906 "http://salhab360photos.com/webshll2019.php" "Go-http-client/2.0"
66.249.64.105 - - [18/Oct/2025:08:16:54 -0400] "GET /wp-content/themes/acora/js/fwd/fwdsisc/content/minimal-skin/?MA HTTP/1.1" 200 658 "-" "Mozilla/5.0 (Linux; Android 6.0.1; Nexus 5X Build/MMB29P) AppleWebKit/537.36 (KHTML, like Gecko) Chrome/140.0.7339.207 Mobile Safari/537.36 (compatible; GoogleOther)"
66.249.64.105 - - [18/Oct/2025:08:17:00 -0400] "GET /products9274086?kg=0009161070 HTTP/1.1" 200 30832 "-" "Mozilla/5.0 (Linux; Android 6.0.1; Nexus 5X Build/MMB29P) AppleWebKit/537.36 (KHTML, like Gecko) Chrome/140.0.7339.207 Mobile Safari/537.36 (compatible; Googlebot/2.1; +http://www.google.com/bot.html)"
185.61.153.107 - - [18/Oct/2025:08:17:02 -0400] "GET / HTTP/1.1" 200 4189 "-" "Softaculous"
66.249.64.105 - - [18/Oct/2025:08:17:02 -0400] "GET /products122869210?kg=0121370888 HTTP/1.1" 200 28973 "-" "Mozilla/5.0 (Linux; Android 6.0.1; Nexus 5X Build/MMB29P) AppleWebKit/537.36 (KHTML, like Gecko) Chrome/140.0.7339.207 Mobile Safari/537.36 (compatible; Googlebot/2.1; +http://www.google.com/bot.html)"
157.20.32.210 - - [18/Oct/2025:08:17:02 -0400] "GET /login.php HTTP/1.1" 302 0 "-" "Mozilla/5.0 (Ubuntu; Linux x86_64) AppleWebKit/537.36 (KHTML, like Gecko) Chrome/140.0.0.0 Safari/537.36"
66.249.64.105 - - [18/Oct/2025:08:17:15 -0400] "GET /products122871420?kg=0121373071 HTTP/1.1" 200 29075 "-" "Mozilla/5.0 (Linux; Android 6.0.1; Nexus 5X Build/MMB29P) AppleWebKit/537.36 (KHTML, like Gecko) Chrome/140.0.7339.207 Mobile Safari/537.36 (compatible; Googlebot/2.1; +http://www.google.com/bot.html)"
51.79.229.86 - - [18/Oct/2025:08:17:13 -0400] "GET /weevely.php HTTP/1.1" 404 10899 "http://salhab360photos.com/weevely.php" "Go-http-client/2.0"
66.249.64.105 - - [18/Oct/2025:08:17:27 -0400] "GET /categories/12363506 HTTP/1.1" 200 28816 "-" "Mozilla/5.0 (Linux; Android 6.0.1; Nexus 5X Build/MMB29P) AppleWebKit/537.36 (KHTML, like Gecko) Chrome/140.0.7339.207 Mobile Safari/537.36 (compatible; Googlebot/2.1; +http://www.google.com/bot.html)"
157.20.32.210 - - [18/Oct/2025:08:17:29 -0400] "POST / HTTP/1.1" 200 1404 "-" "Mozilla/5.0 (Macintosh; Intel Mac OS X 10_15_7) AppleWebKit/605.1.15 (KHTML, like Gecko) Version/17.1.4 Safari/605.1.15"
216.73.216.159 - - [18/Oct/2025:08:17:26 -0400] "GET /products34978202?kg=0034551720 HTTP/1.1" 404 9740 "-" "Mozilla/5.0 AppleWebKit/537.36 (KHTML, like Gecko; compatible; ClaudeBot/1.0; +claudebot@anthropic.com)"
157.20.32.210 - - [18/Oct/2025:08:17:34 -0400] "GET /cgi-bin/execute_cmd.cgi?timestamp=1589333279490&cmd=cat%20/etc/passwd HTTP/1.1" 403 1242 "-" "Mozilla/5.0 (X11; Ubuntu; Linux x86_64; rv:132.0) Gecko/20100101 Firefox/132.0"
216.73.216.159 - - [18/Oct/2025:08:17:32 -0400] "GET /products203541548?kg=0201059415 HTTP/1.1" 404 9740 "-" "Mozilla/5.0 AppleWebKit/537.36 (KHTML, like Gecko; compatible; ClaudeBot/1.0; +claudebot@anthropic.com)"
51.79.229.86 - - [18/Oct/2025:08:17:32 -0400] "GET /wew.php HTTP/1.1" 404 10896 "http://salhab360photos.com/wew.php" "Go-http-client/2.0"
51.79.229.86 - - [18/Oct/2025:08:17:49 -0400] "GET /why.php HTTP/1.1" 404 10903 "http://salhab360photos.com/why.php" "Go-http-client/2.0"
51.79.229.86 - - [18/Oct/2025:08:18:00 -0400] "GET /wkwk.php HTTP/1.1" 404 10899 "http://salhab360photos.com/wkwk.php" "Go-http-client/2.0"
20.171.207.254 - - [18/Oct/2025:08:18:01 -0400] "GET /products60905332?kg=0060162667 HTTP/1.1" 404 9740 "-" "Mozilla/5.0 AppleWebKit/537.36 (KHTML, like Gecko; compatible; GPTBot/1.2; +https://openai.com/gptbot)"
216.73.216.159 - - [18/Oct/2025:08:18:04 -0400] "GET /products194040982?kg=0191674710 HTTP/1.1" 404 9742 "-" "Mozilla/5.0 AppleWebKit/537.36 (KHTML, like Gecko; compatible; ClaudeBot/1.0; +claudebot@anthropic.com)"
51.79.229.86 - - [18/Oct/2025:08:17:05 -0400] "GET /weeso.phtml HTTP/1.1" 404 10896 "http://salhab360photos.com/weeso.phtml" "Go-http-client/2.0"
185.61.153.107 - - [18/Oct/2025:08:17:17 -0400] "POST /wp-cron.php?doing_wp_cron=1760789836.8534829616546630859375 HTTP/1.1" 200 0 "-" "WordPress/6.8.3; https://salhab360photos.com"
216.73.216.159 - - [18/Oct/2025:08:17:12 -0400] "GET /products153899204?kg=0152022467 HTTP/1.1" 404 9739 "-" "Mozilla/5.0 AppleWebKit/537.36 (KHTML, like Gecko; compatible; ClaudeBot/1.0; +claudebot@anthropic.com)"
216.73.216.159 - - [18/Oct/2025:08:17:17 -0400] "GET /products148385774?kg=0146576274 HTTP/1.1" 404 9740 "-" "Mozilla/5.0 AppleWebKit/537.36 (KHTML, like Gecko; compatible; ClaudeBot/1.0; +claudebot@anthropic.com)"
51.79.229.86 - - [18/Oct/2025:08:17:18 -0400] "GET /wellss.php HTTP/1.1" 404 10905 "http://salhab360photos.com/wellss.php" "Go-http-client/2.0"
216.73.216.159 - - [18/Oct/2025:08:17:20 -0400] "GET /products107066216?kg=0105760613 HTTP/1.1" 404 9739 "-" "Mozilla/5.0 AppleWebKit/537.36 (KHTML, like Gecko; compatible; ClaudeBot/1.0; +claudebot@anthropic.com)"
51.79.229.86 - - [18/Oct/2025:08:17:23 -0400] "GET /wepe.php HTTP/1.1" 404 10898 "http://salhab360photos.com/wepe.php" "Go-http-client/2.0"
66.249.64.105 - - [18/Oct/2025:08:17:29 -0400] "GET /products13308686?kg=0013146466 HTTP/1.1" 200 29295 "-" "Mozilla/5.0 (Linux; Android 6.0.1; Nexus 5X Build/MMB29P) AppleWebKit/537.36 (KHTML, like Gecko) Chrome/140.0.7339.207 Mobile Safari/537.36 (compatible; Googlebot/2.1; +http://www.google.com/bot.html)"
51.79.229.86 - - [18/Oct/2025:08:17:26 -0400] "GET /wew.jpg.php HTTP/1.1" 404 10896 "http://salhab360photos.com/wew.jpg.php" "Go-http-client/2.0"
51.79.229.86 - - [18/Oct/2025:08:17:36 -0400] "GET /whatsapp.php HTTP/1.1" 404 10905 "http://salhab360photos.com/whatsapp.php" "Go-http-client/2.0"
216.73.216.159 - - [18/Oct/2025:08:17:38 -0400] "GET /products119174700?kg=0117721431 HTTP/1.1" 404 9739 "-" "Mozilla/5.0 AppleWebKit/537.36 (KHTML, like Gecko; compatible; ClaudeBot/1.0; +claudebot@anthropic.com)"
51.79.229.86 - - [18/Oct/2025:08:17:42 -0400] "GET /white.php HTTP/1.1" 404 10897 "http://salhab360photos.com/white.php" "Go-http-client/2.0"
51.79.229.86 - - [18/Oct/2025:08:17:55 -0400] "GET /wild.php HTTP/1.1" 404 10896 "http://salhab360photos.com/wild.php" "Go-http-client/2.0"
216.73.216.159 - - [18/Oct/2025:08:17:58 -0400] "GET /products80922844?kg=0079936063 HTTP/1.1" 404 9740 "-" "Mozilla/5.0 AppleWebKit/537.36 (KHTML, like Gecko; compatible; ClaudeBot/1.0; +claudebot@anthropic.com)"
157.20.32.210 - - [18/Oct/2025:08:18:04 -0400] "POST /login.htm HTTP/1.1" 404 10855 "-" "Mozilla/5.0 (X11; Linux x86_64) AppleWebKit/537.36 (KHTML, like Gecko) Chrome/113.0.0.0 Safari/537.36"
185.61.153.107 - - [18/Oct/2025:08:18:14 -0400] "POST /wp-cron.php?doing_wp_cron=1760789894.4573810100555419921875 HTTP/1.1" 200 0 "-" "WordPress/6.8.3; https://salhab360photos.com"
216.73.216.159 - - [18/Oct/2025:08:18:16 -0400] "GET /products32075084?kg=0031684007 HTTP/1.1" 200 0 "-" "Mozilla/5.0 AppleWebKit/537.36 (KHTML, like Gecko; compatible; ClaudeBot/1.0; +claudebot@anthropic.com)"
98.70.29.56 - - [18/Oct/2025:08:18:40 -0400] "POST /wp-login.php HTTP/1.1" 200 6604 "-" "Mozilla/5.0"
66.249.64.107 - - [18/Oct/2025:08:18:43 -0400] "GET /products122870066?kg=0121371732 HTTP/1.1" 200 31085 "-" "Mozilla/5.0 (Linux; Android 6.0.1; Nexus 5X Build/MMB29P) AppleWebKit/537.36 (KHTML, like Gecko) Chrome/140.0.7339.207 Mobile Safari/537.36 (compatible; Googlebot/2.1; +http://www.google.com/bot.html)"
51.79.229.86 - - [18/Oct/2025:08:18:42 -0400] "GET /woow.php HTTP/1.1" 404 10897 "http://salhab360photos.com/woow.php" "Go-http-client/2.0"
51.79.229.86 - - [18/Oct/2025:08:18:55 -0400] "GET /wordxew342dprres.php HTTP/1.1" 404 10905 "http://salhab360photos.com/wordxew342dprres.php" "Go-http-client/2.0"
51.79.229.86 - - [18/Oct/2025:08:19:03 -0400] "GET /woy.php HTTP/1.1" 404 10906 "http://salhab360photos.com/woy.php" "Go-http-client/2.0"
51.79.229.86 - - [18/Oct/2025:08:18:06 -0400] "GET /woi.php HTTP/1.1" 404 10896 "http://salhab360photos.com/woi.php" "Go-http-client/2.0"
157.20.32.210 - - [18/Oct/2025:08:18:07 -0400] "POST /service/v1/createUser HTTP/1.1" 404 12310 "-" "Mozilla/5.0 (Debian; Linux x86_64) AppleWebKit/537.36 (KHTML, like Gecko) Chrome/140.0.0.0 Safari/537.36"
51.79.229.86 - - [18/Oct/2025:08:18:14 -0400] "GET /woke.php HTTP/1.1" 404 10905 "http://salhab360photos.com/woke.php" "Go-http-client/2.0"
51.79.229.86 - - [18/Oct/2025:08:18:25 -0400] "GET /wol.php HTTP/1.1" 404 10895 "http://salhab360photos.com/wol.php" "Go-http-client/2.0"
66.249.64.107 - - [18/Oct/2025:08:18:43 -0400] "GET /?products14148366?kg=0013975906 HTTP/1.1" 200 1164 "-" "Mozilla/5.0 (Linux; Android 6.0.1; Nexus 5X Build/MMB29P) AppleWebKit/537.36 (KHTML, like Gecko) Chrome/140.0.7339.207 Mobile Safari/537.36 (compatible; Googlebot/2.1; +http://www.google.com/bot.html)"
66.249.64.106 - - [18/Oct/2025:08:18:44 -0400] "GET /products13629056?kg=0013462929 HTTP/1.1" 200 28928 "-" "Mozilla/5.0 (Linux; Android 6.0.1; Nexus 5X Build/MMB29P) AppleWebKit/537.36 (KHTML, like Gecko) Chrome/140.0.7339.207 Mobile Safari/537.36 (compatible; Googlebot/2.1; +http://www.google.com/bot.html)"
51.79.229.86 - - [18/Oct/2025:08:18:47 -0400] "GET /wordfenceWaF1.php HTTP/1.1" 404 10905 "http://salhab360photos.com/wordfenceWaF1.php" "Go-http-client/2.0"
51.79.229.86 - - [18/Oct/2025:08:18:52 -0400] "GET /wordprres.php HTTP/1.1" 404 10897 "http://salhab360photos.com/wordprres.php" "Go-http-client/2.0"
51.79.229.86 - - [18/Oct/2025:08:18:59 -0400] "GET /work.php HTTP/1.1" 404 10898 "http://salhab360photos.com/work.php" "Go-http-client/2.0"
20.171.207.254 - - [18/Oct/2025:08:19:02 -0400] "GET /products60928096?kg=0060185153 HTTP/1.1" 404 9739 "-" "Mozilla/5.0 AppleWebKit/537.36 (KHTML, like Gecko; compatible; GPTBot/1.2; +https://openai.com/gptbot)"
157.20.32.210 - - [18/Oct/2025:08:19:08 -0400] "POST /wp-admin/admin-ajax.php HTTP/1.1" 400 21 "-" "Mozilla/5.0 (Macintosh; Intel Mac OS X 10_9_5) AppleWebKit/601.4.4 (KHTML, like Gecko) Version/9.0.3 Safari/537.86.4"
51.79.229.86 - - [18/Oct/2025:08:19:24 -0400] "GET /wp-accounts.php HTTP/1.1" 404 10905 "http://salhab360photos.com/wp-accounts.php" "Go-http-client/2.0"
51.79.229.86 - - [18/Oct/2025:08:19:27 -0400] "GET /wp-adm.php HTTP/1.1" 404 10906 "http://salhab360photos.com/wp-adm.php" "Go-http-client/2.0"
51.79.229.86 - - [18/Oct/2025:08:19:41 -0400] "GET /wp-alfa1.php HTTP/1.1" 404 10903 "http://salhab360photos.com/wp-alfa1.php" "Go-http-client/2.0"
157.20.32.210 - - [18/Oct/2025:08:19:57 -0400] "GET /wp-content/plugins/loginizer/readme.txt HTTP/1.1" 200 10424 "-" "Mozilla/5.0 (Windows NT 10.0; Win64; x64; rv:106.0) Gecko/20100101 Firefox/106.0"
216.73.216.159 - - [18/Oct/2025:08:20:01 -0400] "GET /products107171462?kg=0105864574 HTTP/1.1" 404 9741 "-" "Mozilla/5.0 AppleWebKit/537.36 (KHTML, like Gecko; compatible; ClaudeBot/1.0; +claudebot@anthropic.com)"
51.79.229.86 - - [18/Oct/2025:08:20:02 -0400] "GET /wp-cron-simple.php HTTP/1.1" 404 10903 "http://salhab360photos.com/wp-cron-simple.php" "Go-http-client/2.0"
51.79.229.86 - - [18/Oct/2025:08:20:10 -0400] "GET /wp-cron.php HTTP/1.1" 200 0 "http://salhab360photos.com/wp-cron.php" "Go-http-client/2.0"
157.20.32.210 - - [18/Oct/2025:08:20:12 -0400] "GET /setup.cgi?todo=debug&x=currentsetting.htm HTTP/1.1" 404 10905 "-" "Mozilla/5.0 (Macintosh; Intel Mac OS X 13_4_1) AppleWebKit/605.1.15 (KHTML, like Gecko) Version/16.5 Safari/605.1.15"
51.79.229.86 - - [18/Oct/2025:08:20:11 -0400] "GET /wp-fgi.php HTTP/1.1" 404 10905 "http://salhab360photos.com/wp-fgi.php" "Go-http-client/2.0"
216.73.216.159 - - [18/Oct/2025:08:20:13 -0400] "GET /products148435502?kg=0146625394 HTTP/1.1" 404 9744 "-" "Mozilla/5.0 AppleWebKit/537.36 (KHTML, like Gecko; compatible; ClaudeBot/1.0; +claudebot@anthropic.com)"
51.79.229.86 - - [18/Oct/2025:08:20:21 -0400] "GET /wp-from.php HTTP/1.1" 404 10902 "http://salhab360photos.com/wp-from.php" "Go-http-client/2.0"
66.249.64.106 - - [18/Oct/2025:08:19:07 -0400] "GET /products12099218?kg=0011951748 HTTP/1.1" 200 29194 "-" "Mozilla/5.0 (Linux; Android 6.0.1; Nexus 5X Build/MMB29P) AppleWebKit/537.36 (KHTML, like Gecko) Chrome/140.0.7339.207 Mobile Safari/537.36 (compatible; Googlebot/2.1; +http://www.google.com/bot.html)"
185.61.153.107 - - [18/Oct/2025:08:19:14 -0400] "POST /wp-cron.php?doing_wp_cron=1760789954.6545860767364501953125 HTTP/1.1" 200 0 "-" "WordPress/6.8.3; https://salhab360photos.com"
51.79.229.86 - - [18/Oct/2025:08:19:09 -0400] "GET /wp-.php HTTP/1.1" 404 10902 "http://salhab360photos.com/wp-.php" "Go-http-client/2.0"
66.249.64.105 - - [18/Oct/2025:08:19:22 -0400] "GET /products13983788?kg=0013813335 HTTP/1.1" 200 29670 "-" "Mozilla/5.0 (Linux; Android 6.0.1; Nexus 5X Build/MMB29P) AppleWebKit/537.36 (KHTML, like Gecko) Chrome/140.0.7339.207 Mobile Safari/537.36 (compatible; Googlebot/2.1; +http://www.google.com/bot.html)"
51.79.229.86 - - [18/Oct/2025:08:19:18 -0400] "GET /wp-about.php HTTP/1.1" 404 10905 "http://salhab360photos.com/wp-about.php" "Go-http-client/2.0"
66.249.64.105 - - [18/Oct/2025:08:19:29 -0400] "GET /products5685178?kg=0005615928 HTTP/1.1" 200 28642 "-" "Mozilla/5.0 (Linux; Android 6.0.1; Nexus 5X Build/MMB29P) AppleWebKit/537.36 (KHTML, like Gecko) Chrome/140.0.7339.207 Mobile Safari/537.36 (compatible; Googlebot/2.1; +http://www.google.com/bot.html)"
66.249.64.105 - - [18/Oct/2025:08:19:36 -0400] "GET /products9270546?kg=0009157572 HTTP/1.1" 200 29111 "-" "Mozilla/5.0 (Linux; Android 6.0.1; Nexus 5X Build/MMB29P) AppleWebKit/537.36 (KHTML, like Gecko) Chrome/140.0.7339.207 Mobile Safari/537.36 (compatible; Googlebot/2.1; +http://www.google.com/bot.html)"
51.79.229.86 - - [18/Oct/2025:08:19:32 -0400] "GET /wp-ads.php HTTP/1.1" 404 10906 "http://salhab360photos.com/wp-ads.php" "Go-http-client/2.0"
51.79.229.86 - - [18/Oct/2025:08:19:46 -0400] "GET /wp-autopost-options.php HTTP/1.1" 404 10896 "http://salhab360photos.com/wp-autopost-options.php" "Go-http-client/2.0"
51.79.229.86 - - [18/Oct/2025:08:19:53 -0400] "GET /wp-backup.php HTTP/1.1" 404 10903 "http://salhab360photos.com/wp-backup.php" "Go-http-client/2.0"
51.79.229.86 - - [18/Oct/2025:08:19:58 -0400] "GET /wp-concue.php HTTP/1.1" 404 10905 "http://salhab360photos.com/wp-concue.php" "Go-http-client/2.0"
157.20.32.210 - - [18/Oct/2025:08:20:01 -0400] "GET /setup.cgi?todo=debug&x=currentsetting.htm HTTP/1.1" 404 10899 "-" "Mozilla/5.0 (Macintosh; Intel Mac OS X 13_4_1) AppleWebKit/605.1.15 (KHTML, like Gecko) Version/16.5 Safari/605.1.15"
20.171.207.254 - - [18/Oct/2025:08:20:06 -0400] "GET /products60919030?kg=0060176198 HTTP/1.1" 404 9741 "-" "Mozilla/5.0 AppleWebKit/537.36 (KHTML, like Gecko; compatible; GPTBot/1.2; +https://openai.com/gptbot)"
66.249.64.105 - - [18/Oct/2025:08:20:16 -0400] "GET /products122869616?kg=0121371289 HTTP/1.1" 200 28916 "-" "Mozilla/5.0 (Linux; Android 6.0.1; Nexus 5X Build/MMB29P) AppleWebKit/537.36 (KHTML, like Gecko) Chrome/140.0.7339.207 Mobile Safari/537.36 (compatible; Googlebot/2.1; +http://www.google.com/bot.html)"
185.61.153.107 - - [18/Oct/2025:08:20:19 -0400] "POST /wp-cron.php?doing_wp_cron=1760790019.3540549278259277343750 HTTP/1.1" 200 0 "-" "WordPress/6.8.3; https://salhab360photos.com"
216.73.216.159 - - [18/Oct/2025:08:20:21 -0400] "GET /products32028544?kg=0031638033 HTTP/1.1" 404 9742 "-" "Mozilla/5.0 AppleWebKit/537.36 (KHTML, like Gecko; compatible; ClaudeBot/1.0; +claudebot@anthropic.com)"
182.253.50.132 - - [18/Oct/2025:08:20:32 -0400] "GET / HTTP/1.1" 200 1404 "-" "Mozilla/5.0 (Windows NT 10.0; Win64; x64; rv:122.0) Gecko/20100101 Firefox/122.0"
157.20.32.210 - - [18/Oct/2025:08:20:39 -0400] "POST /cgi-bin/system_mgr.cgi HTTP/1.1" 403 1242 "-" "Mozilla/5.0 (X11; Ubuntu; Linux x86_64; rv:134.0) Gecko/20100101 Firefox/134.0"
182.253.50.132 - - [18/Oct/2025:08:20:37 -0400] "GET /xmlrpc.php HTTP/1.1" 405 62 "-" "Mozilla/5.0 (Windows NT 10.0; Win64; x64; rv:122.0) Gecko/20100101 Firefox/122.0"
51.79.229.86 - - [18/Oct/2025:08:20:41 -0400] "GET /wp-jr.php HTTP/1.1" 404 10906 "http://salhab360photos.com/wp-jr.php" "Go-http-client/2.0"
216.73.216.159 - - [18/Oct/2025:08:20:49 -0400] "GET /products130109396?kg=0128522779 HTTP/1.1" 404 9742 "-" "Mozilla/5.0 AppleWebKit/537.36 (KHTML, like Gecko; compatible; ClaudeBot/1.0; +claudebot@anthropic.com)"
182.253.50.132 - - [18/Oct/2025:08:20:53 -0400] "GET /wp-json/wp/v2/users HTTP/1.1" 200 706 "-" "Mozilla/5.0 (Windows NT 10.0; Win64; x64; rv:122.0) Gecko/20100101 Firefox/122.0"
51.79.229.86 - - [18/Oct/2025:08:20:57 -0400] "GET /wp-lowww.php HTTP/1.1" 404 10905 "http://salhab360photos.com/wp-lowww.php" "Go-http-client/2.0"
66.249.64.106 - - [18/Oct/2025:08:21:06 -0400] "GET /products4383392?kg=0004330017 HTTP/1.1" 200 29055 "-" "Mozilla/5.0 (Linux; Android 6.0.1; Nexus 5X Build/MMB29P) AppleWebKit/537.36 (KHTML, like Gecko) Chrome/140.0.7339.207 Mobile Safari/537.36 (compatible; Googlebot/2.1; +http://www.google.com/bot.html)"
182.253.50.132 - - [18/Oct/2025:08:21:01 -0400] "POST /xmlrpc.php HTTP/1.1" 200 210 "-" "python-httpx/0.22.0"
51.79.229.86 - - [18/Oct/2025:08:21:09 -0400] "GET /wp-mass.php HTTP/1.1" 404 10905 "http://salhab360photos.com/wp-mass.php" "Go-http-client/2.0"
66.249.64.106 - - [18/Oct/2025:08:21:17 -0400] "GET /products13648900?kg=0013482531 HTTP/1.1" 200 29688 "-" "Mozilla/5.0 (compatible; Googlebot/2.1; +http://www.google.com/bot.html)"
20.171.207.254 - - [18/Oct/2025:08:21:11 -0400] "GET /products60908288?kg=0060165585 HTTP/1.1" 404 9740 "-" "Mozilla/5.0 AppleWebKit/537.36 (KHTML, like Gecko; compatible; GPTBot/1.2; +https://openai.com/gptbot)"
185.61.153.107 - - [18/Oct/2025:08:21:21 -0400] "POST /wp-cron.php?doing_wp_cron=1760790080.9569220542907714843750 HTTP/1.1" 200 0 "-" "WordPress/6.8.3; https://salhab360photos.com"
185.61.153.107 - - [18/Oct/2025:08:21:21 -0400] "POST /wp-cron.php?doing_wp_cron=1760790081.4535849094390869140625 HTTP/1.1" 200 0 "-" "WordPress/6.8.3; https://salhab360photos.com"
182.253.50.132 - - [18/Oct/2025:08:21:16 -0400] "POST /xmlrpc.php HTTP/1.1" 200 210 "-" "python-httpx/0.22.0"
182.253.50.132 - - [18/Oct/2025:08:21:22 -0400] "POST /xmlrpc.php HTTP/1.1" 200 210 "-" "python-httpx/0.22.0"
182.253.50.132 - - [18/Oct/2025:08:21:28 -0400] "POST /xmlrpc.php HTTP/1.1" 200 210 "-" "python-httpx/0.22.0"
51.79.229.86 - - [18/Oct/2025:08:21:30 -0400] "GET /wp-policy.php HTTP/1.1" 404 10905 "http://salhab360photos.com/wp-policy.php" "Go-http-client/2.0"
51.79.229.86 - - [18/Oct/2025:08:21:35 -0400] "GET /wp-read.php HTTP/1.1" 404 10896 "http://salhab360photos.com/wp-read.php" "Go-http-client/2.0"
51.79.229.86 - - [18/Oct/2025:08:21:46 -0400] "GET /wp-scope.php HTTP/1.1" 404 10896 "http://salhab360photos.com/wp-scope.php" "Go-http-client/2.0"
51.79.229.86 - - [18/Oct/2025:08:21:50 -0400] "GET /wp-set.php HTTP/1.1" 404 10896 "http://salhab360photos.com/wp-set.php" "Go-http-client/2.0"
51.79.229.86 - - [18/Oct/2025:08:21:53 -0400] "GET /wp-setup.php HTTP/1.1" 404 10903 "http://salhab360photos.com/wp-setup.php" "Go-http-client/2.0"
51.79.229.86 - - [18/Oct/2025:08:21:58 -0400] "GET /wp-shell.php HTTP/1.1" 404 10899 "http://salhab360photos.com/wp-shell.php" "Go-http-client/2.0"
51.79.229.86 - - [18/Oct/2025:08:22:07 -0400] "GET /wp-six.php HTTP/1.1" 404 10896 "http://salhab360photos.com/wp-six.php" "Go-http-client/2.0"
185.61.153.107 - - [18/Oct/2025:08:22:16 -0400] "POST /wp-cron.php?doing_wp_cron=1760790136.1569600105285644531250 HTTP/1.1" 200 0 "-" "WordPress/6.8.3; https://salhab360photos.com"
51.79.229.86 - - [18/Oct/2025:08:22:17 -0400] "GET /wp-systems.php HTTP/1.1" 404 10904 "http://salhab360photos.com/wp-systems.php" "Go-http-client/2.0"
51.79.229.86 - - [18/Oct/2025:08:22:22 -0400] "GET /wp-track.php HTTP/1.1" 404 10903 "http://salhab360photos.com/wp-track.php" "Go-http-client/2.0"
51.79.229.86 - - [18/Oct/2025:08:22:30 -0400] "GET /wp-upload-shell.php HTTP/1.1" 404 10904 "http://salhab360photos.com/wp-upload-shell.php" "Go-http-client/2.0"
51.79.229.86 - - [18/Oct/2025:08:20:29 -0400] "GET /wp-ghost.php HTTP/1.1" 404 10896 "http://salhab360photos.com/wp-ghost.php" "Go-http-client/2.0"
51.79.229.86 - - [18/Oct/2025:08:20:32 -0400] "GET /wp-images.php HTTP/1.1" 404 10902 "http://salhab360photos.com/wp-images.php" "Go-http-client/2.0"
157.20.32.210 - - [18/Oct/2025:08:20:43 -0400] "POST /cgi-bin/system_mgr.cgi?C1=ON&cmd=cgi_ntp_time&f_ntp_server=`curl HTTP/1.1" 403 1242 "-" "Mozilla/5.0 (CentOS; Linux i686) AppleWebKit/537.36 (KHTML, like Gecko) Chrome/128.0.0.0 Safari/537.36"
216.73.216.159 - - [18/Oct/2025:08:20:37 -0400] "GET /products73895730?kg=0072994644 HTTP/1.1" 404 9740 "-" "Mozilla/5.0 AppleWebKit/537.36 (KHTML, like Gecko; compatible; ClaudeBot/1.0; +claudebot@anthropic.com)"
51.79.229.86 - - [18/Oct/2025:08:20:50 -0400] "GET /wp-logen.php HTTP/1.1" 404 10897 "http://salhab360photos.com/wp-logen.php" "Go-http-client/2.0"
51.79.229.86 - - [18/Oct/2025:08:21:01 -0400] "GET /wp-mails.php HTTP/1.1" 404 10905 "http://salhab360photos.com/wp-mails.php" "Go-http-client/2.0"
182.253.50.132 - - [18/Oct/2025:08:21:09 -0400] "POST /xmlrpc.php HTTP/1.1" 200 210 "-" "python-httpx/0.22.0"
51.79.229.86 - - [18/Oct/2025:08:21:16 -0400] "GET /wp-moreglory.php HTTP/1.1" 404 10902 "http://salhab360photos.com/wp-moreglory.php" "Go-http-client/2.0"
51.79.229.86 - - [18/Oct/2025:08:21:23 -0400] "GET /wp-o.php HTTP/1.1" 404 10903 "http://salhab360photos.com/wp-o.php" "Go-http-client/2.0"
182.253.50.132 - - [18/Oct/2025:08:21:34 -0400] "POST /xmlrpc.php HTTP/1.1" 200 210 "-" "python-httpx/0.22.0"
51.79.229.86 - - [18/Oct/2025:08:21:40 -0400] "GET /wp-rss.php HTTP/1.1" 301 0 "http://salhab360photos.com/wp-rss.php" "Go-http-client/2.0"
51.79.229.86 - - [18/Oct/2025:08:21:43 -0400] "GET /feed/ HTTP/1.1" 200 4494 "https://salhab360photos.com/wp-rss.php" "Go-http-client/2.0"
51.79.229.86 - - [18/Oct/2025:08:21:56 -0400] "GET /wp-shelby.php HTTP/1.1" 404 10896 "http://salhab360photos.com/wp-shelby.php" "Go-http-client/2.0"
51.79.229.86 - - [18/Oct/2025:08:22:04 -0400] "GET /wp-signis.php HTTP/1.1" 404 10905 "http://salhab360photos.com/wp-signis.php" "Go-http-client/2.0"
51.79.229.86 - - [18/Oct/2025:08:22:10 -0400] "GET /wp-space.php HTTP/1.1" 404 10899 "http://salhab360photos.com/wp-space.php" "Go-http-client/2.0"
51.79.229.86 - - [18/Oct/2025:08:22:13 -0400] "GET /wp-storage.php HTTP/1.1" 404 10896 "http://salhab360photos.com/wp-storage.php" "Go-http-client/2.0"
20.171.207.254 - - [18/Oct/2025:08:22:13 -0400] "GET /products60920670?kg=0060177818 HTTP/1.1" 404 9740 "-" "Mozilla/5.0 AppleWebKit/537.36 (KHTML, like Gecko; compatible; GPTBot/1.2; +https://openai.com/gptbot)"
66.249.64.107 - - [18/Oct/2025:08:22:16 -0400] "GET /products9271858?kg=0009158868 HTTP/1.1" 200 29086 "-" "Mozilla/5.0 (Linux; Android 6.0.1; Nexus 5X Build/MMB29P) AppleWebKit/537.36 (KHTML, like Gecko) Chrome/140.0.7339.207 Mobile Safari/537.36 (compatible; Googlebot/2.1; +http://www.google.com/bot.html)"
51.79.229.86 - - [18/Oct/2025:08:22:26 -0400] "GET /wp-trackk.php.php HTTP/1.1" 404 10902 "http://salhab360photos.com/wp-trackk.php.php" "Go-http-client/2.0"
51.79.229.86 - - [18/Oct/2025:08:22:33 -0400] "GET /wp-users.php HTTP/1.1" 404 10899 "http://salhab360photos.com/wp-users.php" "Go-http-client/2.0"
51.79.229.86 - - [18/Oct/2025:08:22:41 -0400] "GET /wp-z.php HTTP/1.1" 404 10905 "http://salhab360photos.com/wp-z.php" "Go-http-client/2.0"
51.79.229.86 - - [18/Oct/2025:08:22:50 -0400] "GET /wpupdate.php HTTP/1.1" 404 10899 "http://salhab360photos.com/wpupdate.php" "Go-http-client/2.0"
51.79.229.86 - - [18/Oct/2025:08:22:54 -0400] "GET /wrdanrhyn.php HTTP/1.1" 404 10903 "http://salhab360photos.com/wrdanrhyn.php" "Go-http-client/2.0"
51.79.229.86 - - [18/Oct/2025:08:22:56 -0400] "GET /write.php HTTP/1.1" 404 10903 "http://salhab360photos.com/write.php" "Go-http-client/2.0"
51.79.229.86 - - [18/Oct/2025:08:22:59 -0400] "GET /ws0.php HTTP/1.1" 404 10898 "http://salhab360photos.com/ws0.php" "Go-http-client/2.0"
51.79.229.86 - - [18/Oct/2025:08:23:03 -0400] "GET /wshell.php HTTP/1.1" 404 10903 "http://salhab360photos.com/wshell.php" "Go-http-client/2.0"
51.79.229.86 - - [18/Oct/2025:08:23:07 -0400] "GET /wso-backdoor.php HTTP/1.1" 404 10906 "http://salhab360photos.com/wso-backdoor.php" "Go-http-client/2.0"
51.79.229.86 - - [18/Oct/2025:08:23:22 -0400] "GET /wso4-2-5.php HTTP/1.1" 404 10896 "http://salhab360photos.com/wso4-2-5.php" "Go-http-client/2.0"
51.79.229.86 - - [18/Oct/2025:08:23:28 -0400] "GET /wso425.php HTTP/1.1" 404 10905 "http://salhab360photos.com/wso425.php" "Go-http-client/2.0"
51.79.229.86 - - [18/Oct/2025:08:23:31 -0400] "GET /wso7.php HTTP/1.1" 404 10906 "http://salhab360photos.com/wso7.php" "Go-http-client/2.0"
51.79.229.86 - - [18/Oct/2025:08:23:35 -0400] "GET /wso_2.5_shell.php.Php.html HTTP/1.1" 404 10903 "http://salhab360photos.com/wso_2.5_shell.php.Php.html" "Go-http-client/2.0"
51.79.229.86 - - [18/Oct/2025:08:23:40 -0400] "GET /wsoedit.php HTTP/1.1" 404 10902 "http://salhab360photos.com/wsoedit.php" "Go-http-client/2.0"
51.79.229.86 - - [18/Oct/2025:08:23:43 -0400] "GET /wsogren.php HTTP/1.1" 404 10899 "http://salhab360photos.com/wsogren.php" "Go-http-client/2.0"
51.79.229.86 - - [18/Oct/2025:08:23:48 -0400] "GET /wsol.php HTTP/1.1" 404 10904 "http://salhab360photos.com/wsol.php" "Go-http-client/2.0"
157.20.32.210 - - [18/Oct/2025:08:23:51 -0400] "POST /checkValid HTTP/1.1" 404 10855 "-" "Mozilla/5.0 (X11; Linux x86_64; rv:1.9.7.20) Gecko/ Firefox/3.6.15"
66.249.64.107 - - [18/Oct/2025:08:23:59 -0400] "GET /products13797862?kg=0013629678 HTTP/1.1" 200 29783 "-" "Mozilla/5.0 (Linux; Android 6.0.1; Nexus 5X Build/MMB29P) AppleWebKit/537.36 (KHTML, like Gecko) Chrome/140.0.7339.207 Mobile Safari/537.36 (compatible; Googlebot/2.1; +http://www.google.com/bot.html)"
157.20.32.210 - - [18/Oct/2025:08:24:05 -0400] "GET /public/css/34EYbGFXS6nb8plw8BFTs06fXQj.css HTTP/1.1" 404 12364 "-" "Mozilla/5.0 (Macintosh; Intel Mac OS X 10_15_7) AppleWebKit/537.36 (KHTML, like Gecko) Version/16.0 Safari/537.36"
51.79.229.86 - - [18/Oct/2025:08:24:16 -0400] "GET /wtf-public-sever-LOOL.php HTTP/1.1" 404 10903 "http://salhab360photos.com/wtf-public-sever-LOOL.php" "Go-http-client/2.0"
20.171.207.254 - - [18/Oct/2025:08:24:16 -0400] "GET /products60923130?kg=0060180248 HTTP/1.1" 404 9733 "-" "Mozilla/5.0 AppleWebKit/537.36 (KHTML, like Gecko; compatible; GPTBot/1.2; +https://openai.com/gptbot)"
51.79.229.86 - - [18/Oct/2025:08:24:22 -0400] "GET /x9.php HTTP/1.1" 404 10902 "http://salhab360photos.com/x9.php" "Go-http-client/2.0"
51.79.229.86 - - [18/Oct/2025:08:24:28 -0400] "GET /x91.php HTTP/1.1" 404 10902 "http://salhab360photos.com/x91.php" "Go-http-client/2.0"
51.79.229.86 - - [18/Oct/2025:08:24:39 -0400] "GET /xa.php HTTP/1.1" 404 10899 "http://salhab360photos.com/xa.php" "Go-http-client/2.0"
51.79.229.86 - - [18/Oct/2025:08:24:47 -0400] "GET /xaxa.php HTTP/1.1" 404 10903 "http://salhab360photos.com/xaxa.php" "Go-http-client/2.0"
51.79.229.86 - - [18/Oct/2025:08:24:53 -0400] "GET /xdc.php HTTP/1.1" 404 10905 "http://salhab360photos.com/xdc.php" "Go-http-client/2.0"
206.189.247.132 - - [18/Oct/2025:08:24:58 -0400] "GET / HTTP/1.1" 200 1404 "-" "Mozilla/5.0 (Windows NT 10.0; Win64; x64) AppleWebKit/537.36 (KHTML, like Gecko) Chrome/139.0.0.0 Safari/537.36"
196.240.60.216 - - [18/Oct/2025:08:24:59 -0400] "GET / HTTP/1.1" 200 1404 "-" "Mozilla/5.0 (Windows NT 10.0; Win64; x64) AppleWebKit/537.36 (KHTML, like Gecko) Chrome/139.0.0.0 Safari/537.36"
51.79.229.86 - - [18/Oct/2025:08:24:57 -0400] "GET /xgalang10.php HTTP/1.1" 404 10902 "http://salhab360photos.com/xgalang10.php" "Go-http-client/2.0"
51.79.229.86 - - [18/Oct/2025:08:25:00 -0400] "GET /xhani.php2 HTTP/1.1" 404 10899 "http://salhab360photos.com/xhani.php2" "Go-http-client/2.0"
51.79.229.86 - - [18/Oct/2025:08:25:04 -0400] "GET /xi.php HTTP/1.1" 404 10899 "http://salhab360photos.com/xi.php" "Go-http-client/2.0"
51.79.229.86 - - [18/Oct/2025:08:25:11 -0400] "GET /xid.php HTTP/1.1" 404 10898 "http://salhab360photos.com/xid.php" "Go-http-client/2.0"
51.79.229.86 - - [18/Oct/2025:08:22:46 -0400] "GET /wp1.php HTTP/1.1" 404 10899 "http://salhab360photos.com/wp1.php" "Go-http-client/2.0"
185.61.153.107 - - [18/Oct/2025:08:23:14 -0400] "POST /wp-cron.php?doing_wp_cron=1760790194.5562310218811035156250 HTTP/1.1" 200 0 "-" "WordPress/6.8.3; https://salhab360photos.com"
51.79.229.86 - - [18/Oct/2025:08:23:11 -0400] "GET /wso.php.jpg HTTP/1.1" 404 10905 "http://salhab360photos.com/wso.php.jpg" "Go-http-client/2.0"
51.79.229.86 - - [18/Oct/2025:08:23:16 -0400] "GET /wso.phtml HTTP/1.1" 404 10898 "http://salhab360photos.com/wso.phtml" "Go-http-client/2.0"
20.171.207.254 - - [18/Oct/2025:08:23:16 -0400] "GET /products60915754?kg=0060172960 HTTP/1.1" 404 9740 "-" "Mozilla/5.0 AppleWebKit/537.36 (KHTML, like Gecko; compatible; GPTBot/1.2; +https://openai.com/gptbot)"
51.79.229.86 - - [18/Oct/2025:08:23:37 -0400] "GET /wso_2.php HTTP/1.1" 404 10903 "http://salhab360photos.com/wso_2.php" "Go-http-client/2.0"
157.20.32.210 - - [18/Oct/2025:08:23:46 -0400] "GET / HTTP/1.1" 200 1404 "-" "Mozilla/5.0 (Macintosh; Intel Mac OS X 10_15_7) AppleWebKit/537.36 (KHTML, like Gecko) Chrome/129.0.0.0 Safari/537.3"
51.79.229.86 - - [18/Oct/2025:08:23:52 -0400] "GET /wsoland.php HTTP/1.1" 404 10896 "http://salhab360photos.com/wsoland.php" "Go-http-client/2.0"
51.79.229.86 - - [18/Oct/2025:08:24:02 -0400] "GET /wsopriv.php HTTP/1.1" 404 10899 "http://salhab360photos.com/wsopriv.php" "Go-http-client/2.0"
185.61.153.107 - - [18/Oct/2025:08:24:15 -0400] "POST /wp-cron.php?doing_wp_cron=1760790255.0593180656433105468750 HTTP/1.1" 200 0 "-" "WordPress/6.8.3; https://salhab360photos.com"
51.79.229.86 - - [18/Oct/2025:08:24:11 -0400] "GET /wss.php HTTP/1.1" 404 10905 "http://salhab360photos.com/wss.php" "Go-http-client/2.0"
66.249.64.106 - - [18/Oct/2025:08:24:26 -0400] "GET /products13307612?kg=0013145407 HTTP/1.1" 200 29836 "-" "Mozilla/5.0 (Linux; Android 6.0.1; Nexus 5X Build/MMB29P) AppleWebKit/537.36 (KHTML, like Gecko) Chrome/140.0.7339.207 Mobile Safari/537.36 (compatible; Googlebot/2.1; +http://www.google.com/bot.html)"
66.249.64.105 - - [18/Oct/2025:08:24:26 -0400] "GET /products9272974?kg=0009159970 HTTP/1.1" 200 29042 "-" "Mozilla/5.0 (Linux; Android 6.0.1; Nexus 5X Build/MMB29P) AppleWebKit/537.36 (KHTML, like Gecko) Chrome/140.0.7339.207 Mobile Safari/537.36 (compatible; Googlebot/2.1; +http://www.google.com/bot.html)"
66.249.64.105 - - [18/Oct/2025:08:24:34 -0400] "GET /products3879178?kg=0003831952 HTTP/1.1" 200 28827 "-" "Mozilla/5.0 (Linux; Android 6.0.1; Nexus 5X Build/MMB29P) AppleWebKit/537.36 (KHTML, like Gecko) Chrome/140.0.7339.207 Mobile Safari/537.36 (compatible; Googlebot/2.1; +http://www.google.com/bot.html)"
51.79.229.86 - - [18/Oct/2025:08:24:35 -0400] "GET /x_profiles.php HTTP/1.1" 404 10903 "http://salhab360photos.com/x_profiles.php" "Go-http-client/2.0"
157.20.32.210 - - [18/Oct/2025:08:24:41 -0400] "GET / HTTP/1.1" 200 1404 "-" "Mozilla/5.0 (X11; Linux i686) AppleWebKit/537.36 (KHTML, like Gecko) Chrome/134.0.0.0 Safari/537.36"
