185.61.153.107 - - [18/Oct/2025:15:05:26 -0400] "POST /wp-cron.php?doing_wp_cron=1760814325.8881599903106689453125 HTTP/1.1" 200 0 "-" "WordPress/6.8.3; https://salhab360photos.com"
216.73.216.159 - - [18/Oct/2025:15:05:26 -0400] "GET /products3449990?kg=0003407998 HTTP/1.1" 404 9742 "-" "Mozilla/5.0 AppleWebKit/537.36 (KHTML, like Gecko; compatible; ClaudeBot/1.0; +claudebot@anthropic.com)"
66.249.64.105 - - [18/Oct/2025:15:05:36 -0400] "GET /products11525752?kg=0011385277 HTTP/1.1" 200 29071 "-" "Mozilla/5.0 (Linux; Android 6.0.1; Nexus 5X Build/MMB29P) AppleWebKit/537.36 (KHTML, like Gecko) Chrome/140.0.7339.207 Mobile Safari/537.36 (compatible; Googlebot/2.1; +http://www.google.com/bot.html)"
46.101.70.221 - - [18/Oct/2025:15:05:39 -0400] "GET /index.html HTTP/1.1" 200 1404 "-" "Mozilla/5.0 (Windows NT 10.0; Win64; x64) AppleWebKit/537.36 (KHTML, like Gecko) Chrome/132.0.0.0 Safari/537.36 Edg/132.0.0.0"
216.73.216.159 - - [18/Oct/2025:15:05:44 -0400] "GET /products126445394?kg=0124903460 HTTP/1.1" 404 9743 "-" "Mozilla/5.0 AppleWebKit/537.36 (KHTML, like Gecko; compatible; ClaudeBot/1.0; +claudebot@anthropic.com)"
20.171.207.254 - - [18/Oct/2025:15:03:54 -0400] "GET /products60939776?kg=0060196689 HTTP/1.1" 404 9739 "-" "Mozilla/5.0 AppleWebKit/537.36 (KHTML, like Gecko; compatible; GPTBot/1.2; +https://openai.com/gptbot)"
185.61.153.107 - - [18/Oct/2025:15:04:58 -0400] "POST /wp-cron.php?doing_wp_cron=1760814297.9745910167694091796875 HTTP/1.1" 200 0 "-" "WordPress/6.8.3; https://salhab360photos.com"
216.73.216.159 - - [18/Oct/2025:15:05:05 -0400] "GET /robots.txt HTTP/1.1" 200 84 "-" "Mozilla/5.0 AppleWebKit/537.36 (KHTML, like Gecko; compatible; ClaudeBot/1.0; +claudebot@anthropic.com)"
216.73.216.159 - - [18/Oct/2025:15:05:05 -0400] "GET /products199373574?kg=0196942270 HTTP/1.1" 404 9744 "-" "Mozilla/5.0 AppleWebKit/537.36 (KHTML, like Gecko; compatible; ClaudeBot/1.0; +claudebot@anthropic.com)"
18.132.203.135 - - [18/Oct/2025:15:05:39 -0400] "GET /index.html HTTP/1.1" 200 1404 "-" "Mozilla/5.0 (Windows NT 10.0; Win64; x64) AppleWebKit/537.36 (KHTML, like Gecko) Chrome/132.0.0.0 Safari/537.36 Edg/132.0.0.0"
164.90.241.135 - - [18/Oct/2025:15:05:39 -0400] "GET /index.html HTTP/1.1" 200 1404 "-" "Mozilla/5.0 (Windows NT 10.0; Win64; x64) AppleWebKit/537.36 (KHTML, like Gecko) Chrome/132.0.0.0 Safari/537.36 Edg/132.0.0.0"
174.138.112.39 - - [18/Oct/2025:15:05:40 -0400] "GET /index.html HTTP/1.1" 200 1404 "-" "Mozilla/5.0 (Windows NT 10.0; Win64; x64) AppleWebKit/537.36 (KHTML, like Gecko) Chrome/132.0.0.0 Safari/537.36 Edg/132.0.0.0"
216.73.216.159 - - [18/Oct/2025:15:05:38 -0400] "GET /products32073730?kg=0031682668 HTTP/1.1" 404 9742 "-" "Mozilla/5.0 AppleWebKit/537.36 (KHTML, like Gecko; compatible; ClaudeBot/1.0; +claudebot@anthropic.com)"
216.73.216.159 - - [18/Oct/2025:15:05:50 -0400] "GET /products126454942?kg=0124912890 HTTP/1.1" 404 9744 "-" "Mozilla/5.0 AppleWebKit/537.36 (KHTML, like Gecko; compatible; ClaudeBot/1.0; +claudebot@anthropic.com)"
20.171.207.254 - - [18/Oct/2025:15:05:57 -0400] "GET /products60882294?kg=0060139910 HTTP/1.1" 404 9740 "-" "Mozilla/5.0 AppleWebKit/537.36 (KHTML, like Gecko; compatible; GPTBot/1.2; +https://openai.com/gptbot)"
185.61.153.107 - - [18/Oct/2025:15:06:14 -0400] "POST /wp-cron.php?doing_wp_cron=1760814374.5780279636383056640625 HTTP/1.1" 200 0 "-" "WordPress/6.8.3; https://salhab360photos.com"
216.73.216.159 - - [18/Oct/2025:15:06:09 -0400] "GET /products101923002?kg=0100680120 HTTP/1.1" 404 9742 "-" "Mozilla/5.0 AppleWebKit/537.36 (KHTML, like Gecko; compatible; ClaudeBot/1.0; +claudebot@anthropic.com)"
216.73.216.159 - - [18/Oct/2025:15:06:17 -0400] "GET /products111895974?kg=0110531470 HTTP/1.1" 404 9740 "-" "Mozilla/5.0 AppleWebKit/537.36 (KHTML, like Gecko; compatible; ClaudeBot/1.0; +claudebot@anthropic.com)"
157.20.32.210 - - [18/Oct/2025:15:06:23 -0400] "GET /geoserver/wfs?service=WFS&request=GetCapabilities HTTP/1.1" 404 10900 "-" "Mozilla/5.0 (Macintosh; Intel Mac OS X 10.15; rv:77.0) Gecko/20100101 Firefox/77.0"
157.20.32.210 - - [18/Oct/2025:15:06:39 -0400] "GET /wfs?service=WFS&request=GetCapabilities HTTP/1.1" 404 10895 "-" "Mozilla/5.0 (X11; Linux x86_64; rv:1.9.6.20) Gecko/ Firefox/4.0"
216.73.216.159 - - [18/Oct/2025:15:06:42 -0400] "GET /products49999090?kg=0049389428 HTTP/1.1" 404 9741 "-" "Mozilla/5.0 AppleWebKit/537.36 (KHTML, like Gecko; compatible; ClaudeBot/1.0; +claudebot@anthropic.com)"
216.73.216.159 - - [18/Oct/2025:15:06:47 -0400] "GET /products180270854?kg=0178072510 HTTP/1.1" 404 9740 "-" "Mozilla/5.0 AppleWebKit/537.36 (KHTML, like Gecko; compatible; ClaudeBot/1.0; +claudebot@anthropic.com)"
157.20.32.210 - - [18/Oct/2025:15:06:48 -0400] "GET /ows?service=WFS&request=GetCapabilities HTTP/1.1" 404 10899 "-" "Mozilla/5.0 (Macintosh; Intel Mac OS X 11_6_6; de) AppleWebKit/605.1.15 (KHTML, like Gecko) Version/17.4.2 Safari/605.1.15"
216.73.216.159 - - [18/Oct/2025:15:07:39 -0400] "GET /products89531326?kg=0088439562 HTTP/1.1" 200 0 "-" "Mozilla/5.0 AppleWebKit/537.36 (KHTML, like Gecko; compatible; ClaudeBot/1.0; +claudebot@anthropic.com)"
185.61.153.107 - - [18/Oct/2025:15:07:50 -0400] "POST /wp-cron.php?doing_wp_cron=1760814469.7696120738983154296875 HTTP/1.1" 200 0 "-" "WordPress/6.8.3; https://salhab360photos.com"
176.31.139.13 - - [18/Oct/2025:15:07:48 -0400] "GET /products214097166?kg=0211486306 HTTP/1.1" 404 9742 "-" "Mozilla/5.0 (compatible; AhrefsBot/7.0; +http://ahrefs.com/robot/)"
216.73.216.159 - - [18/Oct/2025:15:08:03 -0400] "GET /products182038980?kg=0179819075 HTTP/1.1" 200 0 "-" "Mozilla/5.0 AppleWebKit/537.36 (KHTML, like Gecko; compatible; ClaudeBot/1.0; +claudebot@anthropic.com)"
185.61.153.107 - - [18/Oct/2025:15:08:14 -0400] "POST /wp-cron.php?doing_wp_cron=1760814494.7692210674285888671875 HTTP/1.1" 200 0 "-" "WordPress/6.8.3; https://salhab360photos.com"
216.73.216.159 - - [18/Oct/2025:15:08:10 -0400] "GET /products46033124?kg=0045471827 HTTP/1.1" 404 9741 "-" "Mozilla/5.0 AppleWebKit/537.36 (KHTML, like Gecko; compatible; ClaudeBot/1.0; +claudebot@anthropic.com)"
216.73.216.159 - - [18/Oct/2025:15:08:25 -0400] "GET /products78124306?kg=0077171652 HTTP/1.1" 404 9742 "-" "Mozilla/5.0 AppleWebKit/537.36 (KHTML, like Gecko; compatible; ClaudeBot/1.0; +claudebot@anthropic.com)"
216.73.216.159 - - [18/Oct/2025:15:08:31 -0400] "GET /products186539258?kg=0184264472 HTTP/1.1" 404 9741 "-" "Mozilla/5.0 AppleWebKit/537.36 (KHTML, like Gecko; compatible; ClaudeBot/1.0; +claudebot@anthropic.com)"
157.20.32.210 - - [18/Oct/2025:15:08:40 -0400] "GET /.env HTTP/1.1" 403 1242 "-" "Mozilla/5.0 (Windows NT 10.0, Win64, x64, rv:139.0) Gecko/20100101 Firefox/139.0"
157.20.32.210 - - [18/Oct/2025:15:08:40 -0400] "GET /adminer.php HTTP/1.1" 200 0 "-" "Mozilla/5.0 (Windows NT 10.0; Win64; x64; rv:93.0) Gecko/20100101 Firefox/93.0"
157.20.32.210 - - [18/Oct/2025:15:08:40 -0400] "GET /phpinfo.php HTTP/1.1" 200 0 "-" "Mozilla/5.0 (Macintosh; Intel Mac OS X 14.3) AppleWebKit/614.31.14 (KHTML, like Gecko) Version/17.0.96 Safari/614.31.14"
157.20.32.210 - - [18/Oct/2025:15:08:40 -0400] "GET /cache/index.tpl.php HTTP/1.1" 200 0 "-" "Mozilla/5.0 (Knoppix; Linux i686) AppleWebKit/537.36 (KHTML, like Gecko) Chrome/132.0.0.0 Safari/537.36"
216.73.216.159 - - [18/Oct/2025:15:05:59 -0400] "GET /products78152232?kg=0077199237 HTTP/1.1" 404 9742 "-" "Mozilla/5.0 AppleWebKit/537.36 (KHTML, like Gecko; compatible; ClaudeBot/1.0; +claudebot@anthropic.com)"
157.20.32.210 - - [18/Oct/2025:15:06:30 -0400] "GET /geoserver/ows?service=WFS&request=GetCapabilities HTTP/1.1" 404 10895 "-" "Mozilla/5.0 (Macintosh; Intel Mac OS X 10_15_6) AppleWebKit/605.1.15 (KHTML, like Gecko) Version/14.1.2 Mobile/15E148 Safari/604.1"
216.73.216.159 - - [18/Oct/2025:15:06:30 -0400] "GET /products155041040?kg=0153150377 HTTP/1.1" 404 9739 "-" "Mozilla/5.0 AppleWebKit/537.36 (KHTML, like Gecko; compatible; ClaudeBot/1.0; +claudebot@anthropic.com)"
20.171.207.254 - - [18/Oct/2025:15:06:58 -0400] "GET /products60898248?kg=0060155669 HTTP/1.1" 404 9741 "-" "Mozilla/5.0 AppleWebKit/537.36 (KHTML, like Gecko; compatible; GPTBot/1.2; +https://openai.com/gptbot)"
216.73.216.159 - - [18/Oct/2025:15:07:00 -0400] "GET /products50716754?kg=0050098340 HTTP/1.1" 404 9740 "-" "Mozilla/5.0 AppleWebKit/537.36 (KHTML, like Gecko; compatible; ClaudeBot/1.0; +claudebot@anthropic.com)"
216.73.216.159 - - [18/Oct/2025:15:07:51 -0400] "GET /products95187600?kg=0094026857 HTTP/1.1" 200 0 "-" "Mozilla/5.0 AppleWebKit/537.36 (KHTML, like Gecko; compatible; ClaudeBot/1.0; +claudebot@anthropic.com)"
20.171.207.254 - - [18/Oct/2025:15:07:58 -0400] "GET /products60886562?kg=0060144124 HTTP/1.1" 404 9742 "-" "Mozilla/5.0 AppleWebKit/537.36 (KHTML, like Gecko; compatible; GPTBot/1.2; +https://openai.com/gptbot)"
157.20.32.210 - - [18/Oct/2025:15:08:17 -0400] "POST /business-directory/?dosrch=1&q&wpbdp_view=search&listingfields[+or+sleep(if(1%3d1,6,0))+))--+-][1] HTTP/1.1" 403 1242 "-" "Mozilla/5.0 (Macintosh; Intel Mac OS X 10_15_7) AppleWebKit/537.36 (KHTML, like Gecko) Chrome/129.0.0.0 Safari/537.36"
216.73.216.159 - - [18/Oct/2025:15:08:19 -0400] "GET /products89568928?kg=0088476705 HTTP/1.1" 404 9742 "-" "Mozilla/5.0 AppleWebKit/537.36 (KHTML, like Gecko; compatible; ClaudeBot/1.0; +claudebot@anthropic.com)"
157.20.32.210 - - [18/Oct/2025:15:08:25 -0400] "GET / HTTP/1.1" 200 1404 "-" "Mozilla/5.0 (Windows NT 10.0; Win64; x64) AppleWebKit/537.36 (KHTML, like Gecko) Chrome/99.0.4844.51 Safari/537.36"
157.20.32.210 - - [18/Oct/2025:15:08:40 -0400] "GET /admin.php HTTP/1.1" 404 28 "-" "Mozilla/5.0 (Windows NT 10.0; Win64; x64; rv:140.0) Gecko/20100101 Firefox/140.5"
157.20.32.210 - - [18/Oct/2025:15:08:40 -0400] "GET /admin.php HTTP/1.1" 404 28 "-" "Mozilla/5.0 (X11; Ubuntu; Linux x86_64; rv:140.0) Gecko/20100101 Firefox/140.0"
157.20.32.210 - - [18/Oct/2025:15:08:40 -0400] "GET /info.php HTTP/1.1" 200 0 "-" "Mozilla/5.0 (Macintosh; Intel Mac OS X 10_15_7) AppleWebKit/537.36 (KHTML, like Gecko) Chrome/119.0.0.0 Safari/537.36"
157.20.32.210 - - [18/Oct/2025:15:08:40 -0400] "GET /adminer.php HTTP/1.1" 200 0 "-" "Mozilla/5.0 (Windows NT 5.1; rv:52.0) Gecko/20100101 Firefox/52.0"
157.20.32.210 - - [18/Oct/2025:15:08:40 -0400] "GET /bin/cron.php HTTP/1.1" 200 0 "-" "Mozilla/5.0 (Windows NT 10.0; Win64; x64; rv:140.0) Gecko/20100101 Firefox/140.5"
157.20.32.210 - - [18/Oct/2025:15:08:40 -0400] "GET /php_info.php HTTP/1.1" 200 0 "-" "Mozilla/5.0 (Macintosh; Intel Mac OS X 10_15_7) AppleWebKit/537.36 (KHTML, like Gecko) Chrome/91.0.4472.124 Safari/537.36"
216.73.216.159 - - [18/Oct/2025:15:08:43 -0400] "GET /products172186638?kg=0170086882 HTTP/1.1" 200 0 "-" "Mozilla/5.0 AppleWebKit/537.36 (KHTML, like Gecko; compatible; ClaudeBot/1.0; +claudebot@anthropic.com)"
157.20.32.210 - - [18/Oct/2025:15:08:50 -0400] "POST /Startup/Register HTTP/1.1" 200 0 "-" "Mozilla/5.0 (Macintosh; Intel Mac OS X 10_15_7) AppleWebKit/605.1.15 (KHTML, like Gecko) Version/16.2 Mobile/15E148 Safari/604.1"
157.20.32.210 - - [18/Oct/2025:15:08:51 -0400] "GET /cpanel.php HTTP/1.1" 200 0 "-" "Mozilla/5.0 (Macintosh; Intel Mac OS X 10_15_7) AppleWebKit/605.1.15 (KHTML, like Gecko) Version/18.1.1 Mobile/15E148 Safari/604.1"
157.20.32.210 - - [18/Oct/2025:15:08:40 -0400] "GET /cpanel.php HTTP/1.1" 200 0 "-" "Mozilla/5.0 (Macintosh; Intel Mac OS X 10_15_7) AppleWebKit/605.1.15 (KHTML, like Gecko) Version/18.1.1 Mobile/15E148 Safari/604.1"
157.20.32.210 - - [18/Oct/2025:15:08:40 -0400] "GET /php-info.php HTTP/1.1" 200 0 "-" "Mozilla/5.0 (Macintosh; U; Intel Mac OS X 10_6_6; it-it) AppleWebKit/533.20.25 (KHTML, like Gecko) Version/5.0.4 Safari/533.20.27"
157.20.32.210 - - [18/Oct/2025:15:08:51 -0400] "GET /bin/cron.php HTTP/1.1" 200 0 "-" "Mozilla/5.0 (Windows NT 10.0; Win64; x64; rv:140.0) Gecko/20100101 Firefox/140.5"
157.20.32.210 - - [18/Oct/2025:15:08:51 -0400] "GET /php_info.php HTTP/1.1" 200 0 "-" "Mozilla/5.0 (Macintosh; Intel Mac OS X 10_15_7) AppleWebKit/537.36 (KHTML, like Gecko) Chrome/91.0.4472.124 Safari/537.36"
157.20.32.210 - - [18/Oct/2025:15:08:51 -0400] "GET /adminer.php HTTP/1.1" 200 0 "-" "Mozilla/5.0 (Windows NT 5.1; rv:52.0) Gecko/20100101 Firefox/52.0"
157.20.32.210 - - [18/Oct/2025:15:08:51 -0400] "GET /info.php HTTP/1.1" 200 0 "-" "Mozilla/5.0 (Macintosh; Intel Mac OS X 10_15_7) AppleWebKit/537.36 (KHTML, like Gecko) Chrome/119.0.0.0 Safari/537.36"
157.20.32.210 - - [18/Oct/2025:15:08:51 -0400] "GET /phpinfo.php HTTP/1.1" 200 0 "-" "Mozilla/5.0 (Macintosh; Intel Mac OS X 14.3) AppleWebKit/614.31.14 (KHTML, like Gecko) Version/17.0.96 Safari/614.31.14"
157.20.32.210 - - [18/Oct/2025:15:09:03 -0400] "GET /wp-content/plugins/dokan-pro/changelog.txt HTTP/1.1" 200 0 "-" "Mozilla/5.0 (Macintosh; Intel Mac OS X 10.15; rv:138.0) Gecko/20100101 Firefox/138.0"
216.73.216.159 - - [18/Oct/2025:15:08:55 -0400] "GET /products107065628?kg=0105760031 HTTP/1.1" 200 0 "-" "Mozilla/5.0 AppleWebKit/537.36 (KHTML, like Gecko; compatible; ClaudeBot/1.0; +claudebot@anthropic.com)"
157.20.32.210 - - [18/Oct/2025:15:09:04 -0400] "GET /Login.aspx HTTP/1.1" 200 0 "-" "Mozilla/5.0 (ZZ; Linux i686) AppleWebKit/537.36 (KHTML, like Gecko) Chrome/134.0.0.0 Safari/537.36"
157.20.32.210 - - [18/Oct/2025:15:09:04 -0400] "GET /cpanel.php HTTP/1.1" 200 0 "-" "Mozilla/5.0 (Macintosh; Intel Mac OS X 10_15_7) AppleWebKit/605.1.15 (KHTML, like Gecko) Version/18.1.1 Mobile/15E148 Safari/604.1"
157.20.32.210 - - [18/Oct/2025:15:09:04 -0400] "GET /cache/index.tpl.php HTTP/1.1" 200 0 "-" "Mozilla/5.0 (Knoppix; Linux i686) AppleWebKit/537.36 (KHTML, like Gecko) Chrome/132.0.0.0 Safari/537.36"
157.20.32.210 - - [18/Oct/2025:15:09:04 -0400] "GET /php-info.php HTTP/1.1" 200 0 "-" "Mozilla/5.0 (Macintosh; U; Intel Mac OS X 10_6_6; it-it) AppleWebKit/533.20.25 (KHTML, like Gecko) Version/5.0.4 Safari/533.20.27"
216.73.216.159 - - [18/Oct/2025:15:09:07 -0400] "GET /products199338260?kg=0196907387 HTTP/1.1" 200 0 "-" "Mozilla/5.0 AppleWebKit/537.36 (KHTML, like Gecko; compatible; ClaudeBot/1.0; +claudebot@anthropic.com)"
66.249.64.105 - - [18/Oct/2025:15:09:14 -0400] "GET /products11526002?kg=0011385524 HTTP/1.1" 200 29693 "-" "Mozilla/5.0 (Linux; Android 6.0.1; Nexus 5X Build/MMB29P) AppleWebKit/537.36 (KHTML, like Gecko) Chrome/140.0.7339.207 Mobile Safari/537.36 (compatible; Googlebot/2.1; +http://www.google.com/bot.html)"
157.20.32.210 - - [18/Oct/2025:15:09:14 -0400] "GET /cpanel.php HTTP/1.1" 200 0 "-" "Mozilla/5.0 (Macintosh; Intel Mac OS X 10_15_7) AppleWebKit/605.1.15 (KHTML, like Gecko) Version/18.1.1 Mobile/15E148 Safari/604.1"
157.20.32.210 - - [18/Oct/2025:15:09:14 -0400] "GET /adminer.php HTTP/1.1" 200 0 "-" "Mozilla/5.0 (Windows NT 5.1; rv:52.0) Gecko/20100101 Firefox/52.0"
157.20.32.210 - - [18/Oct/2025:15:09:14 -0400] "GET /php-info.php HTTP/1.1" 200 0 "-" "Mozilla/5.0 (Macintosh; U; Intel Mac OS X 10_6_6; it-it) AppleWebKit/533.20.25 (KHTML, like Gecko) Version/5.0.4 Safari/533.20.27"
157.20.32.210 - - [18/Oct/2025:15:09:14 -0400] "GET /phpinfo.php HTTP/1.1" 200 0 "-" "Mozilla/5.0 (Macintosh; Intel Mac OS X 14.3) AppleWebKit/614.31.14 (KHTML, like Gecko) Version/17.0.96 Safari/614.31.14"
157.20.32.210 - - [18/Oct/2025:15:08:51 -0400] "GET /cache/index.tpl.php HTTP/1.1" 200 0 "-" "Mozilla/5.0 (Knoppix; Linux i686) AppleWebKit/537.36 (KHTML, like Gecko) Chrome/132.0.0.0 Safari/537.36"
157.20.32.210 - - [18/Oct/2025:15:08:51 -0400] "GET /adminer.php HTTP/1.1" 200 0 "-" "Mozilla/5.0 (Windows NT 10.0; Win64; x64; rv:93.0) Gecko/20100101 Firefox/93.0"
157.20.32.210 - - [18/Oct/2025:15:08:51 -0400] "GET /php-info.php HTTP/1.1" 200 0 "-" "Mozilla/5.0 (Macintosh; U; Intel Mac OS X 10_6_6; it-it) AppleWebKit/533.20.25 (KHTML, like Gecko) Version/5.0.4 Safari/533.20.27"
157.20.32.210 - - [18/Oct/2025:15:09:01 -0400] "POST /Startup/Register HTTP/1.1" 200 0 "-" "Mozilla/5.0 (Macintosh; Intel Mac OS X 10_15_7) AppleWebKit/605.1.15 (KHTML, like Gecko) Version/16.2 Mobile/15E148 Safari/604.1"
157.20.32.210 - - [18/Oct/2025:15:09:04 -0400] "GET /bin/cron.php HTTP/1.1" 200 0 "-" "Mozilla/5.0 (Windows NT 10.0; Win64; x64; rv:140.0) Gecko/20100101 Firefox/140.5"
157.20.32.210 - - [18/Oct/2025:15:09:04 -0400] "GET /adminer.php HTTP/1.1" 200 0 "-" "Mozilla/5.0 (Windows NT 5.1; rv:52.0) Gecko/20100101 Firefox/52.0"
157.20.32.210 - - [18/Oct/2025:15:09:04 -0400] "GET /phpinfo.php HTTP/1.1" 200 0 "-" "Mozilla/5.0 (Macintosh; Intel Mac OS X 14.3) AppleWebKit/614.31.14 (KHTML, like Gecko) Version/17.0.96 Safari/614.31.14"
157.20.32.210 - - [18/Oct/2025:15:09:04 -0400] "GET /info.php HTTP/1.1" 200 0 "-" "Mozilla/5.0 (Macintosh; Intel Mac OS X 10_15_7) AppleWebKit/537.36 (KHTML, like Gecko) Chrome/119.0.0.0 Safari/537.36"
157.20.32.210 - - [18/Oct/2025:15:09:04 -0400] "GET /adminer.php HTTP/1.1" 200 0 "-" "Mozilla/5.0 (Windows NT 10.0; Win64; x64; rv:93.0) Gecko/20100101 Firefox/93.0"
157.20.32.210 - - [18/Oct/2025:15:09:04 -0400] "GET /php_info.php HTTP/1.1" 200 0 "-" "Mozilla/5.0 (Macintosh; Intel Mac OS X 10_15_7) AppleWebKit/537.36 (KHTML, like Gecko) Chrome/91.0.4472.124 Safari/537.36"
18.132.203.135 - - [18/Oct/2025:15:09:19 -0400] "GET / HTTP/1.1" 200 1404 "-" "Mozilla/5.0 (iPhone; CPU iPhone OS 17_0 like Mac OS X) AppleWebKit/605.1.15 (KHTML, like Gecko) Version/17.0 Mobile/15E148 Safari/604.1 RDDocuments/8.4.8.940"
206.189.247.132 - - [18/Oct/2025:15:09:19 -0400] "GET / HTTP/1.1" 200 1404 "-" "Mozilla/5.0 (iPhone; CPU iPhone OS 17_0 like Mac OS X) AppleWebKit/605.1.15 (KHTML, like Gecko) Version/17.0 Mobile/15E148 Safari/604.1 RDDocuments/8.4.8.940"
157.20.32.210 - - [18/Oct/2025:15:09:14 -0400] "POST /Startup/Register HTTP/1.1" 200 0 "-" "Mozilla/5.0 (Macintosh; Intel Mac OS X 10_15_7) AppleWebKit/605.1.15 (KHTML, like Gecko) Version/16.2 Mobile/15E148 Safari/604.1"
157.20.32.210 - - [18/Oct/2025:15:09:14 -0400] "GET /bin/cron.php HTTP/1.1" 200 0 "-" "Mozilla/5.0 (Windows NT 10.0; Win64; x64; rv:140.0) Gecko/20100101 Firefox/140.5"
157.20.32.210 - - [18/Oct/2025:15:09:14 -0400] "GET /info.php HTTP/1.1" 200 0 "-" "Mozilla/5.0 (Macintosh; Intel Mac OS X 10_15_7) AppleWebKit/537.36 (KHTML, like Gecko) Chrome/119.0.0.0 Safari/537.36"
157.20.32.210 - - [18/Oct/2025:15:09:14 -0400] "GET /adminer.php HTTP/1.1" 200 0 "-" "Mozilla/5.0 (Windows NT 10.0; Win64; x64; rv:93.0) Gecko/20100101 Firefox/93.0"
157.20.32.210 - - [18/Oct/2025:15:09:14 -0400] "GET /cache/index.tpl.php HTTP/1.1" 200 0 "-" "Mozilla/5.0 (Knoppix; Linux i686) AppleWebKit/537.36 (KHTML, like Gecko) Chrome/132.0.0.0 Safari/537.36"
157.20.32.210 - - [18/Oct/2025:15:09:14 -0400] "GET /php_info.php HTTP/1.1" 200 0 "-" "Mozilla/5.0 (Macintosh; Intel Mac OS X 10_15_7) AppleWebKit/537.36 (KHTML, like Gecko) Chrome/91.0.4472.124 Safari/537.36"
157.20.32.210 - - [18/Oct/2025:15:09:25 -0400] "GET /html/usr/share/doc/hostname/copyright%3f HTTP/1.1" 200 0 "-" "Mozilla/5.0 (X11; Linux x86_64) AppleWebKit/537.36 (KHTML, like Gecko) Chrome/113.0.0.0 Safari/537.36"
157.20.32.210 - - [18/Oct/2025:15:09:31 -0400] "POST /Token HTTP/1.1" 200 0 "-" "Mozilla/5.0 (SS; Linux x86_64) AppleWebKit/537.36 (KHTML, like Gecko) Chrome/129.0.0.0 Safari/537.36"
157.20.32.210 - - [18/Oct/2025:15:09:15 -0400] "GET /Login.aspx HTTP/1.1" 200 0 "-" "Mozilla/5.0 (ZZ; Linux i686) AppleWebKit/537.36 (KHTML, like Gecko) Chrome/134.0.0.0 Safari/537.36"
157.20.32.210 - - [18/Oct/2025:15:09:20 -0400] "POST /Token HTTP/1.1" 200 0 "-" "Mozilla/5.0 (SS; Linux x86_64) AppleWebKit/537.36 (KHTML, like Gecko) Chrome/129.0.0.0 Safari/537.36"
20.171.207.254 - - [18/Oct/2025:15:09:02 -0400] "GET /products60878604?kg=0060136263 HTTP/1.1" 200 0 "-" "Mozilla/5.0 AppleWebKit/537.36 (KHTML, like Gecko; compatible; GPTBot/1.2; +https://openai.com/gptbot)"
157.20.32.210 - - [18/Oct/2025:15:09:28 -0400] "GET /Login.aspx HTTP/1.1" 200 0 "-" "Mozilla/5.0 (ZZ; Linux i686) AppleWebKit/537.36 (KHTML, like Gecko) Chrome/134.0.0.0 Safari/537.36"
193.239.84.69 - - [18/Oct/2025:15:09:40 -0400] "GET / HTTP/1.1" 200 1404 "-" "Mozilla/5.0 (iPhone; CPU iPhone OS 17_0 like Mac OS X) AppleWebKit/605.1.15 (KHTML, like Gecko) Version/17.0 Mobile/15E148 Safari/604.1 RDDocuments/8.4.8.940"
216.73.216.159 - - [18/Oct/2025:15:09:31 -0400] "GET /products218208196?kg=0215547203 HTTP/1.1" 200 0 "-" "Mozilla/5.0 AppleWebKit/537.36 (KHTML, like Gecko; compatible; ClaudeBot/1.0; +claudebot@anthropic.com)"
157.20.32.210 - - [18/Oct/2025:15:09:36 -0400] "GET /html/usr/share/doc/hostname/copyright%3f HTTP/1.1" 200 0 "-" "Mozilla/5.0 (X11; Linux x86_64) AppleWebKit/537.36 (KHTML, like Gecko) Chrome/113.0.0.0 Safari/537.36"
157.20.32.210 - - [18/Oct/2025:15:09:49 -0400] "GET /html/usr/share/doc/hostname/copyright%3f HTTP/1.1" 200 0 "-" "Mozilla/5.0 (X11; Linux x86_64) AppleWebKit/537.36 (KHTML, like Gecko) Chrome/113.0.0.0 Safari/537.36"
216.73.216.159 - - [18/Oct/2025:15:10:14 -0400] "GET /products126434812?kg=0124893007 HTTP/1.1" 200 0 "-" "Mozilla/5.0 AppleWebKit/537.36 (KHTML, like Gecko; compatible; ClaudeBot/1.0; +claudebot@anthropic.com)"
66.249.64.106 - - [18/Oct/2025:15:10:26 -0400] "GET /products5412000?kg=0005346081 HTTP/1.1" 200 29125 "-" "Mozilla/5.0 (Linux; Android 6.0.1; Nexus 5X Build/MMB29P) AppleWebKit/537.36 (KHTML, like Gecko) Chrome/140.0.7339.207 Mobile Safari/537.36 (compatible; Googlebot/2.1; +http://www.google.com/bot.html)"
157.20.32.210 - - [18/Oct/2025:15:11:31 -0400] "POST /webtools/control/forgotPassword/xmldsdump HTTP/1.1" 404 12308 "-" "Mozilla/5.0 (X11; Linux i686; rv:1.9.5.20) Gecko/ Firefox/3.6.14"
157.20.32.210 - - [18/Oct/2025:15:11:52 -0400] "POST /management/export.php?filename=$(echo+'<\?php+echo+md5(6896);+?>'+>+bljosoxkdkyp.php)&type=pdf HTTP/1.1" 404 10873 "-" "Mozilla/5.0 (Windows NT 10.0; rv:128.0) Gecko/20100101 Firefox/128.0"
98.70.29.56 - - [18/Oct/2025:15:12:05 -0400] "POST /wp-login.php HTTP/1.1" 200 6564 "-" "Mozilla/5.0"
66.249.64.107 - - [18/Oct/2025:15:12:10 -0400] "GET /products5228776?kg=0005165093 HTTP/1.1" 200 29097 "-" "Mozilla/5.0 (Linux; Android 6.0.1; Nexus 5X Build/MMB29P) AppleWebKit/537.36 (KHTML, like Gecko) Chrome/140.0.7339.207 Mobile Safari/537.36 (compatible; Googlebot/2.1; +http://www.google.com/bot.html)"
20.171.207.254 - - [18/Oct/2025:15:12:11 -0400] "GET /products60893688?kg=0060151165 HTTP/1.1" 404 9742 "-" "Mozilla/5.0 AppleWebKit/537.36 (KHTML, like Gecko; compatible; GPTBot/1.2; +https://openai.com/gptbot)"
185.61.153.107 - - [18/Oct/2025:15:12:26 -0400] "POST /wp-cron.php?doing_wp_cron=1760814746.5840709209442138671875 HTTP/1.1" 200 0 "-" "WordPress/6.8.3; https://salhab360photos.com"
157.20.32.210 - - [18/Oct/2025:15:12:56 -0400] "GET /api/data HTTP/1.1" 404 10906 "-" "Mozilla/5.0 (Windows NT 10.0; Win64; x64; rv:109.0) Gecko/20100101 Firefox/114.0"
157.20.32.210 - - [18/Oct/2025:15:13:07 -0400] "GET /WebInterface/ HTTP/1.1" 404 10905 "-" "Mozilla/5.0 (Macintosh; Intel Mac OS X 10.15; rv:129.0) Gecko/20100101 Firefox/129.0"
185.61.153.107 - - [18/Oct/2025:15:13:14 -0400] "POST /wp-cron.php?doing_wp_cron=1760814794.3756630420684814453125 HTTP/1.1" 200 0 "-" "WordPress/6.8.3; https://salhab360photos.com"
157.20.32.210 - - [18/Oct/2025:15:09:44 -0400] "POST /Token HTTP/1.1" 200 0 "-" "Mozilla/5.0 (SS; Linux x86_64) AppleWebKit/537.36 (KHTML, like Gecko) Chrome/129.0.0.0 Safari/537.36"
138.68.166.157 - - [18/Oct/2025:15:10:17 -0400] "GET / HTTP/1.1" 200 1404 "-" "Mozilla/5.0 (iPhone; CPU iPhone OS 17_0 like Mac OS X) AppleWebKit/605.1.15 (KHTML, like Gecko) Version/17.0 Mobile/15E148 Safari/604.1 RDDocuments/8.4.8.940"
20.171.207.254 - - [18/Oct/2025:15:10:07 -0400] "GET /products60892708?kg=0060150195 HTTP/1.1" 200 0 "-" "Mozilla/5.0 AppleWebKit/537.36 (KHTML, like Gecko; compatible; GPTBot/1.2; +https://openai.com/gptbot)"
216.73.216.159 - - [18/Oct/2025:15:10:52 -0400] "GET /products120975306?kg=0119500080 HTTP/1.1" 200 0 "-" "Mozilla/5.0 AppleWebKit/537.36 (KHTML, like Gecko; compatible; ClaudeBot/1.0; +claudebot@anthropic.com)"
66.249.64.105 - - [18/Oct/2025:15:11:22 -0400] "GET /categories/1224190 HTTP/1.1" 200 28966 "-" "Mozilla/5.0 (Linux; Android 6.0.1; Nexus 5X Build/MMB29P) AppleWebKit/537.36 (KHTML, like Gecko) Chrome/140.0.7339.207 Mobile Safari/537.36 (compatible; Googlebot/2.1; +http://www.google.com/bot.html)"
185.61.153.107 - - [18/Oct/2025:15:11:27 -0400] "POST /wp-cron.php?doing_wp_cron=1760814687.4694390296936035156250 HTTP/1.1" 200 0 "-" "WordPress/6.8.3; https://salhab360photos.com"
157.20.32.210 - - [18/Oct/2025:15:11:19 -0400] "POST /webtools/control/forgotPassword/xmldsdump HTTP/1.1" 200 0 "-" "Mozilla/5.0 (X11; Linux i686; rv:1.9.5.20) Gecko/ Firefox/3.6.14"
20.171.207.254 - - [18/Oct/2025:15:11:10 -0400] "GET /products60911204?kg=0060168467 HTTP/1.1" 404 9742 "-" "Mozilla/5.0 AppleWebKit/537.36 (KHTML, like Gecko; compatible; GPTBot/1.2; +https://openai.com/gptbot)"
157.20.32.210 - - [18/Oct/2025:15:11:41 -0400] "GET /common/rzyxl.txt HTTP/1.1" 404 10906 "-" "Mozilla/5.0 (Macintosh; Intel Mac OS X 10_15_7) AppleWebKit/605.1.15 (KHTML, like Gecko) Version/17.13 Mobile/15E148 Safari/604.1"
157.20.32.210 - - [18/Oct/2025:15:11:59 -0400] "GET /solr/admin/info/properties:/admin/info/key HTTP/1.1" 404 12365 "-" "Mozilla/5.0 (Windows NT 10.0; Win64; x64; rv:122.0) Gecko/20100101 Firefox/122.0"
157.20.32.210 - - [18/Oct/2025:15:12:23 -0400] "GET /login HTTP/1.1" 302 0 "-" "Mozilla/5.0 (Macintosh; Intel Mac OS X 10_15_6) AppleWebKit/605.1.15 (KHTML, like Gecko) Version/15.6,2 Safari/605.1.15"
216.73.216.159 - - [18/Oct/2025:15:12:28 -0400] "GET /products199363976?kg=0196932789 HTTP/1.1" 404 9742 "-" "Mozilla/5.0 AppleWebKit/537.36 (KHTML, like Gecko; compatible; ClaudeBot/1.0; +claudebot@anthropic.com)"
216.73.216.159 - - [18/Oct/2025:15:12:59 -0400] "GET /products148426428?kg=0146616431 HTTP/1.1" 404 9742 "-" "Mozilla/5.0 AppleWebKit/537.36 (KHTML, like Gecko; compatible; ClaudeBot/1.0; +claudebot@anthropic.com)"
20.171.207.254 - - [18/Oct/2025:15:13:12 -0400] "GET /products60884800?kg=0060142385 HTTP/1.1" 404 9742 "-" "Mozilla/5.0 AppleWebKit/537.36 (KHTML, like Gecko; compatible; GPTBot/1.2; +https://openai.com/gptbot)"
66.249.64.106 - - [18/Oct/2025:15:13:17 -0400] "GET /?products6797590?kg=0006714774 HTTP/1.1" 304 0 "-" "Mozilla/5.0 (Linux; Android 6.0.1; Nexus 5X Build/MMB29P) AppleWebKit/537.36 (KHTML, like Gecko) Chrome/140.0.7339.207 Mobile Safari/537.36 (compatible; Googlebot/2.1; +http://www.google.com/bot.html)"
66.249.64.105 - - [18/Oct/2025:15:13:27 -0400] "GET /?products121869744?kg=0120383609 HTTP/1.1" 200 1164 "-" "Mozilla/5.0 (Linux; Android 6.0.1; Nexus 5X Build/MMB29P) AppleWebKit/537.36 (KHTML, like Gecko) Chrome/140.0.7339.207 Mobile Safari/537.36 (compatible; Googlebot/2.1; +http://www.google.com/bot.html)"
216.73.216.159 - - [18/Oct/2025:15:13:23 -0400] "GET /products148443570?kg=0146633364 HTTP/1.1" 404 9744 "-" "Mozilla/5.0 AppleWebKit/537.36 (KHTML, like Gecko; compatible; ClaudeBot/1.0; +claudebot@anthropic.com)"
66.249.64.105 - - [18/Oct/2025:15:13:32 -0400] "GET /?products1142014?kg=0001128170 HTTP/1.1" 200 1164 "-" "Mozilla/5.0 (Linux; Android 6.0.1; Nexus 5X Build/MMB29P) AppleWebKit/537.36 (KHTML, like Gecko) Chrome/140.0.7339.207 Mobile Safari/537.36 (compatible; Googlebot/2.1; +http://www.google.com/bot.html)"
66.249.64.105 - - [18/Oct/2025:15:13:32 -0400] "GET /categories/12369378 HTTP/1.1" 200 28939 "-" "Mozilla/5.0 (Linux; Android 6.0.1; Nexus 5X Build/MMB29P) AppleWebKit/537.36 (KHTML, like Gecko) Chrome/140.0.7339.207 Mobile Safari/537.36 (compatible; GoogleOther)"
66.249.64.105 - - [18/Oct/2025:15:13:37 -0400] "GET /?products5389254?kg=0005323614 HTTP/1.1" 200 1164 "-" "Mozilla/5.0 (Linux; Android 6.0.1; Nexus 5X Build/MMB29P) AppleWebKit/537.36 (KHTML, like Gecko) Chrome/140.0.7339.207 Mobile Safari/537.36 (compatible; Googlebot/2.1; +http://www.google.com/bot.html)"
66.249.64.105 - - [18/Oct/2025:15:13:38 -0400] "GET /categories/12258746 HTTP/1.1" 200 28952 "-" "Mozilla/5.0 (Linux; Android 6.0.1; Nexus 5X Build/MMB29P) AppleWebKit/537.36 (KHTML, like Gecko) Chrome/140.0.7339.207 Mobile Safari/537.36 (compatible; Googlebot/2.1; +http://www.google.com/bot.html)"
157.20.32.210 - - [18/Oct/2025:15:13:44 -0400] "GET / HTTP/1.1" 200 1404 "-" "Mozilla/5.0 (Windows NT 10.0; Win64; x64) AppleWebKit/537.36 (KHTML, like Gecko) Chrome/79.0.3945.130 Safari/537.36"
157.20.32.210 - - [18/Oct/2025:15:14:00 -0400] "POST /openam/json/realms/root/authenticate HTTP/1.1" 404 12314 "-" "Mozilla/5.0 (X11; Linux x86_64; rv:1.9.6.20) Gecko/ Firefox/3.6.19"
20.171.207.254 - - [18/Oct/2025:15:15:17 -0400] "GET /products60903496?kg=0060160853 HTTP/1.1" 404 9741 "-" "Mozilla/5.0 AppleWebKit/537.36 (KHTML, like Gecko; compatible; GPTBot/1.2; +https://openai.com/gptbot)"
216.73.216.159 - - [18/Oct/2025:15:15:40 -0400] "GET /products153882544?kg=0152006009 HTTP/1.1" 404 9732 "-" "Mozilla/5.0 AppleWebKit/537.36 (KHTML, like Gecko; compatible; ClaudeBot/1.0; +claudebot@anthropic.com)"
66.249.64.106 - - [18/Oct/2025:15:13:21 -0400] "GET /?products123037314?kg=0121536940 HTTP/1.1" 200 1164 "-" "Mozilla/5.0 (Linux; Android 6.0.1; Nexus 5X Build/MMB29P) AppleWebKit/537.36 (KHTML, like Gecko) Chrome/140.0.7339.207 Mobile Safari/537.36 (compatible; Googlebot/2.1; +http://www.google.com/bot.html)"
185.61.153.107 - - [18/Oct/2025:15:14:17 -0400] "POST /wp-cron.php?doing_wp_cron=1760814857.6787519454956054687500 HTTP/1.1" 200 0 "-" "WordPress/6.8.3; https://salhab360photos.com"
20.171.207.254 - - [18/Oct/2025:15:14:15 -0400] "GET /products60938874?kg=0060195800 HTTP/1.1" 404 9742 "-" "Mozilla/5.0 AppleWebKit/537.36 (KHTML, like Gecko; compatible; GPTBot/1.2; +https://openai.com/gptbot)"
185.61.153.107 - - [18/Oct/2025:15:15:18 -0400] "POST /wp-cron.php?doing_wp_cron=1760814918.3742499351501464843750 HTTP/1.1" 200 0 "-" "WordPress/6.8.3; https://salhab360photos.com"
5.39.1.252 - - [18/Oct/2025:15:15:46 -0400] "GET /products198999358?kg=0196572618 HTTP/1.1" 404 9742 "-" "Mozilla/5.0 (compatible; AhrefsBot/7.0; +http://ahrefs.com/robot/)"
157.20.32.210 - - [18/Oct/2025:15:16:25 -0400] "PUT /api/v2/simulation HTTP/1.1" 404 12314 "-" "Mozilla/5.0 (ZZ; Linux i686) AppleWebKit/537.36 (KHTML, like Gecko) Chrome/142.0.0.0 Safari/537.36"
216.73.216.159 - - [18/Oct/2025:15:16:40 -0400] "GET /products239680224?kg=0236757377 HTTP/1.1" 404 9742 "-" "Mozilla/5.0 AppleWebKit/537.36 (KHTML, like Gecko; compatible; ClaudeBot/1.0; +claudebot@anthropic.com)"
66.249.64.107 - - [18/Oct/2025:15:17:09 -0400] "GET /products5412816?kg=0005346889 HTTP/1.1" 200 29533 "-" "Mozilla/5.0 (Linux; Android 6.0.1; Nexus 5X Build/MMB29P) AppleWebKit/537.36 (KHTML, like Gecko) Chrome/140.0.7339.207 Mobile Safari/537.36 (compatible; Googlebot/2.1; +http://www.google.com/bot.html)"
185.61.153.107 - - [18/Oct/2025:15:17:26 -0400] "POST /wp-cron.php?doing_wp_cron=1760815046.0792169570922851562500 HTTP/1.1" 200 0 "-" "WordPress/6.8.3; https://salhab360photos.com"
20.171.207.254 - - [18/Oct/2025:15:17:24 -0400] "GET /products60902138?kg=0060159512 HTTP/1.1" 404 9740 "-" "Mozilla/5.0 AppleWebKit/537.36 (KHTML, like Gecko; compatible; GPTBot/1.2; +https://openai.com/gptbot)"
66.249.64.106 - - [18/Oct/2025:15:18:01 -0400] "GET /products5414346?kg=0005348400 HTTP/1.1" 200 29153 "-" "Mozilla/5.0 (Linux; Android 6.0.1; Nexus 5X Build/MMB29P) AppleWebKit/537.36 (KHTML, like Gecko) Chrome/140.0.7339.207 Mobile Safari/537.36 (compatible; Googlebot/2.1; +http://www.google.com/bot.html)"
66.249.64.105 - - [18/Oct/2025:15:18:16 -0400] "GET /products5413640?kg=0005347701 HTTP/1.1" 200 29101 "-" "Mozilla/5.0 (Linux; Android 6.0.1; Nexus 5X Build/MMB29P) AppleWebKit/537.36 (KHTML, like Gecko) Chrome/140.0.7339.207 Mobile Safari/537.36 (compatible; Googlebot/2.1; +http://www.google.com/bot.html)"
185.61.153.107 - - [18/Oct/2025:15:18:18 -0400] "POST /wp-cron.php?doing_wp_cron=1760815098.5032079219818115234375 HTTP/1.1" 200 0 "-" "WordPress/6.8.3; https://salhab360photos.com"
157.20.32.210 - - [18/Oct/2025:15:18:20 -0400] "GET /login/index.php HTTP/1.1" 301 0 "-" "Mozilla/5.0 (Macintosh; Intel Mac OS X 10_15_7) AppleWebKit/605.1.15 (KHTML, like Gecko) Version/16.6 Safari/605.1.15"
157.20.32.210 - - [18/Oct/2025:15:18:23 -0400] "GET /login/ HTTP/1.1" 302 0 "https://salhab360photos.com/login/index.php" "Mozilla/5.0 (Macintosh; Intel Mac OS X 10_15_7) AppleWebKit/605.1.15 (KHTML, like Gecko) Version/16.6 Safari/605.1.15"
66.249.64.107 - - [18/Oct/2025:15:19:01 -0400] "GET /products11496778?kg=0011356656 HTTP/1.1" 200 29367 "-" "Mozilla/5.0 (Linux; Android 6.0.1; Nexus 5X Build/MMB29P) AppleWebKit/537.36 (KHTML, like Gecko) Chrome/140.0.7339.207 Mobile Safari/537.36 (compatible; Googlebot/2.1; +http://www.google.com/bot.html)"
216.73.216.159 - - [18/Oct/2025:15:19:40 -0400] "GET /products88009124?kg=0086935923 HTTP/1.1" 404 9744 "-" "Mozilla/5.0 AppleWebKit/537.36 (KHTML, like Gecko; compatible; ClaudeBot/1.0; +claudebot@anthropic.com)"
66.249.64.106 - - [18/Oct/2025:15:20:19 -0400] "GET /products5336592?kg=0005271593 HTTP/1.1" 200 29772 "-" "Mozilla/5.0 (compatible; Googlebot/2.1; +http://www.google.com/bot.html)"
157.20.32.210 - - [18/Oct/2025:15:20:23 -0400] "GET / HTTP/1.1" 200 1404 "-" "Mozilla/5.0 (Macintosh; Intel Mac OS X 10_15_7) AppleWebKit/605.1.15 (KHTML, like Gecko) Version/17.8 Safari/605.1.15"
66.249.64.106 - - [18/Oct/2025:15:20:29 -0400] "GET /products11497184?kg=0011357057 HTTP/1.1" 200 29330 "-" "Mozilla/5.0 (Linux; Android 6.0.1; Nexus 5X Build/MMB29P) AppleWebKit/537.36 (KHTML, like Gecko) Chrome/140.0.7339.207 Mobile Safari/537.36 (compatible; Googlebot/2.1; +http://www.google.com/bot.html)"
157.20.32.210 - - [18/Oct/2025:15:21:09 -0400] "GET /default.aspx HTTP/1.1" 404 10898 "-" "Mozilla/5.0 (Macintosh; Intel Mac OS X 10_15_6) AppleWebKit/605.1.15 (KHTML, like Gecko) Version/14.1 Safari/605.1.15"
157.20.32.210 - - [18/Oct/2025:15:16:08 -0400] "GET / HTTP/1.1" 200 1404 "-" "Mozilla/5.0 (Macintosh; Intel Mac OS X 10_15_7) AppleWebKit/537.36 (KHTML, like Gecko) Chrome/118.0.0.0 Safari/537.36"
185.61.153.107 - - [18/Oct/2025:15:16:14 -0400] "POST /wp-cron.php?doing_wp_cron=1760814974.1684100627899169921875 HTTP/1.1" 200 0 "-" "WordPress/6.8.3; https://salhab360photos.com"
157.20.32.210 - - [18/Oct/2025:15:16:12 -0400] "POST /queue/join HTTP/1.1" 404 10856 "-" "Mozilla/5.0 (Windows NT 10.0; Win64; x64) AppleWebKit/537.36 (KHTML, like Gecko) Chrome/67.0.3396.99 Safari/537.36"
20.171.207.254 - - [18/Oct/2025:15:16:21 -0400] "GET /products60910798?kg=0060168066 HTTP/1.1" 404 9743 "-" "Mozilla/5.0 AppleWebKit/537.36 (KHTML, like Gecko; compatible; GPTBot/1.2; +https://openai.com/gptbot)"
157.20.32.210 - - [18/Oct/2025:15:16:25 -0400] "POST /webtools/control/view/StatsSinceStart HTTP/1.1" 404 12310 "-" "Mozilla/5.0 (Fedora; Linux i686) AppleWebKit/537.36 (KHTML, like Gecko) Chrome/140.0.0.0 Safari/537.36"
66.249.64.107 - - [18/Oct/2025:15:18:03 -0400] "GET /products15107844?kg=0014923683 HTTP/1.1" 200 29016 "-" "Mozilla/5.0 (compatible; Googlebot/2.1; +http://www.google.com/bot.html)"
157.20.32.210 - - [18/Oct/2025:15:18:17 -0400] "POST /node_modules/angular-base64-upload/demo/server.php HTTP/1.1" 404 12310 "-" "Mozilla/5.0 (Windows NT 10.0; Win64; x64; rv:135.0) Gecko/20100101 Firefox/135.0"
157.20.32.210 - - [18/Oct/2025:15:18:19 -0400] "POST /bower_components/angular-base64-upload/demo/server.php HTTP/1.1" 404 12310 "-" "Mozilla/5.0 (Windows NT 10.0; Win64; x64; rv:83.0) Gecko/20100101 Firefox/83.0"
157.20.32.210 - - [18/Oct/2025:15:18:26 -0400] "GET /wp-login.php HTTP/1.1" 200 2344 "https://salhab360photos.com/login/" "Mozilla/5.0 (Macintosh; Intel Mac OS X 10_15_7) AppleWebKit/605.1.15 (KHTML, like Gecko) Version/16.6 Safari/605.1.15"
20.171.207.254 - - [18/Oct/2025:15:18:28 -0400] "GET /products60873680?kg=0060131401 HTTP/1.1" 404 9742 "-" "Mozilla/5.0 AppleWebKit/537.36 (KHTML, like Gecko; compatible; GPTBot/1.2; +https://openai.com/gptbot)"
157.20.32.210 - - [18/Oct/2025:15:18:49 -0400] "GET /graphs HTTP/1.1" 404 10906 "-" "Mozilla/5.0 (Windows NT 10.0; Win64; x64; rv:84.0) Gecko/20100101 Firefox/84.0"
216.73.216.159 - - [18/Oct/2025:15:18:58 -0400] "GET /products6783856?kg=0006701209 HTTP/1.1" 404 9740 "-" "Mozilla/5.0 AppleWebKit/537.36 (KHTML, like Gecko; compatible; ClaudeBot/1.0; +claudebot@anthropic.com)"
185.61.153.107 - - [18/Oct/2025:15:19:33 -0400] "POST /wp-cron.php?doing_wp_cron=1760815173.4677069187164306640625 HTTP/1.1" 200 0 "-" "WordPress/6.8.3; https://salhab360photos.com"
20.171.207.254 - - [18/Oct/2025:15:19:30 -0400] "GET /products60872532?kg=0060130267 HTTP/1.1" 404 9742 "-" "Mozilla/5.0 AppleWebKit/537.36 (KHTML, like Gecko; compatible; GPTBot/1.2; +https://openai.com/gptbot)"
176.31.139.13 - - [18/Oct/2025:15:19:48 -0400] "GET /products198992074?kg=0196565424 HTTP/1.1" 404 9741 "-" "Mozilla/5.0 (compatible; AhrefsBot/7.0; +http://ahrefs.com/robot/)"
185.61.153.107 - - [18/Oct/2025:15:20:34 -0400] "POST /wp-cron.php?doing_wp_cron=1760815234.2756381034851074218750 HTTP/1.1" 200 0 "-" "WordPress/6.8.3; https://salhab360photos.com"
20.171.207.254 - - [18/Oct/2025:15:20:31 -0400] "GET /products60908734?kg=0060166026 HTTP/1.1" 404 9741 "-" "Mozilla/5.0 AppleWebKit/537.36 (KHTML, like Gecko; compatible; GPTBot/1.2; +https://openai.com/gptbot)"
157.20.32.210 - - [18/Oct/2025:15:20:46 -0400] "GET / HTTP/1.1" 200 1404 "-" "Mozilla/5.0 (Macintosh; Intel Mac OS X 11_6_6; de) AppleWebKit/605.1.15 (KHTML, like Gecko) Version/17.4.2 Safari/605.1.15"
157.20.32.210 - - [18/Oct/2025:15:21:09 -0400] "GET / HTTP/1.1" 200 1404 "-" "Mozilla/5.0 (X11; Linux x86_64) AppleWebKit/537.36 (KHTML, like Gecko) Chrome/124.0.0.0 Safari/537.36"
185.61.153.107 - - [18/Oct/2025:15:21:16 -0400] "POST /wp-cron.php?doing_wp_cron=1760815276.4678039550781250000000 HTTP/1.1" 200 0 "-" "WordPress/6.8.3; https://salhab360photos.com"
98.70.29.56 - - [18/Oct/2025:15:21:13 -0400] "POST /wp-login.php HTTP/1.1" 200 6564 "-" "Mozilla/5.0"
20.171.207.254 - - [18/Oct/2025:15:21:36 -0400] "GET /products60909892?kg=0060167171 HTTP/1.1" 404 9732 "-" "Mozilla/5.0 AppleWebKit/537.36 (KHTML, like Gecko; compatible; GPTBot/1.2; +https://openai.com/gptbot)"
66.249.64.106 - - [18/Oct/2025:15:21:54 -0400] "GET /products123204800?kg=0121702385 HTTP/1.1" 200 29265 "-" "Mozilla/5.0 (Linux; Android 6.0.1; Nexus 5X Build/MMB29P) AppleWebKit/537.36 (KHTML, like Gecko) Chrome/140.0.7339.207 Mobile Safari/537.36 (compatible; Googlebot/2.1; +http://www.google.com/bot.html)"
157.20.32.210 - - [18/Oct/2025:15:21:53 -0400] "POST /html/ad/adfilestorage/request/checkAcesso.php HTTP/1.1" 404 12314 "-" "Mozilla/5.0 (Windows NT 6.1; rv:105.0) Gecko/20100101 Firefox/105.0"
185.61.153.107 - - [18/Oct/2025:15:22:34 -0400] "POST /wp-cron.php?doing_wp_cron=1760815353.9683530330657958984375 HTTP/1.1" 200 0 "-" "WordPress/6.8.3; https://salhab360photos.com"
64.227.176.68 - - [18/Oct/2025:15:22:31 -0400] "GET /wp-login.php HTTP/1.1" 200 2082 "-" "Mozilla/5.0 (Macintosh; Intel Mac OS X 10_12_6) AppleWebKit/537.36 (KHTML, like Gecko) Chrome/66.0.3359.117 Safari/537.36"
64.227.176.68 - - [18/Oct/2025:15:22:35 -0400] "POST /wp-login.php HTTP/1.1" 200 2173 "https://salhab360photos.com/wp-login.php" "Mozilla/5.0 (Macintosh; Intel Mac OS X 10_12_6) AppleWebKit/537.36 (KHTML, like Gecko) Chrome/66.0.3359.117 Safari/537.36"
20.171.207.254 - - [18/Oct/2025:15:22:39 -0400] "GET /products60896808?kg=0060154245 HTTP/1.1" 404 9741 "-" "Mozilla/5.0 AppleWebKit/537.36 (KHTML, like Gecko; compatible; GPTBot/1.2; +https://openai.com/gptbot)"
157.20.32.210 - - [18/Oct/2025:15:22:48 -0400] "GET /de2api/user/info HTTP/1.1" 404 12365 "-" "Mozilla/5.0 (X11; Linux x86_64) AppleWebKit/537.36 (KHTML, like Gecko) Chrome/131.0.0.0 Safari/537.36"
157.20.32.210 - - [18/Oct/2025:15:23:23 -0400] "POST /cobbler_api HTTP/1.1" 404 10853 "-" "Mozilla/5.0 (X11; Linux x86_64; rv:137.0) Gecko/20100101 Firefox/137.0"
66.249.64.106 - - [18/Oct/2025:15:23:59 -0400] "GET /products11496036?kg=0011355923 HTTP/1.1" 200 29489 "-" "Mozilla/5.0 (Linux; Android 6.0.1; Nexus 5X Build/MMB29P) AppleWebKit/537.36 (KHTML, like Gecko) Chrome/140.0.7339.207 Mobile Safari/537.36 (compatible; Googlebot/2.1; +http://www.google.com/bot.html)"
185.61.153.107 - - [18/Oct/2025:15:24:21 -0400] "POST /wp-cron.php?doing_wp_cron=1760815461.7730700969696044921875 HTTP/1.1" 200 0 "-" "WordPress/6.8.3; https://salhab360photos.com"
157.20.32.210 - - [18/Oct/2025:15:24:51 -0400] "POST /api/v2/observables/extended HTTP/1.1" 404 12314 "-" "Mozilla/5.0 (X11; Ubuntu; Linux x86_64; rv:109.0) Gecko/20100101 Firefox/113.0"
216.73.216.159 - - [18/Oct/2025:15:25:16 -0400] "GET /products228318504?kg=0225534213 HTTP/1.1" 404 9742 "-" "Mozilla/5.0 AppleWebKit/537.36 (KHTML, like Gecko; compatible; ClaudeBot/1.0; +claudebot@anthropic.com)"
216.73.216.159 - - [18/Oct/2025:15:25:50 -0400] "GET /products80914284?kg=0079927607 HTTP/1.1" 404 9741 "-" "Mozilla/5.0 AppleWebKit/537.36 (KHTML, like Gecko; compatible; ClaudeBot/1.0; +claudebot@anthropic.com)"
216.73.216.159 - - [18/Oct/2025:15:27:02 -0400] "GET /products101916866?kg=0100674060 HTTP/1.1" 404 9742 "-" "Mozilla/5.0 AppleWebKit/537.36 (KHTML, like Gecko; compatible; ClaudeBot/1.0; +claudebot@anthropic.com)"
157.20.32.210 - - [18/Oct/2025:15:27:11 -0400] "POST /php/components/logs.php HTTP/1.1" 403 1242 "-" "Mozilla/5.0 (Macintosh; Intel Mac OS X 10_15_7) AppleWebKit/537.36 (KHTML, like Gecko) Chrome/131.0.0.0 Safari/537.36"
157.20.32.210 - - [18/Oct/2025:15:27:12 -0400] "POST /cgi-bin/skk_get.cgi HTTP/1.1" 403 1242 "-" "Mozilla/5.0 (Macintosh; U; PPC Mac OS X; de-de) AppleWebKit/125.5.6 (KHTML, like Gecko) Safari/125.12"
185.61.153.107 - - [18/Oct/2025:15:27:14 -0400] "POST /wp-cron.php?doing_wp_cron=1760815634.3688321113586425781250 HTTP/1.1" 200 0 "-" "WordPress/6.8.3; https://salhab360photos.com"
176.31.139.5 - - [18/Oct/2025:15:27:40 -0400] "GET /products198973378?kg=0196546956 HTTP/1.1" 404 9741 "-" "Mozilla/5.0 (compatible; AhrefsBot/7.0; +http://ahrefs.com/robot/)"
157.20.32.210 - - [18/Oct/2025:15:21:13 -0400] "GET /?p=1 HTTP/1.1" 200 1404 "-" "Mozilla/5.0 (X11; Linux i686) AppleWebKit/537.36 (KHTML, like Gecko) Chrome/133.0.0.0 Safari/537.36"
66.249.64.106 - - [18/Oct/2025:15:23:10 -0400] "GET /products5519306?kg=0005452080 HTTP/1.1" 200 29793 "-" "Mozilla/5.0 (compatible; Googlebot/2.1; +http://www.google.com/bot.html)"
185.61.153.107 - - [18/Oct/2025:15:23:26 -0400] "POST /wp-cron.php?doing_wp_cron=1760815406.0802979469299316406250 HTTP/1.1" 200 0 "-" "WordPress/6.8.3; https://salhab360photos.com"
20.171.207.254 - - [18/Oct/2025:15:23:41 -0400] "GET /products60922606?kg=0060179730 HTTP/1.1" 404 9740 "-" "Mozilla/5.0 AppleWebKit/537.36 (KHTML, like Gecko; compatible; GPTBot/1.2; +https://openai.com/gptbot)"
92.222.108.102 - - [18/Oct/2025:15:24:04 -0400] "GET /products198973542?kg=0196547118 HTTP/1.1" 404 9733 "-" "Mozilla/5.0 (compatible; AhrefsBot/7.0; +http://ahrefs.com/robot/)"
157.20.32.210 - - [18/Oct/2025:15:24:17 -0400] "POST /c/router HTTP/1.1" 404 9690 "-" "Mozilla/5.0 (X11; Linux x86_64; rv:1.9.6.20) Gecko/ Firefox/3.6.3"
157.20.32.210 - - [18/Oct/2025:15:24:18 -0400] "POST /jeecg-boot/drag/onlDragDatasetHead/getTotalData HTTP/1.1" 404 12310 "-" "Mozilla/5.0 (Windows NT 10.0; Win64; x64; WOW64; rv:41.0) Gecko/20100101 Firefox/140.0.1 (x64 de)"
157.20.32.210 - - [18/Oct/2025:15:24:18 -0400] "POST /drag/onlDragDatasetHead/getTotalData HTTP/1.1" 404 12314 "-" "Mozilla/5.0 (Windows NT 10.0; Win64; x64; rv:140.0) Gecko/20100101 Firefox/140.0"
157.20.32.210 - - [18/Oct/2025:15:24:17 -0400] "POST /c/router HTTP/1.1" 404 9681 "-" "Mozilla/5.0 (Macintosh; Intel Mac OS X 10_15_7) AppleWebKit/605.1.15 (KHTML, like Gecko) Version/13.1.3 Safari/605.1.15"
157.20.32.210 - - [18/Oct/2025:15:24:45 -0400] "POST /api/v2/templates/ HTTP/1.1" 404 12314 "-" "Mozilla/5.0 (SS; Linux i686) AppleWebKit/537.36 (KHTML, like Gecko) Chrome/129.0.0.0 Safari/537.36"
20.171.207.254 - - [18/Oct/2025:15:24:46 -0400] "GET /products60897550?kg=0060154978 HTTP/1.1" 404 9740 "-" "Mozilla/5.0 AppleWebKit/537.36 (KHTML, like Gecko; compatible; GPTBot/1.2; +https://openai.com/gptbot)"
185.61.153.107 - - [18/Oct/2025:15:25:18 -0400] "POST /wp-cron.php?doing_wp_cron=1760815518.4758849143981933593750 HTTP/1.1" 200 0 "-" "WordPress/6.8.3; https://salhab360photos.com"
20.171.207.254 - - [18/Oct/2025:15:25:47 -0400] "GET /products60933462?kg=0060190454 HTTP/1.1" 404 9742 "-" "Mozilla/5.0 AppleWebKit/537.36 (KHTML, like Gecko; compatible; GPTBot/1.2; +https://openai.com/gptbot)"
185.61.153.107 - - [18/Oct/2025:15:26:59 -0400] "POST /wp-cron.php?doing_wp_cron=1760815619.4670939445495605468750 HTTP/1.1" 200 0 "-" "WordPress/6.8.3; https://salhab360photos.com"
20.171.207.254 - - [18/Oct/2025:15:26:53 -0400] "GET /products60872732?kg=0060130463 HTTP/1.1" 404 9733 "-" "Mozilla/5.0 AppleWebKit/537.36 (KHTML, like Gecko; compatible; GPTBot/1.2; +https://openai.com/gptbot)"
216.73.216.159 - - [18/Oct/2025:15:27:11 -0400] "GET /products175121656?kg=0172986109 HTTP/1.1" 404 9741 "-" "Mozilla/5.0 AppleWebKit/537.36 (KHTML, like Gecko; compatible; ClaudeBot/1.0; +claudebot@anthropic.com)"
216.73.216.159 - - [18/Oct/2025:15:27:27 -0400] "GET /products227513874?kg=0224739396 HTTP/1.1" 404 9741 "-" "Mozilla/5.0 AppleWebKit/537.36 (KHTML, like Gecko; compatible; ClaudeBot/1.0; +claudebot@anthropic.com)"
66.249.64.105 - - [18/Oct/2025:15:27:37 -0400] "GET /products4626690?kg=0004570348 HTTP/1.1" 200 28977 "-" "Mozilla/5.0 (Linux; Android 6.0.1; Nexus 5X Build/MMB29P) AppleWebKit/537.36 (KHTML, like Gecko) Chrome/140.0.7339.207 Mobile Safari/537.36 (compatible; Googlebot/2.1; +http://www.google.com/bot.html)"
216.73.216.159 - - [18/Oct/2025:15:27:36 -0400] "GET /products1500928?kg=0001482705 HTTP/1.1" 404 9741 "-" "Mozilla/5.0 AppleWebKit/537.36 (KHTML, like Gecko; compatible; ClaudeBot/1.0; +claudebot@anthropic.com)"
216.73.216.159 - - [18/Oct/2025:15:27:51 -0400] "GET /products130115882?kg=0128529184 HTTP/1.1" 404 9740 "-" "Mozilla/5.0 AppleWebKit/537.36 (KHTML, like Gecko; compatible; ClaudeBot/1.0; +claudebot@anthropic.com)"
216.73.216.159 - - [18/Oct/2025:15:27:57 -0400] "GET /products167563556?kg=0165520179 HTTP/1.1" 404 9744 "-" "Mozilla/5.0 AppleWebKit/537.36 (KHTML, like Gecko; compatible; ClaudeBot/1.0; +claudebot@anthropic.com)"
157.20.32.210 - - [18/Oct/2025:15:28:04 -0400] "GET /GeneralDocs.aspx?rpt=../../../../Windows/win.ini HTTP/1.1" 404 10898 "-" "Mozilla/5.0 (X11; CrOS x86_64 14541.0.0) AppleWebKit/537.36 (KHTML, like Gecko) Chrome/134.0.0.0 Safari/537.36"
216.73.216.159 - - [18/Oct/2025:15:28:03 -0400] "GET /products46020158?kg=0045459018 HTTP/1.1" 404 9741 "-" "Mozilla/5.0 AppleWebKit/537.36 (KHTML, like Gecko; compatible; ClaudeBot/1.0; +claudebot@anthropic.com)"
185.61.153.107 - - [18/Oct/2025:15:28:15 -0400] "POST /wp-cron.php?doing_wp_cron=1760815695.0723450183868408203125 HTTP/1.1" 200 0 "-" "WordPress/6.8.3; https://salhab360photos.com"
202.56.2.88 - - [18/Oct/2025:15:28:13 -0400] "GET /.wp-cli/wp-login.php HTTP/1.1" 404 10906 "-" "Mozilla/5.0 (Windows NT 10.0; Win64; x64) AppleWebKit/537.36 (KHTML, like Gecko) Chrome/85.0.4183.102 Safari/537.36"
157.20.32.210 - - [18/Oct/2025:15:28:29 -0400] "POST /php-cgi/php-cgi.exe?%ADd+cgi.force_redirect%3d0+%ADd+cgi.redirect_status_env+%ADd+allow_url_include%3d1+%ADd+auto_prepend_file%3dphp://input HTTP/1.1" 403 1242 "-" "Mozilla/5.0 (Macintosh; Intel Mac OS X 10_15_7) AppleWebKit/605.1.15 (KHTML, like Gecko) Version/16.3 Safari/605.1.15"
216.73.216.159 - - [18/Oct/2025:15:28:27 -0400] "GET /products153842906?kg=0151966856 HTTP/1.1" 404 9741 "-" "Mozilla/5.0 AppleWebKit/537.36 (KHTML, like Gecko; compatible; ClaudeBot/1.0; +claudebot@anthropic.com)"
157.20.32.210 - - [18/Oct/2025:15:28:31 -0400] "POST /index.php?%ADd+cgi.force_redirect%3d0+%ADd+cgi.redirect_status_env+%ADd+allow_url_include%3d1+%ADd+auto_prepend_file%3dphp://input HTTP/1.1" 403 1242 "-" "Mozilla/5.0 (Windows NT 10.0; Win64; x64) AppleWebKit/537.36 (KHTML, like Gecko) Chrome/60.0.3112.113 Safari/537.36"
157.20.32.210 - - [18/Oct/2025:15:28:35 -0400] "POST /test.hello?%ADd+cgi.force_redirect%3d0+%ADd+cgi.redirect_status_env+%ADd+allow_url_include%3d1+%ADd+auto_prepend_file%3dphp://input HTTP/1.1" 403 1242 "-" "Mozilla/5.0 (Windows NT 10.0; Win64; x64; rv:122.0) Gecko/20100101 Firefox/122.0"
202.56.2.88 - - [18/Oct/2025:15:28:34 -0400] "GET /chosen.php HTTP/1.1" 404 10898 "-" "Mozilla/5.0 (Windows NT 10.0; Win64; x64) AppleWebKit/537.36 (KHTML, like Gecko) Chrome/85.0.4183.102 Safari/537.36"
216.73.216.159 - - [18/Oct/2025:15:28:51 -0400] "GET /products108206216?kg=0106886709 HTTP/1.1" 404 9741 "-" "Mozilla/5.0 AppleWebKit/537.36 (KHTML, like Gecko; compatible; ClaudeBot/1.0; +claudebot@anthropic.com)"
66.249.64.106 - - [18/Oct/2025:15:29:02 -0400] "GET /products11498364?kg=0011358223 HTTP/1.1" 200 29998 "-" "Mozilla/5.0 (Linux; Android 6.0.1; Nexus 5X Build/MMB29P) AppleWebKit/537.36 (KHTML, like Gecko) Chrome/140.0.7339.207 Mobile Safari/537.36 (compatible; Googlebot/2.1; +http://www.google.com/bot.html)"
185.61.153.107 - - [18/Oct/2025:15:29:42 -0400] "POST /wp-cron.php?doing_wp_cron=1760815782.2728440761566162109375 HTTP/1.1" 200 0 "-" "WordPress/6.8.3; https://salhab360photos.com"
202.56.2.88 - - [18/Oct/2025:15:29:38 -0400] "GET /themes.php HTTP/1.1" 404 10906 "-" "Mozilla/5.0 (Windows NT 10.0; Win64; x64) AppleWebKit/537.36 (KHTML, like Gecko) Chrome/85.0.4183.102 Safari/537.36"
216.73.216.159 - - [18/Oct/2025:15:29:39 -0400] "GET /products49971456?kg=0049362129 HTTP/1.1" 404 9741 "-" "Mozilla/5.0 AppleWebKit/537.36 (KHTML, like Gecko; compatible; ClaudeBot/1.0; +claudebot@anthropic.com)"
20.171.207.254 - - [18/Oct/2025:15:30:02 -0400] "GET /products60941830?kg=0060198718 HTTP/1.1" 404 9742 "-" "Mozilla/5.0 AppleWebKit/537.36 (KHTML, like Gecko; compatible; GPTBot/1.2; +https://openai.com/gptbot)"
18.132.203.135 - - [18/Oct/2025:15:30:24 -0400] "GET /index.html HTTP/1.1" 200 1404 "-" "Mozilla/5.0 (Windows NT 10.0; Win64; x64) AppleWebKit/537.36 (KHTML, like Gecko) Chrome/135.0.0.0 Safari/537.36 OPR/120.0.0.0"
