66.249.64.107 - - [18/Oct/2025:14:39:03 -0400] "GET /products976124?kg=0000964303 HTTP/1.1" 200 29315 "-" "Mozilla/5.0 (Linux; Android 6.0.1; Nexus 5X Build/MMB29P) AppleWebKit/537.36 (KHTML, like Gecko) Chrome/140.0.7339.207 Mobile Safari/537.36 (compatible; Googlebot/2.1; +http://www.google.com/bot.html)"
216.73.216.159 - - [18/Oct/2025:14:39:05 -0400] "GET /products62127842?kg=0061370268 HTTP/1.1" 404 9742 "-" "Mozilla/5.0 AppleWebKit/537.36 (KHTML, like Gecko; compatible; ClaudeBot/1.0; +claudebot@anthropic.com)"
216.73.216.159 - - [18/Oct/2025:14:39:49 -0400] "GET /products198488872?kg=0196068357 HTTP/1.1" 404 9742 "-" "Mozilla/5.0 AppleWebKit/537.36 (KHTML, like Gecko; compatible; ClaudeBot/1.0; +claudebot@anthropic.com)"
185.61.153.107 - - [18/Oct/2025:14:40:21 -0400] "POST /wp-cron.php?doing_wp_cron=1760812821.2685348987579345703125 HTTP/1.1" 200 0 "-" "WordPress/6.8.3; https://salhab360photos.com"
216.73.216.159 - - [18/Oct/2025:14:40:13 -0400] "GET /products54909988?kg=0054240435 HTTP/1.1" 200 0 "-" "Mozilla/5.0 AppleWebKit/537.36 (KHTML, like Gecko; compatible; ClaudeBot/1.0; +claudebot@anthropic.com)"
157.20.32.210 - - [18/Oct/2025:14:40:16 -0400] "GET /file=web_assets/../config.json HTTP/1.1" 404 12355 "-" "Mozilla/5.0 (Windows NT 10.0; Win64; x64) AppleWebKit/537.36 (KHTML, like Gecko) Chrome/70.0.3538.77 Safari/537.36"
216.73.216.159 - - [18/Oct/2025:14:40:25 -0400] "GET /products119134844?kg=0117682063 HTTP/1.1" 404 9741 "-" "Mozilla/5.0 AppleWebKit/537.36 (KHTML, like Gecko; compatible; ClaudeBot/1.0; +claudebot@anthropic.com)"
216.73.216.159 - - [18/Oct/2025:14:40:35 -0400] "GET /products179050572?kg=0176867111 HTTP/1.1" 404 9740 "-" "Mozilla/5.0 AppleWebKit/537.36 (KHTML, like Gecko; compatible; ClaudeBot/1.0; +claudebot@anthropic.com)"
216.73.216.159 - - [18/Oct/2025:14:39:30 -0400] "GET /products198503828?kg=0196083131 HTTP/1.1" 404 9732 "-" "Mozilla/5.0 AppleWebKit/537.36 (KHTML, like Gecko; compatible; ClaudeBot/1.0; +claudebot@anthropic.com)"
216.73.216.159 - - [18/Oct/2025:14:39:40 -0400] "GET /products83732296?kg=0082711253 HTTP/1.1" 404 9742 "-" "Mozilla/5.0 AppleWebKit/537.36 (KHTML, like Gecko; compatible; ClaudeBot/1.0; +claudebot@anthropic.com)"
20.171.207.254 - - [18/Oct/2025:14:39:50 -0400] "GET /products60905618?kg=0060162948 HTTP/1.1" 404 9742 "-" "Mozilla/5.0 AppleWebKit/537.36 (KHTML, like Gecko; compatible; GPTBot/1.2; +https://openai.com/gptbot)"
206.189.247.132 - - [18/Oct/2025:14:40:02 -0400] "GET / HTTP/1.1" 200 1404 "-" "Mozilla/5.0 (iPhone; CPU iPhone OS 17_0 like Mac OS X) AppleWebKit/605.1.15 (KHTML, like Gecko) Version/17.0 Mobile/15E148 Safari/604.1 RDDocuments/8.4.8.940"
18.171.59.255 - - [18/Oct/2025:14:40:02 -0400] "GET / HTTP/1.1" 200 1404 "-" "Mozilla/5.0 (iPhone; CPU iPhone OS 17_0 like Mac OS X) AppleWebKit/605.1.15 (KHTML, like Gecko) Version/17.0 Mobile/15E148 Safari/604.1 RDDocuments/8.4.8.940"
216.73.216.159 - - [18/Oct/2025:14:39:59 -0400] "GET /products142768478?kg=0141027482 HTTP/1.1" 200 0 "-" "Mozilla/5.0 AppleWebKit/537.36 (KHTML, like Gecko; compatible; ClaudeBot/1.0; +claudebot@anthropic.com)"
45.133.172.94 - - [18/Oct/2025:14:40:09 -0400] "GET / HTTP/1.1" 200 1404 "-" "Mozilla/5.0 (iPhone; CPU iPhone OS 17_0 like Mac OS X) AppleWebKit/605.1.15 (KHTML, like Gecko) Version/17.0 Mobile/15E148 Safari/604.1 RDDocuments/8.4.8.940"
157.20.32.210 - - [18/Oct/2025:14:40:11 -0400] "GET /account/?user=1&tab=groups&group-name=p%27+or+%27%%27=%27%%27+union+all+select+1,2,3,4,5,6,7,8,9,10,11,concat(%22Database:%22,md5(999999999),0x7c,%20%22Version:%22,version()),13--+- HTTP/1.1" 403 1242 "-" "Mozilla/5.0 (Macintosh; Intel Mac OS X 10_15_7) AppleWebKit/537.36 (KHTML, like Gecko) Chrome/117.0.0.0 Safari/537.36"
138.68.166.157 - - [18/Oct/2025:14:40:18 -0400] "GET / HTTP/1.1" 200 1404 "-" "Mozilla/5.0 (iPhone; CPU iPhone OS 17_0 like Mac OS X) AppleWebKit/605.1.15 (KHTML, like Gecko) Version/17.0 Mobile/15E148 Safari/604.1 RDDocuments/8.4.8.940"
157.20.32.210 - - [18/Oct/2025:14:40:13 -0400] "POST /index.cfm/_api/json/v1/default/?method=processAsyncObject HTTP/1.1" 404 12313 "-" "Mozilla/5.0 (Macintosh; Intel Mac OS X 10_15_7) AppleWebKit/605.1.15 (KHTML, like Gecko) Version/17.7 Safari/605.1.15"
157.20.32.210 - - [18/Oct/2025:14:40:53 -0400] "POST /webtools/control/forgotPassword/%2e/%2e/ProgramExport HTTP/1.1" 404 12303 "-" "Mozilla/5.0 (Macintosh; Intel Mac OS X 13_6) AppleWebKit/605.1.15 (KHTML, like Gecko) Version/18.5 Safari/604.1"
157.20.32.210 - - [18/Oct/2025:14:41:05 -0400] "GET / HTTP/1.1" 200 1404 "-" "Mozilla/5.0 (ZZ; Linux x86_64) AppleWebKit/537.36 (KHTML, like Gecko) Chrome/140.0.0.0 Safari/537.36"
110.164.163.17 - - [18/Oct/2025:14:41:01 -0400] "POST /wp-login.php HTTP/1.1" 200 2174 "https://salhab360photos.com/wp-login.php" "Mozilla/5.0 (Windows NT 10.0; WOW64) AppleWebKit/537.36 (KHTML, like Gecko) Chrome/63.0.3239.132 Safari/537.36 OPR/50.0.2762.67"
216.73.216.159 - - [18/Oct/2025:14:41:24 -0400] "GET /products129156032?kg=0127581041 HTTP/1.1" 404 9742 "-" "Mozilla/5.0 AppleWebKit/537.36 (KHTML, like Gecko; compatible; ClaudeBot/1.0; +claudebot@anthropic.com)"
157.20.32.210 - - [18/Oct/2025:14:41:47 -0400] "POST /apriso/portal/kiosk/querylogin.aspx HTTP/1.1" 404 12314 "-" "Mozilla/5.0 (Fedora; Linux i686) AppleWebKit/537.36 (KHTML, like Gecko) Chrome/140.0.0.0 Safari/537.36"
216.73.216.159 - - [18/Oct/2025:14:41:46 -0400] "GET /products50681954?kg=0050063964 HTTP/1.1" 404 9742 "-" "Mozilla/5.0 AppleWebKit/537.36 (KHTML, like Gecko; compatible; ClaudeBot/1.0; +claudebot@anthropic.com)"
20.171.207.254 - - [18/Oct/2025:14:41:57 -0400] "GET /products60873770?kg=0060131488 HTTP/1.1" 404 9742 "-" "Mozilla/5.0 AppleWebKit/537.36 (KHTML, like Gecko; compatible; GPTBot/1.2; +https://openai.com/gptbot)"
216.73.216.159 - - [18/Oct/2025:14:41:58 -0400] "GET /products15723696?kg=0015532025 HTTP/1.1" 404 9739 "-" "Mozilla/5.0 AppleWebKit/537.36 (KHTML, like Gecko; compatible; ClaudeBot/1.0; +claudebot@anthropic.com)"
157.20.32.210 - - [18/Oct/2025:14:42:36 -0400] "GET /login.rst HTTP/1.1" 404 10902 "-" "Mozilla/5.0 (Windows NT 6.1; rv:109.0) Gecko/20100101 Firefox/115.0"
157.20.32.210 - - [18/Oct/2025:14:42:36 -0400] "GET /login.rst HTTP/1.1" 404 10906 "-" "Mozilla/5.0 (Macintosh; Intel Mac OS X 10_15_7) AppleWebKit/537.36 (KHTML, like Gecko) Chrome/109.0.0.0 Safari/537.36"
157.20.32.210 - - [18/Oct/2025:14:42:47 -0400] "POST /rest/V1/guest-carts/1/estimate-shipping-methods HTTP/1.1" 200 0 "-" "Mozilla/5.0 (Macintosh; Intel Mac OS X 10_15) AppleWebKit/605.1.15 (KHTML, like Gecko) Version/13.0.1 Safari/605.1.15"
157.20.32.210 - - [18/Oct/2025:14:42:50 -0400] "GET /login.rst HTTP/1.1" 200 0 "-" "Mozilla/5.0 (Macintosh; Intel Mac OS X 10_15_7) AppleWebKit/605.1.15 (KHTML, like Gecko) Version/13.1 Safari/605.1.15"
216.73.216.159 - - [18/Oct/2025:14:42:54 -0400] "GET /products34983788?kg=0034557239 HTTP/1.1" 200 0 "-" "Mozilla/5.0 AppleWebKit/537.36 (KHTML, like Gecko; compatible; ClaudeBot/1.0; +claudebot@anthropic.com)"
157.20.32.210 - - [18/Oct/2025:14:42:58 -0400] "POST /rest/V1/guest-carts/1/estimate-shipping-methods HTTP/1.1" 200 0 "-" "Mozilla/5.0 (Macintosh; Intel Mac OS X 10_15) AppleWebKit/605.1.15 (KHTML, like Gecko) Version/13.0.1 Safari/605.1.15"
20.171.207.254 - - [18/Oct/2025:14:42:58 -0400] "GET /products60929112?kg=0060186157 HTTP/1.1" 404 9742 "-" "Mozilla/5.0 AppleWebKit/537.36 (KHTML, like Gecko; compatible; GPTBot/1.2; +https://openai.com/gptbot)"
66.249.64.105 - - [18/Oct/2025:14:43:16 -0400] "GET /categories/12150060 HTTP/1.1" 200 29014 "-" "Mozilla/5.0 (Linux; Android 6.0.1; Nexus 5X Build/MMB29P) AppleWebKit/537.36 (KHTML, like Gecko) Chrome/140.0.7339.207 Mobile Safari/537.36 (compatible; Googlebot/2.1; +http://www.google.com/bot.html)"
66.249.64.105 - - [18/Oct/2025:14:43:23 -0400] "GET /categories/12539228 HTTP/1.1" 200 28836 "-" "Mozilla/5.0 (Linux; Android 6.0.1; Nexus 5X Build/MMB29P) AppleWebKit/537.36 (KHTML, like Gecko) Chrome/140.0.7339.207 Mobile Safari/537.36 (compatible; Googlebot/2.1; +http://www.google.com/bot.html)"
110.164.163.17 - - [18/Oct/2025:14:40:54 -0400] "GET /wp-login.php HTTP/1.1" 200 2082 "-" "Mozilla/5.0 (Windows NT 10.0; WOW64) AppleWebKit/537.36 (KHTML, like Gecko) Chrome/63.0.3239.132 Safari/537.36 OPR/50.0.2762.67"
216.73.216.159 - - [18/Oct/2025:14:40:52 -0400] "GET /products119174326?kg=0117721062 HTTP/1.1" 404 9742 "-" "Mozilla/5.0 AppleWebKit/537.36 (KHTML, like Gecko; compatible; ClaudeBot/1.0; +claudebot@anthropic.com)"
20.171.207.254 - - [18/Oct/2025:14:40:53 -0400] "GET /products60905058?kg=0060162396 HTTP/1.1" 404 9742 "-" "Mozilla/5.0 AppleWebKit/537.36 (KHTML, like Gecko; compatible; GPTBot/1.2; +https://openai.com/gptbot)"
157.20.32.210 - - [18/Oct/2025:14:41:03 -0400] "POST /webtools/control/forgotPassword/%2e/%2e/ProgramExport HTTP/1.1" 404 12303 "-" "Mozilla/5.0 (Kubuntu; Linux i686) AppleWebKit/537.36 (KHTML, like Gecko) Chrome/132.0.0.0 Safari/537.36"
185.61.153.107 - - [18/Oct/2025:14:41:18 -0400] "POST /wp-cron.php?doing_wp_cron=1760812878.7730751037597656250000 HTTP/1.1" 200 0 "-" "WordPress/6.8.3; https://salhab360photos.com"
66.249.64.107 - - [18/Oct/2025:14:41:18 -0400] "GET /products16104522?kg=0015908208 HTTP/1.1" 200 29618 "-" "Mozilla/5.0 (Linux; Android 6.0.1; Nexus 5X Build/MMB29P) AppleWebKit/537.36 (KHTML, like Gecko) Chrome/140.0.7339.207 Mobile Safari/537.36 (compatible; Googlebot/2.1; +http://www.google.com/bot.html)"
216.73.216.159 - - [18/Oct/2025:14:41:14 -0400] "GET /products199354460?kg=0196923391 HTTP/1.1" 404 9742 "-" "Mozilla/5.0 AppleWebKit/537.36 (KHTML, like Gecko; compatible; ClaudeBot/1.0; +claudebot@anthropic.com)"
157.20.32.210 - - [18/Oct/2025:14:41:30 -0400] "GET /cgi-bin/nas_sharing.cgi?user=messagebus&passwd=&cmd=15&system=aWQ= HTTP/1.1" 403 1242 "-" "-"
66.249.64.106 - - [18/Oct/2025:14:41:50 -0400] "GET /products7396026?kg=0007305912 HTTP/1.1" 200 28871 "-" "Mozilla/5.0 (Linux; Android 6.0.1; Nexus 5X Build/MMB29P) AppleWebKit/537.36 (KHTML, like Gecko) Chrome/140.0.7339.207 Mobile Safari/537.36 (compatible; Googlebot/2.1; +http://www.google.com/bot.html)"
185.61.153.107 - - [18/Oct/2025:14:42:29 -0400] "POST /wp-cron.php?doing_wp_cron=1760812948.9697790145874023437500 HTTP/1.1" 200 0 "-" "WordPress/6.8.3; https://salhab360photos.com"
157.20.32.210 - - [18/Oct/2025:14:42:24 -0400] "GET /login.rst HTTP/1.1" 404 10904 "-" "Mozilla/5.0 (Fedora; Linux i686) AppleWebKit/537.36 (KHTML, like Gecko) Chrome/139.0.0.0 Safari/537.36"
157.20.32.210 - - [18/Oct/2025:14:42:39 -0400] "GET /login.rst HTTP/1.1" 200 0 "-" "Mozilla/5.0 (Macintosh; Intel Mac OS X 10_15_7) AppleWebKit/605.1.15 (KHTML, like Gecko) Version/13.1 Safari/605.1.15"
157.20.32.210 - - [18/Oct/2025:14:43:03 -0400] "GET /login.rst HTTP/1.1" 200 0 "-" "Mozilla/5.0 (Macintosh; Intel Mac OS X 10_15_7) AppleWebKit/605.1.15 (KHTML, like Gecko) Version/13.1 Safari/605.1.15"
185.61.153.107 - - [18/Oct/2025:14:43:14 -0400] "POST /wp-cron.php?doing_wp_cron=1760812994.6692380905151367187500 HTTP/1.1" 200 0 "-" "WordPress/6.8.3; https://salhab360photos.com"
157.20.32.210 - - [18/Oct/2025:14:43:11 -0400] "POST /rest/V1/guest-carts/1/estimate-shipping-methods HTTP/1.1" 404 12310 "-" "Mozilla/5.0 (Macintosh; Intel Mac OS X 10_15) AppleWebKit/605.1.15 (KHTML, like Gecko) Version/13.0.1 Safari/605.1.15"
66.249.64.105 - - [18/Oct/2025:14:43:34 -0400] "GET /categories/12539118 HTTP/1.1" 200 28892 "-" "Mozilla/5.0 (Linux; Android 6.0.1; Nexus 5X Build/MMB29P) AppleWebKit/537.36 (KHTML, like Gecko) Chrome/140.0.7339.207 Mobile Safari/537.36 (compatible; Googlebot/2.1; +http://www.google.com/bot.html)"
216.73.216.159 - - [18/Oct/2025:14:43:26 -0400] "GET /products148564316?kg=0146752639 HTTP/1.1" 404 9741 "-" "Mozilla/5.0 AppleWebKit/537.36 (KHTML, like Gecko; compatible; ClaudeBot/1.0; +claudebot@anthropic.com)"
66.249.64.105 - - [18/Oct/2025:14:43:30 -0400] "GET /?ctg/search/similarImageSearchResultView/?ctgItemCd=157089 HTTP/1.1" 200 1164 "-" "Mozilla/5.0 (Linux; Android 6.0.1; Nexus 5X Build/MMB29P) AppleWebKit/537.36 (KHTML, like Gecko) Chrome/140.0.7339.207 Mobile Safari/537.36 (compatible; Googlebot/2.1; +http://www.google.com/bot.html)"
66.249.64.105 - - [18/Oct/2025:14:43:45 -0400] "GET /categories/12196918 HTTP/1.1" 200 29343 "-" "Mozilla/5.0 (Linux; Android 6.0.1; Nexus 5X Build/MMB29P) AppleWebKit/537.36 (KHTML, like Gecko) Chrome/140.0.7339.207 Mobile Safari/537.36 (compatible; Googlebot/2.1; +http://www.google.com/bot.html)"
66.249.64.105 - - [18/Oct/2025:14:43:50 -0400] "GET /?products235700?kg=0000232907 HTTP/1.1" 200 1164 "-" "Mozilla/5.0 (Linux; Android 6.0.1; Nexus 5X Build/MMB29P) AppleWebKit/537.36 (KHTML, like Gecko) Chrome/140.0.7339.207 Mobile Safari/537.36 (compatible; Googlebot/2.1; +http://www.google.com/bot.html)"
66.249.64.105 - - [18/Oct/2025:14:43:56 -0400] "GET /?products6973900?kg=0006888935 HTTP/1.1" 304 0 "-" "Mozilla/5.0 (Linux; Android 6.0.1; Nexus 5X Build/MMB29P) AppleWebKit/537.36 (KHTML, like Gecko) Chrome/140.0.7339.207 Mobile Safari/537.36 (compatible; Googlebot/2.1; +http://www.google.com/bot.html)"
66.249.64.107 - - [18/Oct/2025:14:44:18 -0400] "GET /products5096788?kg=0005034715 HTTP/1.1" 200 28860 "-" "Mozilla/5.0 (Linux; Android 6.0.1; Nexus 5X Build/MMB29P) AppleWebKit/537.36 (KHTML, like Gecko) Chrome/140.0.7339.207 Mobile Safari/537.36 (compatible; Googlebot/2.1; +http://www.google.com/bot.html)"
66.249.64.106 - - [18/Oct/2025:14:44:19 -0400] "GET /categories/1280032 HTTP/1.1" 200 30344 "-" "Mozilla/5.0 (Linux; Android 6.0.1; Nexus 5X Build/MMB29P) AppleWebKit/537.36 (KHTML, like Gecko) Chrome/140.0.7339.207 Mobile Safari/537.36 (compatible; GoogleOther)"
66.249.64.105 - - [18/Oct/2025:14:44:20 -0400] "GET /?products16104522?kg=0015908208 HTTP/1.1" 200 1164 "-" "Mozilla/5.0 (Linux; Android 6.0.1; Nexus 5X Build/MMB29P) AppleWebKit/537.36 (KHTML, like Gecko) Chrome/140.0.7339.207 Mobile Safari/537.36 (compatible; Googlebot/2.1; +http://www.google.com/bot.html)"
66.249.64.106 - - [18/Oct/2025:14:44:25 -0400] "GET /?products14273202?kg=0014099220 HTTP/1.1" 200 1164 "-" "Mozilla/5.0 (Linux; Android 6.0.1; Nexus 5X Build/MMB29P) AppleWebKit/537.36 (KHTML, like Gecko) Chrome/140.0.7339.207 Mobile Safari/537.36 (compatible; Googlebot/2.1; +http://www.google.com/bot.html)"
66.249.64.105 - - [18/Oct/2025:14:44:37 -0400] "GET /?products7522894?kg=0007431234 HTTP/1.1" 200 1164 "-" "Mozilla/5.0 (Linux; Android 6.0.1; Nexus 5X Build/MMB29P) AppleWebKit/537.36 (KHTML, like Gecko) Chrome/140.0.7339.207 Mobile Safari/537.36 (compatible; Googlebot/2.1; +http://www.google.com/bot.html)"
66.249.64.105 - - [18/Oct/2025:14:44:39 -0400] "GET /?products7520840?kg=0007429205 HTTP/1.1" 200 1164 "-" "Mozilla/5.0 (Linux; Android 6.0.1; Nexus 5X Build/MMB29P) AppleWebKit/537.36 (KHTML, like Gecko) Chrome/140.0.7339.207 Mobile Safari/537.36 (compatible; Googlebot/2.1; +http://www.google.com/bot.html)"
66.249.64.105 - - [18/Oct/2025:14:44:42 -0400] "GET /?products13804126?kg=0013635866 HTTP/1.1" 200 1164 "-" "Mozilla/5.0 (Linux; Android 6.0.1; Nexus 5X Build/MMB29P) AppleWebKit/537.36 (KHTML, like Gecko) Chrome/140.0.7339.207 Mobile Safari/537.36 (compatible; Googlebot/2.1; +http://www.google.com/bot.html)"
66.249.64.105 - - [18/Oct/2025:14:44:46 -0400] "GET /?products7998116?kg=0007900659 HTTP/1.1" 200 1164 "-" "Mozilla/5.0 (Linux; Android 6.0.1; Nexus 5X Build/MMB29P) AppleWebKit/537.36 (KHTML, like Gecko) Chrome/140.0.7339.207 Mobile Safari/537.36 (compatible; Googlebot/2.1; +http://www.google.com/bot.html)"
185.61.153.107 - - [18/Oct/2025:14:44:51 -0400] "POST /wp-cron.php?doing_wp_cron=1760813090.8715529441833496093750 HTTP/1.1" 200 0 "-" "WordPress/6.8.3; https://salhab360photos.com"
66.249.64.105 - - [18/Oct/2025:14:43:40 -0400] "GET /?ctg/search/similarImageSearchResultView/?ctgItemCd=87185 HTTP/1.1" 200 1164 "-" "Mozilla/5.0 (Linux; Android 6.0.1; Nexus 5X Build/MMB29P) AppleWebKit/537.36 (KHTML, like Gecko) Chrome/140.0.7339.207 Mobile Safari/537.36 (compatible; Googlebot/2.1; +http://www.google.com/bot.html)"
66.249.64.105 - - [18/Oct/2025:14:43:50 -0400] "GET /categories/12689998 HTTP/1.1" 200 28937 "-" "Mozilla/5.0 (Linux; Android 6.0.1; Nexus 5X Build/MMB29P) AppleWebKit/537.36 (KHTML, like Gecko) Chrome/140.0.7339.207 Mobile Safari/537.36 (compatible; Googlebot/2.1; +http://www.google.com/bot.html)"
216.73.216.159 - - [18/Oct/2025:14:43:58 -0400] "GET /products228306496?kg=0225522353 HTTP/1.1" 200 0 "-" "Mozilla/5.0 AppleWebKit/537.36 (KHTML, like Gecko; compatible; ClaudeBot/1.0; +claudebot@anthropic.com)"
20.171.207.254 - - [18/Oct/2025:14:44:00 -0400] "GET /products60887018?kg=0060144576 HTTP/1.1" 404 9741 "-" "Mozilla/5.0 AppleWebKit/537.36 (KHTML, like Gecko; compatible; GPTBot/1.2; +https://openai.com/gptbot)"
66.249.64.105 - - [18/Oct/2025:14:44:30 -0400] "GET /?products2563078?kg=0002531902 HTTP/1.1" 200 1164 "-" "Mozilla/5.0 (Linux; Android 6.0.1; Nexus 5X Build/MMB29P) AppleWebKit/537.36 (KHTML, like Gecko) Chrome/140.0.7339.207 Mobile Safari/537.36 (compatible; Googlebot/2.1; +http://www.google.com/bot.html)"
66.249.64.105 - - [18/Oct/2025:14:44:35 -0400] "GET /?products13985920?kg=0013815441 HTTP/1.1" 200 1164 "-" "Mozilla/5.0 (Linux; Android 6.0.1; Nexus 5X Build/MMB29P) AppleWebKit/537.36 (KHTML, like Gecko) Chrome/140.0.7339.207 Mobile Safari/537.36 (compatible; Googlebot/2.1; +http://www.google.com/bot.html)"
66.249.64.105 - - [18/Oct/2025:14:44:56 -0400] "GET /?products12586098?kg=0012432692 HTTP/1.1" 200 1164 "-" "Mozilla/5.0 (Linux; Android 6.0.1; Nexus 5X Build/MMB29P) AppleWebKit/537.36 (KHTML, like Gecko) Chrome/140.0.7339.207 Mobile Safari/537.36 (compatible; Googlebot/2.1; +http://www.google.com/bot.html)"
66.249.64.105 - - [18/Oct/2025:14:45:01 -0400] "GET /?products4873060?kg=0004813715 HTTP/1.1" 200 1164 "-" "Mozilla/5.0 (Linux; Android 6.0.1; Nexus 5X Build/MMB29P) AppleWebKit/537.36 (KHTML, like Gecko) Chrome/140.0.7339.207 Mobile Safari/537.36 (compatible; Googlebot/2.1; +http://www.google.com/bot.html)"
66.249.64.105 - - [18/Oct/2025:14:45:01 -0400] "GET /products5096428?kg=0005034359 HTTP/1.1" 200 28980 "-" "Mozilla/5.0 (Linux; Android 6.0.1; Nexus 5X Build/MMB29P) AppleWebKit/537.36 (KHTML, like Gecko) Chrome/140.0.7339.207 Mobile Safari/537.36 (compatible; Googlebot/2.1; +http://www.google.com/bot.html)"
66.249.64.106 - - [18/Oct/2025:14:45:07 -0400] "GET /categories/12689998 HTTP/1.1" 200 28937 "-" "Mozilla/5.0 (Linux; Android 6.0.1; Nexus 5X Build/MMB29P) AppleWebKit/537.36 (KHTML, like Gecko) Chrome/140.0.7339.207 Mobile Safari/537.36 (compatible; GoogleOther)"
216.73.216.159 - - [18/Oct/2025:14:45:51 -0400] "GET /products158679216?kg=0156744185 HTTP/1.1" 404 9740 "-" "Mozilla/5.0 AppleWebKit/537.36 (KHTML, like Gecko; compatible; ClaudeBot/1.0; +claudebot@anthropic.com)"
157.20.32.210 - - [18/Oct/2025:14:46:01 -0400] "POST /cgi-bin/cstecgi.cgi HTTP/1.1" 403 1242 "https://salhab360photos.com/page/index.html" "Mozilla/5.0 (X11; Linux x86_64) AppleWebKit/537.36 (KHTML, like Gecko) Chrome/106.0.0.0 Safari/537.36"
185.61.153.107 - - [18/Oct/2025:14:46:14 -0400] "POST /wp-cron.php?doing_wp_cron=1760813174.3678250312805175781250 HTTP/1.1" 200 0 "-" "WordPress/6.8.3; https://salhab360photos.com"
157.20.32.210 - - [18/Oct/2025:14:46:19 -0400] "GET /javadoc/releases/javadoc/1.0.0//raw/..%5c..%2f..%2f..%2f..%2f..%2freposilite.db HTTP/1.1" 200 0 "-" "Mozilla/5.0 (Windows NT 10.0; Win64; x64; rv:93.0) Gecko/20100101 Firefox/93.0"
66.249.64.105 - - [18/Oct/2025:14:46:49 -0400] "GET /products13710068?kg=0013542955 HTTP/1.1" 200 28826 "-" "Mozilla/5.0 (Linux; Android 6.0.1; Nexus 5X Build/MMB29P) AppleWebKit/537.36 (KHTML, like Gecko) Chrome/140.0.7339.207 Mobile Safari/537.36 (compatible; Googlebot/2.1; +http://www.google.com/bot.html)"
66.249.64.105 - - [18/Oct/2025:14:44:51 -0400] "GET /?products7321666?kg=0007232460 HTTP/1.1" 200 1164 "-" "Mozilla/5.0 (Linux; Android 6.0.1; Nexus 5X Build/MMB29P) AppleWebKit/537.36 (KHTML, like Gecko) Chrome/140.0.7339.207 Mobile Safari/537.36 (compatible; Googlebot/2.1; +http://www.google.com/bot.html)"
157.20.32.210 - - [18/Oct/2025:14:44:46 -0400] "POST /Admin/login.php HTTP/1.1" 404 10855 "-" "Mozilla/5.0 (Ubuntu; Linux x86_64) AppleWebKit/537.36 (KHTML, like Gecko) Chrome/132.0.0.0 Safari/537.36"
157.20.32.210 - - [18/Oct/2025:14:44:54 -0400] "GET /Admin/index.php HTTP/1.1" 301 0 "-" "Mozilla/5.0 (Ubuntu; Linux x86_64) AppleWebKit/537.36 (KHTML, like Gecko) Chrome/133.0.0.0 Safari/537.36"
98.70.29.56 - - [18/Oct/2025:14:45:00 -0400] "POST /wp-login.php HTTP/1.1" 200 6564 "-" "Mozilla/5.0"
20.171.207.254 - - [18/Oct/2025:14:45:05 -0400] "GET /products60869944?kg=0060127709 HTTP/1.1" 404 9740 "-" "Mozilla/5.0 AppleWebKit/537.36 (KHTML, like Gecko; compatible; GPTBot/1.2; +https://openai.com/gptbot)"
157.20.32.210 - - [18/Oct/2025:14:45:26 -0400] "GET / HTTP/1.1" 200 1404 "-" "Mozilla/5.0 (Windows NT 6.1; Win64; x64) AppleWebKit/537.36 (KHTML, like Gecko) Chrome/66.0.3359.117 Safari/537.36"
66.249.64.105 - - [18/Oct/2025:14:45:49 -0400] "GET /products1142014?kg=0001128170 HTTP/1.1" 200 29065 "-" "Mozilla/5.0 (Linux; Android 6.0.1; Nexus 5X Build/MMB29P) AppleWebKit/537.36 (KHTML, like Gecko) Chrome/140.0.7339.207 Mobile Safari/537.36 (compatible; Googlebot/2.1; +http://www.google.com/bot.html)"
185.61.153.107 - - [18/Oct/2025:14:45:57 -0400] "POST /wp-cron.php?doing_wp_cron=1760813157.0683670043945312500000 HTTP/1.1" 200 0 "-" "WordPress/6.8.3; https://salhab360photos.com"
157.20.32.210 - - [18/Oct/2025:14:46:03 -0400] "GET /c1VAvV.txt HTTP/1.1" 404 10906 "-" "Mozilla/5.0 (Macintosh; Intel Mac OS X 10_15_7) AppleWebKit/605.1.15 (KHTML, like Gecko) Version/18.5 Mobile/15E148 Safari/604.1"
20.171.207.254 - - [18/Oct/2025:14:46:09 -0400] "GET /products60903286?kg=0060160646 HTTP/1.1" 404 9742 "-" "Mozilla/5.0 AppleWebKit/537.36 (KHTML, like Gecko; compatible; GPTBot/1.2; +https://openai.com/gptbot)"
157.20.32.210 - - [18/Oct/2025:14:46:30 -0400] "GET /javadoc/releases/javadoc/1.0.0//raw/..%5c..%2f..%2f..%2f..%2f..%2freposilite.db HTTP/1.1" 301 0 "-" "Mozilla/5.0 (Windows NT 10.0; Win64; x64; rv:93.0) Gecko/20100101 Firefox/93.0"
157.20.32.210 - - [18/Oct/2025:14:46:43 -0400] "GET /index.php?entryPoint=responseEntryPoint&event=1&delegate=a<\"+UNION+SELECT+SLEEP(6);--+-&type=c&response=accept HTTP/1.1" 403 1242 "-" "Mozilla/5.0 (Macintosh; Intel Mac OS X 10_15_6) AppleWebKit/605.1.15 (KHTML, like Gecko) Version/14.0.2 Safari/605.1.15"
66.249.64.106 - - [18/Oct/2025:14:47:26 -0400] "GET /categories/12180650 HTTP/1.1" 200 30854 "-" "Mozilla/5.0 (Linux; Android 6.0.1; Nexus 5X Build/MMB29P) AppleWebKit/537.36 (KHTML, like Gecko) Chrome/140.0.7339.207 Mobile Safari/537.36 (compatible; Googlebot/2.1; +http://www.google.com/bot.html)"
216.73.216.159 - - [18/Oct/2025:14:47:55 -0400] "GET /products196996668?kg=0194594351 HTTP/1.1" 404 9742 "-" "Mozilla/5.0 AppleWebKit/537.36 (KHTML, like Gecko; compatible; ClaudeBot/1.0; +claudebot@anthropic.com)"
185.61.153.107 - - [18/Oct/2025:14:48:21 -0400] "POST /wp-cron.php?doing_wp_cron=1760813301.5670421123504638671875 HTTP/1.1" 200 0 "-" "WordPress/6.8.3; https://salhab360photos.com"
20.171.207.254 - - [18/Oct/2025:14:48:18 -0400] "GET /products60935598?kg=0060192562 HTTP/1.1" 404 9742 "-" "Mozilla/5.0 AppleWebKit/537.36 (KHTML, like Gecko; compatible; GPTBot/1.2; +https://openai.com/gptbot)"
157.20.32.210 - - [18/Oct/2025:14:48:38 -0400] "GET /global-protect/portal/images/34EYbNn3LvykFIOyEGEG9wbNySi.txt HTTP/1.1" 404 12359 "-" "Mozilla/5.0 (ZZ; Linux i686) AppleWebKit/537.36 (KHTML, like Gecko) Chrome/128.0.0.0 Safari/537.36"
216.73.216.159 - - [18/Oct/2025:14:48:47 -0400] "GET /products203557378?kg=0201075052 HTTP/1.1" 404 9741 "-" "Mozilla/5.0 AppleWebKit/537.36 (KHTML, like Gecko; compatible; ClaudeBot/1.0; +claudebot@anthropic.com)"
157.20.32.210 - - [18/Oct/2025:14:48:49 -0400] "POST /v1/app/readFileSync HTTP/1.1" 200 0 "-" "Mozilla/5.0 (Windows NT 10.0; Win64; x64; rv:138.0) Gecko/20100101 Firefox/138.0"
157.20.32.210 - - [18/Oct/2025:14:48:49 -0400] "POST /v1/app/readFileSync HTTP/1.1" 200 0 "-" "Mozilla/5.0 (Macintosh; Intel Mac OS X 10_15_7) AppleWebKit/537.36 (KHTML, like Gecko) Chrome/134.0.0.0 Safari/537.36"
157.20.32.210 - - [18/Oct/2025:14:49:00 -0400] "POST /v1/app/readFileSync HTTP/1.1" 404 12314 "-" "Mozilla/5.0 (Windows NT 10.0; Win64; x64; rv:138.0) Gecko/20100101 Firefox/138.0"
157.20.32.210 - - [18/Oct/2025:14:49:00 -0400] "POST /v1/app/readFileSync HTTP/1.1" 404 12310 "-" "Mozilla/5.0 (Macintosh; Intel Mac OS X 10_15_7) AppleWebKit/537.36 (KHTML, like Gecko) Chrome/134.0.0.0 Safari/537.36"
157.20.32.210 - - [18/Oct/2025:14:49:01 -0400] "GET /global-protect/portal/images/34EYbNn3LvykFIOyEGEG9wbNySi.txt HTTP/1.1" 200 0 "-" "Mozilla/5.0 (Macintosh; Intel Mac OS X 10_6_8) AppleWebKit/534.50 (KHTML, like Gecko) Version/5.1 Safari/534.50"
66.249.64.106 - - [18/Oct/2025:14:49:21 -0400] "GET /?products2683322?kg=0002650680 HTTP/1.1" 200 1164 "-" "Mozilla/5.0 (Linux; Android 6.0.1; Nexus 5X Build/MMB29P) AppleWebKit/537.36 (KHTML, like Gecko) Chrome/140.0.7339.207 Mobile Safari/537.36 (compatible; Googlebot/2.1; +http://www.google.com/bot.html)"
66.249.64.106 - - [18/Oct/2025:14:49:21 -0400] "GET /products3518214?kg=0003475390 HTTP/1.1" 200 29137 "-" "Mozilla/5.0 (Linux; Android 6.0.1; Nexus 5X Build/MMB29P) AppleWebKit/537.36 (KHTML, like Gecko) Chrome/140.0.7339.207 Mobile Safari/537.36 (compatible; Googlebot/2.1; +http://www.google.com/bot.html)"
216.73.216.159 - - [18/Oct/2025:14:49:25 -0400] "GET /products73855350?kg=0072954758 HTTP/1.1" 404 9742 "-" "Mozilla/5.0 AppleWebKit/537.36 (KHTML, like Gecko; compatible; ClaudeBot/1.0; +claudebot@anthropic.com)"
66.249.64.106 - - [18/Oct/2025:14:49:34 -0400] "GET /products5095890?kg=0005033828 HTTP/1.1" 200 28934 "-" "Mozilla/5.0 (Linux; Android 6.0.1; Nexus 5X Build/MMB29P) AppleWebKit/537.36 (KHTML, like Gecko) Chrome/140.0.7339.207 Mobile Safari/537.36 (compatible; Googlebot/2.1; +http://www.google.com/bot.html)"
185.61.153.107 - - [18/Oct/2025:14:50:20 -0400] "POST /wp-cron.php?doing_wp_cron=1760813419.8745250701904296875000 HTTP/1.1" 200 0 "-" "WordPress/6.8.3; https://salhab360photos.com"
157.20.32.210 - - [18/Oct/2025:14:50:14 -0400] "GET /welcome HTTP/1.1" 404 10899 "-" "Mozilla/5.0 (X11; CrOS x86_64 14092.77.0) AppleWebKit/537.36 (KHTML, like Gecko) Chrome/93.0.4577.107 Safari/537.36"
20.171.207.254 - - [18/Oct/2025:14:50:21 -0400] "GET /products60892266?kg=0060149760 HTTP/1.1" 404 9742 "-" "Mozilla/5.0 AppleWebKit/537.36 (KHTML, like Gecko; compatible; GPTBot/1.2; +https://openai.com/gptbot)"
216.73.216.159 - - [18/Oct/2025:14:51:00 -0400] "GET /products208019782?kg=0205483038 HTTP/1.1" 404 9742 "-" "Mozilla/5.0 AppleWebKit/537.36 (KHTML, like Gecko; compatible; ClaudeBot/1.0; +claudebot@anthropic.com)"
66.249.64.105 - - [18/Oct/2025:14:51:09 -0400] "GET /products5095348?kg=0005033291 HTTP/1.1" 200 28916 "-" "Mozilla/5.0 (Linux; Android 6.0.1; Nexus 5X Build/MMB29P) AppleWebKit/537.36 (KHTML, like Gecko) Chrome/140.0.7339.207 Mobile Safari/537.36 (compatible; Googlebot/2.1; +http://www.google.com/bot.html)"
66.249.64.105 - - [18/Oct/2025:14:51:25 -0400] "GET /ctg/search/similarImageSearchResultView/?ctgItemCd=234341 HTTP/1.1" 200 29506 "-" "Mozilla/5.0 (Linux; Android 6.0.1; Nexus 5X Build/MMB29P) AppleWebKit/537.36 (KHTML, like Gecko) Chrome/140.0.7339.207 Mobile Safari/537.36 (compatible; Googlebot/2.1; +http://www.google.com/bot.html)"
185.61.153.107 - - [18/Oct/2025:14:51:30 -0400] "POST /wp-cron.php?doing_wp_cron=1760813490.4678339958190917968750 HTTP/1.1" 200 0 "-" "WordPress/6.8.3; https://salhab360photos.com"
157.20.32.210 - - [18/Oct/2025:14:51:57 -0400] "GET /controlloLogin.js HTTP/1.1" 404 10902 "-" "Mozilla/5.0 (CentOS; Linux i686) AppleWebKit/537.36 (KHTML, like Gecko) Chrome/140.0.0.0 Safari/537.36"
216.73.216.159 - - [18/Oct/2025:14:46:47 -0400] "GET /products133338852?kg=0131712851 HTTP/1.1" 404 9741 "-" "Mozilla/5.0 AppleWebKit/537.36 (KHTML, like Gecko; compatible; ClaudeBot/1.0; +claudebot@anthropic.com)"
185.61.153.107 - - [18/Oct/2025:14:47:18 -0400] "POST /wp-cron.php?doing_wp_cron=1760813238.8718290328979492187500 HTTP/1.1" 200 0 "-" "WordPress/6.8.3; https://salhab360photos.com"
20.171.207.254 - - [18/Oct/2025:14:47:14 -0400] "GET /products60931608?kg=0060188621 HTTP/1.1" 404 9733 "-" "Mozilla/5.0 AppleWebKit/537.36 (KHTML, like Gecko; compatible; GPTBot/1.2; +https://openai.com/gptbot)"
66.249.64.106 - - [18/Oct/2025:14:48:01 -0400] "GET /categories/12431042 HTTP/1.1" 200 29489 "-" "Mozilla/5.0 (Linux; Android 6.0.1; Nexus 5X Build/MMB29P) AppleWebKit/537.36 (KHTML, like Gecko) Chrome/140.0.7339.207 Mobile Safari/537.36 (compatible; Googlebot/2.1; +http://www.google.com/bot.html)"
157.20.32.210 - - [18/Oct/2025:14:48:23 -0400] "GET /userLogin.asp HTTP/1.1" 404 10903 "-" "Mozilla/5.0 (Macintosh; Intel Mac OS X 108) AppleWebKit/536.15 (KHTML like Gecko) Version/6.0 Safari/536.16"
157.20.32.210 - - [18/Oct/2025:14:48:48 -0400] "POST /ssl-vpn/hipreport.esp HTTP/1.1" 404 10853 "-" "Mozilla/5.0 (Windows NT 10.0; Win64; x64) AppleWebKit/537.36 (KHTML, like Gecko) Firefox/58.0.1"
185.61.153.107 - - [18/Oct/2025:14:49:17 -0400] "POST /wp-cron.php?doing_wp_cron=1760813357.7712519168853759765625 HTTP/1.1" 200 0 "-" "WordPress/6.8.3; https://salhab360photos.com"
157.20.32.210 - - [18/Oct/2025:14:49:12 -0400] "GET /global-protect/portal/images/34EYbNn3LvykFIOyEGEG9wbNySi.txt HTTP/1.1" 404 12361 "-" "Mozilla/5.0 (Macintosh; Intel Mac OS X 10_6_8) AppleWebKit/534.50 (KHTML, like Gecko) Version/5.1 Safari/534.50"
20.171.207.254 - - [18/Oct/2025:14:49:19 -0400] "GET /products60881064?kg=0060138693 HTTP/1.1" 404 9740 "-" "Mozilla/5.0 AppleWebKit/537.36 (KHTML, like Gecko; compatible; GPTBot/1.2; +https://openai.com/gptbot)"
157.20.32.210 - - [18/Oct/2025:14:50:03 -0400] "GET /welcome HTTP/1.1" 200 0 "-" "Mozilla/5.0 (X11; CrOS x86_64 14092.77.0) AppleWebKit/537.36 (KHTML, like Gecko) Chrome/93.0.4577.107 Safari/537.36"
157.20.32.210 - - [18/Oct/2025:14:50:15 -0400] "POST /webtools/control/forgotPassword/%2e/%2e/ProgramExport HTTP/1.1" 404 12314 "-" "Mozilla/5.0 (Windows NT 10.0; Win64; x64; rv:90.0) Gecko/20100101 Firefox/90.0"
157.20.32.210 - - [18/Oct/2025:14:50:23 -0400] "POST /webtools/control/forgotPassword/%2e/%2e/ProgramExport HTTP/1.1" 404 12314 "-" "Mozilla/5.0 (X11; Linux i686; rv:1.9.5.20) Gecko/ Firefox/3.6.6"
20.171.207.254 - - [18/Oct/2025:14:51:26 -0400] "GET /products60929276?kg=0060186319 HTTP/1.1" 404 9741 "-" "Mozilla/5.0 AppleWebKit/537.36 (KHTML, like Gecko; compatible; GPTBot/1.2; +https://openai.com/gptbot)"
216.73.216.159 - - [18/Oct/2025:14:51:43 -0400] "GET /products100428644?kg=0099203987 HTTP/1.1" 404 9742 "-" "Mozilla/5.0 AppleWebKit/537.36 (KHTML, like Gecko; compatible; ClaudeBot/1.0; +claudebot@anthropic.com)"
66.249.64.105 - - [18/Oct/2025:14:51:58 -0400] "GET /products5095640?kg=0005033581 HTTP/1.1" 200 28885 "-" "Mozilla/5.0 (Linux; Android 6.0.1; Nexus 5X Build/MMB29P) AppleWebKit/537.36 (KHTML, like Gecko) Chrome/140.0.7339.207 Mobile Safari/537.36 (compatible; Googlebot/2.1; +http://www.google.com/bot.html)"
54.37.118.68 - - [18/Oct/2025:14:52:11 -0400] "GET /products218799338?kg=0216131136 HTTP/1.1" 404 9742 "-" "Mozilla/5.0 (compatible; AhrefsBot/7.0; +http://ahrefs.com/robot/)"
216.73.216.159 - - [18/Oct/2025:14:52:22 -0400] "GET /products173264314?kg=0171151416 HTTP/1.1" 404 9742 "-" "Mozilla/5.0 AppleWebKit/537.36 (KHTML, like Gecko; compatible; ClaudeBot/1.0; +claudebot@anthropic.com)"
20.171.207.254 - - [18/Oct/2025:14:52:28 -0400] "GET /products60876108?kg=0060133799 HTTP/1.1" 404 9740 "-" "Mozilla/5.0 AppleWebKit/537.36 (KHTML, like Gecko; compatible; GPTBot/1.2; +https://openai.com/gptbot)"
66.249.64.107 - - [18/Oct/2025:14:53:03 -0400] "GET /?products7156390?kg=0007069198 HTTP/1.1" 200 1164 "-" "Mozilla/5.0 (Linux; Android 6.0.1; Nexus 5X Build/MMB29P) AppleWebKit/537.36 (KHTML, like Gecko) Chrome/140.0.7339.207 Mobile Safari/537.36 (compatible; Googlebot/2.1; +http://www.google.com/bot.html)"
185.61.153.107 - - [18/Oct/2025:14:53:35 -0400] "POST /wp-cron.php?doing_wp_cron=1760813615.0696179866790771484375 HTTP/1.1" 200 0 "-" "WordPress/6.8.3; https://salhab360photos.com"
20.171.207.254 - - [18/Oct/2025:14:53:29 -0400] "GET /products60896644?kg=0060154083 HTTP/1.1" 404 9743 "-" "Mozilla/5.0 AppleWebKit/537.36 (KHTML, like Gecko; compatible; GPTBot/1.2; +https://openai.com/gptbot)"
157.20.32.210 - - [18/Oct/2025:14:53:31 -0400] "GET /mailinspector/login.php HTTP/1.1" 404 10906 "-" "Mozilla/5.0 (Macintosh; Intel Mac OS X 10_15_7) AppleWebKit/605.1.15 (KHTML, like Gecko) Version/15.3 Safari/605.1.15"
98.70.29.56 - - [18/Oct/2025:14:54:01 -0400] "POST /wp-login.php HTTP/1.1" 200 6564 "-" "Mozilla/5.0"
216.73.216.159 - - [18/Oct/2025:14:54:02 -0400] "GET /products188518820?kg=0186219891 HTTP/1.1" 404 9742 "-" "Mozilla/5.0 AppleWebKit/537.36 (KHTML, like Gecko; compatible; ClaudeBot/1.0; +claudebot@anthropic.com)"
66.249.64.106 - - [18/Oct/2025:14:54:13 -0400] "GET /?products7820590?kg=0007725298 HTTP/1.1" 200 1164 "-" "Mozilla/5.0 (Linux; Android 6.0.1; Nexus 5X Build/MMB29P) AppleWebKit/537.36 (KHTML, like Gecko) Chrome/140.0.7339.207 Mobile Safari/537.36 (compatible; Googlebot/2.1; +http://www.google.com/bot.html)"
216.73.216.159 - - [18/Oct/2025:14:54:08 -0400] "GET /products218255254?kg=0215593686 HTTP/1.1" 404 9742 "-" "Mozilla/5.0 AppleWebKit/537.36 (KHTML, like Gecko; compatible; ClaudeBot/1.0; +claudebot@anthropic.com)"
185.61.153.107 - - [18/Oct/2025:14:54:18 -0400] "POST /wp-cron.php?doing_wp_cron=1760813658.1741189956665039062500 HTTP/1.1" 200 0 "-" "WordPress/6.8.3; https://salhab360photos.com"
216.73.216.159 - - [18/Oct/2025:14:54:26 -0400] "GET /products106837358?kg=0105534546 HTTP/1.1" 404 9741 "-" "Mozilla/5.0 AppleWebKit/537.36 (KHTML, like Gecko; compatible; ClaudeBot/1.0; +claudebot@anthropic.com)"
157.20.32.210 - - [18/Oct/2025:14:55:08 -0400] "GET /api/webdav/chatgpt-next-web/backup.json?endpoint=https://webdav.yandex.com.d3pm34ikdbcl3g7iqchg6qmb4cawxmxrm.oast.pro/ HTTP/1.1" 404 12361 "-" "Mozilla/5.0 (X11; Linux i686; rv:1.9.7.20) Gecko/ Firefox/3.8"
157.20.32.210 - - [18/Oct/2025:14:55:26 -0400] "POST /api/push HTTP/1.1" 404 10853 "-" "Mozilla/5.0 (X11; Linux x86_64; rv:1.9.5.20) Gecko/ Firefox/3.6.16"
20.171.207.254 - - [18/Oct/2025:14:55:34 -0400] "GET /products60939316?kg=0060196235 HTTP/1.1" 404 9742 "-" "Mozilla/5.0 AppleWebKit/537.36 (KHTML, like Gecko; compatible; GPTBot/1.2; +https://openai.com/gptbot)"
157.20.32.210 - - [18/Oct/2025:14:55:46 -0400] "GET / HTTP/1.1" 200 1404 "-" "Mozilla/5.0 (Windows NT 10.0; Win64; x64; rv:94.0) Gecko/20100101 Firefox/94.0"
157.20.32.210 - - [18/Oct/2025:14:56:00 -0400] "POST /ajax-api/2.0/mlflow/experiments/create HTTP/1.1" 200 0 "-" "Mozilla/5.0 (Windows NT 10.0, Win64, x64, rv:140.0) Gecko/20100101 Firefox/140.0"
157.20.32.210 - - [18/Oct/2025:14:56:13 -0400] "POST /ajax-api/2.0/mlflow/experiments/create HTTP/1.1" 200 0 "-" "Mozilla/5.0 (Windows NT 10.0, Win64, x64, rv:140.0) Gecko/20100101 Firefox/140.0"
66.249.64.107 - - [18/Oct/2025:14:56:28 -0400] "GET /categories/12556908 HTTP/1.1" 200 28884 "-" "Mozilla/5.0 (Linux; Android 6.0.1; Nexus 5X Build/MMB29P) AppleWebKit/537.36 (KHTML, like Gecko) Chrome/140.0.7339.207 Mobile Safari/537.36 (compatible; Googlebot/2.1; +http://www.google.com/bot.html)"
157.20.32.210 - - [18/Oct/2025:14:56:27 -0400] "POST /as/wapi/vmp HTTP/1.1" 200 0 "-" "Mozilla/5.0 (Macintosh, Intel Mac OS X 10_15_7) AppleWebKit/605.1.15 (KHTML, like Gecko) Version/18.5 Safari/605.1.15"
185.61.153.107 - - [18/Oct/2025:14:56:46 -0400] "POST /wp-cron.php?doing_wp_cron=1760813806.6690590381622314453125 HTTP/1.1" 200 0 "-" "WordPress/6.8.3; https://salhab360photos.com"
157.20.32.210 - - [18/Oct/2025:14:52:04 -0400] "POST /api/ HTTP/1.1" 404 10853 "-" "Mozilla/5.0 (Macintosh; Intel Mac OS X 10.15; rv:128.0) Gecko/20100101 Firefox/128.3"
185.61.153.107 - - [18/Oct/2025:14:52:27 -0400] "POST /wp-cron.php?doing_wp_cron=1760813547.5673089027404785156250 HTTP/1.1" 200 0 "-" "WordPress/6.8.3; https://salhab360photos.com"
157.20.32.210 - - [18/Oct/2025:14:53:59 -0400] "POST /include/file.php HTTP/1.1" 404 10852 "-" "Mozilla/5.0 (Macintosh; Intel Mac OS X 10_15_7) AppleWebKit/605.1.15 (KHTML, like Gecko) Version/18.1.1 Mobile/15E148 Safari/604.1"
216.73.216.159 - - [18/Oct/2025:14:54:14 -0400] "GET /products100453986?kg=0099229020 HTTP/1.1" 404 9741 "-" "Mozilla/5.0 AppleWebKit/537.36 (KHTML, like Gecko; compatible; ClaudeBot/1.0; +claudebot@anthropic.com)"
157.20.32.210 - - [18/Oct/2025:14:54:16 -0400] "GET /realms/master/protocol/openid-connect/auth?client_id=security-admin-console&redirect_uri=https%3A%2F%2fsalhab360photos.com%2Fadmin%2Fmaster%2Fconsole%2F&state=1&response_mode=query&response_type=code&scope=openid&nonce=1&code_challenge_method=S256&code_challenge=wMYxCiAZ5DmiZvqD0h5G_9QwE7IDDFRojvORiaqiTto HTTP/1.1" 404 12365 "-" "Mozilla/5.0 (X11; Linux x86_64; rv:91.0) Gecko/20100101 Firefox/91.0"
216.73.216.159 - - [18/Oct/2025:14:54:20 -0400] "GET /products22780252?kg=0022502527 HTTP/1.1" 404 9742 "-" "Mozilla/5.0 AppleWebKit/537.36 (KHTML, like Gecko; compatible; ClaudeBot/1.0; +claudebot@anthropic.com)"
20.171.207.254 - - [18/Oct/2025:14:54:30 -0400] "GET /products60932232?kg=0060189237 HTTP/1.1" 404 9740 "-" "Mozilla/5.0 AppleWebKit/537.36 (KHTML, like Gecko; compatible; GPTBot/1.2; +https://openai.com/gptbot)"
157.20.32.210 - - [18/Oct/2025:14:55:03 -0400] "POST /api/gen/clients/csharp HTTP/1.1" 404 12310 "-" "Mozilla/5.0 (Windows NT 5.1; rv:52.0) Gecko/20100101 Firefox/52.0"
185.61.153.107 - - [18/Oct/2025:14:55:15 -0400] "POST /wp-cron.php?doing_wp_cron=1760813715.6687140464782714843750 HTTP/1.1" 200 0 "-" "WordPress/6.8.3; https://salhab360photos.com"
157.20.32.210 - - [18/Oct/2025:14:55:18 -0400] "POST /api/pull HTTP/1.1" 404 10868 "-" "Mozilla/5.0 (X11; Linux x86_64) AppleWebKit/537.36 (KHTML, like Gecko) Chrome/119.0.0.0 Safari/537.36"
157.20.32.210 - - [18/Oct/2025:14:55:28 -0400] "POST /secserver/ HTTP/1.1" 404 10853 "-" "Mozilla/5.0 (Kubuntu; Linux x86_64) AppleWebKit/537.36 (KHTML, like Gecko) Chrome/137.0.0.0 Safari/537.36"
157.20.32.210 - - [18/Oct/2025:14:55:36 -0400] "POST /secserver/ HTTP/1.1" 404 10846 "-" "Mozilla/5.0 (X11; Linux i686; rv:1.9.5.20) Gecko/ Firefox/3.6.6"
157.20.32.210 - - [18/Oct/2025:14:55:49 -0400] "POST /ajax-api/2.0/mlflow/experiments/create HTTP/1.1" 200 0 "-" "Mozilla/5.0 (Windows NT 10.0, Win64, x64, rv:140.0) Gecko/20100101 Firefox/140.0"
185.61.153.107 - - [18/Oct/2025:14:56:32 -0400] "POST /wp-cron.php?doing_wp_cron=1760813792.7684099674224853515625 HTTP/1.1" 200 0 "-" "WordPress/6.8.3; https://salhab360photos.com"
20.171.207.254 - - [18/Oct/2025:14:56:35 -0400] "GET /products60897100?kg=0060154535 HTTP/1.1" 404 9741 "-" "Mozilla/5.0 AppleWebKit/537.36 (KHTML, like Gecko; compatible; GPTBot/1.2; +https://openai.com/gptbot)"
157.20.32.210 - - [18/Oct/2025:14:56:51 -0400] "POST /as/wapi/vmp HTTP/1.1" 200 0 "-" "Mozilla/5.0 (Macintosh, Intel Mac OS X 10_15_7) AppleWebKit/605.1.15 (KHTML, like Gecko) Version/18.5 Safari/605.1.15"
157.20.32.210 - - [18/Oct/2025:14:56:50 -0400] "PUT /mdm/checkin HTTP/1.1" 404 10853 "-" "Mozilla/5.0 (X11; Linux x86_64) AppleWebKit/537.36 (KHTML, like Gecko) Chrome/129.0.0.0 Safari/537.36"
157.20.32.210 - - [18/Oct/2025:14:56:38 -0400] "POST /as/wapi/vmp HTTP/1.1" 200 0 "-" "Mozilla/5.0 (Macintosh, Intel Mac OS X 10_15_7) AppleWebKit/605.1.15 (KHTML, like Gecko) Version/18.5 Safari/605.1.15"
66.249.64.105 - - [18/Oct/2025:14:57:02 -0400] "GET /products11528498?kg=0011387988 HTTP/1.1" 200 29616 "-" "Mozilla/5.0 (Linux; Android 6.0.1; Nexus 5X Build/MMB29P) AppleWebKit/537.36 (KHTML, like Gecko) Chrome/140.0.7339.207 Mobile Safari/537.36 (compatible; Googlebot/2.1; +http://www.google.com/bot.html)"
157.20.32.210 - - [18/Oct/2025:14:56:58 -0400] "POST /as/wapi/vmp HTTP/1.1" 404 12314 "-" "Mozilla/5.0 (Windows NT 10.0; Win64; x64) AppleWebKit/537.36 (KHTML, like Gecko) Chrome/42.0.2311.135 Safari/537.36 Edge/12.10240"
157.20.32.210 - - [18/Oct/2025:14:58:00 -0400] "GET /geoserver/web/wicket/bookmarkable/org.geoserver.web.demo.MapPreviewPage HTTP/1.1" 200 0 "-" "Mozilla/5.0 (Macintosh; Intel Mac OS X 10.15; rv:140.0) Gecko/20100101 Firefox/140.0"
185.61.153.107 - - [18/Oct/2025:14:58:10 -0400] "POST /wp-cron.php?doing_wp_cron=1760813889.8667819499969482421875 HTTP/1.1" 200 0 "-" "WordPress/6.8.3; https://salhab360photos.com"
88.238.44.255 - - [18/Oct/2025:14:58:25 -0400] "GET /wp-json/wp/v2/pages/3943 HTTP/1.1" 200 2058 "-" "Mozilla/5.0 (X11; Linux i686) AppleWebKit/535.2 (KHTML, like Gecko) Chrome/26.0.887.0 Safari/535.2"
20.171.207.254 - - [18/Oct/2025:14:58:42 -0400] "GET /products60890498?kg=0060148012 HTTP/1.1" 404 9741 "-" "Mozilla/5.0 AppleWebKit/537.36 (KHTML, like Gecko; compatible; GPTBot/1.2; +https://openai.com/gptbot)"
66.249.64.105 - - [18/Oct/2025:14:59:10 -0400] "GET /products11526736?kg=0011386249 HTTP/1.1" 200 29120 "-" "Mozilla/5.0 (Linux; Android 6.0.1; Nexus 5X Build/MMB29P) AppleWebKit/537.36 (KHTML, like Gecko) Chrome/140.0.7339.207 Mobile Safari/537.36 (compatible; Googlebot/2.1; +http://www.google.com/bot.html)"
157.20.32.210 - - [18/Oct/2025:14:59:05 -0400] "POST /api/v1/livechat/sms-incoming/twilio HTTP/1.1" 404 12313 "-" "Mozilla/5.0 (Macintosh; Intel Mac OS X 10_15_7) AppleWebKit/537.36 (KHTML, like Gecko) Chrome/105.0.0.0 Safari/537.36"
20.171.207.254 - - [18/Oct/2025:14:59:45 -0400] "GET /products60937038?kg=0060193986 HTTP/1.1" 404 9741 "-" "Mozilla/5.0 AppleWebKit/537.36 (KHTML, like Gecko; compatible; GPTBot/1.2; +https://openai.com/gptbot)"
185.61.153.107 - - [18/Oct/2025:15:00:22 -0400] "POST /wp-cron.php?doing_wp_cron=1760814022.1700990200042724609375 HTTP/1.1" 200 0 "-" "WordPress/6.8.3; https://salhab360photos.com"
157.20.32.210 - - [18/Oct/2025:15:00:45 -0400] "POST /webtools/control/main/ProgramExport HTTP/1.1" 404 12304 "-" "Mozilla/5.0 (Macintosh; Intel Mac OS X 10_15_7) AppleWebKit/537.36 (KHTML, like Gecko) Chrome/114.0.0.0 Safari/537.36"
185.61.153.107 - - [18/Oct/2025:15:01:43 -0400] "POST /wp-cron.php?doing_wp_cron=1760814103.5666038990020751953125 HTTP/1.1" 200 0 "-" "WordPress/6.8.3; https://salhab360photos.com"
157.20.32.210 - - [18/Oct/2025:15:01:39 -0400] "POST /client/api?command=samlSso HTTP/1.1" 404 10852 "-" "Mozilla/5.0 (X11; Linux x86_64; rv:1.9.5.20) Gecko/ Firefox/3.6.5"
66.249.64.105 - - [18/Oct/2025:15:01:50 -0400] "GET /odr/order/apiGetCartItems/ HTTP/1.1" 200 29109 "https://salhab360photos.com/products121869744?kg=0120383609" "Mozilla/5.0 (Linux; Android 6.0.1; Nexus 5X Build/MMB29P) AppleWebKit/537.36 (KHTML, like Gecko) Chrome/140.0.7339.207 Mobile Safari/537.36 (compatible; Googlebot/2.1; +http://www.google.com/bot.html)"
20.171.207.254 - - [18/Oct/2025:15:01:49 -0400] "GET /products60908370?kg=0060165668 HTTP/1.1" 404 9742 "-" "Mozilla/5.0 AppleWebKit/537.36 (KHTML, like Gecko; compatible; GPTBot/1.2; +https://openai.com/gptbot)"
206.189.247.132 - - [18/Oct/2025:15:01:59 -0400] "GET /index.html HTTP/1.1" 200 1404 "-" "Mozilla/5.0 (Windows NT 10.0; Win64; x64) AppleWebKit/537.36 (KHTML, like Gecko) Chrome/135.0.0.0 Safari/537.36 OPR/120.0.0.0"
185.61.153.107 - - [18/Oct/2025:15:02:36 -0400] "POST /wp-cron.php?doing_wp_cron=1760814156.6753211021423339843750 HTTP/1.1" 200 0 "-" "WordPress/6.8.3; https://salhab360photos.com"
18.132.203.135 - - [18/Oct/2025:15:02:40 -0400] "GET / HTTP/1.1" 200 1404 "-" "Mozilla/5.0 (Windows NT 10.0; Win64; x64) AppleWebKit/537.36 (KHTML, like Gecko) Chrome/139.0.0.0 Safari/537.36"
152.42.157.60 - - [18/Oct/2025:15:02:41 -0400] "GET / HTTP/1.1" 200 1404 "-" "Mozilla/5.0 (Windows NT 10.0; Win64; x64) AppleWebKit/537.36 (KHTML, like Gecko) Chrome/139.0.0.0 Safari/537.36"
20.171.207.254 - - [18/Oct/2025:15:02:51 -0400] "GET /products60902174?kg=0060159546 HTTP/1.1" 404 9742 "-" "Mozilla/5.0 AppleWebKit/537.36 (KHTML, like Gecko; compatible; GPTBot/1.2; +https://openai.com/gptbot)"
20.171.207.254 - - [18/Oct/2025:14:57:38 -0400] "GET /products60913982?kg=0060171210 HTTP/1.1" 404 9740 "-" "Mozilla/5.0 AppleWebKit/537.36 (KHTML, like Gecko; compatible; GPTBot/1.2; +https://openai.com/gptbot)"
66.249.64.107 - - [18/Oct/2025:14:58:06 -0400] "GET /products11528266?kg=0011387760 HTTP/1.1" 200 29546 "-" "Mozilla/5.0 (Linux; Android 6.0.1; Nexus 5X Build/MMB29P) AppleWebKit/537.36 (KHTML, like Gecko) Chrome/140.0.7339.207 Mobile Safari/537.36 (compatible; Googlebot/2.1; +http://www.google.com/bot.html)"
157.20.32.210 - - [18/Oct/2025:14:58:11 -0400] "GET /geoserver/web/wicket/bookmarkable/org.geoserver.web.demo.MapPreviewPage HTTP/1.1" 200 0 "-" "Mozilla/5.0 (Macintosh; Intel Mac OS X 10.15; rv:140.0) Gecko/20100101 Firefox/140.0"
157.20.32.210 - - [18/Oct/2025:14:58:24 -0400] "GET /geoserver/web/wicket/bookmarkable/org.geoserver.web.demo.MapPreviewPage HTTP/1.1" 200 0 "-" "Mozilla/5.0 (Macintosh; Intel Mac OS X 10.15; rv:140.0) Gecko/20100101 Firefox/140.0"
157.20.32.210 - - [18/Oct/2025:14:59:22 -0400] "GET / HTTP/1.1" 200 1404 "-" "Mozilla/5.0 (Macintosh; Intel Mac OS X 10.15; rv:128.0) Gecko/20100101 Firefox/128.3"
157.20.32.210 - - [18/Oct/2025:14:59:34 -0400] "GET / HTTP/1.1" 200 1404 "-" "Mozilla/5.0 (Macintosh; Intel Mac OS X 10_15_7) AppleWebKit/605.1.15 (KHTML, like Gecko) Version/16.6 Mobile/15E148 Safari/604.1"
185.61.153.107 - - [18/Oct/2025:14:59:50 -0400] "POST /wp-cron.php?doing_wp_cron=1760813990.5690400600433349609375 HTTP/1.1" 200 0 "-" "WordPress/6.8.3; https://salhab360photos.com"
157.20.32.210 - - [18/Oct/2025:14:59:57 -0400] "GET / HTTP/1.1" 200 1404 "-" "Mozilla/5.0 (ZZ; Linux i686) AppleWebKit/537.36 (KHTML, like Gecko) Chrome/140.0.0.0 Safari/537.36"
66.249.64.106 - - [18/Oct/2025:15:00:12 -0400] "GET /products5786330?kg=0005715848 HTTP/1.1" 200 31818 "-" "Mozilla/5.0 (Linux; Android 6.0.1; Nexus 5X Build/MMB29P) AppleWebKit/537.36 (KHTML, like Gecko) Chrome/140.0.7339.207 Mobile Safari/537.36 (compatible; Googlebot/2.1; +http://www.google.com/bot.html)"
157.20.32.210 - - [18/Oct/2025:15:00:16 -0400] "GET /en-US/login HTTP/1.1" 404 10903 "-" "Mozilla/5.0 (Windows NT 10.0; Win64; x64; rv:125.0) Gecko/20100101 Firefox/125.0"
157.20.32.210 - - [18/Oct/2025:15:00:39 -0400] "POST /webtools/control/main/ProgramExport HTTP/1.1" 404 12310 "-" "Mozilla/5.0 (Macintosh; Intel Mac OS X 10.12; rv:104.0) Gecko/20100101 Firefox/104.0"
20.171.207.254 - - [18/Oct/2025:15:00:46 -0400] "GET /products60874130?kg=0060131844 HTTP/1.1" 404 9741 "-" "Mozilla/5.0 AppleWebKit/537.36 (KHTML, like Gecko; compatible; GPTBot/1.2; +https://openai.com/gptbot)"
66.249.64.105 - - [18/Oct/2025:15:00:59 -0400] "GET /products7283982?kg=0007195234 HTTP/1.1" 200 29024 "-" "Mozilla/5.0 (Linux; Android 6.0.1; Nexus 5X Build/MMB29P) AppleWebKit/537.36 (KHTML, like Gecko) Chrome/140.0.7339.207 Mobile Safari/537.36 (compatible; Googlebot/2.1; +http://www.google.com/bot.html)"
66.249.64.105 - - [18/Oct/2025:15:01:42 -0400] "GET /products123037314?kg=0121536940 HTTP/1.1" 200 30149 "-" "Mozilla/5.0 (Linux; Android 6.0.1; Nexus 5X Build/MMB29P) AppleWebKit/537.36 (KHTML, like Gecko) Chrome/140.0.7339.207 Mobile Safari/537.36 (compatible; Googlebot/2.1; +http://www.google.com/bot.html)"
18.132.203.135 - - [18/Oct/2025:15:01:59 -0400] "GET /index.html HTTP/1.1" 200 1404 "-" "Mozilla/5.0 (Windows NT 10.0; Win64; x64) AppleWebKit/537.36 (KHTML, like Gecko) Chrome/135.0.0.0 Safari/537.36 OPR/120.0.0.0"
157.20.32.210 - - [18/Oct/2025:15:02:34 -0400] "GET /npm-pwg/..;/axis2-AWC/services/listServices HTTP/1.1" 404 12358 "-" "Mozilla/5.0 (Macintosh, Intel Mac OS X 10_15_7) AppleWebKit/605.1.15 (KHTML, like Gecko) Version/18.1.1 Safari/605.1.15"
206.189.247.132 - - [18/Oct/2025:15:02:40 -0400] "GET / HTTP/1.1" 200 1404 "-" "Mozilla/5.0 (Windows NT 10.0; Win64; x64) AppleWebKit/537.36 (KHTML, like Gecko) Chrome/139.0.0.0 Safari/537.36"
98.70.29.56 - - [18/Oct/2025:15:03:02 -0400] "POST /wp-login.php HTTP/1.1" 200 6564 "-" "Mozilla/5.0"
66.249.64.106 - - [18/Oct/2025:15:03:01 -0400] "GET /products11527100?kg=0011386607 HTTP/1.1" 200 29134 "-" "Mozilla/5.0 (Linux; Android 6.0.1; Nexus 5X Build/MMB29P) AppleWebKit/537.36 (KHTML, like Gecko) Chrome/140.0.7339.207 Mobile Safari/537.36 (compatible; Googlebot/2.1; +http://www.google.com/bot.html)"
196.240.60.201 - - [18/Oct/2025:15:03:02 -0400] "GET / HTTP/1.1" 200 1404 "-" "Mozilla/5.0 (Windows NT 10.0; Win64; x64) AppleWebKit/537.36 (KHTML, like Gecko) Chrome/139.0.0.0 Safari/537.36"
157.20.32.210 - - [18/Oct/2025:15:03:08 -0400] "GET /?es=optin&hash=eyJtZXNzYWdlX2lkIjowLCJjYW1wYWlnbl9pZCI6MCwiY29udGFjdF9pZCI6Int7Y29udGFjdF9pZH19IiwiZW1haWwiOiJ7e2VtYWlsfX0iLCJndWlkIjoiZGlid29sLXFhaWViZC1xdnJna3AtbGh5b3BtLXJteWZ6byIsImxpc3RfaWRzIjpbInNsZWVwKDMpIl0sImFjdGlvbiI6InN1YnNjcmliZSJ9 HTTP/1.1" 200 1404 "-" "Mozilla/5.0 (Macintosh; Intel Mac OS X 10_11_6) AppleWebKit/605.1.15 (KHTML, like Gecko) Version/11.1.2 Safari/605.1.15"
185.61.153.107 - - [18/Oct/2025:15:03:21 -0400] "POST /wp-cron.php?doing_wp_cron=1760814200.9693350791931152343750 HTTP/1.1" 200 0 "-" "WordPress/6.8.3; https://salhab360photos.com"
157.20.32.210 - - [18/Oct/2025:15:03:15 -0400] "GET /zm/index.php?sort=if(now()=sysdate()%2Csleep(6)%2C0)&order=desc&limit=20&view=request&request=watch&mid=1 HTTP/1.1" 301 0 "-" "Mozilla/5.0 (Macintosh; Intel Mac OS X 10_15_7) AppleWebKit/537.36 (KHTML, like Gecko) Chrome/122.0.0.0 Safari/537.36"
20.171.207.254 - - [18/Oct/2025:15:04:54 -0400] "GET /products60942528?kg=0060199409 HTTP/1.1" 404 9741 "-" "Mozilla/5.0 AppleWebKit/537.36 (KHTML, like Gecko; compatible; GPTBot/1.2; +https://openai.com/gptbot)"
216.73.216.159 - - [18/Oct/2025:15:05:14 -0400] "GET /products3401324?kg=0003359927 HTTP/1.1" 200 0 "-" "Mozilla/5.0 AppleWebKit/537.36 (KHTML, like Gecko; compatible; ClaudeBot/1.0; +claudebot@anthropic.com)"
