216.73.216.159 - - [18/Oct/2025:09:04:22 -0400] "GET /products80923294?kg=0079936506 HTTP/1.1" 404 9743 "-" "Mozilla/5.0 AppleWebKit/537.36 (KHTML, like Gecko; compatible; ClaudeBot/1.0; +claudebot@anthropic.com)"
51.79.229.86 - - [18/Oct/2025:09:04:25 -0400] "GET /pitri.php HTTP/1.1" 404 10903 "http://salhab360photos.com/pitri.php" "Go-http-client/2.0"
51.79.229.86 - - [18/Oct/2025:09:04:27 -0400] "GET /pela.php HTTP/1.1" 404 10903 "http://salhab360photos.com/pela.php" "Go-http-client/2.0"
216.73.216.159 - - [18/Oct/2025:09:04:28 -0400] "GET /products225107708?kg=0222362575 HTTP/1.1" 404 9742 "-" "Mozilla/5.0 AppleWebKit/537.36 (KHTML, like Gecko; compatible; ClaudeBot/1.0; +claudebot@anthropic.com)"
51.79.229.86 - - [18/Oct/2025:09:04:29 -0400] "GET /pel.php HTTP/1.1" 404 10904 "http://salhab360photos.com/pel.php" "Go-http-client/2.0"
37.59.204.149 - - [18/Oct/2025:09:04:29 -0400] "GET /products6079312?kg=0006005257 HTTP/1.1" 404 9744 "-" "Mozilla/5.0 (compatible; AhrefsBot/7.0; +http://ahrefs.com/robot/)"
216.73.216.159 - - [18/Oct/2025:09:04:34 -0400] "GET /products76587016?kg=0075653109 HTTP/1.1" 404 9742 "-" "Mozilla/5.0 AppleWebKit/537.36 (KHTML, like Gecko; compatible; ClaudeBot/1.0; +claudebot@anthropic.com)"
51.79.229.86 - - [18/Oct/2025:09:04:36 -0400] "GET /clara.php HTTP/1.1" 404 10903 "http://salhab360photos.com/clara.php" "Go-http-client/2.0"
216.73.216.159 - - [18/Oct/2025:09:04:37 -0400] "GET /products158694554?kg=0156759336 HTTP/1.1" 404 9742 "-" "Mozilla/5.0 AppleWebKit/537.36 (KHTML, like Gecko; compatible; ClaudeBot/1.0; +claudebot@anthropic.com)"
216.73.216.159 - - [18/Oct/2025:09:04:40 -0400] "GET /products21314706?kg=0021054852 HTTP/1.1" 404 9740 "-" "Mozilla/5.0 AppleWebKit/537.36 (KHTML, like Gecko; compatible; ClaudeBot/1.0; +claudebot@anthropic.com)"
216.73.216.159 - - [18/Oct/2025:09:04:43 -0400] "GET /products3421528?kg=0003379885 HTTP/1.1" 404 9731 "-" "Mozilla/5.0 AppleWebKit/537.36 (KHTML, like Gecko; compatible; ClaudeBot/1.0; +claudebot@anthropic.com)"
51.79.229.86 - - [18/Oct/2025:09:04:49 -0400] "GET /madu.php HTTP/1.1" 404 10905 "http://salhab360photos.com/madu.php" "Go-http-client/2.0"
51.79.229.86 - - [18/Oct/2025:09:04:52 -0400] "GET /berat.php HTTP/1.1" 404 10906 "http://salhab360photos.com/berat.php" "Go-http-client/2.0"
51.79.229.86 - - [18/Oct/2025:09:04:54 -0400] "GET /disakiti.php HTTP/1.1" 404 10903 "http://salhab360photos.com/disakiti.php" "Go-http-client/2.0"
51.79.229.86 - - [18/Oct/2025:09:04:56 -0400] "GET /sakithati.php HTTP/1.1" 404 10896 "http://salhab360photos.com/sakithati.php" "Go-http-client/2.0"
51.79.229.86 - - [18/Oct/2025:09:04:57 -0400] "GET /ayang.php HTTP/1.1" 404 10901 "http://salhab360photos.com/ayang.php" "Go-http-client/2.0"
51.79.229.86 - - [18/Oct/2025:09:04:59 -0400] "GET /ayangku.php HTTP/1.1" 404 10904 "http://salhab360photos.com/ayangku.php" "Go-http-client/2.0"
51.79.229.86 - - [18/Oct/2025:09:05:00 -0400] "GET /conggg.php HTTP/1.1" 404 10898 "http://salhab360photos.com/conggg.php" "Go-http-client/2.0"
216.73.216.159 - - [18/Oct/2025:09:05:01 -0400] "GET /products111854446?kg=0110490450 HTTP/1.1" 404 9740 "-" "Mozilla/5.0 AppleWebKit/537.36 (KHTML, like Gecko; compatible; ClaudeBot/1.0; +claudebot@anthropic.com)"
51.79.229.86 - - [18/Oct/2025:09:05:04 -0400] "GET /0b.php HTTP/1.1" 404 10899 "http://salhab360photos.com/0b.php" "Go-http-client/2.0"
20.171.207.254 - - [18/Oct/2025:09:05:06 -0400] "GET /products60899560?kg=0060156965 HTTP/1.1" 404 9740 "-" "Mozilla/5.0 AppleWebKit/537.36 (KHTML, like Gecko; compatible; GPTBot/1.2; +https://openai.com/gptbot)"
51.79.229.86 - - [18/Oct/2025:09:05:09 -0400] "GET /0p0.php HTTP/1.1" 404 10896 "http://salhab360photos.com/0p0.php" "Go-http-client/2.0"
216.73.216.159 - - [18/Oct/2025:09:05:10 -0400] "GET /products173217780?kg=0171105451 HTTP/1.1" 404 9740 "-" "Mozilla/5.0 AppleWebKit/537.36 (KHTML, like Gecko; compatible; ClaudeBot/1.0; +claudebot@anthropic.com)"
51.79.229.86 - - [18/Oct/2025:09:05:13 -0400] "GET /opo.php HTTP/1.1" 404 10898 "http://salhab360photos.com/opo.php" "Go-http-client/2.0"
216.73.216.159 - - [18/Oct/2025:09:05:13 -0400] "GET /products182043080?kg=0179823125 HTTP/1.1" 404 9740 "-" "Mozilla/5.0 AppleWebKit/537.36 (KHTML, like Gecko; compatible; ClaudeBot/1.0; +claudebot@anthropic.com)"
51.79.229.86 - - [18/Oct/2025:09:05:15 -0400] "GET /bp.php HTTP/1.1" 404 10899 "http://salhab360photos.com/bp.php" "Go-http-client/2.0"
216.73.216.159 - - [18/Oct/2025:09:05:16 -0400] "GET /products218220290?kg=0215559148 HTTP/1.1" 404 9740 "-" "Mozilla/5.0 AppleWebKit/537.36 (KHTML, like Gecko; compatible; ClaudeBot/1.0; +claudebot@anthropic.com)"
51.79.229.86 - - [18/Oct/2025:09:05:17 -0400] "GET /b7.php HTTP/1.1" 404 10899 "http://salhab360photos.com/b7.php" "Go-http-client/2.0"
216.73.216.159 - - [18/Oct/2025:09:05:19 -0400] "GET /products68857942?kg=0068018294 HTTP/1.1" 404 9741 "-" "Mozilla/5.0 AppleWebKit/537.36 (KHTML, like Gecko; compatible; ClaudeBot/1.0; +claudebot@anthropic.com)"
51.79.229.86 - - [18/Oct/2025:09:05:20 -0400] "GET /xshell.phtml HTTP/1.1" 404 10905 "http://salhab360photos.com/xshell.phtml" "Go-http-client/2.0"
51.79.229.86 - - [18/Oct/2025:09:05:22 -0400] "GET /0bytemini.php HTTP/1.1" 404 10903 "http://salhab360photos.com/0bytemini.php" "Go-http-client/2.0"
216.73.216.159 - - [18/Oct/2025:09:04:31 -0400] "GET /products77528700?kg=0076583311 HTTP/1.1" 404 9742 "-" "Mozilla/5.0 AppleWebKit/537.36 (KHTML, like Gecko; compatible; ClaudeBot/1.0; +claudebot@anthropic.com)"
51.79.229.86 - - [18/Oct/2025:09:04:33 -0400] "GET /kelara.php HTTP/1.1" 404 10903 "http://salhab360photos.com/kelara.php" "Go-http-client/2.0"
51.79.229.86 - - [18/Oct/2025:09:04:38 -0400] "GET /ayu.php HTTP/1.1" 404 10902 "http://salhab360photos.com/ayu.php" "Go-http-client/2.0"
51.79.229.86 - - [18/Oct/2025:09:04:41 -0400] "GET /tina.php HTTP/1.1" 404 10906 "http://salhab360photos.com/tina.php" "Go-http-client/2.0"
51.79.229.86 - - [18/Oct/2025:09:04:43 -0400] "GET /salsa.php HTTP/1.1" 404 10897 "http://salhab360photos.com/salsa.php" "Go-http-client/2.0"
51.79.229.86 - - [18/Oct/2025:09:04:46 -0400] "GET /sale.php HTTP/1.1" 404 10903 "http://salhab360photos.com/sale.php" "Go-http-client/2.0"
216.73.216.159 - - [18/Oct/2025:09:04:49 -0400] "GET /products182051312?kg=0179831257 HTTP/1.1" 404 9742 "-" "Mozilla/5.0 AppleWebKit/537.36 (KHTML, like Gecko; compatible; ClaudeBot/1.0; +claudebot@anthropic.com)"
51.79.229.86 - - [18/Oct/2025:09:04:50 -0400] "GET /mast.php HTTP/1.1" 404 10898 "http://salhab360photos.com/mast.php" "Go-http-client/2.0"
66.249.64.106 - - [18/Oct/2025:09:04:51 -0400] "GET /categories/1128732 HTTP/1.1" 200 29736 "-" "Mozilla/5.0 (Linux; Android 6.0.1; Nexus 5X Build/MMB29P) AppleWebKit/537.36 (KHTML, like Gecko) Chrome/140.0.7339.207 Mobile Safari/537.36 (compatible; GoogleOther)"
216.73.216.159 - - [18/Oct/2025:09:04:52 -0400] "GET /products40706928?kg=0040210585 HTTP/1.1" 404 9732 "-" "Mozilla/5.0 AppleWebKit/537.36 (KHTML, like Gecko; compatible; ClaudeBot/1.0; +claudebot@anthropic.com)"
216.73.216.159 - - [18/Oct/2025:09:04:55 -0400] "GET /products122820014?kg=0121322290 HTTP/1.1" 404 9740 "-" "Mozilla/5.0 AppleWebKit/537.36 (KHTML, like Gecko; compatible; ClaudeBot/1.0; +claudebot@anthropic.com)"
216.73.216.159 - - [18/Oct/2025:09:04:58 -0400] "GET /products107106714?kg=0105800616 HTTP/1.1" 404 9742 "-" "Mozilla/5.0 AppleWebKit/537.36 (KHTML, like Gecko; compatible; ClaudeBot/1.0; +claudebot@anthropic.com)"
51.79.229.86 - - [18/Oct/2025:09:05:02 -0400] "GET /coggg.php HTTP/1.1" 404 10905 "http://salhab360photos.com/coggg.php" "Go-http-client/2.0"
216.73.216.159 - - [18/Oct/2025:09:05:04 -0400] "GET /products234271864?kg=0231414973 HTTP/1.1" 404 9740 "-" "Mozilla/5.0 AppleWebKit/537.36 (KHTML, like Gecko; compatible; ClaudeBot/1.0; +claudebot@anthropic.com)"
51.79.229.86 - - [18/Oct/2025:09:05:10 -0400] "GET /Bugz.php HTTP/1.1" 404 10895 "http://salhab360photos.com/Bugz.php" "Go-http-client/2.0"
185.61.153.107 - - [18/Oct/2025:09:05:14 -0400] "POST /wp-cron.php?doing_wp_cron=1760792714.4951870441436767578125 HTTP/1.1" 200 0 "-" "WordPress/6.8.3; https://salhab360photos.com"
51.79.229.86 - - [18/Oct/2025:09:05:18 -0400] "GET /shellll.PHP HTTP/1.1" 404 10899 "http://salhab360photos.com/shellll.PHP" "Go-http-client/2.0"
216.73.216.159 - - [18/Oct/2025:09:05:22 -0400] "GET /products83807822?kg=0082785858 HTTP/1.1" 404 9742 "-" "Mozilla/5.0 AppleWebKit/537.36 (KHTML, like Gecko; compatible; ClaudeBot/1.0; +claudebot@anthropic.com)"
51.79.229.86 - - [18/Oct/2025:09:05:23 -0400] "GET /0by.php HTTP/1.1" 404 10899 "http://salhab360photos.com/0by.php" "Go-http-client/2.0"
51.79.229.86 - - [18/Oct/2025:09:05:25 -0400] "GET /40-aa.php7 HTTP/1.1" 404 10897 "http://salhab360photos.com/40-aa.php7" "Go-http-client/2.0"
51.79.229.86 - - [18/Oct/2025:09:05:27 -0400] "GET /hulk.php HTTP/1.1" 404 10903 "http://salhab360photos.com/hulk.php" "Go-http-client/2.0"
216.73.216.159 - - [18/Oct/2025:09:05:28 -0400] "GET /products49949730?kg=0049340668 HTTP/1.1" 404 9740 "-" "Mozilla/5.0 AppleWebKit/537.36 (KHTML, like Gecko; compatible; ClaudeBot/1.0; +claudebot@anthropic.com)"
51.79.229.86 - - [18/Oct/2025:09:05:30 -0400] "GET /cyfin77.php HTTP/1.1" 404 10896 "http://salhab360photos.com/cyfin77.php" "Go-http-client/2.0"
216.73.216.159 - - [18/Oct/2025:09:05:25 -0400] "GET /products194057064?kg=0191690597 HTTP/1.1" 404 9740 "-" "Mozilla/5.0 AppleWebKit/537.36 (KHTML, like Gecko; compatible; ClaudeBot/1.0; +claudebot@anthropic.com)"
51.79.229.86 - - [18/Oct/2025:09:05:29 -0400] "GET /112233.php HTTP/1.1" 404 10899 "http://salhab360photos.com/112233.php" "Go-http-client/2.0"
51.79.229.86 - - [18/Oct/2025:09:05:45 -0400] "GET /1AA4bCR.php HTTP/1.1" 404 10903 "http://salhab360photos.com/1AA4bCR.php" "Go-http-client/2.0"
51.79.229.86 - - [18/Oct/2025:09:05:47 -0400] "GET /2019.php HTTP/1.1" 404 10906 "http://salhab360photos.com/2019.php" "Go-http-client/2.0"
216.73.216.159 - - [18/Oct/2025:09:05:49 -0400] "GET /products227813466?kg=0225035336 HTTP/1.1" 404 9742 "-" "Mozilla/5.0 AppleWebKit/537.36 (KHTML, like Gecko; compatible; ClaudeBot/1.0; +claudebot@anthropic.com)"
216.73.216.159 - - [18/Oct/2025:09:05:52 -0400] "GET /products179061518?kg=0176877922 HTTP/1.1" 404 9741 "-" "Mozilla/5.0 AppleWebKit/537.36 (KHTML, like Gecko; compatible; ClaudeBot/1.0; +claudebot@anthropic.com)"
51.79.229.86 - - [18/Oct/2025:09:05:53 -0400] "GET /4321.php HTTP/1.1" 404 10903 "http://salhab360photos.com/4321.php" "Go-http-client/2.0"
51.79.229.86 - - [18/Oct/2025:09:05:59 -0400] "GET /321.php HTTP/1.1" 404 10897 "http://salhab360photos.com/321.php" "Go-http-client/2.0"
216.73.216.159 - - [18/Oct/2025:09:06:01 -0400] "GET /products119123728?kg=0117671081 HTTP/1.1" 404 9741 "-" "Mozilla/5.0 AppleWebKit/537.36 (KHTML, like Gecko; compatible; ClaudeBot/1.0; +claudebot@anthropic.com)"
51.79.229.86 - - [18/Oct/2025:09:06:01 -0400] "GET /233nx.php HTTP/1.1" 404 10905 "http://salhab360photos.com/233nx.php" "Go-http-client/2.0"
216.73.216.159 - - [18/Oct/2025:09:06:10 -0400] "GET /products7238760?kg=0007150565 HTTP/1.1" 404 9741 "-" "Mozilla/5.0 AppleWebKit/537.36 (KHTML, like Gecko; compatible; ClaudeBot/1.0; +claudebot@anthropic.com)"
51.79.229.86 - - [18/Oct/2025:09:06:11 -0400] "GET /6.7.php HTTP/1.1" 404 10899 "http://salhab360photos.com/6.7.php" "Go-http-client/2.0"
103.145.57.183 - - [18/Oct/2025:09:06:12 -0400] "GET /portfolio/vertical-fit-images/embed/ HTTP/1.1" 200 6482 "-" "Mozilla/5.0 (Linux; Android 4.1.1) AppleWebKit/535.2 (KHTML, like Gecko) Chrome/44.0.808.0 Safari/535.2"
20.171.207.254 - - [18/Oct/2025:09:06:12 -0400] "GET /products60937968?kg=0060194905 HTTP/1.1" 404 9743 "-" "Mozilla/5.0 AppleWebKit/537.36 (KHTML, like Gecko; compatible; GPTBot/1.2; +https://openai.com/gptbot)"
216.73.216.159 - - [18/Oct/2025:09:06:13 -0400] "GET /products42068948?kg=0041555995 HTTP/1.1" 404 9742 "-" "Mozilla/5.0 AppleWebKit/537.36 (KHTML, like Gecko; compatible; ClaudeBot/1.0; +claudebot@anthropic.com)"
51.79.229.86 - - [18/Oct/2025:09:06:15 -0400] "GET /6EK.php HTTP/1.1" 404 10906 "http://salhab360photos.com/6EK.php" "Go-http-client/2.0"
216.73.216.159 - - [18/Oct/2025:09:06:19 -0400] "GET /products1510066?kg=0001491732 HTTP/1.1" 404 9742 "-" "Mozilla/5.0 AppleWebKit/537.36 (KHTML, like Gecko; compatible; ClaudeBot/1.0; +claudebot@anthropic.com)"
51.79.229.86 - - [18/Oct/2025:09:06:20 -0400] "GET /gek.php HTTP/1.1" 404 10905 "http://salhab360photos.com/gek.php" "Go-http-client/2.0"
216.73.216.159 - - [18/Oct/2025:09:06:22 -0400] "GET /products48437158?kg=0047846542 HTTP/1.1" 404 9742 "-" "Mozilla/5.0 AppleWebKit/537.36 (KHTML, like Gecko; compatible; ClaudeBot/1.0; +claudebot@anthropic.com)"
51.79.229.86 - - [18/Oct/2025:09:06:23 -0400] "GET /g3k.php HTTP/1.1" 404 10906 "http://salhab360photos.com/g3k.php" "Go-http-client/2.0"
157.20.32.210 - - [18/Oct/2025:09:06:33 -0400] "POST /lucee/admin/imgProcess.cfm?file=/whatever HTTP/1.1" 404 12307 "-" "Mozilla/5.0 (Macintosh; Intel Mac OS X 10_15_7) AppleWebKit/605.1.15 (KHTML, like Gecko) Version/18.1.1 Mobile/15E148 Safari/604.1"
216.73.216.159 - - [18/Oct/2025:09:06:34 -0400] "GET /products14511002?kg=0014334120 HTTP/1.1" 404 9741 "-" "Mozilla/5.0 AppleWebKit/537.36 (KHTML, like Gecko; compatible; ClaudeBot/1.0; +claudebot@anthropic.com)"
216.73.216.159 - - [18/Oct/2025:09:05:31 -0400] "GET /products153907194?kg=0152030360 HTTP/1.1" 404 9742 "-" "Mozilla/5.0 AppleWebKit/537.36 (KHTML, like Gecko; compatible; ClaudeBot/1.0; +claudebot@anthropic.com)"
51.79.229.86 - - [18/Oct/2025:09:05:33 -0400] "GET /11223nocache.php HTTP/1.1" 404 10903 "http://salhab360photos.com/11223nocache.php" "Go-http-client/2.0"
216.73.216.159 - - [18/Oct/2025:09:05:34 -0400] "GET /products42093342?kg=0041580090 HTTP/1.1" 404 9742 "-" "Mozilla/5.0 AppleWebKit/537.36 (KHTML, like Gecko; compatible; ClaudeBot/1.0; +claudebot@anthropic.com)"
51.79.229.86 - - [18/Oct/2025:09:05:34 -0400] "GET /l4nra.php HTTP/1.1" 404 10906 "http://salhab360photos.com/l4nra.php" "Go-http-client/2.0"
216.73.216.159 - - [18/Oct/2025:09:05:37 -0400] "GET /products157425860?kg=0155506115 HTTP/1.1" 404 9740 "-" "Mozilla/5.0 AppleWebKit/537.36 (KHTML, like Gecko; compatible; ClaudeBot/1.0; +claudebot@anthropic.com)"
51.79.229.86 - - [18/Oct/2025:09:05:37 -0400] "GET /1877.php HTTP/1.1" 404 10903 "http://salhab360photos.com/1877.php" "Go-http-client/2.0"
216.73.216.159 - - [18/Oct/2025:09:05:40 -0400] "GET /products1528598?kg=0001510038 HTTP/1.1" 404 9731 "-" "Mozilla/5.0 AppleWebKit/537.36 (KHTML, like Gecko; compatible; ClaudeBot/1.0; +claudebot@anthropic.com)"
51.79.229.86 - - [18/Oct/2025:09:05:41 -0400] "GET /1877t.php HTTP/1.1" 404 10906 "http://salhab360photos.com/1877t.php" "Go-http-client/2.0"
216.73.216.159 - - [18/Oct/2025:09:05:46 -0400] "GET /products1523064?kg=0001504573 HTTP/1.1" 404 9740 "-" "Mozilla/5.0 AppleWebKit/537.36 (KHTML, like Gecko; compatible; ClaudeBot/1.0; +claudebot@anthropic.com)"
51.79.229.86 - - [18/Oct/2025:09:05:49 -0400] "GET /2134.php HTTP/1.1" 404 10901 "http://salhab360photos.com/2134.php" "Go-http-client/2.0"
51.79.229.86 - - [18/Oct/2025:09:06:04 -0400] "GET /434.method.php HTTP/1.1" 404 10899 "http://salhab360photos.com/434.method.php" "Go-http-client/2.0"
216.73.216.159 - - [18/Oct/2025:09:06:04 -0400] "GET /products108219290?kg=0106899624 HTTP/1.1" 404 9740 "-" "Mozilla/5.0 AppleWebKit/537.36 (KHTML, like Gecko; compatible; ClaudeBot/1.0; +claudebot@anthropic.com)"
51.79.229.86 - - [18/Oct/2025:09:06:08 -0400] "GET /6.5.php HTTP/1.1" 404 10903 "http://salhab360photos.com/6.5.php" "Go-http-client/2.0"
185.61.153.107 - - [18/Oct/2025:09:06:14 -0400] "POST /wp-cron.php?doing_wp_cron=1760792774.2744700908660888671875 HTTP/1.1" 200 0 "-" "WordPress/6.8.3; https://salhab360photos.com"
71.172.242.96 - - [18/Oct/2025:09:06:26 -0400] "GET /portfolio/vertical-fit-images/embed/ HTTP/1.1" 200 6482 "-" "Mozilla/5.0 (Windows 98; Win 9x 4.90; pa-IN; rv:1.9.1.20) Gecko/7585-09-21 03:03:06.400848 Firefox/3.6.11"
51.79.229.86 - - [18/Oct/2025:09:06:27 -0400] "GET /88n72.php HTTP/1.1" 404 10899 "http://salhab360photos.com/88n72.php" "Go-http-client/2.0"
216.73.216.159 - - [18/Oct/2025:09:06:28 -0400] "GET /products139507666?kg=0137806436 HTTP/1.1" 404 9742 "-" "Mozilla/5.0 AppleWebKit/537.36 (KHTML, like Gecko; compatible; ClaudeBot/1.0; +claudebot@anthropic.com)"
66.249.64.105 - - [18/Oct/2025:09:06:33 -0400] "GET /products11706480?kg=0011563801 HTTP/1.1" 200 28693 "-" "Mozilla/5.0 (compatible; Googlebot/2.1; +http://www.google.com/bot.html)"
51.79.229.86 - - [18/Oct/2025:09:06:32 -0400] "GET /A9X4e6.php HTTP/1.1" 404 10902 "http://salhab360photos.com/A9X4e6.php" "Go-http-client/2.0"
216.73.216.159 - - [18/Oct/2025:09:06:40 -0400] "GET /products152886048?kg=0151021665 HTTP/1.1" 404 9742 "-" "Mozilla/5.0 AppleWebKit/537.36 (KHTML, like Gecko; compatible; ClaudeBot/1.0; +claudebot@anthropic.com)"
157.20.32.210 - - [18/Oct/2025:09:06:44 -0400] "POST /wp-admin/admin-ajax.php HTTP/1.1" 400 21 "-" "Mozilla/5.0 (Macintosh; Intel Mac OS X 10_15_7) AppleWebKit/605.1.15 (KHTML, like Gecko) Version/16.6.1 Mobile/15E148 Safari/604.1"
216.73.216.159 - - [18/Oct/2025:09:06:46 -0400] "GET /products234634850?kg=0231773532 HTTP/1.1" 404 9742 "-" "Mozilla/5.0 AppleWebKit/537.36 (KHTML, like Gecko; compatible; ClaudeBot/1.0; +claudebot@anthropic.com)"
51.79.229.86 - - [18/Oct/2025:09:06:38 -0400] "GET /alsnoiiz.php HTTP/1.1" 404 10896 "http://salhab360photos.com/alsnoiiz.php" "Go-http-client/2.0"
157.20.32.210 - - [18/Oct/2025:09:06:42 -0400] "POST /lucee/admin/imgProcess.cfm?file=/../../../context/34EYbMsTOruEfKGoEBtPCcDYIAd.cfm HTTP/1.1" 403 1242 "-" "Mozilla/5.0 (Macintosh; Intel Mac OS X 10_15_7) AppleWebKit/605.1.15 (KHTML, like Gecko) Version/18.1.1 Safari/605.1.15"
51.79.229.86 - - [18/Oct/2025:09:06:41 -0400] "GET /ABc0lo.php HTTP/1.1" 404 10902 "http://salhab360photos.com/ABc0lo.php" "Go-http-client/2.0"
51.79.229.86 - - [18/Oct/2025:09:06:46 -0400] "GET /basic.php HTTP/1.1" 404 10899 "http://salhab360photos.com/basic.php" "Go-http-client/2.0"
51.79.229.86 - - [18/Oct/2025:09:06:51 -0400] "GET /ilftifcl.php HTTP/1.1" 404 10899 "http://salhab360photos.com/ilftifcl.php" "Go-http-client/2.0"
51.79.229.86 - - [18/Oct/2025:09:06:55 -0400] "GET /.aci.php HTTP/1.1" 404 10906 "http://salhab360photos.com/.aci.php" "Go-http-client/2.0"
157.20.32.210 - - [18/Oct/2025:09:06:57 -0400] "POST /wp-admin/admin-ajax.php HTTP/1.1" 400 21 "-" "Mozilla/5.0 (Macintosh; Intel Mac OS X 108) AppleWebKit/536.15 (KHTML like Gecko) Version/6.0 Safari/536.16"
51.79.229.86 - - [18/Oct/2025:09:07:03 -0400] "GET /backendt.php HTTP/1.1" 404 10896 "http://salhab360photos.com/backendt.php" "Go-http-client/2.0"
216.73.216.159 - - [18/Oct/2025:09:07:04 -0400] "GET /products93666586?kg=0092524392 HTTP/1.1" 404 9740 "-" "Mozilla/5.0 AppleWebKit/537.36 (KHTML, like Gecko; compatible; ClaudeBot/1.0; +claudebot@anthropic.com)"
51.79.229.86 - - [18/Oct/2025:09:07:06 -0400] "GET /bad.code.php HTTP/1.1" 404 10905 "http://salhab360photos.com/bad.code.php" "Go-http-client/2.0"
216.73.216.159 - - [18/Oct/2025:09:07:07 -0400] "GET /products107086420?kg=0105780571 HTTP/1.1" 404 9740 "-" "Mozilla/5.0 AppleWebKit/537.36 (KHTML, like Gecko; compatible; ClaudeBot/1.0; +claudebot@anthropic.com)"
51.79.229.86 - - [18/Oct/2025:09:07:11 -0400] "GET /bisilix.php HTTP/1.1" 404 10900 "http://salhab360photos.com/bisilix.php" "Go-http-client/2.0"
216.73.216.159 - - [18/Oct/2025:09:07:13 -0400] "GET /products148385150?kg=0146575658 HTTP/1.1" 404 9740 "-" "Mozilla/5.0 AppleWebKit/537.36 (KHTML, like Gecko; compatible; ClaudeBot/1.0; +claudebot@anthropic.com)"
216.73.216.159 - - [18/Oct/2025:09:07:19 -0400] "GET /products199356956?kg=0196925855 HTTP/1.1" 404 9740 "-" "Mozilla/5.0 AppleWebKit/537.36 (KHTML, like Gecko; compatible; ClaudeBot/1.0; +claudebot@anthropic.com)"
51.79.229.86 - - [18/Oct/2025:09:07:20 -0400] "GET /bdkr.php HTTP/1.1" 404 10903 "http://salhab360photos.com/bdkr.php" "Go-http-client/2.0"
51.79.229.86 - - [18/Oct/2025:09:07:33 -0400] "GET /beta.php HTTP/1.1" 404 10902 "http://salhab360photos.com/beta.php" "Go-http-client/2.0"
216.73.216.159 - - [18/Oct/2025:09:07:33 -0400] "GET /products234623024?kg=0231761849 HTTP/1.1" 200 0 "-" "Mozilla/5.0 AppleWebKit/537.36 (KHTML, like Gecko; compatible; ClaudeBot/1.0; +claudebot@anthropic.com)"
51.79.229.86 - - [18/Oct/2025:09:07:39 -0400] "GET /beat.php HTTP/1.1" 404 10896 "http://salhab360photos.com/beat.php" "Go-http-client/2.0"
51.79.229.86 - - [18/Oct/2025:09:07:46 -0400] "GET /wwmmqw.php HTTP/1.1" 404 10897 "http://salhab360photos.com/wwmmqw.php" "Go-http-client/2.0"
51.79.229.86 - - [18/Oct/2025:09:07:50 -0400] "GET /wp-rmcc.php HTTP/1.1" 404 10899 "http://salhab360photos.com/wp-rmcc.php" "Go-http-client/2.0"
216.73.216.159 - - [18/Oct/2025:09:07:51 -0400] "GET /products45981910?kg=0045421238 HTTP/1.1" 404 9742 "-" "Mozilla/5.0 AppleWebKit/537.36 (KHTML, like Gecko; compatible; ClaudeBot/1.0; +claudebot@anthropic.com)"
51.79.229.86 - - [18/Oct/2025:09:07:54 -0400] "GET /wp-logins.php HTTP/1.1" 404 10903 "http://salhab360photos.com/wp-logins.php" "Go-http-client/2.0"
51.79.229.86 - - [18/Oct/2025:09:08:05 -0400] "GET /wp-lang.php HTTP/1.1" 404 10905 "http://salhab360photos.com/wp-lang.php" "Go-http-client/2.0"
157.20.32.210 - - [18/Oct/2025:09:06:46 -0400] "POST /lucee/34EYbMsTOruEfKGoEBtPCcDYIAd.cfm HTTP/1.1" 404 10853 "-" "Mozilla/5.0 (Macintosh; Intel Mac OS X 14_6_1) AppleWebKit/605.1.15 (KHTML, like Gecko) Version/17.5 Safari/605.1.15"
216.73.216.159 - - [18/Oct/2025:09:06:52 -0400] "GET /products83699910?kg=0082679262 HTTP/1.1" 404 9733 "-" "Mozilla/5.0 AppleWebKit/537.36 (KHTML, like Gecko; compatible; ClaudeBot/1.0; +claudebot@anthropic.com)"
216.73.216.159 - - [18/Oct/2025:09:06:58 -0400] "GET /products62153458?kg=0061395572 HTTP/1.1" 404 9742 "-" "Mozilla/5.0 AppleWebKit/537.36 (KHTML, like Gecko; compatible; ClaudeBot/1.0; +claudebot@anthropic.com)"
51.79.229.86 - - [18/Oct/2025:09:06:58 -0400] "GET /mpdrzett.php HTTP/1.1" 404 10898 "http://salhab360photos.com/mpdrzett.php" "Go-http-client/2.0"
66.249.64.106 - - [18/Oct/2025:09:07:01 -0400] "GET /products9964886?kg=0009843446 HTTP/1.1" 200 29258 "-" "Mozilla/5.0 (Linux; Android 6.0.1; Nexus 5X Build/MMB29P) AppleWebKit/537.36 (KHTML, like Gecko) Chrome/140.0.7339.207 Mobile Safari/537.36 (compatible; Googlebot/2.1; +http://www.google.com/bot.html)"
51.79.229.86 - - [18/Oct/2025:09:07:00 -0400] "GET /bangke.php HTTP/1.1" 404 10899 "http://salhab360photos.com/bangke.php" "Go-http-client/2.0"
216.73.216.159 - - [18/Oct/2025:09:07:01 -0400] "GET /products234670712?kg=0231808957 HTTP/1.1" 404 9742 "-" "Mozilla/5.0 AppleWebKit/537.36 (KHTML, like Gecko; compatible; ClaudeBot/1.0; +claudebot@anthropic.com)"
185.61.153.107 - - [18/Oct/2025:09:07:15 -0400] "POST /wp-cron.php?doing_wp_cron=1760792834.9776809215545654296875 HTTP/1.1" 200 0 "-" "WordPress/6.8.3; https://salhab360photos.com"
51.79.229.86 - - [18/Oct/2025:09:07:16 -0400] "GET /basilix3.php HTTP/1.1" 404 10906 "http://salhab360photos.com/basilix3.php" "Go-http-client/2.0"
20.171.207.254 - - [18/Oct/2025:09:07:17 -0400] "GET /products60909718?kg=0060166998 HTTP/1.1" 404 9742 "-" "Mozilla/5.0 AppleWebKit/537.36 (KHTML, like Gecko; compatible; GPTBot/1.2; +https://openai.com/gptbot)"
51.79.229.86 - - [18/Oct/2025:09:07:23 -0400] "GET /bestm.php HTTP/1.1" 404 10905 "http://salhab360photos.com/bestm.php" "Go-http-client/2.0"
216.73.216.159 - - [18/Oct/2025:09:07:24 -0400] "GET /products175139454?kg=0173003690 HTTP/1.1" 404 9730 "-" "Mozilla/5.0 AppleWebKit/537.36 (KHTML, like Gecko; compatible; ClaudeBot/1.0; +claudebot@anthropic.com)"
51.79.229.86 - - [18/Oct/2025:09:07:26 -0400] "GET /BgColor.php HTTP/1.1" 404 10901 "http://salhab360photos.com/BgColor.php" "Go-http-client/2.0"
157.20.32.210 - admin [18/Oct/2025:09:07:42 -0400] "POST /mgmt/shared/authn/login HTTP/1.1" 404 12310 "-" "Mozilla/5.0 (Kubuntu; Linux i686) AppleWebKit/537.36 (KHTML, like Gecko) Chrome/132.0.0.0 Safari/537.36"
216.73.216.159 - - [18/Oct/2025:09:07:45 -0400] "GET /products227801006?kg=0225023026 HTTP/1.1" 404 9733 "-" "Mozilla/5.0 AppleWebKit/537.36 (KHTML, like Gecko; compatible; ClaudeBot/1.0; +claudebot@anthropic.com)"
216.73.216.159 - - [18/Oct/2025:09:07:54 -0400] "GET /products9075678?kg=0008965082 HTTP/1.1" 404 9740 "-" "Mozilla/5.0 AppleWebKit/537.36 (KHTML, like Gecko; compatible; ClaudeBot/1.0; +claudebot@anthropic.com)"
51.79.229.86 - - [18/Oct/2025:09:07:59 -0400] "GET /wp-leads.php HTTP/1.1" 404 10902 "http://salhab360photos.com/wp-leads.php" "Go-http-client/2.0"
216.73.216.159 - - [18/Oct/2025:09:08:00 -0400] "GET /products107584446?kg=0106272522 HTTP/1.1" 404 9742 "-" "Mozilla/5.0 AppleWebKit/537.36 (KHTML, like Gecko; compatible; ClaudeBot/1.0; +claudebot@anthropic.com)"
185.61.153.107 - - [18/Oct/2025:09:08:16 -0400] "POST /wp-cron.php?doing_wp_cron=1760792896.7732400894165039062500 HTTP/1.1" 200 0 "-" "WordPress/6.8.3; https://salhab360photos.com"
51.79.229.86 - - [18/Oct/2025:09:08:11 -0400] "GET /wp-blog-content.php HTTP/1.1" 404 10903 "http://salhab360photos.com/wp-blog-content.php" "Go-http-client/2.0"
216.73.216.159 - - [18/Oct/2025:09:08:06 -0400] "GET /products1531058?kg=0001512468 HTTP/1.1" 404 9798 "-" "Mozilla/5.0 AppleWebKit/537.36 (KHTML, like Gecko; compatible; ClaudeBot/1.0; +claudebot@anthropic.com)"
51.79.229.86 - - [18/Oct/2025:09:08:08 -0400] "GET /wpfw.php HTTP/1.1" 404 10903 "http://salhab360photos.com/wpfw.php" "Go-http-client/2.0"
216.73.216.159 - - [18/Oct/2025:09:08:12 -0400] "GET /products152830666?kg=0150966960 HTTP/1.1" 200 0 "-" "Mozilla/5.0 AppleWebKit/537.36 (KHTML, like Gecko; compatible; ClaudeBot/1.0; +claudebot@anthropic.com)"
174.138.112.39 - - [18/Oct/2025:09:08:28 -0400] "GET /index.html HTTP/1.1" 200 1404 "-" "Mozilla/5.0 (Windows NT 10.0; Win64; x64) AppleWebKit/537.36 (KHTML, like Gecko) Chrome/132.0.0.0 Safari/537.36 Edg/132.0.0.0"
216.73.216.159 - - [18/Oct/2025:09:08:24 -0400] "GET /products7200876?kg=0007113143 HTTP/1.1" 200 0 "-" "Mozilla/5.0 AppleWebKit/537.36 (KHTML, like Gecko; compatible; ClaudeBot/1.0; +claudebot@anthropic.com)"
216.73.216.159 - - [18/Oct/2025:09:08:36 -0400] "GET /products172172566?kg=0170072982 HTTP/1.1" 200 0 "-" "Mozilla/5.0 AppleWebKit/537.36 (KHTML, like Gecko; compatible; ClaudeBot/1.0; +claudebot@anthropic.com)"
18.130.209.75 - - [18/Oct/2025:09:08:47 -0400] "GET / HTTP/1.1" 200 1404 "-" "Mozilla/5.0 (iPhone; CPU iPhone OS 17_0 like Mac OS X) AppleWebKit/605.1.15 (KHTML, like Gecko) Version/17.0 Mobile/15E148 Safari/604.1 RDDocuments/8.4.8.940"
20.171.207.254 - - [18/Oct/2025:09:08:22 -0400] "GET /products60870404?kg=0060128163 HTTP/1.1" 200 0 "-" "Mozilla/5.0 AppleWebKit/537.36 (KHTML, like Gecko; compatible; GPTBot/1.2; +https://openai.com/gptbot)"
51.79.229.86 - - [18/Oct/2025:09:08:18 -0400] "GET /wp-console.php HTTP/1.1" 404 10904 "http://salhab360photos.com/wp-console.php" "Go-http-client/2.0"
216.73.216.159 - - [18/Oct/2025:09:08:48 -0400] "GET /products235626308?kg=0232752899 HTTP/1.1" 404 9742 "-" "Mozilla/5.0 AppleWebKit/537.36 (KHTML, like Gecko; compatible; ClaudeBot/1.0; +claudebot@anthropic.com)"
51.79.229.86 - - [18/Oct/2025:09:08:53 -0400] "GET /console.php HTTP/1.1" 404 10903 "http://salhab360photos.com/console.php" "Go-http-client/2.0"
216.73.216.159 - - [18/Oct/2025:09:08:54 -0400] "GET /products148393878?kg=0146584278 HTTP/1.1" 404 9733 "-" "Mozilla/5.0 AppleWebKit/537.36 (KHTML, like Gecko; compatible; ClaudeBot/1.0; +claudebot@anthropic.com)"
51.79.229.86 - - [18/Oct/2025:09:08:57 -0400] "GET /a.PHP HTTP/1.1" 404 10905 "http://salhab360photos.com/a.PHP" "Go-http-client/2.0"
51.79.229.86 - - [18/Oct/2025:09:08:59 -0400] "GET /a.PHP7 HTTP/1.1" 404 10905 "http://salhab360photos.com/a.PHP7" "Go-http-client/2.0"
51.79.229.86 - - [18/Oct/2025:09:09:02 -0400] "GET /e.PHP HTTP/1.1" 404 10896 "http://salhab360photos.com/e.PHP" "Go-http-client/2.0"
51.79.229.86 - - [18/Oct/2025:09:09:03 -0400] "GET /e.PHP7 HTTP/1.1" 404 10905 "http://salhab360photos.com/e.PHP7" "Go-http-client/2.0"
51.79.229.86 - - [18/Oct/2025:09:09:08 -0400] "GET /FX.PHP7 HTTP/1.1" 404 10906 "http://salhab360photos.com/FX.PHP7" "Go-http-client/2.0"
216.73.216.159 - - [18/Oct/2025:09:09:09 -0400] "GET /products167614556?kg=0165570559 HTTP/1.1" 404 9743 "-" "Mozilla/5.0 AppleWebKit/537.36 (KHTML, like Gecko; compatible; ClaudeBot/1.0; +claudebot@anthropic.com)"
51.79.229.86 - - [18/Oct/2025:09:09:09 -0400] "GET /FX.PHP56 HTTP/1.1" 404 10899 "http://salhab360photos.com/FX.PHP56" "Go-http-client/2.0"
185.61.153.107 - - [18/Oct/2025:09:09:14 -0400] "POST /wp-cron.php?doing_wp_cron=1760792954.7789649963378906250000 HTTP/1.1" 200 0 "-" "WordPress/6.8.3; https://salhab360photos.com"
51.79.229.86 - - [18/Oct/2025:09:09:13 -0400] "GET /FX.PhP HTTP/1.1" 404 10895 "http://salhab360photos.com/FX.PhP" "Go-http-client/2.0"
51.79.229.86 - - [18/Oct/2025:09:09:15 -0400] "GET /FX.pHp HTTP/1.1" 404 10905 "http://salhab360photos.com/FX.pHp" "Go-http-client/2.0"
51.79.229.86 - - [18/Oct/2025:09:09:17 -0400] "GET /FX.phP HTTP/1.1" 404 10906 "http://salhab360photos.com/FX.phP" "Go-http-client/2.0"
157.20.32.210 - - [18/Oct/2025:09:08:18 -0400] "GET /wp-content/plugins/cleantalk-spam-protect/readme.txt HTTP/1.1" 200 0 "-" "Mozilla/5.0 (Ubuntu; Linux x86_64) AppleWebKit/537.36 (KHTML, like Gecko) Chrome/128.0.0.0 Safari/537.36"
18.130.209.75 - - [18/Oct/2025:09:08:28 -0400] "GET /index.html HTTP/1.1" 200 1404 "-" "Mozilla/5.0 (Windows NT 10.0; Win64; x64) AppleWebKit/537.36 (KHTML, like Gecko) Chrome/132.0.0.0 Safari/537.36 Edg/132.0.0.0"
46.101.70.221 - - [18/Oct/2025:09:08:28 -0400] "GET /index.html HTTP/1.1" 200 1404 "-" "Mozilla/5.0 (Windows NT 10.0; Win64; x64) AppleWebKit/537.36 (KHTML, like Gecko) Chrome/132.0.0.0 Safari/537.36 Edg/132.0.0.0"
164.90.241.135 - - [18/Oct/2025:09:08:28 -0400] "GET /index.html HTTP/1.1" 200 1404 "-" "Mozilla/5.0 (Windows NT 10.0; Win64; x64) AppleWebKit/537.36 (KHTML, like Gecko) Chrome/132.0.0.0 Safari/537.36 Edg/132.0.0.0"
157.20.32.210 - - [18/Oct/2025:09:08:28 -0400] "POST /wp-admin/admin-ajax.php?action=pollinsertvalues HTTP/1.1" 400 21 "-" "Mozilla/5.0 (Macintosh, Intel Mac OS X 10_15_7) AppleWebKit/605.1.15 (KHTML, like Gecko) Version/18.0.1 Safari/605.1.15"
206.189.247.132 - - [18/Oct/2025:09:08:47 -0400] "GET / HTTP/1.1" 200 1404 "-" "Mozilla/5.0 (iPhone; CPU iPhone OS 17_0 like Mac OS X) AppleWebKit/605.1.15 (KHTML, like Gecko) Version/17.0 Mobile/15E148 Safari/604.1 RDDocuments/8.4.8.940"
138.68.166.157 - - [18/Oct/2025:09:08:47 -0400] "GET / HTTP/1.1" 200 1404 "-" "Mozilla/5.0 (iPhone; CPU iPhone OS 17_0 like Mac OS X) AppleWebKit/605.1.15 (KHTML, like Gecko) Version/17.0 Mobile/15E148 Safari/604.1 RDDocuments/8.4.8.940"
51.79.229.86 - - [18/Oct/2025:09:08:56 -0400] "GET /payout.php HTTP/1.1" 404 10906 "http://salhab360photos.com/payout.php" "Go-http-client/2.0"
51.79.229.86 - - [18/Oct/2025:09:09:00 -0400] "GET /a.PHP56 HTTP/1.1" 404 10899 "http://salhab360photos.com/a.PHP56" "Go-http-client/2.0"
216.73.216.159 - - [18/Oct/2025:09:09:01 -0400] "GET /products100438352?kg=0099213577 HTTP/1.1" 404 9732 "-" "Mozilla/5.0 AppleWebKit/537.36 (KHTML, like Gecko; compatible; ClaudeBot/1.0; +claudebot@anthropic.com)"
51.79.229.86 - - [18/Oct/2025:09:09:05 -0400] "GET /e.PHP56 HTTP/1.1" 404 10903 "http://salhab360photos.com/e.PHP56" "Go-http-client/2.0"
51.79.229.86 - - [18/Oct/2025:09:09:07 -0400] "GET /FX.PHP HTTP/1.1" 404 10906 "http://salhab360photos.com/FX.PHP" "Go-http-client/2.0"
216.73.216.159 - - [18/Oct/2025:09:09:25 -0400] "GET /products6750732?kg=0006668487 HTTP/1.1" 404 9740 "-" "Mozilla/5.0 AppleWebKit/537.36 (KHTML, like Gecko; compatible; ClaudeBot/1.0; +claudebot@anthropic.com)"
51.79.229.86 - - [18/Oct/2025:09:09:27 -0400] "GET /FX.phtml HTTP/1.1" 404 10906 "http://salhab360photos.com/FX.phtml" "Go-http-client/2.0"
51.79.229.86 - - [18/Oct/2025:09:09:29 -0400] "GET /admin.PHP HTTP/1.1" 404 10906 "http://salhab360photos.com/admin.PHP" "Go-http-client/2.0"
51.79.229.86 - - [18/Oct/2025:09:09:32 -0400] "GET /admin.PHP7 HTTP/1.1" 404 10903 "http://salhab360photos.com/admin.PHP7" "Go-http-client/2.0"
51.79.229.86 - - [18/Oct/2025:09:09:34 -0400] "GET /admin.php7 HTTP/1.1" 404 10897 "http://salhab360photos.com/admin.php7" "Go-http-client/2.0"
216.73.216.159 - - [18/Oct/2025:09:09:34 -0400] "GET /products80888494?kg=0079902130 HTTP/1.1" 404 9740 "-" "Mozilla/5.0 AppleWebKit/537.36 (KHTML, like Gecko; compatible; ClaudeBot/1.0; +claudebot@anthropic.com)"
216.73.216.159 - - [18/Oct/2025:09:09:43 -0400] "GET /products108225436?kg=0106905695 HTTP/1.1" 404 9734 "-" "Mozilla/5.0 AppleWebKit/537.36 (KHTML, like Gecko; compatible; ClaudeBot/1.0; +claudebot@anthropic.com)"
51.79.229.86 - - [18/Oct/2025:09:09:44 -0400] "GET /bypass.PHP56 HTTP/1.1" 404 10906 "http://salhab360photos.com/bypass.PHP56" "Go-http-client/2.0"
51.79.229.86 - - [18/Oct/2025:09:09:46 -0400] "GET /bypass.phtml HTTP/1.1" 404 10897 "http://salhab360photos.com/bypass.phtml" "Go-http-client/2.0"
51.79.229.86 - - [18/Oct/2025:09:09:48 -0400] "GET /admin123.php HTTP/1.1" 404 10903 "http://salhab360photos.com/admin123.php" "Go-http-client/2.0"
216.73.216.159 - - [18/Oct/2025:09:09:18 -0400] "GET /products40735846?kg=0040239150 HTTP/1.1" 404 9741 "-" "Mozilla/5.0 AppleWebKit/537.36 (KHTML, like Gecko; compatible; ClaudeBot/1.0; +claudebot@anthropic.com)"
51.79.229.86 - - [18/Oct/2025:09:09:20 -0400] "GET /FX.PHP5 HTTP/1.1" 404 10905 "http://salhab360photos.com/FX.PHP5" "Go-http-client/2.0"
51.79.229.86 - - [18/Oct/2025:09:09:22 -0400] "GET /FX.php5 HTTP/1.1" 404 10899 "http://salhab360photos.com/FX.php5" "Go-http-client/2.0"
20.171.207.254 - - [18/Oct/2025:09:09:23 -0400] "GET /products60909468?kg=0060166751 HTTP/1.1" 404 9740 "-" "Mozilla/5.0 AppleWebKit/537.36 (KHTML, like Gecko; compatible; GPTBot/1.2; +https://openai.com/gptbot)"
51.79.229.86 - - [18/Oct/2025:09:09:24 -0400] "GET /FX.php7 HTTP/1.1" 404 10896 "http://salhab360photos.com/FX.php7" "Go-http-client/2.0"
51.79.229.86 - - [18/Oct/2025:09:09:25 -0400] "GET /FX.php56 HTTP/1.1" 404 10906 "http://salhab360photos.com/FX.php56" "Go-http-client/2.0"
51.79.229.86 - - [18/Oct/2025:09:09:31 -0400] "GET /admin.PHP56 HTTP/1.1" 404 10902 "http://salhab360photos.com/admin.PHP56" "Go-http-client/2.0"
51.79.229.86 - - [18/Oct/2025:09:09:36 -0400] "GET /admin.php56 HTTP/1.1" 404 10903 "http://salhab360photos.com/admin.php56" "Go-http-client/2.0"
51.79.229.86 - - [18/Oct/2025:09:09:37 -0400] "GET /bypass.php7 HTTP/1.1" 404 10897 "http://salhab360photos.com/bypass.php7" "Go-http-client/2.0"
51.79.229.86 - - [18/Oct/2025:09:09:39 -0400] "GET /bypass.php56 HTTP/1.1" 404 10903 "http://salhab360photos.com/bypass.php56" "Go-http-client/2.0"
51.79.229.86 - - [18/Oct/2025:09:09:40 -0400] "GET /bypass.PHP HTTP/1.1" 404 10905 "http://salhab360photos.com/bypass.PHP" "Go-http-client/2.0"
51.79.229.86 - - [18/Oct/2025:09:09:42 -0400] "GET /bypass.PHP7 HTTP/1.1" 404 10899 "http://salhab360photos.com/bypass.PHP7" "Go-http-client/2.0"
51.79.229.86 - - [18/Oct/2025:09:09:52 -0400] "GET /gelay.PHP HTTP/1.1" 404 10904 "http://salhab360photos.com/gelay.PHP" "Go-http-client/2.0"
51.79.229.86 - - [18/Oct/2025:09:09:57 -0400] "GET /gelay.PHP56 HTTP/1.1" 404 10905 "http://salhab360photos.com/gelay.PHP56" "Go-http-client/2.0"
51.79.229.86 - - [18/Oct/2025:09:10:00 -0400] "GET /gelay666.php HTTP/1.1" 404 10903 "http://salhab360photos.com/gelay666.php" "Go-http-client/2.0"
216.73.216.159 - - [18/Oct/2025:09:10:01 -0400] "GET /products6805922?kg=0006723004 HTTP/1.1" 404 9740 "-" "Mozilla/5.0 AppleWebKit/537.36 (KHTML, like Gecko; compatible; ClaudeBot/1.0; +claudebot@anthropic.com)"
216.73.216.159 - - [18/Oct/2025:09:10:11 -0400] "GET /products6775614?kg=0006693066 HTTP/1.1" 404 9740 "-" "Mozilla/5.0 AppleWebKit/537.36 (KHTML, like Gecko; compatible; ClaudeBot/1.0; +claudebot@anthropic.com)"
51.79.229.86 - - [18/Oct/2025:09:10:20 -0400] "GET /gel4y.PHP7 HTTP/1.1" 404 10905 "http://salhab360photos.com/gel4y.PHP7" "Go-http-client/2.0"
51.79.229.86 - - [18/Oct/2025:09:10:25 -0400] "GET /gela4y.php HTTP/1.1" 404 10902 "http://salhab360photos.com/gela4y.php" "Go-http-client/2.0"
51.79.229.86 - - [18/Oct/2025:09:10:26 -0400] "GET /gel4y.V2.php HTTP/1.1" 404 10905 "http://salhab360photos.com/gel4y.V2.php" "Go-http-client/2.0"
51.79.229.86 - - [18/Oct/2025:09:10:27 -0400] "GET /gel4y.v2.php HTTP/1.1" 404 10905 "http://salhab360photos.com/gel4y.v2.php" "Go-http-client/2.0"
20.171.207.254 - - [18/Oct/2025:09:10:28 -0400] "GET /products60906862?kg=0060164178 HTTP/1.1" 404 9742 "-" "Mozilla/5.0 AppleWebKit/537.36 (KHTML, like Gecko; compatible; GPTBot/1.2; +https://openai.com/gptbot)"
51.79.229.86 - - [18/Oct/2025:09:10:29 -0400] "GET /gel4y-shell.php HTTP/1.1" 404 10902 "http://salhab360photos.com/gel4y-shell.php" "Go-http-client/2.0"
157.20.32.210 - - [18/Oct/2025:09:10:32 -0400] "GET /wp-admin/admin-ajax.php?action=get_question&question_id=1%20AND%20(SELECT%207242%20FROM%20(SELECT(SLEEP(7)))HQYx) HTTP/1.1" 400 21 "-" "Mozilla/5.0 (Macintosh; Intel Mac OS X 10_15_7) AppleWebKit/605.1.15 (KHTML, like Gecko) Version/17.8.1 Mobile/15E148 Safari/604.1"
51.79.229.86 - - [18/Oct/2025:09:09:49 -0400] "GET /admin2022.php HTTP/1.1" 404 10903 "http://salhab360photos.com/admin2022.php" "Go-http-client/2.0"
51.79.229.86 - - [18/Oct/2025:09:09:51 -0400] "GET /admin2019.php HTTP/1.1" 404 10896 "http://salhab360photos.com/admin2019.php" "Go-http-client/2.0"
216.73.216.159 - - [18/Oct/2025:09:09:52 -0400] "GET /products146474878?kg=0144688682 HTTP/1.1" 404 9732 "-" "Mozilla/5.0 AppleWebKit/537.36 (KHTML, like Gecko; compatible; ClaudeBot/1.0; +claudebot@anthropic.com)"
51.79.229.86 - - [18/Oct/2025:09:09:55 -0400] "GET /gelay.PHP7 HTTP/1.1" 404 10905 "http://salhab360photos.com/gelay.PHP7" "Go-http-client/2.0"
51.79.229.86 - - [18/Oct/2025:09:09:59 -0400] "GET /gelay.PHP5 HTTP/1.1" 404 10905 "http://salhab360photos.com/gelay.PHP5" "Go-http-client/2.0"
157.20.32.210 - - [18/Oct/2025:09:10:05 -0400] "POST /wp-json/pie/v1/login HTTP/1.1" 404 114 "-" "Mozilla/5.0 (Windows NT 10.0; Win64; x64; WOW64; rv:41.0) Gecko/20100101 Firefox/140.0.2 (x64 de)"
51.79.229.86 - - [18/Oct/2025:09:10:05 -0400] "GET /gelayV2.php HTTP/1.1" 404 10906 "http://salhab360photos.com/gelayV2.php" "Go-http-client/2.0"
51.79.229.86 - - [18/Oct/2025:09:10:08 -0400] "GET /gelayv2.php HTTP/1.1" 404 10896 "http://salhab360photos.com/gelayv2.php" "Go-http-client/2.0"
51.79.229.86 - - [18/Oct/2025:09:10:11 -0400] "GET /gel4y.php7 HTTP/1.1" 404 10900 "http://salhab360photos.com/gel4y.php7" "Go-http-client/2.0"
185.61.153.107 - - [18/Oct/2025:09:10:14 -0400] "POST /wp-cron.php?doing_wp_cron=1760793014.6060810089111328125000 HTTP/1.1" 200 0 "-" "WordPress/6.8.3; https://salhab360photos.com"
51.79.229.86 - - [18/Oct/2025:09:10:13 -0400] "GET /gel4y.php56 HTTP/1.1" 404 10899 "http://salhab360photos.com/gel4y.php56" "Go-http-client/2.0"
51.79.229.86 - - [18/Oct/2025:09:10:15 -0400] "GET /gel4y.php5 HTTP/1.1" 404 10905 "http://salhab360photos.com/gel4y.php5" "Go-http-client/2.0"
51.79.229.86 - - [18/Oct/2025:09:10:17 -0400] "GET /gel4y.phtml HTTP/1.1" 404 10896 "http://salhab360photos.com/gel4y.phtml" "Go-http-client/2.0"
51.79.229.86 - - [18/Oct/2025:09:10:18 -0400] "GET /gel4y.PHP HTTP/1.1" 404 10906 "http://salhab360photos.com/gel4y.PHP" "Go-http-client/2.0"
51.79.229.86 - - [18/Oct/2025:09:10:21 -0400] "GET /gel4y.PHP56 HTTP/1.1" 404 10903 "http://salhab360photos.com/gel4y.PHP56" "Go-http-client/2.0"
216.73.216.159 - - [18/Oct/2025:09:10:21 -0400] "GET /products206172304?kg=0203658089 HTTP/1.1" 404 9742 "-" "Mozilla/5.0 AppleWebKit/537.36 (KHTML, like Gecko; compatible; ClaudeBot/1.0; +claudebot@anthropic.com)"
51.79.229.86 - - [18/Oct/2025:09:10:23 -0400] "GET /gel4y.PHTML HTTP/1.1" 404 10906 "http://salhab360photos.com/gel4y.PHTML" "Go-http-client/2.0"
157.20.32.210 - - [18/Oct/2025:09:10:32 -0400] "GET /forum/?subscribe_topic=1%20union%20select%201%20and%20sleep(6) HTTP/1.1" 403 1242 "-" "Mozilla/5.0 (X11; Linux x86_64) AppleWebKit/537.36 (KHTML, like Gecko) Chrome/128.0.0.0 Safari/537.36"
216.73.216.159 - - [18/Oct/2025:09:10:31 -0400] "GET /products218239848?kg=0215578469 HTTP/1.1" 404 9740 "-" "Mozilla/5.0 AppleWebKit/537.36 (KHTML, like Gecko; compatible; ClaudeBot/1.0; +claudebot@anthropic.com)"
51.79.229.86 - - [18/Oct/2025:09:10:32 -0400] "GET /byp.PHP HTTP/1.1" 404 10906 "http://salhab360photos.com/byp.PHP" "Go-http-client/2.0"
51.79.229.86 - - [18/Oct/2025:09:10:40 -0400] "GET /byp.php56 HTTP/1.1" 404 10903 "http://salhab360photos.com/byp.php56" "Go-http-client/2.0"
51.79.229.86 - - [18/Oct/2025:09:10:47 -0400] "GET /diog.php HTTP/1.1" 404 10905 "http://salhab360photos.com/diog.php" "Go-http-client/2.0"
216.73.216.159 - - [18/Oct/2025:09:10:51 -0400] "GET /products40733368?kg=0040236701 HTTP/1.1" 404 9742 "-" "Mozilla/5.0 AppleWebKit/537.36 (KHTML, like Gecko; compatible; ClaudeBot/1.0; +claudebot@anthropic.com)"
185.61.153.107 - - [18/Oct/2025:09:11:02 -0400] "POST /wp-cron.php?doing_wp_cron=1760793062.0706551074981689453125 HTTP/1.1" 200 0 "-" "WordPress/6.8.3; https://salhab360photos.com"
51.79.229.86 - - [18/Oct/2025:09:10:35 -0400] "GET /byp.PHP7 HTTP/1.1" 404 10899 "http://salhab360photos.com/byp.PHP7" "Go-http-client/2.0"
51.79.229.86 - - [18/Oct/2025:09:10:37 -0400] "GET /byp.PHP56 HTTP/1.1" 404 10903 "http://salhab360photos.com/byp.PHP56" "Go-http-client/2.0"
51.79.229.86 - - [18/Oct/2025:09:10:38 -0400] "GET /byp.php7 HTTP/1.1" 404 10905 "http://salhab360photos.com/byp.php7" "Go-http-client/2.0"
216.73.216.159 - - [18/Oct/2025:09:10:41 -0400] "GET /products153865670?kg=0151989342 HTTP/1.1" 404 9742 "-" "Mozilla/5.0 AppleWebKit/537.36 (KHTML, like Gecko; compatible; ClaudeBot/1.0; +claudebot@anthropic.com)"
51.79.229.86 - - [18/Oct/2025:09:10:49 -0400] "GET /bepas.PHP HTTP/1.1" 404 10902 "http://salhab360photos.com/bepas.PHP" "Go-http-client/2.0"
51.79.229.86 - - [18/Oct/2025:09:10:56 -0400] "GET /bepas.PHP7 HTTP/1.1" 404 10899 "http://salhab360photos.com/bepas.PHP7" "Go-http-client/2.0"
216.73.216.159 - - [18/Oct/2025:09:11:01 -0400] "GET /products175191064?kg=0173054669 HTTP/1.1" 404 9742 "-" "Mozilla/5.0 AppleWebKit/537.36 (KHTML, like Gecko; compatible; ClaudeBot/1.0; +claudebot@anthropic.com)"
51.79.229.86 - - [18/Oct/2025:09:11:03 -0400] "GET /radio.PHP HTTP/1.1" 404 10905 "http://salhab360photos.com/radio.PHP" "Go-http-client/2.0"
66.249.64.105 - - [18/Oct/2025:09:11:09 -0400] "GET /products7597296?kg=0007504729 HTTP/1.1" 200 29446 "-" "Mozilla/5.0 (Linux; Android 6.0.1; Nexus 5X Build/MMB29P) AppleWebKit/537.36 (KHTML, like Gecko) Chrome/140.0.7339.207 Mobile Safari/537.36 (compatible; Googlebot/2.1; +http://www.google.com/bot.html)"
216.73.216.159 - - [18/Oct/2025:09:11:11 -0400] "GET /products101923536?kg=0100680649 HTTP/1.1" 404 9742 "-" "Mozilla/5.0 AppleWebKit/537.36 (KHTML, like Gecko; compatible; ClaudeBot/1.0; +claudebot@anthropic.com)"
216.73.216.159 - - [18/Oct/2025:09:11:22 -0400] "GET /products119049454?kg=0117597714 HTTP/1.1" 404 9742 "-" "Mozilla/5.0 AppleWebKit/537.36 (KHTML, like Gecko; compatible; ClaudeBot/1.0; +claudebot@anthropic.com)"
51.79.229.86 - - [18/Oct/2025:09:11:31 -0400] "GET /xleet.PHP HTTP/1.1" 404 10906 "http://salhab360photos.com/xleet.PHP" "Go-http-client/2.0"
20.171.207.254 - - [18/Oct/2025:09:11:32 -0400] "GET /products60938168?kg=0060195101 HTTP/1.1" 404 9740 "-" "Mozilla/5.0 AppleWebKit/537.36 (KHTML, like Gecko; compatible; GPTBot/1.2; +https://openai.com/gptbot)"
51.79.229.86 - - [18/Oct/2025:09:11:35 -0400] "GET /xleet-shell.PHP HTTP/1.1" 404 10899 "http://salhab360photos.com/xleet-shell.PHP" "Go-http-client/2.0"
51.79.229.86 - - [18/Oct/2025:09:11:43 -0400] "GET /xleet.PHP7 HTTP/1.1" 404 10905 "http://salhab360photos.com/xleet.PHP7" "Go-http-client/2.0"
51.79.229.86 - - [18/Oct/2025:09:11:46 -0400] "GET /xleet.PHP56 HTTP/1.1" 404 10906 "http://salhab360photos.com/xleet.PHP56" "Go-http-client/2.0"
216.73.216.159 - - [18/Oct/2025:09:11:52 -0400] "GET /products148386016?kg=0146576513 HTTP/1.1" 404 9742 "-" "Mozilla/5.0 AppleWebKit/537.36 (KHTML, like Gecko; compatible; ClaudeBot/1.0; +claudebot@anthropic.com)"
51.79.229.86 - - [18/Oct/2025:09:11:54 -0400] "GET /xleet-shell.phtml HTTP/1.1" 404 10906 "http://salhab360photos.com/xleet-shell.phtml" "Go-http-client/2.0"
51.79.229.86 - - [18/Oct/2025:09:11:59 -0400] "GET /wso.PHP HTTP/1.1" 404 10905 "http://salhab360photos.com/wso.PHP" "Go-http-client/2.0"
157.20.32.210 - - [18/Oct/2025:09:12:02 -0400] "GET /wp-content/plugins/imagements/images/34eybvki2plq210c1tqwgj18uel.php HTTP/1.1" 200 0 "-" "Mozilla/5.0 (Macintosh; Intel Mac OS X 10_15_7) AppleWebKit/605.1.15 (KHTML, like Gecko) Version/18.0 Safari/605.1.15"
216.73.216.159 - - [18/Oct/2025:09:12:05 -0400] "GET /products107567632?kg=0106255913 HTTP/1.1" 404 9733 "-" "Mozilla/5.0 AppleWebKit/537.36 (KHTML, like Gecko; compatible; ClaudeBot/1.0; +claudebot@anthropic.com)"
51.79.229.86 - - [18/Oct/2025:09:12:17 -0400] "GET /priv8.PHP7 HTTP/1.1" 404 10896 "http://salhab360photos.com/priv8.PHP7" "Go-http-client/2.0"
51.79.229.86 - - [18/Oct/2025:09:11:00 -0400] "GET /bepas.PHP56 HTTP/1.1" 404 10903 "http://salhab360photos.com/bepas.PHP56" "Go-http-client/2.0"
185.61.153.107 - - [18/Oct/2025:09:11:15 -0400] "POST /wp-cron.php?doing_wp_cron=1760793075.5680720806121826171875 HTTP/1.1" 200 0 "-" "WordPress/6.8.3; https://salhab360photos.com"
52.242.231.163 - - [18/Oct/2025:09:11:07 -0400] "GET /wp-login.php HTTP/1.1" 200 2082 "-" "Mozilla/5.0 (Macintosh; Intel Mac OS X 10_11_6) AppleWebKit/603.3.8 (KHTML, like Gecko) Version/10.1.2 Safari/603.3.8"
51.79.229.86 - - [18/Oct/2025:09:11:10 -0400] "GET /careers.php HTTP/1.1" 404 10905 "http://salhab360photos.com/careers.php" "Go-http-client/2.0"
51.79.229.86 - - [18/Oct/2025:09:11:20 -0400] "GET /jagogacor88.php HTTP/1.1" 404 10899 "http://salhab360photos.com/jagogacor88.php" "Go-http-client/2.0"
52.242.231.163 - - [18/Oct/2025:09:11:20 -0400] "POST /wp-login.php HTTP/1.1" 200 2174 "https://salhab360photos.com/wp-login.php" "Mozilla/5.0 (Macintosh; Intel Mac OS X 10_11_6) AppleWebKit/603.3.8 (KHTML, like Gecko) Version/10.1.2 Safari/603.3.8"
51.79.229.86 - - [18/Oct/2025:09:11:25 -0400] "GET /radio.PHP7 HTTP/1.1" 404 10896 "http://salhab360photos.com/radio.PHP7" "Go-http-client/2.0"
51.79.229.86 - - [18/Oct/2025:09:11:28 -0400] "GET /radio.PHP56 HTTP/1.1" 404 10904 "http://salhab360photos.com/radio.PHP56" "Go-http-client/2.0"
216.73.216.159 - - [18/Oct/2025:09:11:34 -0400] "GET /products188519344?kg=0186220409 HTTP/1.1" 404 9742 "-" "Mozilla/5.0 AppleWebKit/537.36 (KHTML, like Gecko; compatible; ClaudeBot/1.0; +claudebot@anthropic.com)"
51.79.229.86 - - [18/Oct/2025:09:11:38 -0400] "GET /xleet-shell.PHP7 HTTP/1.1" 404 10905 "http://salhab360photos.com/xleet-shell.PHP7" "Go-http-client/2.0"
51.79.229.86 - - [18/Oct/2025:09:11:40 -0400] "GET /xleet-shell.PHP56 HTTP/1.1" 404 10904 "http://salhab360photos.com/xleet-shell.PHP56" "Go-http-client/2.0"
51.79.229.86 - - [18/Oct/2025:09:11:50 -0400] "GET /xleet.phtml HTTP/1.1" 404 10897 "http://salhab360photos.com/xleet.phtml" "Go-http-client/2.0"
98.70.29.56 - - [18/Oct/2025:09:11:52 -0400] "POST /wp-login.php HTTP/1.1" 200 6564 "-" "Mozilla/5.0"
157.20.32.210 - - [18/Oct/2025:09:11:54 -0400] "POST /wp-comments-post.php HTTP/1.1" 200 0 "-" "Mozilla/5.0 (X11; Linux x86_64) AppleWebKit/537.36 (KHTML, like Gecko) Chrome/119.0.0.0 Safari/537.36"
51.79.229.86 - - [18/Oct/2025:09:12:02 -0400] "GET /wso.php7 HTTP/1.1" 404 10903 "http://salhab360photos.com/wso.php7" "Go-http-client/2.0"
157.20.32.210 - - [18/Oct/2025:09:12:05 -0400] "GET /wp-content/plugins/wc-multivendor-marketplace/readme.txt HTTP/1.1" 200 0 "-" "Mozilla/5.0 (Macintosh; U; Intel Mac OS X; ja-jp) AppleWebKit/523.12.2 (KHTML, like Gecko) Version/3.0.4 Safari/523.12.2"
51.79.229.86 - - [18/Oct/2025:09:12:04 -0400] "GET /wso.php56 HTTP/1.1" 404 10903 "http://salhab360photos.com/wso.php56" "Go-http-client/2.0"
51.79.229.86 - - [18/Oct/2025:09:12:07 -0400] "GET /wso.PHP7 HTTP/1.1" 404 10905 "http://salhab360photos.com/wso.PHP7" "Go-http-client/2.0"
51.79.229.86 - - [18/Oct/2025:09:12:09 -0400] "GET /wso.PHP56 HTTP/1.1" 404 10905 "http://salhab360photos.com/wso.PHP56" "Go-http-client/2.0"
51.79.229.86 - - [18/Oct/2025:09:12:10 -0400] "GET /wso.PhP HTTP/1.1" 404 10898 "http://salhab360photos.com/wso.PhP" "Go-http-client/2.0"
185.61.153.107 - - [18/Oct/2025:09:12:14 -0400] "POST /wp-cron.php?doing_wp_cron=1760793134.9711189270019531250000 HTTP/1.1" 200 0 "-" "WordPress/6.8.3; https://salhab360photos.com"
51.79.229.86 - - [18/Oct/2025:09:12:12 -0400] "GET /wso.pHp HTTP/1.1" 404 10899 "http://salhab360photos.com/wso.pHp" "Go-http-client/2.0"
51.79.229.86 - - [18/Oct/2025:09:12:15 -0400] "GET /priv8.PHP HTTP/1.1" 404 10896 "http://salhab360photos.com/priv8.PHP" "Go-http-client/2.0"
51.79.229.86 - - [18/Oct/2025:09:12:24 -0400] "GET /wso.PhP7 HTTP/1.1" 404 10903 "http://salhab360photos.com/wso.PhP7" "Go-http-client/2.0"
51.79.229.86 - - [18/Oct/2025:09:12:32 -0400] "GET /priv8.PhP HTTP/1.1" 404 10899 "http://salhab360photos.com/priv8.PhP" "Go-http-client/2.0"
216.73.216.159 - - [18/Oct/2025:09:12:19 -0400] "GET /products80915718?kg=0079929022 HTTP/1.1" 404 9741 "-" "Mozilla/5.0 AppleWebKit/537.36 (KHTML, like Gecko; compatible; ClaudeBot/1.0; +claudebot@anthropic.com)"
51.79.229.86 - - [18/Oct/2025:09:12:20 -0400] "GET /priv8.PHP56 HTTP/1.1" 404 10903 "http://salhab360photos.com/priv8.PHP56" "Go-http-client/2.0"
51.79.229.86 - - [18/Oct/2025:09:12:22 -0400] "GET /wso.pHp7 HTTP/1.1" 404 10905 "http://salhab360photos.com/wso.pHp7" "Go-http-client/2.0"
51.79.229.86 - - [18/Oct/2025:09:12:26 -0400] "GET /wso.PhP56 HTTP/1.1" 404 10896 "http://salhab360photos.com/wso.PhP56" "Go-http-client/2.0"
51.79.229.86 - - [18/Oct/2025:09:12:29 -0400] "GET /priv8.pHp HTTP/1.1" 404 10898 "http://salhab360photos.com/priv8.pHp" "Go-http-client/2.0"
