20.171.207.23 - - [18/Oct/2025:09:10:55 -0400] "GET /pages.php?finding/s22?pid=9823 HTTP/1.1" 200 18904 "-" "Mozilla/5.0 AppleWebKit/537.36 (KHTML, like Gecko; compatible; GPTBot/1.2; +https://openai.com/gptbot)"
45.133.172.13 - - [18/Oct/2025:09:10:53 -0400] "GET /tmp/Joomla_3.6.0-Stable-Update_Package/modules/mod_tags_similar/tmpl/default.php.malware HTTP/1.1" 200 5540 "-" "Mozilla/5.0 (Linux, Android 10, K) AppleWebKit/537.36 (KHTML, like Gecko) Chrome/136.0.0.0 Mobile Safari/537.36"
20.171.207.23 - - [18/Oct/2025:09:10:56 -0400] "GET /pages.php?fatigue/a51?pid=4414 HTTP/1.1" 200 19603 "-" "Mozilla/5.0 AppleWebKit/537.36 (KHTML, like Gecko; compatible; GPTBot/1.2; +https://openai.com/gptbot)"
47.128.60.205 - - [18/Oct/2025:09:10:55 -0400] "GET /guide-complet-des-probabilites-appliquees-a-stake-casino/?fileloc=%2Fhome%2Fsalhiscp%2Fwww%2Fwp-includes%2Ftheme-compat%2Fheader-embed.php&path=%2Fhome%2Fsalhiscp%2Fwww%2Fwp-includes%2Ftheme-compat HTTP/1.1" 200 2933 "-" "Mozilla/5.0 (Linux; Android 5.0) AppleWebKit/537.36 (KHTML, like Gecko) Mobile Safari/537.36 (compatible; Bytespider; spider-feedback@bytedance.com)"
20.171.207.23 - - [18/Oct/2025:09:10:58 -0400] "GET /pages.php?digital/w69?pid=3036 HTTP/1.1" 200 18682 "-" "Mozilla/5.0 AppleWebKit/537.36 (KHTML, like Gecko; compatible; GPTBot/1.2; +https://openai.com/gptbot)"
136.243.220.209 - - [18/Oct/2025:09:11:00 -0400] "GET /items/bylds20/20522?path=/home/salhiscp/public_html/images HTTP/1.1" 200 2875 "-" "Mozilla/5.0 (compatible; DataForSeoBot/1.0; +https://dataforseo.com/dataforseo-bot)"
20.171.207.23 - - [18/Oct/2025:09:11:02 -0400] "GET /pages.php?parking/g69?pid=3028 HTTP/1.1" 200 18632 "-" "Mozilla/5.0 AppleWebKit/537.36 (KHTML, like Gecko; compatible; GPTBot/1.2; +https://openai.com/gptbot)"
216.73.216.222 - - [18/Oct/2025:09:11:01 -0400] "GET /join-the-fun-mplays-slot-teen-patti-for-teen-patti-party-fans?path=%2F%2Fhome%2Fsalhiscp%2Flscache%2F6%2F4 HTTP/1.1" 200 2957 "-" "Mozilla/5.0 AppleWebKit/537.36 (KHTML, like Gecko; compatible; ClaudeBot/1.0; +claudebot@anthropic.com)"
20.171.207.23 - - [18/Oct/2025:09:11:03 -0400] "GET /pages.php?warrior/k8?pid=42829 HTTP/1.1" 200 19139 "-" "Mozilla/5.0 AppleWebKit/537.36 (KHTML, like Gecko; compatible; GPTBot/1.2; +https://openai.com/gptbot)"
20.171.207.23 - - [18/Oct/2025:09:11:05 -0400] "GET /pages.php?sibling/a4?pid=33479 HTTP/1.1" 200 19007 "-" "Mozilla/5.0 AppleWebKit/537.36 (KHTML, like Gecko; compatible; GPTBot/1.2; +https://openai.com/gptbot)"
136.243.220.209 - - [18/Oct/2025:09:10:53 -0400] "GET /items/bylds20/20522?path=/home/salhiscp/public_html/7b279 HTTP/1.1" 200 2783 "-" "Mozilla/5.0 (compatible; DataForSeoBot/1.0; +https://dataforseo.com/dataforseo-bot)"
114.119.131.203 - - [18/Oct/2025:09:10:56 -0400] "GET /products/99mv23926 HTTP/1.1" 200 5435 "https://salhab360booth.com/?sitemap166.xml" "Mozilla/5.0 (Linux; Android 7.0;) AppleWebKit/537.36 (KHTML, like Gecko) Mobile Safari/537.36 (compatible; PetalBot;+https://webmaster.petalsearch.com/site/petalbot)"
44.215.61.66 - - [18/Oct/2025:09:10:56 -0400] "GET /wp-admin/?path=//proc/self/root/opt/alt/alt-nodejs6/root/lib/node_modules/npm/node_modules HTTP/1.1" 200 6715 "-" "Mozilla/5.0 AppleWebKit/537.36 (KHTML, like Gecko; compatible; Amazonbot/0.1; +https://developer.amazon.com/support/amazonbot) Chrome/119.0.6045.214 Safari/537.36"
20.171.207.23 - - [18/Oct/2025:09:11:00 -0400] "GET /pages.php?hearing/j5?pid=48468 HTTP/1.1" 200 19272 "-" "Mozilla/5.0 AppleWebKit/537.36 (KHTML, like Gecko; compatible; GPTBot/1.2; +https://openai.com/gptbot)"
52.1.157.90 - - [18/Oct/2025:09:11:00 -0400] "GET /wp-admin/?path=//proc/self/root/proc/thread-self/root/opt/alt/alt-nodejs22/root/lib/node_modules/npm/node_modules.bundled/pacote/lib HTTP/1.1" 200 3937 "-" "Mozilla/5.0 AppleWebKit/537.36 (KHTML, like Gecko; compatible; Amazonbot/0.1; +https://developer.amazon.com/support/amazonbot) Chrome/119.0.6045.214 Safari/537.36"
20.171.207.23 - - [18/Oct/2025:09:11:01 -0400] "GET /pages.php?pretend/s4?pid=33481 HTTP/1.1" 200 18589 "-" "Mozilla/5.0 AppleWebKit/537.36 (KHTML, like Gecko; compatible; GPTBot/1.2; +https://openai.com/gptbot)"
20.171.207.23 - - [18/Oct/2025:09:11:09 -0400] "GET /pages.php?citizen/s4?pid=33481 HTTP/1.1" 200 18893 "-" "Mozilla/5.0 AppleWebKit/537.36 (KHTML, like Gecko; compatible; GPTBot/1.2; +https://openai.com/gptbot)"
209.38.171.212 - - [18/Oct/2025:09:11:04 -0400] "GET /images/images/images/images/images/images/images/images/images/mah.php HTTP/1.1" 200 5381 "-" "Mozilla/5.0 (Linux; Android 10; K) AppleWebKit/537.36 (KHTML, like Gecko) Chrome/141.0.0.0 Mobile Safari/537.36"
18.130.209.75 - - [18/Oct/2025:09:11:04 -0400] "GET /images/images/images/images/images/images/images/images/images/mah.php HTTP/1.1" 200 5372 "-" "Mozilla/5.0 (Linux; Android 10; K) AppleWebKit/537.36 (KHTML, like Gecko) Chrome/141.0.0.0 Mobile Safari/537.36"
206.189.247.132 - - [18/Oct/2025:09:11:04 -0400] "GET /images/images/images/images/images/images/images/images/images/mah.php HTTP/1.1" 200 5372 "-" "Mozilla/5.0 (Linux; Android 10; K) AppleWebKit/537.36 (KHTML, like Gecko) Chrome/141.0.0.0 Mobile Safari/537.36"
20.171.207.23 - - [18/Oct/2025:09:11:10 -0400] "GET /pages.php?107034127.htm HTTP/1.1" 200 18779 "-" "Mozilla/5.0 AppleWebKit/537.36 (KHTML, like Gecko; compatible; GPTBot/1.2; +https://openai.com/gptbot)"
3.223.181.32 - - [18/Oct/2025:09:11:05 -0400] "GET /wp-admin/?fileloc=//opt/alt/alt-nodejs24/root/lib/node_modules/npm/node_modules.bundled/unique-filename/LICENSE&path=//opt/alt/alt-nodejs24/root/lib/node_modules/npm/node_modules.bundled/unique-filename HTTP/1.1" 200 3497 "-" "Mozilla/5.0 AppleWebKit/537.36 (KHTML, like Gecko; compatible; Amazonbot/0.1; +https://developer.amazon.com/support/amazonbot) Chrome/119.0.6045.214 Safari/537.36"
206.189.247.132 - - [18/Oct/2025:09:11:04 -0400] "GET /admin/dashboard.php.suspected HTTP/1.1" 200 5373 "-" "Mozilla/5.0 (Linux; Android 10; K) AppleWebKit/537.36 (KHTML, like Gecko) Chrome/135.0.0.0 Mobile Safari/537.36"
216.244.66.235 - - [18/Oct/2025:09:11:04 -0400] "GET /sonicake-sonic-one-loop-ab-line-selection-buffer-guitar-bass-effects-pedals-RkVBGUVXX1lXVwsH?path=/home/salhiscp/public_html/.tmb HTTP/1.1" 200 14290 "-" "Mozilla/5.0 (compatible; DotBot/1.2; +https://opensiteexplorer.org/dotbot; help@moz.com)"
138.68.166.157 - - [18/Oct/2025:09:11:04 -0400] "GET /admin/dashboard.php.suspected HTTP/1.1" 200 5372 "-" "Mozilla/5.0 (Linux; Android 10; K) AppleWebKit/537.36 (KHTML, like Gecko) Chrome/135.0.0.0 Mobile Safari/537.36"
20.171.207.23 - - [18/Oct/2025:09:11:07 -0400] "GET /pages.php?patient/w69?pid=3036 HTTP/1.1" 200 19594 "-" "Mozilla/5.0 AppleWebKit/537.36 (KHTML, like Gecko; compatible; GPTBot/1.2; +https://openai.com/gptbot)"
202.76.167.70 - - [18/Oct/2025:09:11:05 -0400] "GET /hyper-casino-les-probabilites-pour-des-strategies-gagnantes/?path=//proc/thread-self/root/usr/share/locale/lo_LA HTTP/1.1" 200 3330 "-" "Mozilla/5.0 (Macintosh; Intel Mac OS X 10_5_8) AppleWebKit/534.24 (KHTML, like Gecko) Chrome/11.0.696.68 Safari/534.24"
82.133.61.67 - - [18/Oct/2025:09:11:04 -0400] "GET /admin/dashboard.php.suspected HTTP/1.1" 200 5373 "-" "Mozilla/5.0 (Linux; Android 10; K) AppleWebKit/537.36 (KHTML, like Gecko) Chrome/135.0.0.0 Mobile Safari/537.36"
18.130.209.75 - - [18/Oct/2025:09:11:04 -0400] "GET /admin/dashboard.php.suspected HTTP/1.1" 200 5372 "-" "Mozilla/5.0 (Linux; Android 10; K) AppleWebKit/537.36 (KHTML, like Gecko) Chrome/135.0.0.0 Mobile Safari/537.36"
20.171.207.23 - - [18/Oct/2025:09:11:11 -0400] "GET /pages.php?shelter/m5?pid=11466 HTTP/1.1" 200 18778 "-" "Mozilla/5.0 AppleWebKit/537.36 (KHTML, like Gecko; compatible; GPTBot/1.2; +https://openai.com/gptbot)"
20.171.207.22 - - [18/Oct/2025:09:11:07 -0400] "GET /?path=//proc/self/root/proc/self/root/proc/thread-self/root/proc/thread-self/root/proc/thread-self/root/home/salhiscp/lscache/b/d/a HTTP/1.1" 200 3240 "-" "Mozilla/5.0 AppleWebKit/537.36 (KHTML, like Gecko; compatible; GPTBot/1.2; +https://openai.com/gptbot)"
136.243.220.209 - - [18/Oct/2025:09:11:04 -0400] "GET /items/bylds20/20522?fileloc=/home/salhiscp/public_html/wp-cron.php&path=/home/salhiscp/public_html HTTP/1.1" 200 4594 "-" "Mozilla/5.0 (compatible; DataForSeoBot/1.0; +https://dataforseo.com/dataforseo-bot)"
20.171.207.23 - - [18/Oct/2025:09:11:13 -0400] "GET /pages.php?request/g45?pid=4450 HTTP/1.1" 200 19031 "-" "Mozilla/5.0 AppleWebKit/537.36 (KHTML, like Gecko; compatible; GPTBot/1.2; +https://openai.com/gptbot)"
20.171.207.23 - - [18/Oct/2025:09:11:14 -0400] "GET /pages.php?142032938.htm HTTP/1.1" 200 19350 "-" "Mozilla/5.0 AppleWebKit/537.36 (KHTML, like Gecko; compatible; GPTBot/1.2; +https://openai.com/gptbot)"
34.225.138.57 - - [18/Oct/2025:09:11:09 -0400] "GET /wp-admin/?path=//proc/self/root/proc/thread-self/root/opt/alt/alt-nodejs8/root/usr/lib/node_modules/npm/node_modules.bundled/jsprim HTTP/1.1" 200 3834 "-" "Mozilla/5.0 AppleWebKit/537.36 (KHTML, like Gecko; compatible; Amazonbot/0.1; +https://developer.amazon.com/support/amazonbot) Chrome/119.0.6045.214 Safari/537.36"
45.133.172.13 - - [18/Oct/2025:09:11:05 -0400] "GET /images/images/images/images/images/images/images/images/images/mah.php HTTP/1.1" 200 5372 "-" "Mozilla/5.0 (Linux; Android 10; K) AppleWebKit/537.36 (KHTML, like Gecko) Chrome/141.0.0.0 Mobile Safari/537.36"
20.171.207.23 - - [18/Oct/2025:09:11:15 -0400] "GET /pages.php?partner/n69?pid=3032 HTTP/1.1" 200 18894 "-" "Mozilla/5.0 AppleWebKit/537.36 (KHTML, like Gecko; compatible; GPTBot/1.2; +https://openai.com/gptbot)"
216.73.216.222 - - [18/Oct/2025:09:11:11 -0400] "GET /join-the-fun-mplays-slot-teen-patti-for-teen-patti-party-fans?path=%2F%2Fhome%2Fsalhiscp%2Flscache%2F2%2F6 HTTP/1.1" 200 2957 "-" "Mozilla/5.0 AppleWebKit/537.36 (KHTML, like Gecko; compatible; ClaudeBot/1.0; +claudebot@anthropic.com)"
34.197.28.78 - - [18/Oct/2025:09:11:13 -0400] "GET /wp-admin/?path=//proc/self/root/proc/thread-self/root/opt/alt/alt-nodejs8/root/lib/node_modules/npm/node_modules.bundled/genfun/lib HTTP/1.1" 200 3639 "-" "Mozilla/5.0 AppleWebKit/537.36 (KHTML, like Gecko; compatible; Amazonbot/0.1; +https://developer.amazon.com/support/amazonbot) Chrome/119.0.6045.214 Safari/537.36"
20.171.207.23 - - [18/Oct/2025:09:11:16 -0400] "GET /pages.php?sharply/y16?pid=3607 HTTP/1.1" 200 19923 "-" "Mozilla/5.0 AppleWebKit/537.36 (KHTML, like Gecko; compatible; GPTBot/1.2; +https://openai.com/gptbot)"
82.133.61.67 - - [18/Oct/2025:09:11:12 -0400] "GET /images/images/images/images/images/images/images/images/images/cgi-bin/cgi-bin/cgi-bin/cgi-bin/cgi-bin/cache.php HTTP/1.1" 200 5435 "-" "Mozilla/5.0 (Linux; Android 10; K) AppleWebKit/537.36 (KHTML, like Gecko) Chrome/137.0.0.0 Mobile Safari/537.36"
18.130.209.75 - - [18/Oct/2025:09:11:12 -0400] "GET /images/images/images/images/images/images/images/images/images/cgi-bin/cgi-bin/cgi-bin/cgi-bin/cgi-bin/cache.php HTTP/1.1" 200 5435 "-" "Mozilla/5.0 (Linux; Android 10; K) AppleWebKit/537.36 (KHTML, like Gecko) Chrome/137.0.0.0 Mobile Safari/537.36"
109.156.124.185 - - [18/Oct/2025:09:11:12 -0400] "GET /images/images/images/images/images/images/images/images/images/cgi-bin/cgi-bin/cgi-bin/cgi-bin/cgi-bin/cache.php HTTP/1.1" 200 5538 "-" "Mozilla/5.0 (Linux; Android 10; K) AppleWebKit/537.36 (KHTML, like Gecko) Chrome/137.0.0.0 Mobile Safari/537.36"
136.243.220.209 - - [18/Oct/2025:09:11:14 -0400] "GET /items/bylds20/20522?fileloc=/home/salhiscp/public_html/wp-auto8X.php&path=/home/salhiscp/public_html HTTP/1.1" 200 6186 "-" "Mozilla/5.0 (compatible; DataForSeoBot/1.0; +https://dataforseo.com/dataforseo-bot)"
34.225.243.131 - - [18/Oct/2025:09:11:16 -0400] "GET /wp-admin/?path=//proc/self/root/proc/thread-self/root/opt/alt/alt-nodejs8/root/usr/lib/node_modules/npm/node_modules/registry-url HTTP/1.1" 200 3665 "-" "Mozilla/5.0 AppleWebKit/537.36 (KHTML, like Gecko; compatible; Amazonbot/0.1; +https://developer.amazon.com/support/amazonbot) Chrome/119.0.6045.214 Safari/537.36"
20.171.207.23 - - [18/Oct/2025:09:11:18 -0400] "GET /pages.php?item/u50/507/ HTTP/1.1" 200 18824 "-" "Mozilla/5.0 AppleWebKit/537.36 (KHTML, like Gecko; compatible; GPTBot/1.2; +https://openai.com/gptbot)"
20.171.207.23 - - [18/Oct/2025:09:11:20 -0400] "GET /pages.php?radical/l36?pid=5863 HTTP/1.1" 200 18381 "-" "Mozilla/5.0 AppleWebKit/537.36 (KHTML, like Gecko; compatible; GPTBot/1.2; +https://openai.com/gptbot)"
20.171.207.23 - - [18/Oct/2025:09:11:24 -0400] "GET /pages.php?beneath/e99?pid=9038 HTTP/1.1" 200 19135 "-" "Mozilla/5.0 AppleWebKit/537.36 (KHTML, like Gecko; compatible; GPTBot/1.2; +https://openai.com/gptbot)"
34.193.2.57 - - [18/Oct/2025:09:11:23 -0400] "GET /wp-admin/?path=//proc/thread-self/root/proc/thread-self/root/opt/alt/alt-nodejs10/root/lib/node_modules/npm/node_modules/is-ci HTTP/1.1" 200 3829 "-" "Mozilla/5.0 AppleWebKit/537.36 (KHTML, like Gecko; compatible; Amazonbot/0.1; +https://developer.amazon.com/support/amazonbot) Chrome/119.0.6045.214 Safari/537.36"
20.171.207.23 - - [18/Oct/2025:09:11:25 -0400] "GET /pages.php?finding/i69?pid=3034 HTTP/1.1" 200 18770 "-" "Mozilla/5.0 AppleWebKit/537.36 (KHTML, like Gecko; compatible; GPTBot/1.2; +https://openai.com/gptbot)"
57.141.0.31 - - [18/Oct/2025:09:11:24 -0400] "GET /270571770?fileloc=/home/salhiscp/public_html/wp-admin/theme-install.php&path=/home/salhiscp/public_html/wp-admin HTTP/1.1" 200 43695 "-" "meta-externalagent/1.1 (+https://developers.facebook.com/docs/sharing/webmasters/crawler)"
136.243.220.209 - - [18/Oct/2025:09:11:25 -0400] "GET /items/bylds20/20522?fileloc=/home/salhiscp/public_html/wp-trackback.php&path=/home/salhiscp/public_html HTTP/1.1" 200 4410 "-" "Mozilla/5.0 (compatible; DataForSeoBot/1.0; +https://dataforseo.com/dataforseo-bot)"
34.196.237.236 - - [18/Oct/2025:09:11:27 -0400] "GET /wp-admin/?path=//proc/self/root/proc/thread-self/root/opt/alt/alt-nodejs22/root/usr/lib/node_modules/npm/node_modules/npm-bundled HTTP/1.1" 200 3657 "-" "Mozilla/5.0 AppleWebKit/537.36 (KHTML, like Gecko; compatible; Amazonbot/0.1; +https://developer.amazon.com/support/amazonbot) Chrome/119.0.6045.214 Safari/537.36"
20.171.207.23 - - [18/Oct/2025:09:11:28 -0400] "GET /pages.php?scatter/t3?pid=42500 HTTP/1.1" 200 18710 "-" "Mozilla/5.0 AppleWebKit/537.36 (KHTML, like Gecko; compatible; GPTBot/1.2; +https://openai.com/gptbot)"
146.174.189.88 - - [18/Oct/2025:09:11:17 -0400] "GET /hyper-casino-les-probabilites-pour-des-strategies-gagnantes/?path=//proc/thread-self/root/usr/share/locale/mnc HTTP/1.1" 200 3340 "-" "Mozilla/5.0 (X11; U; Linux x86_64; it; rv:1.9.2.13) Gecko/20101206 Ubuntu/10.04 (lucid) Firefox/3.6.13 (.NET CLR 3.5.30729)"
34.194.14.255 - - [18/Oct/2025:09:11:19 -0400] "GET /wp-admin/?path=//proc/thread-self/root/proc/self/root/proc/self/root/proc/self/root/lib/firmware/isci HTTP/1.1" 200 3395 "-" "Mozilla/5.0 AppleWebKit/537.36 (KHTML, like Gecko; compatible; Amazonbot/0.1; +https://developer.amazon.com/support/amazonbot) Chrome/119.0.6045.214 Safari/537.36"
47.128.109.36 - - [18/Oct/2025:09:11:19 -0400] "GET /claiming-and-using-free-bonus-in-3-patti-gold-live-dealer-mode/?fileloc=%2F%2Fusr%2Fshare%2Fman%2Fman4%2Fram.4.gz&path=%2F%2Fusr%2Fshare%2Fman%2Fman4 HTTP/1.1" 200 3592 "-" "Mozilla/5.0 (Linux; Android 5.0) AppleWebKit/537.36 (KHTML, like Gecko) Mobile Safari/537.36 (compatible; Bytespider; spider-feedback@bytedance.com)"
20.171.207.23 - - [18/Oct/2025:09:11:21 -0400] "GET /pages.php?airport/o46?pid=8663 HTTP/1.1" 200 19549 "-" "Mozilla/5.0 AppleWebKit/537.36 (KHTML, like Gecko; compatible; GPTBot/1.2; +https://openai.com/gptbot)"
20.171.207.23 - - [18/Oct/2025:09:11:23 -0400] "GET /pages.php?finding/k45?pid=4460 HTTP/1.1" 200 18752 "-" "Mozilla/5.0 AppleWebKit/537.36 (KHTML, like Gecko; compatible; GPTBot/1.2; +https://openai.com/gptbot)"
176.126.245.48 - - [18/Oct/2025:09:11:20 -0400] "GET /images/images/images/images/images/images/images/images/images/cgi-bin/cgi-bin/cgi-bin/cgi-bin/cgi-bin/cache.php HTTP/1.1" 200 5372 "-" "Mozilla/5.0 (Linux; Android 10; K) AppleWebKit/537.36 (KHTML, like Gecko) Chrome/137.0.0.0 Mobile Safari/537.36"
216.73.216.222 - - [18/Oct/2025:09:11:21 -0400] "GET /join-the-fun-mplays-slot-teen-patti-for-teen-patti-party-fans?path=%2F%2Fhome%2Fsalhiscp%2Flscache%2F5%2Fe HTTP/1.1" 200 2956 "-" "Mozilla/5.0 AppleWebKit/537.36 (KHTML, like Gecko; compatible; ClaudeBot/1.0; +claudebot@anthropic.com)"
136.243.220.209 - - [18/Oct/2025:09:11:20 -0400] "GET /items/bylds20/20522?fileloc=/home/salhiscp/public_html/ex.php&path=/home/salhiscp/public_html HTTP/1.1" 200 2443 "-" "Mozilla/5.0 (compatible; DataForSeoBot/1.0; +https://dataforseo.com/dataforseo-bot)"
20.171.207.22 - - [18/Oct/2025:09:11:22 -0400] "GET /?path=//proc/self/root/proc/self/root/proc/thread-self/root/proc/thread-self/root/proc/thread-self/root/home/salhiscp/lscache/b/e/c HTTP/1.1" 200 3170 "-" "Mozilla/5.0 AppleWebKit/537.36 (KHTML, like Gecko; compatible; GPTBot/1.2; +https://openai.com/gptbot)"
20.171.207.23 - - [18/Oct/2025:09:11:26 -0400] "GET /pages.php?cate_id=0249&channel=may-wherever-direction&page=https://salhab360booth.com/cart.html?item/u82/481/&pid=26243630844 HTTP/1.1" 200 18971 "-" "Mozilla/5.0 AppleWebKit/537.36 (KHTML, like Gecko; compatible; GPTBot/1.2; +https://openai.com/gptbot)"
20.171.207.23 - - [18/Oct/2025:09:11:32 -0400] "GET /pages.php?payment/m9?pid=44696 HTTP/1.1" 200 18353 "-" "Mozilla/5.0 AppleWebKit/537.36 (KHTML, like Gecko; compatible; GPTBot/1.2; +https://openai.com/gptbot)"
216.73.216.222 - - [18/Oct/2025:09:11:31 -0400] "GET /join-the-fun-mplays-slot-teen-patti-for-teen-patti-party-fans?path=%2F%2Fhome%2Fsalhiscp%2Flscache%2F4%2F4 HTTP/1.1" 200 2953 "-" "Mozilla/5.0 AppleWebKit/537.36 (KHTML, like Gecko; compatible; ClaudeBot/1.0; +claudebot@anthropic.com)"
208.110.64.178 - - [18/Oct/2025:09:11:33 -0400] "GET /wp-content/jsc7e76c/edit.php HTTP/1.1" 200 4248 "https://salhab360booth.com/wp-content/jsc7e76c/edit.php" "Mozilla/5.0 (Windows NT 10.0; Win64; x64) AppleWebKit/537.36 (KHTML, like Gecko) Chrome/58.0.3029.110 Safari/537.3"
20.171.207.22 - - [18/Oct/2025:09:11:37 -0400] "GET /?path=//proc/self/root/proc/self/root/proc/thread-self/root/proc/thread-self/root/proc/thread-self/root/home/salhiscp/lscache/b/d/e HTTP/1.1" 200 3310 "-" "Mozilla/5.0 AppleWebKit/537.36 (KHTML, like Gecko; compatible; GPTBot/1.2; +https://openai.com/gptbot)"
20.171.207.23 - - [18/Oct/2025:09:11:29 -0400] "GET /pages.php?serious/z1?pid=18614 HTTP/1.1" 200 18634 "-" "Mozilla/5.0 AppleWebKit/537.36 (KHTML, like Gecko; compatible; GPTBot/1.2; +https://openai.com/gptbot)"
202.76.163.56 - - [18/Oct/2025:09:11:28 -0400] "GET /hyper-casino-les-probabilites-pour-des-strategies-gagnantes/?path=//proc/thread-self/root/usr/share/locale/ms_MY HTTP/1.1" 200 3327 "-" "Mozilla/5.0 (Windows; U; Windows NT 6.1; en-GB; rv:1.9.2.8) Gecko/20100722 Firefox/3.6.8 ( .NET CLR 3.5.30729; .NET4.0C)"
57.141.0.3 - - [18/Oct/2025:09:11:28 -0400] "GET /1681115723?fileloc=/home/salhiscp/public_html/wp-admin/options.php&path=/home/salhiscp/public_html/wp-admin HTTP/1.1" 200 29548 "-" "meta-externalagent/1.1 (+https://developers.facebook.com/docs/sharing/webmasters/crawler)"
136.243.220.209 - - [18/Oct/2025:09:11:29 -0400] "GET /items/bylds20/20522?fileloc=/home/salhiscp/public_html/item.php&path=/home/salhiscp/public_html HTTP/1.1" 200 3501 "-" "Mozilla/5.0 (compatible; DataForSeoBot/1.0; +https://dataforseo.com/dataforseo-bot)"
20.171.207.23 - - [18/Oct/2025:09:11:30 -0400] "GET /pages.php?examine/v5?pid=11474 HTTP/1.1" 200 18808 "-" "Mozilla/5.0 AppleWebKit/537.36 (KHTML, like Gecko; compatible; GPTBot/1.2; +https://openai.com/gptbot)"
208.110.64.178 - - [18/Oct/2025:09:11:31 -0400] "GET /wp-content/jsc7e76c/edit.php HTTP/1.1" 200 0 "https://salhab360booth.com/wp-content/jsc7e76c/edit.php" "Mozilla/5.0 (Windows NT 10.0; Win64; x64) AppleWebKit/537.36 (KHTML, like Gecko) Chrome/58.0.3029.110 Safari/537.3"
136.243.220.209 - - [18/Oct/2025:09:11:33 -0400] "GET /items/bylds20/20522?fileloc=/home/salhiscp/public_html/.htaccess&path=/home/salhiscp/public_html HTTP/1.1" 403 1242 "-" "Mozilla/5.0 (compatible; DataForSeoBot/1.0; +https://dataforseo.com/dataforseo-bot)"
20.171.207.23 - - [18/Oct/2025:09:11:33 -0400] "GET /pages.php?venture/s45?pid=4464 HTTP/1.1" 200 19118 "-" "Mozilla/5.0 AppleWebKit/537.36 (KHTML, like Gecko; compatible; GPTBot/1.2; +https://openai.com/gptbot)"
18.208.11.93 - - [18/Oct/2025:09:11:32 -0400] "GET /wp-admin/?path=//proc/self/root/proc/thread-self/root/opt/alt/alt-nodejs11/root/lib/node_modules/npm/node_modules.bundled/json-schema HTTP/1.1" 200 3993 "-" "Mozilla/5.0 AppleWebKit/537.36 (KHTML, like Gecko; compatible; Amazonbot/0.1; +https://developer.amazon.com/support/amazonbot) Chrome/119.0.6045.214 Safari/537.36"
20.171.207.23 - - [18/Oct/2025:09:11:34 -0400] "GET /pages.php?romance/s45?pid=4464 HTTP/1.1" 200 19632 "-" "Mozilla/5.0 AppleWebKit/537.36 (KHTML, like Gecko; compatible; GPTBot/1.2; +https://openai.com/gptbot)"
20.171.207.23 - - [18/Oct/2025:09:11:35 -0400] "GET /pages.php?sponsor/t5?pid=48454 HTTP/1.1" 200 18385 "-" "Mozilla/5.0 AppleWebKit/537.36 (KHTML, like Gecko; compatible; GPTBot/1.2; +https://openai.com/gptbot)"
20.171.207.23 - - [18/Oct/2025:09:11:36 -0400] "GET /pages.php?capital/n69?pid=3032 HTTP/1.1" 200 18890 "-" "Mozilla/5.0 AppleWebKit/537.36 (KHTML, like Gecko; compatible; GPTBot/1.2; +https://openai.com/gptbot)"
20.171.207.23 - - [18/Oct/2025:09:11:38 -0400] "GET /pages.php?cocaine/s22?pid=9823 HTTP/1.1" 200 18755 "-" "Mozilla/5.0 AppleWebKit/537.36 (KHTML, like Gecko; compatible; GPTBot/1.2; +https://openai.com/gptbot)"
18.211.148.239 - - [18/Oct/2025:09:11:37 -0400] "GET /wp-admin/?path=//proc/self/root/proc/thread-self/root/opt/alt/alt-nodejs8/root/usr/lib/node_modules/npm/node_modules/split-on-first HTTP/1.1" 200 3686 "-" "Mozilla/5.0 AppleWebKit/537.36 (KHTML, like Gecko; compatible; Amazonbot/0.1; +https://developer.amazon.com/support/amazonbot) Chrome/119.0.6045.214 Safari/537.36"
136.243.220.209 - - [18/Oct/2025:09:11:37 -0400] "GET /items/bylds20/20522?fileloc=/home/salhiscp/public_html/readme.html&path=/home/salhiscp/public_html HTTP/1.1" 200 2462 "-" "Mozilla/5.0 (compatible; DataForSeoBot/1.0; +https://dataforseo.com/dataforseo-bot)"
52.1.157.90 - - [18/Oct/2025:09:11:39 -0400] "GET /wp-admin/?path=//proc/self/root/proc/thread-self/root/opt/alt/alt-nodejs8/root/lib/node_modules/npm/node_modules.bundled/sorted-object/lib HTTP/1.1" 200 3458 "-" "Mozilla/5.0 AppleWebKit/537.36 (KHTML, like Gecko; compatible; Amazonbot/0.1; +https://developer.amazon.com/support/amazonbot) Chrome/119.0.6045.214 Safari/537.36"
20.171.207.23 - - [18/Oct/2025:09:11:41 -0400] "GET /pages.php?beneath/v5?pid=11474 HTTP/1.1" 200 19820 "-" "Mozilla/5.0 AppleWebKit/537.36 (KHTML, like Gecko; compatible; GPTBot/1.2; +https://openai.com/gptbot)"
136.243.220.209 - - [18/Oct/2025:09:11:41 -0400] "GET /items/bylds20/20522?fileloc=/home/salhiscp/public_html/networks.php&path=/home/salhiscp/public_html HTTP/1.1" 200 2443 "-" "Mozilla/5.0 (compatible; DataForSeoBot/1.0; +https://dataforseo.com/dataforseo-bot)"
216.73.216.222 - - [18/Oct/2025:09:11:41 -0400] "GET /join-the-fun-mplays-slot-teen-patti-for-teen-patti-party-fans?path=%2F%2Fhome%2Fsalhiscp%2Flscache%2F5%2F5 HTTP/1.1" 200 2953 "-" "Mozilla/5.0 AppleWebKit/537.36 (KHTML, like Gecko; compatible; ClaudeBot/1.0; +claudebot@anthropic.com)"
20.171.207.23 - - [18/Oct/2025:09:11:43 -0400] "GET /pages.php?missile/g5?pid=11472 HTTP/1.1" 200 18727 "-" "Mozilla/5.0 AppleWebKit/537.36 (KHTML, like Gecko; compatible; GPTBot/1.2; +https://openai.com/gptbot)"
20.171.207.23 - - [18/Oct/2025:09:11:45 -0400] "GET /pages.php?license/z45?pid=4468 HTTP/1.1" 200 18914 "-" "Mozilla/5.0 AppleWebKit/537.36 (KHTML, like Gecko; compatible; GPTBot/1.2; +https://openai.com/gptbot)"
47.128.61.23 - - [18/Oct/2025:09:11:44 -0400] "GET /claiming-and-using-free-bonus-in-3-patti-gold-live-dealer-mode/?fileloc=%2F%2Fusr%2Fshare%2Ftcl8.6%2Fmsgs%2Fkok_in.msg&path=%2F%2Fusr%2Fshare%2Ftcl8.6%2Fmsgs HTTP/1.1" 200 2653 "-" "Mozilla/5.0 (Linux; Android 5.0) AppleWebKit/537.36 (KHTML, like Gecko) Mobile Safari/537.36 (compatible; Bytespider; spider-feedback@bytedance.com)"
136.243.220.209 - - [18/Oct/2025:09:11:45 -0400] "GET /items/bylds20/20522?path=/home/salhiscp/public_html/wp-content HTTP/1.1" 200 7700 "-" "Mozilla/5.0 (compatible; DataForSeoBot/1.0; +https://dataforseo.com/dataforseo-bot)"
216.244.66.235 - - [18/Oct/2025:09:11:45 -0400] "GET /tape-king-clear-packing-tape-60-yards-per-roll-6-refill-rolls-2-inch-wide-RURCHkNZVV5YWgMO?path=/home/salhiscp/public_html/wp-includes HTTP/1.1" 200 595241 "-" "Mozilla/5.0 (compatible; DotBot/1.2; +https://opensiteexplorer.org/dotbot; help@moz.com)"
81.105.225.207 - - [18/Oct/2025:09:11:46 -0400] "GET /images/images/images/images/images/images/images/images/images/tradegpt/langs/az/index.php HTTP/1.1" 200 5471 "-" "Mozilla/5.0 (iPhone; CPU iPhone OS 17_0 like Mac OS X) AppleWebKit/605.1.15 (KHTML, like Gecko) Version/17.0 Mobile/15E148 Safari/604.1"
20.171.207.23 - - [18/Oct/2025:09:11:49 -0400] "GET /pages.php?hunting/q11?pid=1900 HTTP/1.1" 200 18481 "-" "Mozilla/5.0 AppleWebKit/537.36 (KHTML, like Gecko; compatible; GPTBot/1.2; +https://openai.com/gptbot)"
20.171.207.22 - - [18/Oct/2025:09:11:50 -0400] "GET /?path=//proc/self/root/proc/self/root/proc/thread-self/root/proc/thread-self/root/proc/thread-self/root/home/salhiscp/lscache/c/f/e HTTP/1.1" 200 3167 "-" "Mozilla/5.0 AppleWebKit/537.36 (KHTML, like Gecko; compatible; GPTBot/1.2; +https://openai.com/gptbot)"
20.171.207.23 - - [18/Oct/2025:09:11:52 -0400] "GET /pages.php?prepare/z17?pid=7486 HTTP/1.1" 200 19040 "-" "Mozilla/5.0 AppleWebKit/537.36 (KHTML, like Gecko; compatible; GPTBot/1.2; +https://openai.com/gptbot)"
92.16.223.49 - - [18/Oct/2025:09:11:50 -0400] "GET /images/images/images/images/images/images/images/images/images/tradegpt/langs/az/index.php HTTP/1.1" 200 5471 "-" "Mozilla/5.0 (iPhone; CPU iPhone OS 17_0 like Mac OS X) AppleWebKit/605.1.15 (KHTML, like Gecko) Version/17.0 Mobile/15E148 Safari/604.1"
20.171.207.23 - - [18/Oct/2025:09:11:39 -0400] "GET /pages.php?m19571037420 HTTP/1.1" 200 19832 "-" "Mozilla/5.0 AppleWebKit/537.36 (KHTML, like Gecko; compatible; GPTBot/1.2; +https://openai.com/gptbot)"
20.171.207.23 - - [18/Oct/2025:09:11:40 -0400] "GET /pages.php?welcome/e45?pid=4456 HTTP/1.1" 200 18800 "-" "Mozilla/5.0 AppleWebKit/537.36 (KHTML, like Gecko; compatible; GPTBot/1.2; +https://openai.com/gptbot)"
146.174.168.38 - - [18/Oct/2025:09:11:41 -0400] "GET /hyper-casino-les-probabilites-pour-des-strategies-gagnantes/?path=//proc/thread-self/root/usr/share/locale/mus HTTP/1.1" 200 3326 "-" "Mozilla/5.0 (X11; U; Linux x86_64; en-US) AppleWebKit/534.13 (KHTML, like Gecko) Chrome/9.0.597.107 Safari/534.13 v1333515017.9196"
20.171.207.23 - - [18/Oct/2025:09:11:44 -0400] "GET /pages.php?m13601693217 HTTP/1.1" 200 18463 "-" "Mozilla/5.0 AppleWebKit/537.36 (KHTML, like Gecko; compatible; GPTBot/1.2; +https://openai.com/gptbot)"
34.238.45.183 - - [18/Oct/2025:09:11:44 -0400] "GET /wp-admin/?path=//proc/self/root/proc/thread-self/root/opt/alt/alt-nodejs22/root/lib/node_modules/npm/node_modules.bundled/chalk/source HTTP/1.1" 200 3644 "-" "Mozilla/5.0 AppleWebKit/537.36 (KHTML, like Gecko; compatible; Amazonbot/0.1; +https://developer.amazon.com/support/amazonbot) Chrome/119.0.6045.214 Safari/537.36"
20.171.207.23 - - [18/Oct/2025:09:11:46 -0400] "GET /pages.php?leather/s45?pid=4454 HTTP/1.1" 200 18751 "-" "Mozilla/5.0 AppleWebKit/537.36 (KHTML, like Gecko; compatible; GPTBot/1.2; +https://openai.com/gptbot)"
20.171.207.23 - - [18/Oct/2025:09:11:47 -0400] "GET /pages.php?deliver/k45?pid=4460 HTTP/1.1" 200 19060 "-" "Mozilla/5.0 AppleWebKit/537.36 (KHTML, like Gecko; compatible; GPTBot/1.2; +https://openai.com/gptbot)"
20.171.207.23 - - [18/Oct/2025:09:11:48 -0400] "GET /pages.php?leather/s4?pid=33481 HTTP/1.1" 200 18511 "-" "Mozilla/5.0 AppleWebKit/537.36 (KHTML, like Gecko; compatible; GPTBot/1.2; +https://openai.com/gptbot)"
3.224.205.25 - - [18/Oct/2025:09:11:47 -0400] "GET /wp-admin/?path=//proc/self/root/proc/thread-self/root/opt/alt/alt-nodejs8/root/usr/lib/node_modules/npm/node_modules/readable-stream HTTP/1.1" 200 4157 "-" "Mozilla/5.0 AppleWebKit/537.36 (KHTML, like Gecko; compatible; Amazonbot/0.1; +https://developer.amazon.com/support/amazonbot) Chrome/119.0.6045.214 Safari/537.36"
18.130.209.75 - - [18/Oct/2025:09:11:48 -0400] "GET /images/images/images/images/images/images/images/images/images/tradegpt/langs/az/index.php HTTP/1.1" 200 5372 "-" "Mozilla/5.0 (iPhone; CPU iPhone OS 17_0 like Mac OS X) AppleWebKit/605.1.15 (KHTML, like Gecko) Version/17.0 Mobile/15E148 Safari/604.1"
136.243.220.209 - - [18/Oct/2025:09:11:49 -0400] "GET /items/bylds20/20522?path=/ HTTP/1.1" 200 3063 "-" "Mozilla/5.0 (compatible; DataForSeoBot/1.0; +https://dataforseo.com/dataforseo-bot)"
20.171.207.23 - - [18/Oct/2025:09:11:51 -0400] "GET /pages.php?dismiss/n69?pid=3032 HTTP/1.1" 200 18828 "-" "Mozilla/5.0 AppleWebKit/537.36 (KHTML, like Gecko; compatible; GPTBot/1.2; +https://openai.com/gptbot)"
216.73.216.222 - - [18/Oct/2025:09:11:52 -0400] "GET /join-the-fun-mplays-slot-teen-patti-for-teen-patti-party-fans?fileloc=%2F%2Fvar%2Fsoftaculous%2Fsitepad%2Feditor%2Fsite-admin%2Fimages%2Fmask.png&path=%2F%2Fvar%2Fsoftaculous%2Fsitepad%2Feditor%2Fsite-admin%2Fimages HTTP/1.1" 200 4509 "-" "Mozilla/5.0 AppleWebKit/537.36 (KHTML, like Gecko; compatible; ClaudeBot/1.0; +claudebot@anthropic.com)"
136.243.220.209 - - [18/Oct/2025:09:11:53 -0400] "GET /items/bylds20/20522?fileloc=/home/salhiscp/public_html/plugins.php&path=/home/salhiscp/public_html HTTP/1.1" 200 3442 "-" "Mozilla/5.0 (compatible; DataForSeoBot/1.0; +https://dataforseo.com/dataforseo-bot)"
20.171.207.23 - - [18/Oct/2025:09:11:56 -0400] "GET /pages.php?routine/p8?pid=45955 HTTP/1.1" 200 19107 "-" "Mozilla/5.0 AppleWebKit/537.36 (KHTML, like Gecko; compatible; GPTBot/1.2; +https://openai.com/gptbot)"
176.126.245.48 - - [18/Oct/2025:09:11:55 -0400] "GET /images/images/images/images/images/images/images/images/images/tradegpt/langs/az/index.php HTTP/1.1" 200 5373 "-" "Mozilla/5.0 (iPhone; CPU iPhone OS 17_0 like Mac OS X) AppleWebKit/605.1.15 (KHTML, like Gecko) Version/17.0 Mobile/15E148 Safari/604.1"
20.171.207.23 - - [18/Oct/2025:09:12:00 -0400] "GET /pages.php?alleged/n69?pid=3032 HTTP/1.1" 200 18903 "-" "Mozilla/5.0 AppleWebKit/537.36 (KHTML, like Gecko; compatible; GPTBot/1.2; +https://openai.com/gptbot)"
34.195.248.30 - - [18/Oct/2025:09:12:00 -0400] "GET /wp-admin/?path=//proc/self/root/proc/thread-self/root/opt/alt/alt-nodejs9/root/usr/lib/node_modules/npm/node_modules/read-package-json HTTP/1.1" 200 3803 "-" "Mozilla/5.0 AppleWebKit/537.36 (KHTML, like Gecko; compatible; Amazonbot/0.1; +https://developer.amazon.com/support/amazonbot) Chrome/119.0.6045.214 Safari/537.36"
20.171.207.23 - - [18/Oct/2025:09:12:02 -0400] "GET /pages.php?whisper/g69?pid=3028 HTTP/1.1" 200 18672 "-" "Mozilla/5.0 AppleWebKit/537.36 (KHTML, like Gecko; compatible; GPTBot/1.2; +https://openai.com/gptbot)"
20.171.207.22 - - [18/Oct/2025:09:12:01 -0400] "GET /?path=//proc/self/root/proc/self/root/proc/thread-self/root/proc/thread-self/root/proc/thread-self/root/home/salhiscp/lscache/b/d/c HTTP/1.1" 200 3301 "-" "Mozilla/5.0 AppleWebKit/537.36 (KHTML, like Gecko; compatible; GPTBot/1.2; +https://openai.com/gptbot)"
52.44.229.124 - - [18/Oct/2025:09:12:04 -0400] "GET /wp-admin/?path=//proc/thread-self/root/proc/self/root/proc/self/root/home/salhiscp/www/wp-includes/Requests/library HTTP/1.1" 200 3432 "-" "Mozilla/5.0 AppleWebKit/537.36 (KHTML, like Gecko; compatible; Amazonbot/0.1; +https://developer.amazon.com/support/amazonbot) Chrome/119.0.6045.214 Safari/537.36"
20.171.207.23 - - [18/Oct/2025:09:12:04 -0400] "GET /pages.php?violate/o9?pid=19910 HTTP/1.1" 200 18820 "-" "Mozilla/5.0 AppleWebKit/537.36 (KHTML, like Gecko; compatible; GPTBot/1.2; +https://openai.com/gptbot)"
20.171.207.23 - - [18/Oct/2025:09:12:05 -0400] "GET /pages.php?item/u23/27138/ HTTP/1.1" 200 18710 "-" "Mozilla/5.0 AppleWebKit/537.36 (KHTML, like Gecko; compatible; GPTBot/1.2; +https://openai.com/gptbot)"
146.174.186.122 - - [18/Oct/2025:09:12:05 -0400] "GET /hyper-casino-les-probabilites-pour-des-strategies-gagnantes/?path=//proc/thread-self/root/usr/share/locale/nb_NO HTTP/1.1" 200 3342 "-" "Mozilla/5.0 (X11; U; Linux i686; pl-PL; rv:1.9.0.2) Gecko/20121223 Ubuntu/9.25 (jaunty) Firefox/3.8"
57.141.0.68 - - [18/Oct/2025:09:12:07 -0400] "GET /1788574605?path=/home/salhiscp/public_html/wp-includes/ID3 HTTP/1.1" 200 41493 "-" "meta-externalagent/1.1 (+https://developers.facebook.com/docs/sharing/webmasters/crawler)"
20.171.207.23 - - [18/Oct/2025:09:12:08 -0400] "GET /pages.php?014000076.htm HTTP/1.1" 200 19082 "-" "Mozilla/5.0 AppleWebKit/537.36 (KHTML, like Gecko; compatible; GPTBot/1.2; +https://openai.com/gptbot)"
20.171.207.23 - - [18/Oct/2025:09:12:09 -0400] "GET /pages.php?willing/q7?pid=44978 HTTP/1.1" 200 19014 "-" "Mozilla/5.0 AppleWebKit/537.36 (KHTML, like Gecko; compatible; GPTBot/1.2; +https://openai.com/gptbot)"
47.128.50.186 - - [18/Oct/2025:09:12:09 -0400] "GET /decouvrir-les-secrets-des-probabilites-au-hyper-casino-pour-mieux-jouer-2/?fileloc=%2Fhome%2Fsalhiscp%2Flscache%2Fb%2Fc%2Fb%2Fbcb0eb6f6bf8240a&path=%2Fhome%2Fsalhiscp%2Flscache%2Fb%2Fc%2Fb HTTP/1.1" 200 11845 "-" "Mozilla/5.0 (Linux; Android 5.0) AppleWebKit/537.36 (KHTML, like Gecko) Mobile Safari/537.36 (compatible; Bytespider; spider-feedback@bytedance.com)"
69.197.149.50 - - [18/Oct/2025:09:12:09 -0400] "GET /wp-content/qq571050/index.php?id=676800 HTTP/1.1" 200 0 "https://salhab360booth.com/wp-content/qq571050/index.php?id=676800" "Mozilla/5.0 (Windows NT 10.0; Win64; x64) AppleWebKit/537.36 (KHTML, like Gecko) Chrome/58.0.3029.110 Safari/537.3"
54.164.106.236 - - [18/Oct/2025:09:11:51 -0400] "GET /wp-admin/?path=//proc/self/root/proc/thread-self/root/opt/alt/alt-nodejs8/root/usr/lib/node_modules/npm/node_modules.bundled/delayed-stream HTTP/1.1" 200 3835 "-" "Mozilla/5.0 AppleWebKit/537.36 (KHTML, like Gecko; compatible; Amazonbot/0.1; +https://developer.amazon.com/support/amazonbot) Chrome/119.0.6045.214 Safari/537.36"
20.171.207.23 - - [18/Oct/2025:09:11:53 -0400] "GET /pages.php?teacher/i5?pid=11468 HTTP/1.1" 200 18443 "-" "Mozilla/5.0 AppleWebKit/537.36 (KHTML, like Gecko; compatible; GPTBot/1.2; +https://openai.com/gptbot)"
20.171.207.23 - - [18/Oct/2025:09:11:55 -0400] "GET /pages.php?physics/w22?pid=7729 HTTP/1.1" 200 18893 "-" "Mozilla/5.0 AppleWebKit/537.36 (KHTML, like Gecko; compatible; GPTBot/1.2; +https://openai.com/gptbot)"
202.76.165.14 - - [18/Oct/2025:09:11:53 -0400] "GET /hyper-casino-les-probabilites-pour-des-strategies-gagnantes/?path=//proc/thread-self/root/usr/share/locale/myn HTTP/1.1" 200 3327 "-" "Mozilla/5.0 (Windows NT 6.1; rv:22.0) Gecko/20130405 Firefox/22.0"
20.171.207.23 - - [18/Oct/2025:09:11:57 -0400] "GET /pages.php?049000331.htm HTTP/1.1" 200 19366 "-" "Mozilla/5.0 AppleWebKit/537.36 (KHTML, like Gecko; compatible; GPTBot/1.2; +https://openai.com/gptbot)"
52.204.37.237 - - [18/Oct/2025:09:11:56 -0400] "GET /wp-admin/?path=//proc/self/root/proc/thread-self/root/opt/alt/alt-nodejs9/root/lib/node_modules/npm/node_modules.bundled/sorted-object HTTP/1.1" 200 3665 "-" "Mozilla/5.0 AppleWebKit/537.36 (KHTML, like Gecko; compatible; Amazonbot/0.1; +https://developer.amazon.com/support/amazonbot) Chrome/119.0.6045.214 Safari/537.36"
20.171.207.23 - - [18/Oct/2025:09:11:58 -0400] "GET /pages.php?illness/e45?pid=4456 HTTP/1.1" 200 18870 "-" "Mozilla/5.0 AppleWebKit/537.36 (KHTML, like Gecko; compatible; GPTBot/1.2; +https://openai.com/gptbot)"
20.171.207.23 - - [18/Oct/2025:09:12:01 -0400] "GET /pages.php?suspect/a4?pid=33479 HTTP/1.1" 200 19812 "-" "Mozilla/5.0 AppleWebKit/537.36 (KHTML, like Gecko; compatible; GPTBot/1.2; +https://openai.com/gptbot)"
20.171.207.23 - - [18/Oct/2025:09:12:03 -0400] "GET /pages.php?massive/i45?pid=4462 HTTP/1.1" 200 18944 "-" "Mozilla/5.0 AppleWebKit/537.36 (KHTML, like Gecko; compatible; GPTBot/1.2; +https://openai.com/gptbot)"
216.73.216.222 - - [18/Oct/2025:09:12:04 -0400] "GET /join-the-fun-mplays-slot-teen-patti-for-teen-patti-party-fans?path=%2F%2Fhome%2Fsalhiscp%2Flscache%2F2%2Fa HTTP/1.1" 200 2992 "-" "Mozilla/5.0 AppleWebKit/537.36 (KHTML, like Gecko; compatible; ClaudeBot/1.0; +claudebot@anthropic.com)"
20.171.207.23 - - [18/Oct/2025:09:12:06 -0400] "GET /pages.php?feeling/a9?pid=29246 HTTP/1.1" 200 19793 "-" "Mozilla/5.0 AppleWebKit/537.36 (KHTML, like Gecko; compatible; GPTBot/1.2; +https://openai.com/gptbot)"
3.213.106.226 - - [18/Oct/2025:09:12:08 -0400] "GET /wp-admin/?path=//proc/thread-self/root/proc/self/root/proc/thread-self/root/proc/thread-self/root/lib/firewalld/zones HTTP/1.1" 200 3923 "-" "Mozilla/5.0 AppleWebKit/537.36 (KHTML, like Gecko; compatible; Amazonbot/0.1; +https://developer.amazon.com/support/amazonbot) Chrome/119.0.6045.214 Safari/537.36"
20.171.207.23 - - [18/Oct/2025:09:12:10 -0400] "GET /pages.php?poverty/w22?pid=7729 HTTP/1.1" 200 18798 "-" "Mozilla/5.0 AppleWebKit/537.36 (KHTML, like Gecko; compatible; GPTBot/1.2; +https://openai.com/gptbot)"
18.130.209.75 - - [18/Oct/2025:09:12:10 -0400] "GET /images/images/images/images/images/images/images/images/images/images/images/index.php HTTP/1.1" 200 5435 "-" "Mozilla/5.0 (Windows NT 10.0; Win64; x64) AppleWebKit/537.36 (KHTML, like Gecko) Chrome/139.0.0.0 Safari/537.36"
100.29.63.24 - - [18/Oct/2025:09:12:12 -0400] "GET /wp-admin/?path=//proc/self/root/proc/thread-self/root/opt/alt/alt-nodejs11/root/lib/node_modules/npm/node_modules.bundled/strip-ansi HTTP/1.1" 200 3674 "-" "Mozilla/5.0 AppleWebKit/537.36 (KHTML, like Gecko; compatible; Amazonbot/0.1; +https://developer.amazon.com/support/amazonbot) Chrome/119.0.6045.214 Safari/537.36"
20.171.207.23 - - [18/Oct/2025:09:12:13 -0400] "GET /pages.php?already/k69?pid=3030 HTTP/1.1" 200 19441 "-" "Mozilla/5.0 AppleWebKit/537.36 (KHTML, like Gecko; compatible; GPTBot/1.2; +https://openai.com/gptbot)"
20.171.207.22 - - [18/Oct/2025:09:12:12 -0400] "GET /?path=//proc/self/root/proc/self/root/proc/thread-self/root/proc/thread-self/root/proc/thread-self/root/home/salhiscp/lscache/c/a/c HTTP/1.1" 200 3266 "-" "Mozilla/5.0 AppleWebKit/537.36 (KHTML, like Gecko; compatible; GPTBot/1.2; +https://openai.com/gptbot)"
45.201.0.159 - - [18/Oct/2025:09:12:12 -0400] "GET /images/images/images/images/images/images/images/images/images/images/images/index.php HTTP/1.1" 200 5373 "-" "Mozilla/5.0 (Windows NT 10.0; Win64; x64) AppleWebKit/537.36 (KHTML, like Gecko) Chrome/139.0.0.0 Safari/537.36"
20.171.207.23 - - [18/Oct/2025:09:12:15 -0400] "GET /pages.php?healthy/a4?pid=33479 HTTP/1.1" 200 19916 "-" "Mozilla/5.0 AppleWebKit/537.36 (KHTML, like Gecko; compatible; GPTBot/1.2; +https://openai.com/gptbot)"
20.171.207.23 - - [18/Oct/2025:09:12:17 -0400] "GET /pages.php?pleased/w22?pid=7729 HTTP/1.1" 200 18650 "-" "Mozilla/5.0 AppleWebKit/537.36 (KHTML, like Gecko; compatible; GPTBot/1.2; +https://openai.com/gptbot)"
20.171.207.23 - - [18/Oct/2025:09:12:18 -0400] "GET /pages.php?healthy/s4?pid=14825 HTTP/1.1" 200 19192 "-" "Mozilla/5.0 AppleWebKit/537.36 (KHTML, like Gecko; compatible; GPTBot/1.2; +https://openai.com/gptbot)"
20.171.207.23 - - [18/Oct/2025:09:12:19 -0400] "GET /pages.php?tighten/i51?pid=6162 HTTP/1.1" 200 18387 "-" "Mozilla/5.0 AppleWebKit/537.36 (KHTML, like Gecko; compatible; GPTBot/1.2; +https://openai.com/gptbot)"
20.171.207.23 - - [18/Oct/2025:09:12:20 -0400] "GET /pages.php?purpose/t2?pid=47571 HTTP/1.1" 200 18714 "-" "Mozilla/5.0 AppleWebKit/537.36 (KHTML, like Gecko; compatible; GPTBot/1.2; +https://openai.com/gptbot)"
34.204.150.196 - - [18/Oct/2025:09:12:22 -0400] "GET /wp-admin/?path=//proc/self/root/proc/thread-self/root/opt/alt/alt-nodejs8/root/usr/lib/node_modules/npm/node_modules.bundled/ansi-styles HTTP/1.1" 200 3673 "-" "Mozilla/5.0 AppleWebKit/537.36 (KHTML, like Gecko; compatible; Amazonbot/0.1; +https://developer.amazon.com/support/amazonbot) Chrome/119.0.6045.214 Safari/537.36"
20.171.207.22 - - [18/Oct/2025:09:12:22 -0400] "GET /?path=//proc/self/root/proc/self/root/proc/thread-self/root/proc/thread-self/root/proc/thread-self/root/home/salhiscp/.softaculous/wp_manager/screenshots HTTP/1.1" 200 2960 "-" "Mozilla/5.0 AppleWebKit/537.36 (KHTML, like Gecko; compatible; GPTBot/1.2; +https://openai.com/gptbot)"
20.171.207.23 - - [18/Oct/2025:09:12:23 -0400] "GET /pages.php?habitat/u45?pid=4466 HTTP/1.1" 200 19479 "-" "Mozilla/5.0 AppleWebKit/537.36 (KHTML, like Gecko; compatible; GPTBot/1.2; +https://openai.com/gptbot)"
20.171.207.23 - - [18/Oct/2025:09:12:25 -0400] "GET /pages.php?seventh/w69?pid=3036 HTTP/1.1" 200 18632 "-" "Mozilla/5.0 AppleWebKit/537.36 (KHTML, like Gecko; compatible; GPTBot/1.2; +https://openai.com/gptbot)"
34.238.45.183 - - [18/Oct/2025:09:12:26 -0400] "GET /wp-admin/?path=//proc/self/root/proc/thread-self/root/opt/alt/alt-nodejs22/root/lib/node_modules/npm/node_modules/proggy/lib HTTP/1.1" 200 3595 "-" "Mozilla/5.0 AppleWebKit/537.36 (KHTML, like Gecko; compatible; Amazonbot/0.1; +https://developer.amazon.com/support/amazonbot) Chrome/119.0.6045.214 Safari/537.36"
20.171.207.23 - - [18/Oct/2025:09:12:28 -0400] "GET /pages.php?capital/k69?pid=3030 HTTP/1.1" 200 18561 "-" "Mozilla/5.0 AppleWebKit/537.36 (KHTML, like Gecko; compatible; GPTBot/1.2; +https://openai.com/gptbot)"
54.147.238.89 - - [18/Oct/2025:09:12:28 -0400] "GET /wp-admin/?path=//proc/thread-self/root/proc/thread-self/root/opt/alt/alt-nodejs10/root/lib/node_modules/npm/node_modules/lock-verify HTTP/1.1" 200 3659 "-" "Mozilla/5.0 AppleWebKit/537.36 (KHTML, like Gecko; compatible; Amazonbot/0.1; +https://developer.amazon.com/support/amazonbot) Chrome/119.0.6045.214 Safari/537.36"
109.156.124.185 - - [18/Oct/2025:09:12:10 -0400] "GET /images/images/images/images/images/images/images/images/images/images/images/index.php HTTP/1.1" 200 5435 "-" "Mozilla/5.0 (Windows NT 10.0; Win64; x64) AppleWebKit/537.36 (KHTML, like Gecko) Chrome/139.0.0.0 Safari/537.36"
20.171.207.23 - - [18/Oct/2025:09:12:11 -0400] "GET /pages.php?typical/s22?pid=9823 HTTP/1.1" 200 18761 "-" "Mozilla/5.0 AppleWebKit/537.36 (KHTML, like Gecko; compatible; GPTBot/1.2; +https://openai.com/gptbot)"
20.171.207.23 - - [18/Oct/2025:09:12:14 -0400] "GET /pages.php?neither/h8?pid=25285 HTTP/1.1" 200 19107 "-" "Mozilla/5.0 AppleWebKit/537.36 (KHTML, like Gecko; compatible; GPTBot/1.2; +https://openai.com/gptbot)"
216.73.216.222 - - [18/Oct/2025:09:12:16 -0400] "GET /join-the-fun-mplays-slot-teen-patti-for-teen-patti-party-fans?path=%2F%2Fhome%2Fsalhiscp%2Flscache%2F2%2F8 HTTP/1.1" 200 2957 "-" "Mozilla/5.0 AppleWebKit/537.36 (KHTML, like Gecko; compatible; ClaudeBot/1.0; +claudebot@anthropic.com)"
92.16.223.49 - - [18/Oct/2025:09:12:16 -0400] "GET /images/images/images/images/images/images/images/images/images/images/images/index.php HTTP/1.1" 200 5373 "-" "Mozilla/5.0 (Windows NT 10.0; Win64; x64) AppleWebKit/537.36 (KHTML, like Gecko) Chrome/139.0.0.0 Safari/537.36"
146.174.171.72 - - [18/Oct/2025:09:12:16 -0400] "GET /hyper-casino-les-probabilites-pour-des-strategies-gagnantes/?path=//proc/thread-self/root/usr/share/locale/nyn HTTP/1.1" 200 3327 "-" "Mozilla/5.0 (X11; U; Linux x86_64; da-DK; rv:1.9.2.13) Gecko/20101206 Ubuntu/10.10 (maverick) Firefox/3.6.13"
114.119.142.247 - - [18/Oct/2025:09:12:19 -0400] "GET /products/99gm14380 HTTP/1.1" 200 5373 "https://salhab360booth.com/?sitemap880.xml" "Mozilla/5.0 (Linux; Android 7.0;) AppleWebKit/537.36 (KHTML, like Gecko) Mobile Safari/537.36 (compatible; PetalBot;+https://webmaster.petalsearch.com/site/petalbot)"
20.171.207.23 - - [18/Oct/2025:09:12:21 -0400] "GET /pages.php?massive/d5?pid=48458 HTTP/1.1" 200 18592 "-" "Mozilla/5.0 AppleWebKit/537.36 (KHTML, like Gecko; compatible; GPTBot/1.2; +https://openai.com/gptbot)"
20.171.207.23 - - [18/Oct/2025:09:12:24 -0400] "GET /pages.php?sibling/n69?pid=3032 HTTP/1.1" 200 18501 "-" "Mozilla/5.0 AppleWebKit/537.36 (KHTML, like Gecko; compatible; GPTBot/1.2; +https://openai.com/gptbot)"
20.171.207.23 - - [18/Oct/2025:09:12:26 -0400] "GET /pages.php?worried/i69?pid=3034 HTTP/1.1" 200 18594 "-" "Mozilla/5.0 AppleWebKit/537.36 (KHTML, like Gecko; compatible; GPTBot/1.2; +https://openai.com/gptbot)"
20.171.207.23 - - [18/Oct/2025:09:12:29 -0400] "GET /pages.php?survive/a99?pid=9030 HTTP/1.1" 200 18765 "-" "Mozilla/5.0 AppleWebKit/537.36 (KHTML, like Gecko; compatible; GPTBot/1.2; +https://openai.com/gptbot)"
34.225.243.131 - - [18/Oct/2025:09:12:29 -0400] "GET /wp-admin/?fileloc=//proc/self/root/opt/alt/alt-nodejs10/root/lib/node_modules/npm/node_modules.bundled/get-caller-file/index.d.ts&path=//proc/self/root/opt/alt/alt-nodejs10/root/lib/node_modules/npm/node_modules.bundled/get-caller-file HTTP/1.1" 200 3116 "-" "Mozilla/5.0 AppleWebKit/537.36 (KHTML, like Gecko; compatible; Amazonbot/0.1; +https://developer.amazon.com/support/amazonbot) Chrome/119.0.6045.214 Safari/537.36"
202.76.164.232 - - [18/Oct/2025:09:12:29 -0400] "GET /hyper-casino-les-probabilites-pour-des-strategies-gagnantes/?path=//proc/thread-self/root/usr/share/locale/oc HTTP/1.1" 200 3322 "-" "Mozilla/5.0 (Macintosh; U; Intel Mac OS X 10.6; he; rv:1.9.1b4pre) Gecko/20100405 Firefox/3.6.3plugin1"
20.171.207.22 - - [18/Oct/2025:09:12:31 -0400] "GET /?path=//proc/self/root/proc/self/root/proc/thread-self/root/proc/thread-self/root/proc/thread-self/root/home/salhiscp/lscache/c/f/c HTTP/1.1" 200 3253 "-" "Mozilla/5.0 AppleWebKit/537.36 (KHTML, like Gecko; compatible; GPTBot/1.2; +https://openai.com/gptbot)"
20.171.207.23 - - [18/Oct/2025:09:12:35 -0400] "GET /pages.php?confess/s45?pid=4454 HTTP/1.1" 200 18600 "-" "Mozilla/5.0 AppleWebKit/537.36 (KHTML, like Gecko; compatible; GPTBot/1.2; +https://openai.com/gptbot)"
66.249.70.134 - - [18/Oct/2025:09:12:29 -0400] "GET /1654852016?items=1652144194 HTTP/1.1" 200 18595 "-" "Mozilla/5.0 (Linux; Android 6.0.1; Nexus 5X Build/MMB29P) AppleWebKit/537.36 (KHTML, like Gecko) Chrome/140.0.7339.207 Mobile Safari/537.36 (compatible; Googlebot/2.1; +http://www.google.com/bot.html)"
20.171.207.23 - - [18/Oct/2025:09:12:30 -0400] "GET /pages.php?item/u274/16945/ HTTP/1.1" 200 18761 "-" "Mozilla/5.0 AppleWebKit/537.36 (KHTML, like Gecko; compatible; GPTBot/1.2; +https://openai.com/gptbot)"
20.171.207.23 - - [18/Oct/2025:09:12:32 -0400] "GET /pages.php?achieve/s22?pid=9823 HTTP/1.1" 200 18990 "-" "Mozilla/5.0 AppleWebKit/537.36 (KHTML, like Gecko; compatible; GPTBot/1.2; +https://openai.com/gptbot)"
20.171.207.23 - - [18/Oct/2025:09:12:33 -0400] "GET /pages.php?airport/s34?pid=8783 HTTP/1.1" 200 19002 "-" "Mozilla/5.0 AppleWebKit/537.36 (KHTML, like Gecko; compatible; GPTBot/1.2; +https://openai.com/gptbot)"
52.204.81.148 - - [18/Oct/2025:09:12:32 -0400] "GET /wp-admin/?fileloc=//proc/thread-self/root/proc/self/root/lib/node_modules/npm/node_modules/uri-js/dist/esnext/schemes/urn-uuid.js&path=//proc/thread-self/root/proc/self/root/lib/node_modules/npm/node_modules/uri-js/dist/esnext/schemes HTTP/1.1" 200 3435 "-" "Mozilla/5.0 AppleWebKit/537.36 (KHTML, like Gecko; compatible; Amazonbot/0.1; +https://developer.amazon.com/support/amazonbot) Chrome/119.0.6045.214 Safari/537.36"
20.171.207.23 - - [18/Oct/2025:09:12:34 -0400] "GET /pages.php?concept/r6?pid=15117 HTTP/1.1" 200 18915 "-" "Mozilla/5.0 AppleWebKit/537.36 (KHTML, like Gecko; compatible; GPTBot/1.2; +https://openai.com/gptbot)"
18.130.209.75 - - [18/Oct/2025:09:12:33 -0400] "GET /wp-content/options.php HTTP/1.1" 200 5373 "-" "Mozilla/5.0 (iPhone; CPU iPhone OS 15_0 like Mac OS X) AppleWebKit/605.1.15 (KHTML, like Gecko) Version/15.0 Mobile/15E148 Safari/604.1"
20.171.207.23 - - [18/Oct/2025:09:12:36 -0400] "GET /pages.php?between/w69?pid=3036 HTTP/1.1" 200 19660 "-" "Mozilla/5.0 AppleWebKit/537.36 (KHTML, like Gecko; compatible; GPTBot/1.2; +https://openai.com/gptbot)"
47.128.124.90 - - [18/Oct/2025:09:12:34 -0400] "GET /how-to-play-blackjack-from-beginner-to-expert/?fileloc=%2Fhome%2Fsalhiscp%2Fpublic_html%2Fgooglefdfa70c42332752b.html&path=%2Fhome%2Fsalhiscp%2Fpublic_html HTTP/1.1" 200 2473 "-" "Mozilla/5.0 (Linux; Android 5.0) AppleWebKit/537.36 (KHTML, like Gecko) Mobile Safari/537.36 (compatible; Bytespider; spider-feedback@bytedance.com)"
20.171.207.23 - - [18/Oct/2025:09:12:38 -0400] "GET /pages.php?hearing/s45?pid=4464 HTTP/1.1" 200 18579 "-" "Mozilla/5.0 AppleWebKit/537.36 (KHTML, like Gecko; compatible; GPTBot/1.2; +https://openai.com/gptbot)"
52.202.233.37 - - [18/Oct/2025:09:12:35 -0400] "GET /wp-admin/?path=//proc/self/root/proc/thread-self/root/opt/alt/alt-nodejs10/root/lib/node_modules/npm/node_modules.bundled/sorted-union-stream/node_modules HTTP/1.1" 200 3638 "-" "Mozilla/5.0 AppleWebKit/537.36 (KHTML, like Gecko; compatible; Amazonbot/0.1; +https://developer.amazon.com/support/amazonbot) Chrome/119.0.6045.214 Safari/537.36"
66.249.70.98 - - [18/Oct/2025:09:12:39 -0400] "GET /1098394506?items=1096597418 HTTP/1.1" 200 18665 "-" "Mozilla/5.0 (Linux; Android 6.0.1; Nexus 5X Build/MMB29P) AppleWebKit/537.36 (KHTML, like Gecko) Chrome/140.0.7339.207 Mobile Safari/537.36 (compatible; Googlebot/2.1; +http://www.google.com/bot.html)"
216.244.66.235 - - [18/Oct/2025:09:12:36 -0400] "GET /teavana-infusion-pitcher-2-quart-bpa-free-blue-takeya-REZCGEJUWVFWVwoH?path=/home/salhiscp/public_html/.well-known HTTP/1.1" 200 15763 "-" "Mozilla/5.0 (compatible; DotBot/1.2; +https://opensiteexplorer.org/dotbot; help@moz.com)"
20.171.207.23 - - [18/Oct/2025:09:12:44 -0400] "GET /pages.php?version/s45?pid=4464 HTTP/1.1" 200 18869 "-" "Mozilla/5.0 AppleWebKit/537.36 (KHTML, like Gecko; compatible; GPTBot/1.2; +https://openai.com/gptbot)"
82.133.61.67 - - [18/Oct/2025:09:12:34 -0400] "GET /wp-content/options.php HTTP/1.1" 200 5372 "-" "Mozilla/5.0 (iPhone; CPU iPhone OS 15_0 like Mac OS X) AppleWebKit/605.1.15 (KHTML, like Gecko) Version/15.0 Mobile/15E148 Safari/604.1"
