20.171.207.22 - - [18/Oct/2025:08:25:32 -0400] "GET /?path=//proc/self/root/proc/self/root/proc/thread-self/root/proc/thread-self/root/proc/thread-self/root/proc/thread-self/root/var/softaculous/osupport HTTP/1.1" 200 3528 "-" "Mozilla/5.0 AppleWebKit/537.36 (KHTML, like Gecko; compatible; GPTBot/1.2; +https://openai.com/gptbot)"
20.171.207.23 - - [18/Oct/2025:08:25:35 -0400] "GET /pages.php?temple/d84?pid=44645 HTTP/1.1" 200 18737 "-" "Mozilla/5.0 AppleWebKit/537.36 (KHTML, like Gecko; compatible; GPTBot/1.2; +https://openai.com/gptbot)"
20.171.207.23 - - [18/Oct/2025:08:25:36 -0400] "GET /pages.php?better/s46?pid=41715 HTTP/1.1" 200 18632 "-" "Mozilla/5.0 AppleWebKit/537.36 (KHTML, like Gecko; compatible; GPTBot/1.2; +https://openai.com/gptbot)"
136.243.220.209 - - [18/Oct/2025:08:25:34 -0400] "GET /items/djbvz236/35896?fileloc=/home/salhiscp/public_html/error_log&path=/home/salhiscp/public_html HTTP/1.1" 200 44059 "-" "Mozilla/5.0 (compatible; DataForSeoBot/1.0; +https://dataforseo.com/dataforseo-bot)"
20.171.207.22 - - [18/Oct/2025:08:25:35 -0400] "GET /?path=//proc/self/root/proc/self/root/proc/thread-self/root/proc/thread-self/root/proc/thread-self/root/proc/thread-self/root/var/softaculous/easyapmt HTTP/1.1" 200 3606 "-" "Mozilla/5.0 AppleWebKit/537.36 (KHTML, like Gecko; compatible; GPTBot/1.2; +https://openai.com/gptbot)"
20.171.207.23 - - [18/Oct/2025:08:25:37 -0400] "GET /pages.php?singer/a99?pid=39386 HTTP/1.1" 200 18232 "-" "Mozilla/5.0 AppleWebKit/537.36 (KHTML, like Gecko; compatible; GPTBot/1.2; +https://openai.com/gptbot)"
20.171.207.22 - - [18/Oct/2025:08:25:38 -0400] "GET /?path=//proc/self/root/proc/self/root/proc/thread-self/root/proc/thread-self/root/proc/thread-self/root/proc/thread-self/root/var/softaculous/shopware HTTP/1.1" 200 3844 "-" "Mozilla/5.0 AppleWebKit/537.36 (KHTML, like Gecko; compatible; GPTBot/1.2; +https://openai.com/gptbot)"
45.133.172.214 - - [18/Oct/2025:08:25:23 -0400] "GET /images/images/images/images/images/images/cgi-bin/cgi-bin/cgi-bin/cgi-bin/cache.php HTTP/1.1" 200 5372 "-" "Mozilla/5.0 (Linux, Android 10, K) AppleWebKit/537.36 (KHTML, like Gecko) Chrome/140.0.0.0 Mobile Safari/537.36"
20.171.207.23 - - [18/Oct/2025:08:25:29 -0400] "GET /pages.php?gifted/b55?pid=12858 HTTP/1.1" 200 19993 "-" "Mozilla/5.0 AppleWebKit/537.36 (KHTML, like Gecko; compatible; GPTBot/1.2; +https://openai.com/gptbot)"
18.171.61.169 - - [18/Oct/2025:08:25:24 -0400] "GET /images/images/images/images/images/images/cgi-bin/cgi-bin/cgi-bin/cgi-bin/cache.php HTTP/1.1" 200 5435 "-" "Mozilla/5.0 (Linux, Android 10, K) AppleWebKit/537.36 (KHTML, like Gecko) Chrome/140.0.0.0 Mobile Safari/537.36"
20.171.207.23 - - [18/Oct/2025:08:25:30 -0400] "GET /pages.php?171038769.htm HTTP/1.1" 200 18612 "-" "Mozilla/5.0 AppleWebKit/537.36 (KHTML, like Gecko; compatible; GPTBot/1.2; +https://openai.com/gptbot)"
20.171.207.22 - - [18/Oct/2025:08:25:28 -0400] "GET /?path=//proc/self/root/proc/self/root/proc/thread-self/root/proc/thread-self/root/proc/thread-self/root/proc/self/root/proc/self/root/var/softaculous/bootstrap/images HTTP/1.1" 200 2981 "-" "Mozilla/5.0 AppleWebKit/537.36 (KHTML, like Gecko; compatible; GPTBot/1.2; +https://openai.com/gptbot)"
43.173.182.58 - - [18/Oct/2025:08:25:31 -0400] "GET /whwgc.php?fileloc=//lib/os-release&path=//lib HTTP/1.1" 200 3102 "-" "Mozilla/5.0 (Windows NT 10.0; Win64; x64) AppleWebKit/537.36 (KHTML, like Gecko) Chrome/112.0.0.0 Safari/537.36"
34.206.193.60 - - [18/Oct/2025:08:25:31 -0400] "GET /wp-admin/?path=//proc/thread-self/root/proc/self/root/proc/self/root/proc/self/root/lib/.build-id/ed HTTP/1.1" 200 4128 "-" "Mozilla/5.0 AppleWebKit/537.36 (KHTML, like Gecko; compatible; Amazonbot/0.1; +https://developer.amazon.com/support/amazonbot) Chrome/119.0.6045.214 Safari/537.36"
44.194.139.149 - - [18/Oct/2025:08:25:35 -0400] "GET /wp-admin/?path=//proc/thread-self/root/proc/self/root/proc/thread-self/cwd/css/colors/light/light/nextjs HTTP/1.1" 200 3412 "-" "Mozilla/5.0 AppleWebKit/537.36 (KHTML, like Gecko; compatible; Amazonbot/0.1; +https://developer.amazon.com/support/amazonbot) Chrome/119.0.6045.214 Safari/537.36"
20.171.207.23 - - [18/Oct/2025:08:25:38 -0400] "GET /pages.php?medium/y43?pid=42814 HTTP/1.1" 200 18580 "-" "Mozilla/5.0 AppleWebKit/537.36 (KHTML, like Gecko; compatible; GPTBot/1.2; +https://openai.com/gptbot)"
20.171.207.23 - - [18/Oct/2025:08:25:39 -0400] "GET /pages.php?dinner/z217?pid=1610 HTTP/1.1" 200 18842 "-" "Mozilla/5.0 AppleWebKit/537.36 (KHTML, like Gecko; compatible; GPTBot/1.2; +https://openai.com/gptbot)"
136.243.220.209 - - [18/Oct/2025:08:25:38 -0400] "GET /items/djbvz236/35896?fileloc=/home/salhiscp/public_html/wp-cron.php&path=/home/salhiscp/public_html HTTP/1.1" 200 4594 "-" "Mozilla/5.0 (compatible; DataForSeoBot/1.0; +https://dataforseo.com/dataforseo-bot)"
20.171.207.23 - - [18/Oct/2025:08:25:41 -0400] "GET /pages.php?heaven/j70?pid=40567 HTTP/1.1" 200 19151 "-" "Mozilla/5.0 AppleWebKit/537.36 (KHTML, like Gecko; compatible; GPTBot/1.2; +https://openai.com/gptbot)"
202.76.163.54 - - [18/Oct/2025:08:25:38 -0400] "GET /hyper-casino-les-probabilites-pour-des-strategies-gagnantes/?path=//proc/thread-self/root/var/softaculous/admidio/php82 HTTP/1.1" 200 3629 "-" "Mozilla/5.0 (X11; Linux x86_64) AppleWebKit/535.11 (KHTML, like Gecko) Chrome/17.0.963.12 Safari/535.11"
20.171.207.23 - - [18/Oct/2025:08:25:42 -0400] "GET /pages.php?design/g238?pid=6769 HTTP/1.1" 200 19598 "-" "Mozilla/5.0 AppleWebKit/537.36 (KHTML, like Gecko; compatible; GPTBot/1.2; +https://openai.com/gptbot)"
57.141.0.62 - - [18/Oct/2025:08:25:39 -0400] "GET /270615496?fileloc=/home/salhiscp/public_html/wp-includes/feed-rss.php&path=/home/salhiscp/public_html/wp-includes HTTP/1.1" 200 14029 "-" "meta-externalagent/1.1 (+https://developers.facebook.com/docs/sharing/webmasters/crawler)"
18.209.137.234 - - [18/Oct/2025:08:25:39 -0400] "GET /wp-admin/?fileloc=//opt/alt/alt-nodejs8/root/lib/node_modules/npm/node_modules.bundled/read/lib/read.js&path=//opt/alt/alt-nodejs8/root/lib/node_modules/npm/node_modules.bundled/read/lib HTTP/1.1" 200 4022 "-" "Mozilla/5.0 AppleWebKit/537.36 (KHTML, like Gecko; compatible; Amazonbot/0.1; +https://developer.amazon.com/support/amazonbot) Chrome/119.0.6045.214 Safari/537.36"
20.171.207.22 - - [18/Oct/2025:08:25:41 -0400] "GET /?path=//proc/self/root/proc/self/root/proc/thread-self/root/proc/thread-self/root/proc/thread-self/root/proc/thread-self/root/var/softaculous/dropzone HTTP/1.1" 200 3306 "-" "Mozilla/5.0 AppleWebKit/537.36 (KHTML, like Gecko; compatible; GPTBot/1.2; +https://openai.com/gptbot)"
20.171.207.23 - - [18/Oct/2025:08:25:43 -0400] "GET /pages.php?sample/n244?pid=3943 HTTP/1.1" 200 18868 "-" "Mozilla/5.0 AppleWebKit/537.36 (KHTML, like Gecko; compatible; GPTBot/1.2; +https://openai.com/gptbot)"
52.4.229.9 - - [18/Oct/2025:08:25:43 -0400] "GET /wp-admin/?fileloc=//proc/self/root/opt/alt/alt-nodejs10/root/lib/node_modules/npm/node_modules.bundled/has/README.md&path=//proc/self/root/opt/alt/alt-nodejs10/root/lib/node_modules/npm/node_modules.bundled/has HTTP/1.1" 200 3208 "-" "Mozilla/5.0 AppleWebKit/537.36 (KHTML, like Gecko; compatible; Amazonbot/0.1; +https://developer.amazon.com/support/amazonbot) Chrome/119.0.6045.214 Safari/537.36"
20.171.207.23 - - [18/Oct/2025:08:25:45 -0400] "GET /pages.php?social/a256?pid=5721 HTTP/1.1" 200 19026 "-" "Mozilla/5.0 AppleWebKit/537.36 (KHTML, like Gecko; compatible; GPTBot/1.2; +https://openai.com/gptbot)"
136.243.220.209 - - [18/Oct/2025:08:25:46 -0400] "GET /items/djbvz236/35896?fileloc=/home/salhiscp/public_html/mah.php&path=/home/salhiscp/public_html HTTP/1.1" 200 3416 "-" "Mozilla/5.0 (compatible; DataForSeoBot/1.0; +https://dataforseo.com/dataforseo-bot)"
20.171.207.22 - - [18/Oct/2025:08:25:47 -0400] "GET /?path=//proc/self/root/proc/self/root/proc/thread-self/root/proc/thread-self/root/proc/thread-self/root/proc/thread-self/root/var/softaculous/suitecrm HTTP/1.1" 200 3840 "-" "Mozilla/5.0 AppleWebKit/537.36 (KHTML, like Gecko; compatible; GPTBot/1.2; +https://openai.com/gptbot)"
20.171.207.23 - - [18/Oct/2025:08:25:50 -0400] "GET /pages.php?powder/p194?pid=9615 HTTP/1.1" 200 19869 "-" "Mozilla/5.0 AppleWebKit/537.36 (KHTML, like Gecko; compatible; GPTBot/1.2; +https://openai.com/gptbot)"
20.171.207.22 - - [18/Oct/2025:08:25:50 -0400] "GET /?path=//proc/self/root/proc/self/root/proc/thread-self/root/proc/thread-self/root/proc/thread-self/root/proc/self/root/proc/self/root/var/softaculous/churchcrm/images HTTP/1.1" 200 2982 "-" "Mozilla/5.0 AppleWebKit/537.36 (KHTML, like Gecko; compatible; GPTBot/1.2; +https://openai.com/gptbot)"
66.249.70.134 - - [18/Oct/2025:08:25:52 -0400] "GET /1809187018?items=1806226602 HTTP/1.1" 200 18577 "-" "Mozilla/5.0 (Linux; Android 6.0.1; Nexus 5X Build/MMB29P) AppleWebKit/537.36 (KHTML, like Gecko) Chrome/140.0.7339.207 Mobile Safari/537.36 (compatible; Googlebot/2.1; +http://www.google.com/bot.html)"
20.171.207.23 - - [18/Oct/2025:08:25:52 -0400] "GET /pages.php?reader/y20?pid=10327 HTTP/1.1" 200 18908 "-" "Mozilla/5.0 AppleWebKit/537.36 (KHTML, like Gecko; compatible; GPTBot/1.2; +https://openai.com/gptbot)"
54.235.172.108 - - [18/Oct/2025:08:25:51 -0400] "GET /wp-admin/?path=//proc/thread-self/root/home/salhiscp/public_html/wp-includes/blocks/list-item HTTP/1.1" 200 3393 "-" "Mozilla/5.0 AppleWebKit/537.36 (KHTML, like Gecko; compatible; Amazonbot/0.1; +https://developer.amazon.com/support/amazonbot) Chrome/119.0.6045.214 Safari/537.36"
136.243.220.209 - - [18/Oct/2025:08:25:50 -0400] "GET /items/djbvz236/35896?fileloc=/home/salhiscp/public_html/networks.php&path=/home/salhiscp/public_html HTTP/1.1" 200 2491 "-" "Mozilla/5.0 (compatible; DataForSeoBot/1.0; +https://dataforseo.com/dataforseo-bot)"
136.243.220.209 - - [18/Oct/2025:08:25:42 -0400] "GET /items/djbvz236/35896?fileloc=/home/salhiscp/public_html/wp-comments-post.php&path=/home/salhiscp/public_html HTTP/1.1" 200 3560 "-" "Mozilla/5.0 (compatible; DataForSeoBot/1.0; +https://dataforseo.com/dataforseo-bot)"
20.171.207.22 - - [18/Oct/2025:08:25:44 -0400] "GET /?path=//proc/self/root/proc/self/root/proc/thread-self/root/proc/thread-self/root/proc/thread-self/root/proc/thread-self/root/var/softaculous/castopod HTTP/1.1" 200 3599 "-" "Mozilla/5.0 AppleWebKit/537.36 (KHTML, like Gecko; compatible; GPTBot/1.2; +https://openai.com/gptbot)"
217.113.194.21 - - [18/Oct/2025:08:25:43 -0400] "GET /finansovyj-grafik-ceny-zolota/feed/?fileloc=//bin/tail&path=//bin HTTP/1.1" 200 37674 "-" "Mozilla/5.0 (compatible; Barkrowler/0.9; +https://babbar.tech/crawler)"
20.171.207.23 - - [18/Oct/2025:08:25:46 -0400] "GET /pages.php?fiscal/c85?pid=33936 HTTP/1.1" 200 18810 "-" "Mozilla/5.0 AppleWebKit/537.36 (KHTML, like Gecko; compatible; GPTBot/1.2; +https://openai.com/gptbot)"
20.171.207.23 - - [18/Oct/2025:08:25:47 -0400] "GET /pages.php?insist/q281?pid=5100 HTTP/1.1" 200 19109 "-" "Mozilla/5.0 AppleWebKit/537.36 (KHTML, like Gecko; compatible; GPTBot/1.2; +https://openai.com/gptbot)"
23.21.227.240 - - [18/Oct/2025:08:25:47 -0400] "GET /wp-admin/?fileloc=//proc/self/root/opt/alt/alt-nodejs10/root/lib/node_modules/npm/node_modules.bundled/uuid/v1.js&path=//proc/self/root/opt/alt/alt-nodejs10/root/lib/node_modules/npm/node_modules.bundled/uuid HTTP/1.1" 200 4574 "-" "Mozilla/5.0 AppleWebKit/537.36 (KHTML, like Gecko; compatible; Amazonbot/0.1; +https://developer.amazon.com/support/amazonbot) Chrome/119.0.6045.214 Safari/537.36"
20.171.207.23 - - [18/Oct/2025:08:25:48 -0400] "GET /pages.php?plenty/e77?pid=26176 HTTP/1.1" 200 19810 "-" "Mozilla/5.0 AppleWebKit/537.36 (KHTML, like Gecko; compatible; GPTBot/1.2; +https://openai.com/gptbot)"
20.171.207.23 - - [18/Oct/2025:08:25:51 -0400] "GET /pages.php?sleeve/i278?pid=4229 HTTP/1.1" 200 18626 "-" "Mozilla/5.0 AppleWebKit/537.36 (KHTML, like Gecko; compatible; GPTBot/1.2; +https://openai.com/gptbot)"
66.249.70.135 - - [18/Oct/2025:08:25:52 -0400] "GET /357469763?items=0356885318 HTTP/1.1" 200 20056 "-" "Mozilla/5.0 (Linux; Android 6.0.1; Nexus 5X Build/MMB29P) AppleWebKit/537.36 (KHTML, like Gecko) Chrome/140.0.7339.207 Mobile Safari/537.36 (compatible; Googlebot/2.1; +http://www.google.com/bot.html)"
20.171.207.23 - - [18/Oct/2025:08:25:54 -0400] "GET /pages.php?spirit/m28?pid=15785 HTTP/1.1" 200 18919 "-" "Mozilla/5.0 AppleWebKit/537.36 (KHTML, like Gecko; compatible; GPTBot/1.2; +https://openai.com/gptbot)"
18.171.61.169 - - [18/Oct/2025:08:25:51 -0400] "GET /images/images/images/images/images/images/cgi-bin/cgi-bin/cgi-bin/cgi-bin/cgi-bin/cgi-bin/cgi-bin/cache.php HTTP/1.1" 200 5371 "-" "Mozilla/5.0 (Linux; Android 10; K) AppleWebKit/537.36 (KHTML, like Gecko) Chrome/141.0.0.0 Mobile Safari/537.36"
206.189.247.132 - - [18/Oct/2025:08:25:53 -0400] "GET /images/images/images/images/images/images/cgi-bin/cgi-bin/cgi-bin/cgi-bin/cgi-bin/cgi-bin/cgi-bin/cache.php HTTP/1.1" 200 5373 "-" "Mozilla/5.0 (Linux; Android 10; K) AppleWebKit/537.36 (KHTML, like Gecko) Chrome/141.0.0.0 Mobile Safari/537.36"
18.171.61.169 - - [18/Oct/2025:08:25:51 -0400] "GET /web/uadmin/bower_components/bootstrap/docs/4.0/examples/checkout/post_display_result.php HTTP/1.1" 200 5451 "-" "Mozilla/5.0 (Windows NT 10.0; Win64; x64) AppleWebKit/537.36 (KHTML, like Gecko) Chrome/100.0.4896.127 Safari/537.36"
159.89.220.43 - - [18/Oct/2025:08:25:52 -0400] "GET /web/uadmin/bower_components/bootstrap/docs/4.0/examples/checkout/post_display_result.php HTTP/1.1" 200 5366 "-" "Mozilla/5.0 (Windows NT 10.0; Win64; x64) AppleWebKit/537.36 (KHTML, like Gecko) Chrome/100.0.4896.127 Safari/537.36"
57.141.0.64 - - [18/Oct/2025:08:25:51 -0400] "GET /1581271057?fileloc=/home/salhiscp/public_html/wp-admin/media.php&path=/home/salhiscp/public_html/wp-admin HTTP/1.1" 200 13390 "-" "meta-externalagent/1.1 (+https://developers.facebook.com/docs/sharing/webmasters/crawler)"
20.171.207.23 - - [18/Oct/2025:08:25:55 -0400] "GET /pages.php?item/u27/22362/ HTTP/1.1" 200 19126 "-" "Mozilla/5.0 AppleWebKit/537.36 (KHTML, like Gecko; compatible; GPTBot/1.2; +https://openai.com/gptbot)"
20.171.207.23 - - [18/Oct/2025:08:25:57 -0400] "GET /pages.php?happen/k161?pid=9276 HTTP/1.1" 200 18660 "-" "Mozilla/5.0 AppleWebKit/537.36 (KHTML, like Gecko; compatible; GPTBot/1.2; +https://openai.com/gptbot)"
82.133.61.67 - - [18/Oct/2025:08:25:51 -0400] "GET /images/images/images/images/images/images/cgi-bin/cgi-bin/cgi-bin/cgi-bin/cgi-bin/cgi-bin/cgi-bin/cache.php HTTP/1.1" 200 5464 "-" "Mozilla/5.0 (Linux; Android 10; K) AppleWebKit/537.36 (KHTML, like Gecko) Chrome/141.0.0.0 Mobile Safari/537.36"
206.189.247.132 - - [18/Oct/2025:08:25:51 -0400] "GET /web/uadmin/bower_components/bootstrap/docs/4.0/examples/checkout/post_display_result.php HTTP/1.1" 200 5435 "-" "Mozilla/5.0 (Windows NT 10.0; Win64; x64) AppleWebKit/537.36 (KHTML, like Gecko) Chrome/100.0.4896.127 Safari/537.36"
146.174.166.255 - - [18/Oct/2025:08:25:51 -0400] "GET /hyper-casino-les-probabilites-pour-des-strategies-gagnantes/?path=//proc/thread-self/root/var/softaculous/agora/php82 HTTP/1.1" 200 3589 "-" "Mozilla/5.0 ArchLinux (X11; U; Linux x86_64; en-US) AppleWebKit/534.30 (KHTML, like Gecko) Chrome/12.0.742.60 Safari/534.30"
20.171.207.23 - - [18/Oct/2025:08:25:59 -0400] "GET /pages.php?assert/t223?pid=8930 HTTP/1.1" 200 20143 "-" "Mozilla/5.0 AppleWebKit/537.36 (KHTML, like Gecko; compatible; GPTBot/1.2; +https://openai.com/gptbot)"
20.171.207.22 - - [18/Oct/2025:08:25:53 -0400] "GET /?path=//proc/self/root/proc/self/root/proc/thread-self/root/proc/thread-self/root/proc/thread-self/root/proc/thread-self/root/var/softaculous/hablator HTTP/1.1" 200 3435 "-" "Mozilla/5.0 AppleWebKit/537.36 (KHTML, like Gecko; compatible; GPTBot/1.2; +https://openai.com/gptbot)"
66.249.70.133 - - [18/Oct/2025:08:25:59 -0400] "GET /asics-sportstyle-shoes-gel-lyte-iii-og-1201a482-smoke-grey-ironclad-27cm-us9-RURCGEVTXlFSVgsC HTTP/1.1" 200 21864 "-" "Mozilla/5.0 (Linux; Android 6.0.1; Nexus 5X Build/MMB29P) AppleWebKit/537.36 (KHTML, like Gecko) Chrome/140.0.7339.207 Mobile Safari/537.36 (compatible; Googlebot/2.1; +http://www.google.com/bot.html)"
20.171.207.23 - - [18/Oct/2025:08:26:00 -0400] "GET /pages.php?093000835.htm HTTP/1.1" 200 18704 "-" "Mozilla/5.0 AppleWebKit/537.36 (KHTML, like Gecko; compatible; GPTBot/1.2; +https://openai.com/gptbot)"
216.73.216.222 - - [18/Oct/2025:08:25:58 -0400] "GET /join-the-fun-mplays-slot-teen-patti-for-teen-patti-party-fans?fileloc=%2F%2Fproc%2Fthread-self%2Froot%2Flib%2F.build-id%2F76%2F65505f11eec7d76870e4090f70f380d8b0706c&path=%2F%2Fproc%2Fthread-self%2Froot%2Flib%2F.build-id%2F76 HTTP/1.1" 200 5818 "-" "Mozilla/5.0 AppleWebKit/537.36 (KHTML, like Gecko; compatible; ClaudeBot/1.0; +claudebot@anthropic.com)"
20.171.207.23 - - [18/Oct/2025:08:26:01 -0400] "GET /pages.php?carpet/k156?pid=5359 HTTP/1.1" 200 18641 "-" "Mozilla/5.0 AppleWebKit/537.36 (KHTML, like Gecko; compatible; GPTBot/1.2; +https://openai.com/gptbot)"
34.195.248.30 - - [18/Oct/2025:08:25:59 -0400] "GET /wp-admin/?path=//proc/thread-self/root/proc/self/root/proc/thread-self/root/opt/cloudlinux/alt-php82/root/var/cache HTTP/1.1" 200 3415 "-" "Mozilla/5.0 AppleWebKit/537.36 (KHTML, like Gecko; compatible; Amazonbot/0.1; +https://developer.amazon.com/support/amazonbot) Chrome/119.0.6045.214 Safari/537.36"
20.171.207.22 - - [18/Oct/2025:08:26:00 -0400] "GET /?path=//proc/self/root/proc/self/root/proc/thread-self/root/proc/thread-self/root/proc/thread-self/root/proc/thread-self/root/var/softaculous/mootools HTTP/1.1" 200 3271 "-" "Mozilla/5.0 AppleWebKit/537.36 (KHTML, like Gecko; compatible; GPTBot/1.2; +https://openai.com/gptbot)"
146.174.191.0 - - [18/Oct/2025:08:26:03 -0400] "GET /hyper-casino-les-probabilites-pour-des-strategies-gagnantes/?path=//proc/thread-self/root/var/softaculous/anchor/php56 HTTP/1.1" 200 3521 "-" "Mozilla/5.0 (Windows NT 6.1; WOW64) AppleWebKit/537.36 (KHTML, like Gecko) Chrome/31.0.1623.0 Safari/537.36"
193.36.118.216 - - [18/Oct/2025:08:25:51 -0400] "GET /web/uadmin/bower_components/bootstrap/docs/4.0/examples/checkout/post_display_result.php HTTP/1.1" 200 5471 "-" "Mozilla/5.0 (Windows NT 10.0; Win64; x64) AppleWebKit/537.36 (KHTML, like Gecko) Chrome/100.0.4896.127 Safari/537.36"
43.173.179.72 - - [18/Oct/2025:08:26:00 -0400] "GET /wp-includes/br9c3e37/?NA HTTP/1.1" 200 879 "-" "Mozilla/5.0 (Windows NT 10.0; Win64; x64) AppleWebKit/537.36 (KHTML, like Gecko) Chrome/111.0.0.0 Safari/537.36"
92.16.223.49 - - [18/Oct/2025:08:25:56 -0400] "GET /images/images/images/images/images/images/cgi-bin/cgi-bin/cgi-bin/cgi-bin/cgi-bin/cgi-bin/cgi-bin/cache.php HTTP/1.1" 200 5353 "-" "Mozilla/5.0 (Linux; Android 10; K) AppleWebKit/537.36 (KHTML, like Gecko) Chrome/141.0.0.0 Mobile Safari/537.36"
34.196.114.170 - - [18/Oct/2025:08:25:56 -0400] "GET /wp-admin/?path=//proc/thread-self/root/proc/self/root/proc/thread-self/root/proc/thread-self/root/lib/.build-id/1b HTTP/1.1" 200 4677 "-" "Mozilla/5.0 AppleWebKit/537.36 (KHTML, like Gecko; compatible; Amazonbot/0.1; +https://developer.amazon.com/support/amazonbot) Chrome/119.0.6045.214 Safari/537.36"
136.243.220.209 - - [18/Oct/2025:08:25:57 -0400] "GET /items/djbvz236/35896?path=/home/salhiscp/public_html/e2fa9f HTTP/1.1" 200 2906 "-" "Mozilla/5.0 (compatible; DataForSeoBot/1.0; +https://dataforseo.com/dataforseo-bot)"
20.171.207.23 - - [18/Oct/2025:08:26:03 -0400] "GET /pages.php?device/p18?pid=26031 HTTP/1.1" 200 19564 "-" "Mozilla/5.0 AppleWebKit/537.36 (KHTML, like Gecko; compatible; GPTBot/1.2; +https://openai.com/gptbot)"
20.171.207.23 - - [18/Oct/2025:08:26:04 -0400] "GET /pages.php?repeat/o65?pid=13662 HTTP/1.1" 200 18685 "-" "Mozilla/5.0 AppleWebKit/537.36 (KHTML, like Gecko; compatible; GPTBot/1.2; +https://openai.com/gptbot)"
3.89.176.255 - - [18/Oct/2025:08:26:03 -0400] "GET /wp-admin/?path=//proc/thread-self/root/proc/thread-self/root/proc/self/root/proc/self/root/lib64/libnl/cli HTTP/1.1" 200 3462 "-" "Mozilla/5.0 AppleWebKit/537.36 (KHTML, like Gecko; compatible; Amazonbot/0.1; +https://developer.amazon.com/support/amazonbot) Chrome/119.0.6045.214 Safari/537.36"
136.243.220.209 - - [18/Oct/2025:08:26:03 -0400] "GET /items/djbvz236/35896?fileloc=/home/salhiscp/public_html/wp-settings.php&path=/home/salhiscp/public_html HTTP/1.1" 200 8776 "-" "Mozilla/5.0 (compatible; DataForSeoBot/1.0; +https://dataforseo.com/dataforseo-bot)"
57.141.0.64 - - [18/Oct/2025:08:26:03 -0400] "GET /723864661?fileloc=/home/salhiscp/public_html/wp-includes/class-wp-customize-panel.php&path=/home/salhiscp/public_html/wp-includes HTTP/1.1" 200 24125 "-" "meta-externalagent/1.1 (+https://developers.facebook.com/docs/sharing/webmasters/crawler)"
20.171.207.23 - - [18/Oct/2025:08:26:06 -0400] "GET /pages.php?install/n146?pid=37419 HTTP/1.1" 200 19123 "-" "Mozilla/5.0 AppleWebKit/537.36 (KHTML, like Gecko; compatible; GPTBot/1.2; +https://openai.com/gptbot)"
66.249.70.98 - - [18/Oct/2025:08:26:06 -0400] "GET /pages.php?adolescent289021487.html HTTP/1.1" 200 18464 "-" "Mozilla/5.0 (Linux; Android 6.0.1; Nexus 5X Build/MMB29P) AppleWebKit/537.36 (KHTML, like Gecko) Chrome/140.0.7339.207 Mobile Safari/537.36 (compatible; Googlebot/2.1; +http://www.google.com/bot.html)"
217.113.194.16 - - [18/Oct/2025:08:26:06 -0400] "GET /mostbet-bahiscisi-en-iyi-oranlar-ve-cevrimici-canli-bahis-deneyimi-2/feed/?fileloc=//bin/ptx&path=//bin HTTP/1.1" 200 39401 "-" "Mozilla/5.0 (compatible; Barkrowler/0.9; +https://babbar.tech/crawler)"
20.171.207.23 - - [18/Oct/2025:08:26:09 -0400] "GET /pages.php?generally/k74?pid=31209 HTTP/1.1" 200 18839 "-" "Mozilla/5.0 AppleWebKit/537.36 (KHTML, like Gecko; compatible; GPTBot/1.2; +https://openai.com/gptbot)"
20.171.207.22 - - [18/Oct/2025:08:26:08 -0400] "GET /?path=//proc/self/root/proc/self/root/proc/thread-self/root/proc/thread-self/root/proc/thread-self/root/proc/thread-self/root/var/softaculous/squirrel HTTP/1.1" 200 3446 "-" "Mozilla/5.0 AppleWebKit/537.36 (KHTML, like Gecko; compatible; GPTBot/1.2; +https://openai.com/gptbot)"
20.171.207.22 - - [18/Oct/2025:08:26:04 -0400] "GET /?path=//proc/self/root/proc/self/root/proc/thread-self/root/proc/thread-self/root/proc/thread-self/root/proc/thread-self/root/var/softaculous/clicshop HTTP/1.1" 200 3741 "-" "Mozilla/5.0 AppleWebKit/537.36 (KHTML, like Gecko; compatible; GPTBot/1.2; +https://openai.com/gptbot)"
20.171.207.23 - - [18/Oct/2025:08:26:07 -0400] "GET /pages.php?Soviet100032384.html HTTP/1.1" 200 18541 "-" "Mozilla/5.0 AppleWebKit/537.36 (KHTML, like Gecko; compatible; GPTBot/1.2; +https://openai.com/gptbot)"
20.171.207.23 - - [18/Oct/2025:08:26:08 -0400] "GET /pages.php?Bible039025887.html HTTP/1.1" 200 19291 "-" "Mozilla/5.0 AppleWebKit/537.36 (KHTML, like Gecko; compatible; GPTBot/1.2; +https://openai.com/gptbot)"
136.243.220.209 - - [18/Oct/2025:08:26:07 -0400] "GET /items/djbvz236/35896?fileloc=/home/salhiscp/public_html/pages.php&path=/home/salhiscp/public_html HTTP/1.1" 200 3279 "-" "Mozilla/5.0 (compatible; DataForSeoBot/1.0; +https://dataforseo.com/dataforseo-bot)"
3.222.190.107 - - [18/Oct/2025:08:26:08 -0400] "GET /wp-admin/?path=//proc/thread-self/root/proc/self/root/home/salhiscp/public_html/wp-content/plugins/elementor/core/common/modules/event-tracker HTTP/1.1" 200 3743 "-" "Mozilla/5.0 AppleWebKit/537.36 (KHTML, like Gecko; compatible; Amazonbot/0.1; +https://developer.amazon.com/support/amazonbot) Chrome/119.0.6045.214 Safari/537.36"
66.249.70.133 - - [18/Oct/2025:08:26:12 -0400] "GET /894822203?items=0893358294 HTTP/1.1" 200 8479 "-" "Mozilla/5.0 (Linux; Android 6.0.1; Nexus 5X Build/MMB29P) AppleWebKit/537.36 (KHTML, like Gecko) Chrome/140.0.7339.207 Mobile Safari/537.36 (compatible; Googlebot/2.1; +http://www.google.com/bot.html)"
216.244.66.235 - - [18/Oct/2025:08:26:10 -0400] "GET /tek-gear-womens-m-on-the-go-gear-black-sleeveless-top-athletic-0092-RkRCH0FSX1pXUAAF?path=/home/salhiscp/public_html/images HTTP/1.1" 200 15719 "-" "Mozilla/5.0 (compatible; DotBot/1.2; +https://opensiteexplorer.org/dotbot; help@moz.com)"
54.144.185.255 - - [18/Oct/2025:08:26:11 -0400] "GET /wp-admin/?path=//proc/thread-self/root/proc/self/root/proc/self/root/home/salhiscp/lscache/d/b/0 HTTP/1.1" 200 3834 "-" "Mozilla/5.0 AppleWebKit/537.36 (KHTML, like Gecko; compatible; Amazonbot/0.1; +https://developer.amazon.com/support/amazonbot) Chrome/119.0.6045.214 Safari/537.36"
20.171.207.23 - - [18/Oct/2025:08:26:13 -0400] "GET /pages.php?indicator/k73?pid=48124 HTTP/1.1" 200 19675 "-" "Mozilla/5.0 AppleWebKit/537.36 (KHTML, like Gecko; compatible; GPTBot/1.2; +https://openai.com/gptbot)"
216.73.216.222 - - [18/Oct/2025:08:26:12 -0400] "GET /join-the-fun-mplays-slot-teen-patti-for-teen-patti-party-fans?fileloc=%2F%2Fproc%2Fthread-self%2Froot%2Flib%2F.build-id%2F64%2Fd56e576dac9438b26733eed54347a0ada4d65e&path=%2F%2Fproc%2Fthread-self%2Froot%2Flib%2F.build-id%2F64 HTTP/1.1" 200 61742 "-" "Mozilla/5.0 AppleWebKit/537.36 (KHTML, like Gecko; compatible; ClaudeBot/1.0; +claudebot@anthropic.com)"
20.171.207.23 - - [18/Oct/2025:08:26:16 -0400] "GET /pages.php?technique/x57?pid=21058 HTTP/1.1" 200 18407 "-" "Mozilla/5.0 AppleWebKit/537.36 (KHTML, like Gecko; compatible; GPTBot/1.2; +https://openai.com/gptbot)"
216.73.216.222 - - [18/Oct/2025:08:26:12 -0400] "GET /join-the-fun-mplays-slot-teen-patti-for-teen-patti-party-fans?fileloc=%2F%2Fproc%2Fthread-self%2Froot%2Flib%2F.build-id%2F00%2F3198aff921ebdd2b0ba306d96c9dc3bac3ba0f&path=%2F%2Fproc%2Fthread-self%2Froot%2Flib%2F.build-id%2F00 HTTP/1.1" 200 13113 "-" "Mozilla/5.0 AppleWebKit/537.36 (KHTML, like Gecko; compatible; ClaudeBot/1.0; +claudebot@anthropic.com)"
146.174.177.119 - - [18/Oct/2025:08:26:14 -0400] "GET /hyper-casino-les-probabilites-pour-des-strategies-gagnantes/?path=//proc/thread-self/root/var/softaculous/anchor/php81 HTTP/1.1" 200 3533 "-" "Mozilla/5.0 (Windows; U; Windows NT 6.1; en-US) AppleWebKit/534.1 (KHTML, like Gecko) Chrome/6.0.428.0 Safari/534.1"
20.171.207.23 - - [18/Oct/2025:08:26:11 -0400] "GET /pages.php?columnist/n67?pid=25264 HTTP/1.1" 200 19309 "-" "Mozilla/5.0 AppleWebKit/537.36 (KHTML, like Gecko; compatible; GPTBot/1.2; +https://openai.com/gptbot)"
216.73.216.222 - - [18/Oct/2025:08:26:08 -0400] "GET /join-the-fun-mplays-slot-teen-patti-for-teen-patti-party-fans?fileloc=%2F%2Fproc%2Fthread-self%2Froot%2Flib%2F.build-id%2Fde%2Fff3d664f6a68a419acfd634409e328f6fb3bbd&path=%2F%2Fproc%2Fthread-self%2Froot%2Flib%2F.build-id%2Fde HTTP/1.1" 200 7171 "-" "Mozilla/5.0 AppleWebKit/537.36 (KHTML, like Gecko; compatible; ClaudeBot/1.0; +claudebot@anthropic.com)"
216.73.216.222 - - [18/Oct/2025:08:26:08 -0400] "GET /join-the-fun-mplays-slot-teen-patti-for-teen-patti-party-fans?fileloc=%2F%2Fproc%2Fthread-self%2Fcwd%2Fwp-includes%2Fblocks%2Faudio%2Ftheme-rtl.min.css&path=%2F%2Fproc%2Fthread-self%2Fcwd%2Fwp-includes%2Fblocks%2Faudio HTTP/1.1" 200 2559 "-" "Mozilla/5.0 AppleWebKit/537.36 (KHTML, like Gecko; compatible; ClaudeBot/1.0; +claudebot@anthropic.com)"
20.171.207.23 - - [18/Oct/2025:08:26:12 -0400] "GET /pages.php?universal/c52?pid=10799 HTTP/1.1" 200 18931 "-" "Mozilla/5.0 AppleWebKit/537.36 (KHTML, like Gecko; compatible; GPTBot/1.2; +https://openai.com/gptbot)"
136.243.220.209 - - [18/Oct/2025:08:26:12 -0400] "GET /items/djbvz236/35896?fileloc=/home/salhiscp/public_html/index.php&path=/home/salhiscp/public_html HTTP/1.1" 200 2440 "-" "Mozilla/5.0 (compatible; DataForSeoBot/1.0; +https://dataforseo.com/dataforseo-bot)"
20.171.207.23 - - [18/Oct/2025:08:26:14 -0400] "GET /pages.php?insurance/m17?pid=43920 HTTP/1.1" 200 19510 "-" "Mozilla/5.0 AppleWebKit/537.36 (KHTML, like Gecko; compatible; GPTBot/1.2; +https://openai.com/gptbot)"
20.171.207.22 - - [18/Oct/2025:08:26:12 -0400] "GET /?path=//proc/self/root/proc/self/root/proc/thread-self/root/proc/thread-self/root/proc/thread-self/root/proc/self/root/proc/self/root/var/softaculous/chevereto/images HTTP/1.1" 200 2981 "-" "Mozilla/5.0 AppleWebKit/537.36 (KHTML, like Gecko; compatible; GPTBot/1.2; +https://openai.com/gptbot)"
20.171.207.23 - - [18/Oct/2025:08:26:17 -0400] "GET /pages.php?following/z42?pid=14783 HTTP/1.1" 200 18736 "-" "Mozilla/5.0 AppleWebKit/537.36 (KHTML, like Gecko; compatible; GPTBot/1.2; +https://openai.com/gptbot)"
114.119.156.74 - - [18/Oct/2025:08:26:17 -0400] "GET /?sitemap138.xml HTTP/1.1" 200 8112 "-" "Mozilla/5.0 (Linux; Android 7.0;) AppleWebKit/537.36 (KHTML, like Gecko) Mobile Safari/537.36 (compatible; PetalBot;+https://webmaster.petalsearch.com/site/petalbot)"
18.171.61.169 - - [18/Oct/2025:08:26:15 -0400] "GET /images/images/images/images/images/images/images/images/images/tradegpt/langs/az/index.php HTTP/1.1" 200 5372 "-" "Mozilla/5.0 (iPhone; CPU iPhone OS 17_0 like Mac OS X) AppleWebKit/605.1.15 (KHTML, like Gecko) Version/17.0 Mobile/15E148 Safari/604.1"
3.213.106.226 - - [18/Oct/2025:08:26:15 -0400] "GET /wp-admin/?fileloc=//opt/alt/alt-nodejs10/root/lib/node_modules/npm/node_modules/iconv-lite/encodings/tables/shiftjis.json&path=//opt/alt/alt-nodejs10/root/lib/node_modules/npm/node_modules/iconv-lite/encodings/tables HTTP/1.1" 200 19802 "-" "Mozilla/5.0 AppleWebKit/537.36 (KHTML, like Gecko; compatible; Amazonbot/0.1; +https://developer.amazon.com/support/amazonbot) Chrome/119.0.6045.214 Safari/537.36"
20.171.207.23 - - [18/Oct/2025:08:26:20 -0400] "GET /pages.php?cognitive/c95?pid=34176 HTTP/1.1" 200 19038 "-" "Mozilla/5.0 AppleWebKit/537.36 (KHTML, like Gecko; compatible; GPTBot/1.2; +https://openai.com/gptbot)"
20.171.207.22 - - [18/Oct/2025:08:26:16 -0400] "GET /?path=//proc/self/root/proc/self/root/proc/thread-self/root/proc/thread-self/root/proc/thread-self/root/proc/self/root/proc/self/root/var/softaculous/logaholic/images HTTP/1.1" 200 3044 "-" "Mozilla/5.0 AppleWebKit/537.36 (KHTML, like Gecko; compatible; GPTBot/1.2; +https://openai.com/gptbot)"
81.105.225.207 - - [18/Oct/2025:08:26:15 -0400] "GET /images/images/images/images/images/images/images/images/images/tradegpt/langs/az/index.php HTTP/1.1" 200 5464 "-" "Mozilla/5.0 (iPhone; CPU iPhone OS 17_0 like Mac OS X) AppleWebKit/605.1.15 (KHTML, like Gecko) Version/17.0 Mobile/15E148 Safari/604.1"
216.73.216.222 - - [18/Oct/2025:08:26:16 -0400] "GET /join-the-fun-mplays-slot-teen-patti-for-teen-patti-party-fans?fileloc=%2F%2Fproc%2Fthread-self%2Froot%2Flib%2F.build-id%2F94%2F956340d57f2b2f477f0fb3b8d7e7be4413f9aa&path=%2F%2Fproc%2Fthread-self%2Froot%2Flib%2F.build-id%2F94 HTTP/1.1" 200 13601 "-" "Mozilla/5.0 AppleWebKit/537.36 (KHTML, like Gecko; compatible; ClaudeBot/1.0; +claudebot@anthropic.com)"
216.73.216.222 - - [18/Oct/2025:08:26:17 -0400] "GET /join-the-fun-mplays-slot-teen-patti-for-teen-patti-party-fans?fileloc=%2F%2Fproc%2Fthread-self%2Froot%2Flib%2F.build-id%2F8a%2Fd3cc913439a826bba29ea0f14e591df41eef1a&path=%2F%2Fproc%2Fthread-self%2Froot%2Flib%2F.build-id%2F8a HTTP/1.1" 200 8501 "-" "Mozilla/5.0 AppleWebKit/537.36 (KHTML, like Gecko; compatible; ClaudeBot/1.0; +claudebot@anthropic.com)"
3.214.176.44 - - [18/Oct/2025:08:26:19 -0400] "GET /wp-admin/?fileloc=//proc/self/root/opt/alt/alt-nodejs10/root/lib/node_modules/npm/node_modules.bundled/pump/test-browser.js&path=//proc/self/root/opt/alt/alt-nodejs10/root/lib/node_modules/npm/node_modules.bundled/pump HTTP/1.1" 200 3551 "-" "Mozilla/5.0 AppleWebKit/537.36 (KHTML, like Gecko; compatible; Amazonbot/0.1; +https://developer.amazon.com/support/amazonbot) Chrome/119.0.6045.214 Safari/537.36"
20.171.207.22 - - [18/Oct/2025:08:26:22 -0400] "GET /?path=//proc/self/root/proc/self/root/proc/thread-self/root/proc/thread-self/root/proc/thread-self/root/proc/self/root/proc/self/root/var/softaculous/freescout/images HTTP/1.1" 200 3042 "-" "Mozilla/5.0 AppleWebKit/537.36 (KHTML, like Gecko; compatible; GPTBot/1.2; +https://openai.com/gptbot)"
92.16.223.49 - - [18/Oct/2025:08:26:21 -0400] "GET /images/images/images/images/images/images/images/images/images/tradegpt/langs/az/index.php HTTP/1.1" 200 5464 "-" "Mozilla/5.0 (iPhone; CPU iPhone OS 17_0 like Mac OS X) AppleWebKit/605.1.15 (KHTML, like Gecko) Version/17.0 Mobile/15E148 Safari/604.1"
20.171.207.23 - - [18/Oct/2025:08:26:28 -0400] "GET /pages.php?virtually/j88?pid=39967 HTTP/1.1" 200 18945 "-" "Mozilla/5.0 AppleWebKit/537.36 (KHTML, like Gecko; compatible; GPTBot/1.2; +https://openai.com/gptbot)"
136.243.220.209 - - [18/Oct/2025:08:26:24 -0400] "GET /items/djbvz236/35896?fileloc=/home/salhiscp/public_html/googlefdfa70c42332752b.html&path=/home/salhiscp/public_html HTTP/1.1" 200 2519 "-" "Mozilla/5.0 (compatible; DataForSeoBot/1.0; +https://dataforseo.com/dataforseo-bot)"
216.73.216.222 - - [18/Oct/2025:08:26:23 -0400] "GET /join-the-fun-mplays-slot-teen-patti-for-teen-patti-party-fans?fileloc=%2F%2Fproc%2Fthread-self%2Froot%2Flib%2F.build-id%2Fa1%2F8dfe67d70c89706ae6dbf3a226bcf3fdf88f6b&path=%2F%2Fproc%2Fthread-self%2Froot%2Flib%2F.build-id%2Fa1 HTTP/1.1" 200 12399 "-" "Mozilla/5.0 AppleWebKit/537.36 (KHTML, like Gecko; compatible; ClaudeBot/1.0; +claudebot@anthropic.com)"
23.23.137.202 - - [18/Oct/2025:08:26:23 -0400] "GET /services/?path=//proc/self/root/proc/thread-self/root/opt/cloudlinux/alt-php72/root/usr/include/php/ext/phar HTTP/1.1" 200 3445 "-" "Mozilla/5.0 AppleWebKit/537.36 (KHTML, like Gecko; compatible; Amazonbot/0.1; +https://developer.amazon.com/support/amazonbot) Chrome/119.0.6045.214 Safari/537.36"
176.126.245.48 - - [18/Oct/2025:08:26:25 -0400] "GET /images/images/images/images/images/images/images/images/images/tradegpt/langs/az/index.php HTTP/1.1" 200 5435 "-" "Mozilla/5.0 (iPhone; CPU iPhone OS 17_0 like Mac OS X) AppleWebKit/605.1.15 (KHTML, like Gecko) Version/17.0 Mobile/15E148 Safari/604.1"
176.126.245.48 - - [18/Oct/2025:08:26:27 -0400] "GET /images/images/images/images/images/images/cgi-bin/cgi-bin/index.php HTTP/1.1" 200 5464 "-" "Mozilla/5.0 (iPhone; CPU iPhone OS 18_0_1 like Mac OS X) AppleWebKit/605.1.15 (KHTML, like Gecko) Brave/1 Mobile/15E148 Safari/604.1"
20.171.207.23 - - [18/Oct/2025:08:26:18 -0400] "GET /pages.php?reinforce/b154?pid=6095 HTTP/1.1" 200 19460 "-" "Mozilla/5.0 AppleWebKit/537.36 (KHTML, like Gecko; compatible; GPTBot/1.2; +https://openai.com/gptbot)"
136.243.220.209 - - [18/Oct/2025:08:26:16 -0400] "GET /items/djbvz236/35896?fileloc=/home/salhiscp/public_html/wp-auto8X.php&path=/home/salhiscp/public_html HTTP/1.1" 200 6193 "-" "Mozilla/5.0 (compatible; DataForSeoBot/1.0; +https://dataforseo.com/dataforseo-bot)"
20.171.207.23 - - [18/Oct/2025:08:26:22 -0400] "GET /pages.php?inventory/z42?pid=41951 HTTP/1.1" 200 18817 "-" "Mozilla/5.0 AppleWebKit/537.36 (KHTML, like Gecko; compatible; GPTBot/1.2; +https://openai.com/gptbot)"
18.171.61.169 - - [18/Oct/2025:08:26:18 -0400] "GET /images/images/images/images/images/images/images/images/images/wp-admin/HkMdhTOx1DX.php HTTP/1.1" 200 5373 "-" "Mozilla/5.0 (Linux; Android 10; K) AppleWebKit/537.36 (KHTML, like Gecko) Chrome/135.0.0.0 Mobile Safari/537.36"
20.171.207.23 - - [18/Oct/2025:08:26:23 -0400] "GET /pages.php?reinforce/y42?pid=36927 HTTP/1.1" 200 18736 "-" "Mozilla/5.0 AppleWebKit/537.36 (KHTML, like Gecko; compatible; GPTBot/1.2; +https://openai.com/gptbot)"
18.171.61.169 - - [18/Oct/2025:08:26:19 -0400] "GET /images/images/images/images/images/images/cgi-bin/cgi-bin/index.php HTTP/1.1" 200 5471 "-" "Mozilla/5.0 (iPhone; CPU iPhone OS 18_0_1 like Mac OS X) AppleWebKit/605.1.15 (KHTML, like Gecko) Brave/1 Mobile/15E148 Safari/604.1"
206.189.247.132 - - [18/Oct/2025:08:26:19 -0400] "GET /images/images/images/images/images/images/cgi-bin/cgi-bin/index.php HTTP/1.1" 200 5566 "-" "Mozilla/5.0 (iPhone; CPU iPhone OS 18_0_1 like Mac OS X) AppleWebKit/605.1.15 (KHTML, like Gecko) Brave/1 Mobile/15E148 Safari/604.1"
82.133.61.67 - - [18/Oct/2025:08:26:19 -0400] "GET /images/images/images/images/images/images/images/images/images/wp-admin/HkMdhTOx1DX.php HTTP/1.1" 200 5451 "-" "Mozilla/5.0 (Linux; Android 10; K) AppleWebKit/537.36 (KHTML, like Gecko) Chrome/135.0.0.0 Mobile Safari/537.36"
45.133.172.214 - - [18/Oct/2025:08:26:20 -0400] "GET /images/images/images/images/images/images/images/images/images/wp-admin/HkMdhTOx1DX.php HTTP/1.1" 200 5464 "-" "Mozilla/5.0 (Linux; Android 10; K) AppleWebKit/537.36 (KHTML, like Gecko) Chrome/135.0.0.0 Mobile Safari/537.36"
20.171.207.23 - - [18/Oct/2025:08:26:25 -0400] "GET /pages.php?confusion/r82?pid=36319 HTTP/1.1" 200 19439 "-" "Mozilla/5.0 AppleWebKit/537.36 (KHTML, like Gecko; compatible; GPTBot/1.2; +https://openai.com/gptbot)"
20.171.207.23 - - [18/Oct/2025:08:26:29 -0400] "GET /pages.php?cate_id=0249&channel=devastating-ironically-bottom&page=https://salhab360booth.com/cart.html?013000661.htm&pid=26243630844 HTTP/1.1" 200 19683 "-" "Mozilla/5.0 AppleWebKit/537.36 (KHTML, like Gecko; compatible; GPTBot/1.2; +https://openai.com/gptbot)"
20.171.207.23 - - [18/Oct/2025:08:26:31 -0400] "GET /pages.php?selection/z93?pid=28062 HTTP/1.1" 200 18455 "-" "Mozilla/5.0 AppleWebKit/537.36 (KHTML, like Gecko; compatible; GPTBot/1.2; +https://openai.com/gptbot)"
92.16.223.49 - - [18/Oct/2025:08:26:26 -0400] "GET /images/images/images/images/images/images/cgi-bin/cgi-bin/index.php HTTP/1.1" 200 5371 "-" "Mozilla/5.0 (iPhone; CPU iPhone OS 18_0_1 like Mac OS X) AppleWebKit/605.1.15 (KHTML, like Gecko) Brave/1 Mobile/15E148 Safari/604.1"
20.171.207.23 - - [18/Oct/2025:08:26:32 -0400] "GET /pages.php?execution/p58?pid=16097 HTTP/1.1" 200 19333 "-" "Mozilla/5.0 AppleWebKit/537.36 (KHTML, like Gecko; compatible; GPTBot/1.2; +https://openai.com/gptbot)"
3.94.157.25 - - [18/Oct/2025:08:26:27 -0400] "GET /wp-admin/?path=//proc/thread-self/root/proc/self/root/proc/thread-self/root/home/salhiscp/lscache/e/0/e HTTP/1.1" 200 3760 "-" "Mozilla/5.0 AppleWebKit/537.36 (KHTML, like Gecko; compatible; Amazonbot/0.1; +https://developer.amazon.com/support/amazonbot) Chrome/119.0.6045.214 Safari/537.36"
20.171.207.23 - - [18/Oct/2025:08:26:33 -0400] "GET /pages.php?encounter/c95?pid=13052 HTTP/1.1" 200 19920 "-" "Mozilla/5.0 AppleWebKit/537.36 (KHTML, like Gecko; compatible; GPTBot/1.2; +https://openai.com/gptbot)"
20.171.207.22 - - [18/Oct/2025:08:26:28 -0400] "GET /?path=//proc/self/root/proc/self/root/proc/thread-self/root/proc/thread-self/root/proc/thread-self/root/proc/thread-self/root/var/softaculous/kanboard HTTP/1.1" 200 3706 "-" "Mozilla/5.0 AppleWebKit/537.36 (KHTML, like Gecko; compatible; GPTBot/1.2; +https://openai.com/gptbot)"
54.197.82.195 - - [18/Oct/2025:08:26:31 -0400] "GET /wp-admin/?path=//proc/thread-self/root/proc/self/root/proc/self/root/opt/cpanel/ea-php70/root/var/log HTTP/1.1" 200 3112 "-" "Mozilla/5.0 AppleWebKit/537.36 (KHTML, like Gecko; compatible; Amazonbot/0.1; +https://developer.amazon.com/support/amazonbot) Chrome/119.0.6045.214 Safari/537.36"
20.171.207.23 - - [18/Oct/2025:08:26:35 -0400] "GET /pages.php?curiosity/a135?pid=6192 HTTP/1.1" 200 18319 "-" "Mozilla/5.0 AppleWebKit/537.36 (KHTML, like Gecko; compatible; GPTBot/1.2; +https://openai.com/gptbot)"
20.171.207.23 - - [18/Oct/2025:08:26:36 -0400] "GET /pages.php?indicator/j260?pid=3521 HTTP/1.1" 200 18543 "-" "Mozilla/5.0 AppleWebKit/537.36 (KHTML, like Gecko; compatible; GPTBot/1.2; +https://openai.com/gptbot)"
34.226.89.140 - - [18/Oct/2025:08:26:35 -0400] "GET /wp-admin/?path=//proc/thread-self/root/proc/thread-self/root/proc/self/root/proc/self/root/lib/.build-id/2d HTTP/1.1" 200 5003 "-" "Mozilla/5.0 AppleWebKit/537.36 (KHTML, like Gecko; compatible; Amazonbot/0.1; +https://developer.amazon.com/support/amazonbot) Chrome/119.0.6045.214 Safari/537.36"
66.249.70.97 - - [18/Oct/2025:08:26:36 -0400] "GET /1070821556?items=1069069594 HTTP/1.1" 200 18556 "-" "Mozilla/5.0 (Linux; Android 6.0.1; Nexus 5X Build/MMB29P) AppleWebKit/537.36 (KHTML, like Gecko) Chrome/140.0.7339.207 Mobile Safari/537.36 (compatible; Googlebot/2.1; +http://www.google.com/bot.html)"
20.171.207.22 - - [18/Oct/2025:08:26:35 -0400] "GET /?path=//proc/self/root/proc/self/root/proc/thread-self/root/proc/thread-self/root/proc/thread-self/root/proc/self/root/proc/self/root/var/softaculous/openeshop/images HTTP/1.1" 200 2973 "-" "Mozilla/5.0 AppleWebKit/537.36 (KHTML, like Gecko; compatible; GPTBot/1.2; +https://openai.com/gptbot)"
20.171.207.23 - - [18/Oct/2025:08:26:37 -0400] "GET /pages.php?reluctant/t62?pid=20453 HTTP/1.1" 200 18996 "-" "Mozilla/5.0 AppleWebKit/537.36 (KHTML, like Gecko; compatible; GPTBot/1.2; +https://openai.com/gptbot)"
216.73.216.222 - - [18/Oct/2025:08:26:36 -0400] "GET /join-the-fun-mplays-slot-teen-patti-for-teen-patti-party-fans?fileloc=%2F%2Fproc%2Fthread-self%2Fcwd%2Fwp-includes%2Fx13c69f%2F9ec&path=%2F%2Fproc%2Fthread-self%2Fcwd%2Fwp-includes%2Fx13c69f HTTP/1.1" 200 31311 "-" "Mozilla/5.0 AppleWebKit/537.36 (KHTML, like Gecko; compatible; ClaudeBot/1.0; +claudebot@anthropic.com)"
136.243.220.209 - - [18/Oct/2025:08:26:37 -0400] "GET /items/djbvz236/35896?fileloc=/home/salhiscp/public_html/.hcflag&path=/home/salhiscp/public_html HTTP/1.1" 200 2516 "-" "Mozilla/5.0 (compatible; DataForSeoBot/1.0; +https://dataforseo.com/dataforseo-bot)"
216.73.216.222 - - [18/Oct/2025:08:26:39 -0400] "GET /join-the-fun-mplays-slot-teen-patti-for-teen-patti-party-fans?fileloc=%2F%2Fproc%2Fthread-self%2Froot%2Flib%2F.build-id%2Fab%2Fd4da02208b14e115d0e95f195983a0e9b211c3&path=%2F%2Fproc%2Fthread-self%2Froot%2Flib%2F.build-id%2Fab HTTP/1.1" 200 57348 "-" "Mozilla/5.0 AppleWebKit/537.36 (KHTML, like Gecko; compatible; ClaudeBot/1.0; +claudebot@anthropic.com)"
20.171.207.23 - - [18/Oct/2025:08:26:41 -0400] "GET /pages.php?framework/a89?pid=23580 HTTP/1.1" 200 18524 "-" "Mozilla/5.0 AppleWebKit/537.36 (KHTML, like Gecko; compatible; GPTBot/1.2; +https://openai.com/gptbot)"
146.174.164.176 - - [18/Oct/2025:08:26:27 -0400] "GET /hyper-casino-les-probabilites-pour-des-strategies-gagnantes/?path=//proc/thread-self/root/var/softaculous/apprain/php56 HTTP/1.1" 200 3560 "-" "Mozilla/5.0 (Windows NT 6.1; Win64; x64; rv:2.2a1pre) Gecko/20110324 Firefox/4.2a1pre"
217.113.194.16 - - [18/Oct/2025:08:26:27 -0400] "GET /finansovyj-grafik-ceny-zolota/feed/?fileloc=//bin/nm&path=//bin HTTP/1.1" 200 25220 "-" "Mozilla/5.0 (compatible; Barkrowler/0.9; +https://babbar.tech/crawler)"
216.73.216.222 - - [18/Oct/2025:08:26:31 -0400] "GET /join-the-fun-mplays-slot-teen-patti-for-teen-patti-party-fans?fileloc=%2F%2Fproc%2Fthread-self%2Fcwd%2Fwp-includes%2Fblocks%2Fgroup%2Ftheme-rtl.min.css&path=%2F%2Fproc%2Fthread-self%2Fcwd%2Fwp-includes%2Fblocks%2Fgroup HTTP/1.1" 200 2526 "-" "Mozilla/5.0 AppleWebKit/537.36 (KHTML, like Gecko; compatible; ClaudeBot/1.0; +claudebot@anthropic.com)"
136.243.220.209 - - [18/Oct/2025:08:26:30 -0400] "GET /items/djbvz236/35896?fileloc=/home/salhiscp/public_html/search.php&path=/home/salhiscp/public_html HTTP/1.1" 200 3271 "-" "Mozilla/5.0 (compatible; DataForSeoBot/1.0; +https://dataforseo.com/dataforseo-bot)"
20.171.207.23 - - [18/Oct/2025:08:26:38 -0400] "GET /pages.php?following/q276?pid=9523 HTTP/1.1" 200 18923 "-" "Mozilla/5.0 AppleWebKit/537.36 (KHTML, like Gecko; compatible; GPTBot/1.2; +https://openai.com/gptbot)"
202.76.164.12 - - [18/Oct/2025:08:26:38 -0400] "GET /hyper-casino-les-probabilites-pour-des-strategies-gagnantes/?path=//proc/thread-self/root/var/softaculous/arastta/php82 HTTP/1.1" 200 3540 "-" "Mozilla/5.0 (Macintosh; Intel Mac OS X 10_7_2) AppleWebKit/535.1 (KHTML, like Gecko) Chrome/13.0.782.215 Safari/535.1"
20.171.207.23 - - [18/Oct/2025:08:26:40 -0400] "GET /pages.php?boyfriend/z51?pid=39518 HTTP/1.1" 200 18616 "-" "Mozilla/5.0 AppleWebKit/537.36 (KHTML, like Gecko; compatible; GPTBot/1.2; +https://openai.com/gptbot)"
20.171.207.22 - - [18/Oct/2025:08:26:38 -0400] "GET /?path=//proc/self/root/proc/self/root/proc/thread-self/root/proc/thread-self/root/proc/thread-self/root/proc/thread-self/root/var/softaculous/ocportal HTTP/1.1" 200 3698 "-" "Mozilla/5.0 AppleWebKit/537.36 (KHTML, like Gecko; compatible; GPTBot/1.2; +https://openai.com/gptbot)"
69.197.149.50 - - [18/Oct/2025:08:26:40 -0400] "GET /wp-content/qq571050/index.php?id=676800 HTTP/1.1" 200 0 "https://salhab360booth.com/wp-content/qq571050/index.php?id=676800" "Mozilla/5.0 (Windows NT 10.0; Win64; x64) AppleWebKit/537.36 (KHTML, like Gecko) Chrome/58.0.3029.110 Safari/537.3"
20.171.207.22 - - [18/Oct/2025:08:26:41 -0400] "GET /?path=//proc/self/root/proc/self/root/proc/thread-self/root/proc/thread-self/root/proc/thread-self/root/proc/self/root/proc/self/root/var/softaculous/cmssimple/images HTTP/1.1" 200 2982 "-" "Mozilla/5.0 AppleWebKit/537.36 (KHTML, like Gecko; compatible; GPTBot/1.2; +https://openai.com/gptbot)"
20.171.207.23 - - [18/Oct/2025:08:26:42 -0400] "GET /pages.php?violation/z18?pid=29349 HTTP/1.1" 200 18616 "-" "Mozilla/5.0 AppleWebKit/537.36 (KHTML, like Gecko; compatible; GPTBot/1.2; +https://openai.com/gptbot)"
216.73.216.222 - - [18/Oct/2025:08:26:42 -0400] "GET /join-the-fun-mplays-slot-teen-patti-for-teen-patti-party-fans?fileloc=%2F%2Fproc%2Fthread-self%2Froot%2Flib%2F.build-id%2F8a%2Fc2d1c4ac2669450bf65afee9d863caae711e68&path=%2F%2Fproc%2Fthread-self%2Froot%2Flib%2F.build-id%2F8a HTTP/1.1" 200 7325 "-" "Mozilla/5.0 AppleWebKit/537.36 (KHTML, like Gecko; compatible; ClaudeBot/1.0; +claudebot@anthropic.com)"
54.204.12.115 - - [18/Oct/2025:08:26:43 -0400] "GET /wp-admin/?path=//proc/self/root/opt/cloudlinux/venv/lib/python3.11/site-packages/setuptools-78.1.0.dist-info/licenses HTTP/1.1" 200 3433 "-" "Mozilla/5.0 AppleWebKit/537.36 (KHTML, like Gecko; compatible; Amazonbot/0.1; +https://developer.amazon.com/support/amazonbot) Chrome/119.0.6045.214 Safari/537.36"
20.171.207.23 - - [18/Oct/2025:08:26:44 -0400] "GET /pages.php?frequency/q178?pid=9227 HTTP/1.1" 200 18573 "-" "Mozilla/5.0 AppleWebKit/537.36 (KHTML, like Gecko; compatible; GPTBot/1.2; +https://openai.com/gptbot)"
136.243.220.209 - - [18/Oct/2025:08:26:44 -0400] "GET /items/djbvz236/35896?path=/home/salhiscp HTTP/1.1" 200 3941 "-" "Mozilla/5.0 (compatible; DataForSeoBot/1.0; +https://dataforseo.com/dataforseo-bot)"
216.73.216.222 - - [18/Oct/2025:08:26:44 -0400] "GET /join-the-fun-mplays-slot-teen-patti-for-teen-patti-party-fans?fileloc=%2F%2Fproc%2Fthread-self%2Froot%2Flib%2F.build-id%2F11%2F91ce377e8a4bc35dd471b58db3e16d9a187637&path=%2F%2Fproc%2Fthread-self%2Froot%2Flib%2F.build-id%2F11 HTTP/1.1" 200 5524 "-" "Mozilla/5.0 AppleWebKit/537.36 (KHTML, like Gecko; compatible; ClaudeBot/1.0; +claudebot@anthropic.com)"
216.244.66.235 - - [18/Oct/2025:08:26:44 -0400] "GET /vintage-90-s-brett-favre-4-green-bay-packers-quarterback-jerzees-xl-t-shirt-RUFCH0ZRW19XVQoH?path=/home/salhiscp/public_html/wp-admin HTTP/1.1" 200 168516 "-" "Mozilla/5.0 (compatible; DotBot/1.2; +https://opensiteexplorer.org/dotbot; help@moz.com)"
20.171.207.23 - - [18/Oct/2025:08:26:47 -0400] "GET /pages.php?indicator/q25?pid=23914 HTTP/1.1" 200 18466 "-" "Mozilla/5.0 AppleWebKit/537.36 (KHTML, like Gecko; compatible; GPTBot/1.2; +https://openai.com/gptbot)"
69.197.149.50 - - [18/Oct/2025:08:26:47 -0400] "GET /wp-includes/js00740f/edit.php?id=952748 HTTP/1.1" 200 0 "https://salhab360booth.com/wp-includes/js00740f/edit.php?id=952748" "Mozilla/5.0 (Windows NT 10.0; Win64; x64) AppleWebKit/537.36 (KHTML, like Gecko) Chrome/58.0.3029.110 Safari/537.3"
216.73.216.222 - - [18/Oct/2025:08:26:47 -0400] "GET /join-the-fun-mplays-slot-teen-patti-for-teen-patti-party-fans?fileloc=%2F%2Fproc%2Fthread-self%2Froot%2Flib%2F.build-id%2F77%2F71a35ece8d7a56f0dd8626a0530fe388027eef&path=%2F%2Fproc%2Fthread-self%2Froot%2Flib%2F.build-id%2F77 HTTP/1.1" 200 12175 "-" "Mozilla/5.0 AppleWebKit/537.36 (KHTML, like Gecko; compatible; ClaudeBot/1.0; +claudebot@anthropic.com)"
20.171.207.23 - - [18/Oct/2025:08:26:51 -0400] "GET /pages.php?testimony/z87?pid=40254 HTTP/1.1" 200 18882 "-" "Mozilla/5.0 AppleWebKit/537.36 (KHTML, like Gecko; compatible; GPTBot/1.2; +https://openai.com/gptbot)"
57.141.0.56 - - [18/Oct/2025:08:26:49 -0400] "GET /910659451?fileloc=/home/salhiscp/public_html/wp-includes/class-wp-speculation-rules.php&path=/home/salhiscp/public_html/wp-includes HTTP/1.1" 200 20918 "-" "meta-externalagent/1.1 (+https://developers.facebook.com/docs/sharing/webmasters/crawler)"
217.113.194.204 - - [18/Oct/2025:08:26:49 -0400] "GET /mostbet-bahiscisi-en-iyi-oranlar-ve-cevrimici-canli-bahis-deneyimi-2/feed/?fileloc=//bin/whereis&path=//bin HTTP/1.1" 200 14683 "-" "Mozilla/5.0 (compatible; Barkrowler/0.9; +https://babbar.tech/crawler)"
20.171.207.23 - - [18/Oct/2025:08:26:52 -0400] "GET /pages.php?item/u64/637/ HTTP/1.1" 200 18640 "-" "Mozilla/5.0 AppleWebKit/537.36 (KHTML, like Gecko; compatible; GPTBot/1.2; +https://openai.com/gptbot)"
216.73.216.222 - - [18/Oct/2025:08:26:50 -0400] "GET /join-the-fun-mplays-slot-teen-patti-for-teen-patti-party-fans?fileloc=%2F%2Fproc%2Fthread-self%2Froot%2Flib%2F.build-id%2Fa1%2F9150e1026a116367446768eae29d3816a605c8&path=%2F%2Fproc%2Fthread-self%2Froot%2Flib%2F.build-id%2Fa1 HTTP/1.1" 200 8877 "-" "Mozilla/5.0 AppleWebKit/537.36 (KHTML, like Gecko; compatible; ClaudeBot/1.0; +claudebot@anthropic.com)"
146.174.173.59 - - [18/Oct/2025:08:26:50 -0400] "GET /hyper-casino-les-probabilites-pour-des-strategies-gagnantes/?path=//proc/thread-self/root/var/softaculous/atutor/php56 HTTP/1.1" 200 3588 "-" "Mozilla/5.0 (Windows; U; Windows NT 6.0; en-US) AppleWebKit/532.0 (KHTML, like Gecko) Chrome/4.0.211.4 Safari/532.0"
184.73.239.35 - - [18/Oct/2025:08:26:51 -0400] "GET /wp-admin/?fileloc=//proc/self/root/opt/alt/alt-nodejs10/root/lib/node_modules/npm/node_modules.bundled/isstream/LICENSE.md&path=//proc/self/root/opt/alt/alt-nodejs10/root/lib/node_modules/npm/node_modules.bundled/isstream HTTP/1.1" 200 3729 "-" "Mozilla/5.0 AppleWebKit/537.36 (KHTML, like Gecko; compatible; Amazonbot/0.1; +https://developer.amazon.com/support/amazonbot) Chrome/119.0.6045.214 Safari/537.36"
100.28.57.133 - - [18/Oct/2025:08:26:39 -0400] "GET /portfolio/?path=//proc/self/root/opt/alt/alt-nodejs10/root/usr/share/locale/uk_UA HTTP/1.1" 200 3380 "-" "Mozilla/5.0 AppleWebKit/537.36 (KHTML, like Gecko; compatible; Amazonbot/0.1; +https://developer.amazon.com/support/amazonbot) Chrome/119.0.6045.214 Safari/537.36"
