136.243.220.209 - - [18/Oct/2025:08:30:54 -0400] "GET /items/suwgs50/33372?path=/home/salhiscp/public_html/images HTTP/1.1" 200 2875 "-" "Mozilla/5.0 (compatible; DataForSeoBot/1.0; +https://dataforseo.com/dataforseo-bot)"
20.171.207.23 - - [18/Oct/2025:08:30:52 -0400] "GET /pages.php?item/u94/4843/ HTTP/1.1" 200 18718 "-" "Mozilla/5.0 AppleWebKit/537.36 (KHTML, like Gecko; compatible; GPTBot/1.2; +https://openai.com/gptbot)"
206.189.247.132 - - [18/Oct/2025:08:30:48 -0400] "GET /images/images/images/images/images/images/images/images/images/images/images/images/images/images/defaults.php HTTP/1.1" 200 5543 "-" "Mozilla/5.0 (iPhone; CPU iPhone OS 18_0 like Mac OS X) AppleWebKit/605.1.15 (KHTML, like Gecko) Version/18.0 Mobile/15E148 Safari/604.1"
136.243.220.209 - - [18/Oct/2025:08:30:47 -0400] "GET /items/suwgs50/33372?fileloc=/home/salhiscp/public_html/googlea7b76dea880c4e87.html&path=/home/salhiscp/public_html HTTP/1.1" 200 2472 "-" "Mozilla/5.0 (compatible; DataForSeoBot/1.0; +https://dataforseo.com/dataforseo-bot)"
47.128.43.253 - - [18/Oct/2025:08:30:50 -0400] "GET /claiming-and-using-free-bonus-in-3-patti-gold-live-dealer-mode/?fileloc=%2F%2Fusr%2Fshare%2Flocale%2Fpl%2FLC_MESSAGES%2Fiso_3166-2.mo&path=%2F%2Fusr%2Fshare%2Flocale%2Fpl%2FLC_MESSAGES HTTP/1.1" 200 74943 "-" "Mozilla/5.0 (Linux; Android 5.0) AppleWebKit/537.36 (KHTML, like Gecko) Mobile Safari/537.36 (compatible; Bytespider; spider-feedback@bytedance.com)"
20.171.207.22 - - [18/Oct/2025:08:30:51 -0400] "GET /?path=//proc/self/root/proc/self/root/proc/thread-self/root/proc/thread-self/root/proc/thread-self/root/proc/thread-self/root/proc/self/root/proc/sys/kernel/usermodehelper HTTP/1.1" 200 2994 "-" "Mozilla/5.0 AppleWebKit/537.36 (KHTML, like Gecko; compatible; GPTBot/1.2; +https://openai.com/gptbot)"
57.141.0.63 - - [18/Oct/2025:08:30:52 -0400] "GET /910821434?fileloc=/home/salhiscp/public_html/wp-includes/class-wp-recovery-mode-key-service.php&path=/home/salhiscp/public_html/wp-includes HTTP/1.1" 200 17580 "-" "meta-externalagent/1.1 (+https://developers.facebook.com/docs/sharing/webmasters/crawler)"
20.171.207.23 - - [18/Oct/2025:08:30:57 -0400] "GET /pages.php?municipal/b96?pid=20381 HTTP/1.1" 200 18844 "-" "Mozilla/5.0 AppleWebKit/537.36 (KHTML, like Gecko; compatible; GPTBot/1.2; +https://openai.com/gptbot)"
82.133.61.67 - - [18/Oct/2025:08:30:54 -0400] "GET /images/images/images/images/images/images/wp-content/click.php HTTP/1.1" 200 5366 "-" "Mozilla/5.0 (Linux, Android 10, K) AppleWebKit/537.36 (KHTML, like Gecko) Chrome/140.0.0.0 Mobile Safari/537.36"
20.171.207.23 - - [18/Oct/2025:08:31:00 -0400] "GET /pages.php?community/l11?pid=46168 HTTP/1.1" 200 18372 "-" "Mozilla/5.0 AppleWebKit/537.36 (KHTML, like Gecko; compatible; GPTBot/1.2; +https://openai.com/gptbot)"
18.215.77.19 - - [18/Oct/2025:08:30:55 -0400] "GET /wp-admin/?path=//proc/thread-self/root/proc/self/root/proc/self/root/home/salhiscp/lscache/a/1/d HTTP/1.1" 200 4347 "-" "Mozilla/5.0 AppleWebKit/537.36 (KHTML, like Gecko; compatible; Amazonbot/0.1; +https://developer.amazon.com/support/amazonbot) Chrome/119.0.6045.214 Safari/537.36"
20.171.207.22 - - [18/Oct/2025:08:30:56 -0400] "GET /?fileloc=//proc/self/root/proc/self/root/proc/thread-self/root/proc/thread-self/root/proc/thread-self/root/proc/thread-self/root/proc/self/root/proc/sys/user/max_user_namespaces&path=//proc/self/root/proc/self/root/proc/thread-self/root/proc/thread-self/root/proc/thread-self/root/proc/thread-self/root/proc/self/root/proc/sys/user HTTP/1.1" 200 2581 "-" "Mozilla/5.0 AppleWebKit/537.36 (KHTML, like Gecko; compatible; GPTBot/1.2; +https://openai.com/gptbot)"
66.249.70.134 - - [18/Oct/2025:08:31:01 -0400] "GET /1768125108?items=1765231898 HTTP/1.1" 200 8401 "-" "Mozilla/5.0 (Linux; Android 6.0.1; Nexus 5X Build/MMB29P) AppleWebKit/537.36 (KHTML, like Gecko) Chrome/140.0.7339.207 Mobile Safari/537.36 (compatible; Googlebot/2.1; +http://www.google.com/bot.html)"
20.171.207.23 - - [18/Oct/2025:08:31:04 -0400] "GET /pages.php?087000953.htm HTTP/1.1" 200 18413 "-" "Mozilla/5.0 AppleWebKit/537.36 (KHTML, like Gecko; compatible; GPTBot/1.2; +https://openai.com/gptbot)"
18.171.61.169 - - [18/Oct/2025:08:30:56 -0400] "GET /images/images/images/images/images/images/wp-content/click.php HTTP/1.1" 200 5372 "-" "Mozilla/5.0 (Linux, Android 10, K) AppleWebKit/537.36 (KHTML, like Gecko) Chrome/140.0.0.0 Mobile Safari/537.36"
20.171.207.23 - - [18/Oct/2025:08:31:02 -0400] "GET /pages.php?item/u3/4222/ HTTP/1.1" 200 19075 "-" "Mozilla/5.0 AppleWebKit/537.36 (KHTML, like Gecko; compatible; GPTBot/1.2; +https://openai.com/gptbot)"
3.230.69.161 - - [18/Oct/2025:08:30:59 -0400] "GET /wp-admin/?path=//proc/thread-self/root/proc/self/root/proc/thread-self/root/usr/lib/firmware/nvidia/ga107/sec2 HTTP/1.1" 200 3608 "-" "Mozilla/5.0 AppleWebKit/537.36 (KHTML, like Gecko; compatible; Amazonbot/0.1; +https://developer.amazon.com/support/amazonbot) Chrome/119.0.6045.214 Safari/537.36"
216.73.216.222 - - [18/Oct/2025:08:30:57 -0400] "GET /join-the-fun-mplays-slot-teen-patti-for-teen-patti-party-fans?fileloc=%2F%2Fproc%2Fthread-self%2Froot%2Fusr%2Fbin%2Fmysql_find_rows&path=%2F%2Fproc%2Fthread-self%2Froot%2Fusr%2Fbin HTTP/1.1" 200 4143 "-" "Mozilla/5.0 AppleWebKit/537.36 (KHTML, like Gecko; compatible; ClaudeBot/1.0; +claudebot@anthropic.com)"
82.133.61.67 - - [18/Oct/2025:08:31:05 -0400] "GET /images/images/images/images/images/images/images/cache.php HTTP/1.1" 404 127 "-" "Mozilla/5.0 (Linux; Android 10; K) AppleWebKit/537.36 (KHTML, like Gecko) Chrome/138.0.0.0 Mobile Safari/537.36"
206.189.247.132 - - [18/Oct/2025:08:31:06 -0400] "GET /images/images/images/images/images/images/images/cache.php HTTP/1.1" 404 127 "-" "Mozilla/5.0 (Linux; Android 10; K) AppleWebKit/537.36 (KHTML, like Gecko) Chrome/138.0.0.0 Mobile Safari/537.36"
18.171.61.169 - - [18/Oct/2025:08:31:00 -0400] "GET /images/images/images/images/images/images/images/assets/images/options.php HTTP/1.1" 200 5433 "-" "Mozilla/5.0 (Linux, Android 10, K) AppleWebKit/537.36 (KHTML, like Gecko) Chrome/136.0.0.0 Mobile Safari/537.36"
92.16.223.49 - - [18/Oct/2025:08:31:03 -0400] "GET /images/images/images/images/images/images/images/assets/images/options.php HTTP/1.1" 200 5471 "-" "Mozilla/5.0 (Linux, Android 10, K) AppleWebKit/537.36 (KHTML, like Gecko) Chrome/136.0.0.0 Mobile Safari/537.36"
92.16.223.49 - - [18/Oct/2025:08:31:11 -0400] "GET /images/images/images/images/images/images/images/cache.php HTTP/1.1" 404 127 "-" "Mozilla/5.0 (Linux; Android 10; K) AppleWebKit/537.36 (KHTML, like Gecko) Chrome/138.0.0.0 Mobile Safari/537.36"
57.141.0.27 - - [18/Oct/2025:08:31:01 -0400] "GET /723750955?fileloc=/home/salhiscp/public_html/wp-includes/block-editor.php&path=/home/salhiscp/public_html/wp-includes HTTP/1.1" 200 45458 "-" "meta-externalagent/1.1 (+https://developers.facebook.com/docs/sharing/webmasters/crawler)"
206.189.247.132 - - [18/Oct/2025:08:31:06 -0400] "GET /administrator/components/com_pagebuilder/views/shortcodesetting/tmpl/default.php HTTP/1.1" 200 5471 "-" "Mozilla/5.0 (Linux, Android 10, K) AppleWebKit/537.36 (KHTML, like Gecko) Chrome/140.0.0.0 Mobile Safari/537.36"
206.189.245.72 - - [18/Oct/2025:08:31:06 -0400] "GET /administrator/components/com_pagebuilder/views/shortcodesetting/tmpl/default.php HTTP/1.1" 200 5471 "-" "Mozilla/5.0 (Linux, Android 10, K) AppleWebKit/537.36 (KHTML, like Gecko) Chrome/140.0.0.0 Mobile Safari/537.36"
98.83.72.38 - - [18/Oct/2025:08:31:07 -0400] "GET /wp-admin/?path=//proc/thread-self/root/proc/self/root/proc/thread-self/root/opt/alt/alt-nodejs9/root/var/empty HTTP/1.1" 200 3117 "-" "Mozilla/5.0 AppleWebKit/537.36 (KHTML, like Gecko; compatible; Amazonbot/0.1; +https://developer.amazon.com/support/amazonbot) Chrome/119.0.6045.214 Safari/537.36"
20.171.207.23 - - [18/Oct/2025:08:31:13 -0400] "GET /pages.php?adventure/z30?pid=26913 HTTP/1.1" 200 18527 "-" "Mozilla/5.0 AppleWebKit/537.36 (KHTML, like Gecko; compatible; GPTBot/1.2; +https://openai.com/gptbot)"
206.189.247.132 - - [18/Oct/2025:08:31:00 -0400] "GET /images/images/images/images/images/images/images/assets/images/options.php HTTP/1.1" 200 5525 "-" "Mozilla/5.0 (Linux, Android 10, K) AppleWebKit/537.36 (KHTML, like Gecko) Chrome/136.0.0.0 Mobile Safari/537.36"
20.171.207.23 - - [18/Oct/2025:08:31:05 -0400] "GET /pages.php?economist/d24?pid=31569 HTTP/1.1" 200 18852 "-" "Mozilla/5.0 AppleWebKit/537.36 (KHTML, like Gecko; compatible; GPTBot/1.2; +https://openai.com/gptbot)"
18.171.61.169 - - [18/Oct/2025:08:31:08 -0400] "GET /images/images/images/images/images/images/images/cache.php HTTP/1.1" 404 127 "-" "Mozilla/5.0 (Linux; Android 10; K) AppleWebKit/537.36 (KHTML, like Gecko) Chrome/138.0.0.0 Mobile Safari/537.36"
20.171.207.23 - - [18/Oct/2025:08:31:07 -0400] "GET /pages.php?virtually/k99?pid=42606 HTTP/1.1" 200 19185 "-" "Mozilla/5.0 AppleWebKit/537.36 (KHTML, like Gecko; compatible; GPTBot/1.2; +https://openai.com/gptbot)"
3.209.174.110 - - [18/Oct/2025:08:31:03 -0400] "GET /wp-admin/?path=//proc/thread-self/root/proc/self/root/proc/thread-self/root/home/salhiscp/lscache/1/2/1 HTTP/1.1" 200 3929 "-" "Mozilla/5.0 AppleWebKit/537.36 (KHTML, like Gecko; compatible; Amazonbot/0.1; +https://developer.amazon.com/support/amazonbot) Chrome/119.0.6045.214 Safari/537.36"
146.174.178.152 - - [18/Oct/2025:08:31:02 -0400] "GET /hyper-casino-les-probabilites-pour-des-strategies-gagnantes/?path=//proc/thread-self/root/var/softaculous/gedview/images HTTP/1.1" 200 3422 "-" "Mozilla/5.0 (Macintosh; U; Intel Mac OS X 10_5_8; en-US) AppleWebKit/534.10 (KHTML, like Gecko) Chrome/8.0.552.224 Safari/534.10"
82.133.61.67 - - [18/Oct/2025:08:31:02 -0400] "GET /images/images/images/images/images/images/images/assets/images/options.php HTTP/1.1" 200 5373 "-" "Mozilla/5.0 (Linux, Android 10, K) AppleWebKit/537.36 (KHTML, like Gecko) Chrome/136.0.0.0 Mobile Safari/537.36"
20.171.207.23 - - [18/Oct/2025:08:31:08 -0400] "GET /pages.php?objective/p59?pid=21438 HTTP/1.1" 200 18982 "-" "Mozilla/5.0 AppleWebKit/537.36 (KHTML, like Gecko; compatible; GPTBot/1.2; +https://openai.com/gptbot)"
20.171.207.22 - - [18/Oct/2025:08:31:03 -0400] "GET /?path=//proc/self/root/proc/self/root/proc/thread-self/root/proc/thread-self/root/proc/thread-self/root/proc/thread-self/root/proc/self/root/proc/scsi/sg HTTP/1.1" 200 3126 "-" "Mozilla/5.0 AppleWebKit/537.36 (KHTML, like Gecko; compatible; GPTBot/1.2; +https://openai.com/gptbot)"
20.171.207.23 - - [18/Oct/2025:08:31:10 -0400] "GET /pages.php?objection/g57?pid=15426 HTTP/1.1" 200 19605 "-" "Mozilla/5.0 AppleWebKit/537.36 (KHTML, like Gecko; compatible; GPTBot/1.2; +https://openai.com/gptbot)"
136.243.220.209 - - [18/Oct/2025:08:31:04 -0400] "GET /items/suwgs50/33372?fileloc=/home/salhiscp/public_html/ex.php&path=/home/salhiscp/public_html HTTP/1.1" 200 2443 "-" "Mozilla/5.0 (compatible; DataForSeoBot/1.0; +https://dataforseo.com/dataforseo-bot)"
20.171.207.23 - - [18/Oct/2025:08:31:12 -0400] "GET /pages.php?stimulate/z78?pid=32461 HTTP/1.1" 200 18961 "-" "Mozilla/5.0 AppleWebKit/537.36 (KHTML, like Gecko; compatible; GPTBot/1.2; +https://openai.com/gptbot)"
138.68.166.157 - - [18/Oct/2025:08:31:06 -0400] "GET /administrator/components/com_pagebuilder/views/shortcodesetting/tmpl/default.php HTTP/1.1" 200 5464 "-" "Mozilla/5.0 (Linux, Android 10, K) AppleWebKit/537.36 (KHTML, like Gecko) Chrome/140.0.0.0 Mobile Safari/537.36"
18.171.61.169 - - [18/Oct/2025:08:31:06 -0400] "GET /administrator/components/com_pagebuilder/views/shortcodesetting/tmpl/default.php HTTP/1.1" 200 5434 "-" "Mozilla/5.0 (Linux, Android 10, K) AppleWebKit/537.36 (KHTML, like Gecko) Chrome/140.0.0.0 Mobile Safari/537.36"
216.73.216.222 - - [18/Oct/2025:08:31:10 -0400] "GET /join-the-fun-mplays-slot-teen-patti-for-teen-patti-party-fans?fileloc=%2Fhome%2Fsalhiscp%2Fmail%2Fsalhab360booth.com%2Fhello%2Fdovecot.index.log&path=%2Fhome%2Fsalhiscp%2Fmail%2Fsalhab360booth.com%2Fhello HTTP/1.1" 200 2913 "-" "Mozilla/5.0 AppleWebKit/537.36 (KHTML, like Gecko; compatible; ClaudeBot/1.0; +claudebot@anthropic.com)"
20.171.207.23 - - [18/Oct/2025:08:31:15 -0400] "GET /pages.php?butterfly/f261?pid=7268 HTTP/1.1" 200 18986 "-" "Mozilla/5.0 AppleWebKit/537.36 (KHTML, like Gecko; compatible; GPTBot/1.2; +https://openai.com/gptbot)"
44.221.227.90 - - [18/Oct/2025:08:31:11 -0400] "GET /wp-admin/?path=//proc/thread-self/root/proc/self/root/proc/self/root/usr/lib/firmware/nvidia/gp104/sec2 HTTP/1.1" 200 3672 "-" "Mozilla/5.0 AppleWebKit/537.36 (KHTML, like Gecko; compatible; Amazonbot/0.1; +https://developer.amazon.com/support/amazonbot) Chrome/119.0.6045.214 Safari/537.36"
20.171.207.23 - - [18/Oct/2025:08:31:16 -0400] "GET /pages.php?236044040.htm HTTP/1.1" 200 18530 "-" "Mozilla/5.0 AppleWebKit/537.36 (KHTML, like Gecko; compatible; GPTBot/1.2; +https://openai.com/gptbot)"
20.171.207.22 - - [18/Oct/2025:08:31:10 -0400] "GET /?path=//proc/self/root/proc/self/root/proc/thread-self/root/proc/thread-self/root/proc/thread-self/root/proc/thread-self/root/proc/self/root/proc/fs/nfsd HTTP/1.1" 200 2659 "-" "Mozilla/5.0 AppleWebKit/537.36 (KHTML, like Gecko; compatible; GPTBot/1.2; +https://openai.com/gptbot)"
66.249.70.134 - - [18/Oct/2025:08:31:17 -0400] "GET /1655908373?items=1653198822 HTTP/1.1" 200 18525 "-" "Mozilla/5.0 (Linux; Android 6.0.1; Nexus 5X Build/MMB29P) AppleWebKit/537.36 (KHTML, like Gecko) Chrome/140.0.7339.207 Mobile Safari/537.36 (compatible; Googlebot/2.1; +http://www.google.com/bot.html)"
69.197.149.50 - - [18/Oct/2025:08:31:16 -0400] "GET /wp-content/qq571050/index.php?id=676800 HTTP/1.1" 200 0 "https://salhab360booth.com/wp-content/qq571050/index.php?id=676800" "Mozilla/5.0 (Windows NT 10.0; Win64; x64) AppleWebKit/537.36 (KHTML, like Gecko) Chrome/58.0.3029.110 Safari/537.3"
20.171.207.23 - - [18/Oct/2025:08:31:18 -0400] "GET /pages.php?m92100801056 HTTP/1.1" 200 18771 "-" "Mozilla/5.0 AppleWebKit/537.36 (KHTML, like Gecko; compatible; GPTBot/1.2; +https://openai.com/gptbot)"
146.174.169.112 - - [18/Oct/2025:08:31:14 -0400] "GET /hyper-casino-les-probabilites-pour-des-strategies-gagnantes/?path=//proc/thread-self/root/var/softaculous/gedview/php81 HTTP/1.1" 200 3485 "-" "Mozilla/5.0 (Windows; U; Windows NT 6.1; es-ES; rv:1.9.2.3) Gecko/20100401 Firefox/3.6.3 GTB7.0 ( .NET CLR 3.5.30729)"
136.243.220.209 - - [18/Oct/2025:08:31:20 -0400] "GET /items/suwgs50/33372?fileloc=/home/salhiscp/public_html/.htaccess.bk&path=/home/salhiscp/public_html HTTP/1.1" 403 1242 "-" "Mozilla/5.0 (compatible; DataForSeoBot/1.0; +https://dataforseo.com/dataforseo-bot)"
216.73.216.222 - - [18/Oct/2025:08:31:14 -0400] "GET /join-the-fun-mplays-slot-teen-patti-for-teen-patti-party-fans?fileloc=%2F%2Fproc%2Fthread-self%2Froot%2Fusr%2Fbin%2Fpython3.6&path=%2F%2Fproc%2Fthread-self%2Froot%2Fusr%2Fbin HTTP/1.1" 200 6261 "-" "Mozilla/5.0 AppleWebKit/537.36 (KHTML, like Gecko; compatible; ClaudeBot/1.0; +claudebot@anthropic.com)"
52.200.251.20 - - [18/Oct/2025:08:31:15 -0400] "GET /wp-admin/?path=//proc/thread-self/root/proc/thread-self/root/proc/self/root/proc/self/root/lib/.build-id/fa HTTP/1.1" 200 6043 "-" "Mozilla/5.0 AppleWebKit/537.36 (KHTML, like Gecko; compatible; Amazonbot/0.1; +https://developer.amazon.com/support/amazonbot) Chrome/119.0.6045.214 Safari/537.36"
20.171.207.23 - - [18/Oct/2025:08:31:20 -0400] "GET /pages.php?columnist/o50?pid=30527 HTTP/1.1" 200 19414 "-" "Mozilla/5.0 AppleWebKit/537.36 (KHTML, like Gecko; compatible; GPTBot/1.2; +https://openai.com/gptbot)"
47.128.46.213 - - [18/Oct/2025:08:31:15 -0400] "GET /claiming-and-using-free-bonus-in-3-patti-gold-live-dealer-mode/?path=%2F%2Fusr%2Fshare%2Flocale%2Fiba%2FLC_MESSAGES HTTP/1.1" 200 2573 "-" "Mozilla/5.0 (Linux; Android 5.0) AppleWebKit/537.36 (KHTML, like Gecko) Mobile Safari/537.36 (compatible; Bytespider; spider-feedback@bytedance.com)"
66.249.70.133 - - [18/Oct/2025:08:31:20 -0400] "GET /1231501731?items=1229486790 HTTP/1.1" 200 20366 "-" "Mozilla/5.0 (Linux; Android 6.0.1; Nexus 5X Build/MMB29P) AppleWebKit/537.36 (KHTML, like Gecko) Chrome/140.0.7339.207 Mobile Safari/537.36 (compatible; Googlebot/2.1; +http://www.google.com/bot.html)"
57.141.0.46 - - [18/Oct/2025:08:31:10 -0400] "GET /270626498?fileloc=/home/salhiscp/public_html/wp-admin/edit.php&path=/home/salhiscp/public_html/wp-admin HTTP/1.1" 200 37301 "-" "meta-externalagent/1.1 (+https://developers.facebook.com/docs/sharing/webmasters/crawler)"
136.243.220.209 - - [18/Oct/2025:08:31:13 -0400] "GET /items/suwgs50/33372?fileloc=/home/salhiscp/public_html/wp-log1n.php&path=/home/salhiscp/public_html HTTP/1.1" 200 3461 "-" "Mozilla/5.0 (compatible; DataForSeoBot/1.0; +https://dataforseo.com/dataforseo-bot)"
217.113.194.17 - - [18/Oct/2025:08:31:14 -0400] "GET /finansovyj-grafik-ceny-zolota/feed/?fileloc=//bin/screen&path=//bin HTTP/1.1" 200 253518 "-" "Mozilla/5.0 (compatible; Barkrowler/0.9; +https://babbar.tech/crawler)"
23.21.175.228 - - [18/Oct/2025:08:31:19 -0400] "GET /wp-admin/?path=//proc/thread-self/root/proc/self/root/proc/thread-self/root/home/salhiscp/lscache/0/e/f HTTP/1.1" 200 4272 "-" "Mozilla/5.0 AppleWebKit/537.36 (KHTML, like Gecko; compatible; Amazonbot/0.1; +https://developer.amazon.com/support/amazonbot) Chrome/119.0.6045.214 Safari/537.36"
20.171.207.22 - - [18/Oct/2025:08:31:18 -0400] "GET /?path=//proc/self/root/proc/self/root/proc/thread-self/root/proc/thread-self/root/proc/thread-self/root/proc/thread-self/root/opt/cpanel/libtidy/bin HTTP/1.1" 200 2943 "-" "Mozilla/5.0 AppleWebKit/537.36 (KHTML, like Gecko; compatible; GPTBot/1.2; +https://openai.com/gptbot)"
57.141.0.66 - - [18/Oct/2025:08:31:19 -0400] "GET /1160758312?fileloc=/home/salhiscp/.imunify_patch_id&path=/home/salhiscp HTTP/1.1" 200 12393 "-" "meta-externalagent/1.1 (+https://developers.facebook.com/docs/sharing/webmasters/crawler)"
20.171.207.23 - - [18/Oct/2025:08:31:24 -0400] "GET /pages.php?reinforce/y164?pid=7351 HTTP/1.1" 200 19195 "-" "Mozilla/5.0 AppleWebKit/537.36 (KHTML, like Gecko; compatible; GPTBot/1.2; +https://openai.com/gptbot)"
20.171.207.23 - - [18/Oct/2025:08:31:25 -0400] "GET /pages.php?anonymous/q47?pid=46328 HTTP/1.1" 200 18704 "-" "Mozilla/5.0 AppleWebKit/537.36 (KHTML, like Gecko; compatible; GPTBot/1.2; +https://openai.com/gptbot)"
138.68.166.157 - - [18/Oct/2025:08:31:22 -0400] "GET /web/uadmin/bower_components/bootstrap/docs/4.0/examples/checkout/SMS/itelebill/Itelebill.class.php HTTP/1.1" 200 5435 "-" "Mozilla/5.0 (iPhone; CPU iPhone OS 17_0_3 like Mac OS X) AppleWebKit/605.1.15 (KHTML, like Gecko) Version/17.0 YaBrowser/25.8.7.536.10 SA/3 Mobile/15E148 Safari/604.1"
216.73.216.222 - - [18/Oct/2025:08:31:27 -0400] "GET /join-the-fun-mplays-slot-teen-patti-for-teen-patti-party-fans?path=%2F%2Fopt%2Fcloudlinux%2Falt-php53%2Froot%2Fetc%2Fmysql8.0 HTTP/1.1" 403 1242 "-" "Mozilla/5.0 AppleWebKit/537.36 (KHTML, like Gecko; compatible; ClaudeBot/1.0; +claudebot@anthropic.com)"
44.223.193.255 - - [18/Oct/2025:08:31:23 -0400] "GET /wp-admin/?path=//proc/thread-self/root/proc/self/root/proc/thread-self/root/home/salhiscp/lscache/e/3/1 HTTP/1.1" 200 3832 "-" "Mozilla/5.0 AppleWebKit/537.36 (KHTML, like Gecko; compatible; Amazonbot/0.1; +https://developer.amazon.com/support/amazonbot) Chrome/119.0.6045.214 Safari/537.36"
206.189.247.132 - - [18/Oct/2025:08:31:22 -0400] "GET /web/uadmin/bower_components/bootstrap/docs/4.0/examples/checkout/SMS/itelebill/Itelebill.class.php HTTP/1.1" 200 5471 "-" "Mozilla/5.0 (iPhone; CPU iPhone OS 17_0_3 like Mac OS X) AppleWebKit/605.1.15 (KHTML, like Gecko) Version/17.0 YaBrowser/25.8.7.536.10 SA/3 Mobile/15E148 Safari/604.1"
20.171.207.23 - - [18/Oct/2025:08:31:27 -0400] "GET /pages.php?reduction/v63?pid=32806 HTTP/1.1" 200 19059 "-" "Mozilla/5.0 AppleWebKit/537.36 (KHTML, like Gecko; compatible; GPTBot/1.2; +https://openai.com/gptbot)"
20.171.207.23 - - [18/Oct/2025:08:31:28 -0400] "GET /pages.php?uncertain/b15?pid=41780 HTTP/1.1" 200 18906 "-" "Mozilla/5.0 AppleWebKit/537.36 (KHTML, like Gecko; compatible; GPTBot/1.2; +https://openai.com/gptbot)"
20.171.207.23 - - [18/Oct/2025:08:31:21 -0400] "GET /pages.php?afterward/m130?pid=4287 HTTP/1.1" 200 19635 "-" "Mozilla/5.0 AppleWebKit/537.36 (KHTML, like Gecko; compatible; GPTBot/1.2; +https://openai.com/gptbot)"
20.171.207.23 - - [18/Oct/2025:08:31:23 -0400] "GET /pages.php?correctly/v22?pid=17813 HTTP/1.1" 200 18448 "-" "Mozilla/5.0 AppleWebKit/537.36 (KHTML, like Gecko; compatible; GPTBot/1.2; +https://openai.com/gptbot)"
216.244.66.235 - - [18/Oct/2025:08:31:21 -0400] "GET /pusheen-plush-holiday-christmas-hanging-wreath-with-bell-10-gund-rare-htf-2008-REVBHUpYVFBZUgcF?path=/home/salhiscp/public_html HTTP/1.1" 200 77176 "-" "Mozilla/5.0 (compatible; DotBot/1.2; +https://opensiteexplorer.org/dotbot; help@moz.com)"
82.133.61.67 - - [18/Oct/2025:08:31:22 -0400] "GET /web/uadmin/bower_components/bootstrap/docs/4.0/examples/checkout/SMS/itelebill/Itelebill.class.php HTTP/1.1" 200 5435 "-" "Mozilla/5.0 (iPhone; CPU iPhone OS 17_0_3 like Mac OS X) AppleWebKit/605.1.15 (KHTML, like Gecko) Version/17.0 YaBrowser/25.8.7.536.10 SA/3 Mobile/15E148 Safari/604.1"
18.171.61.169 - - [18/Oct/2025:08:31:22 -0400] "GET /web/uadmin/bower_components/bootstrap/docs/4.0/examples/checkout/SMS/itelebill/Itelebill.class.php HTTP/1.1" 200 5451 "-" "Mozilla/5.0 (iPhone; CPU iPhone OS 17_0_3 like Mac OS X) AppleWebKit/605.1.15 (KHTML, like Gecko) Version/17.0 YaBrowser/25.8.7.536.10 SA/3 Mobile/15E148 Safari/604.1"
20.171.207.22 - - [18/Oct/2025:08:31:23 -0400] "GET /?path=//proc/self/root/proc/self/root/proc/thread-self/root/proc/thread-self/root/proc/thread-self/root/proc/thread-self/root/proc/self/root/proc/lve HTTP/1.1" 200 3315 "-" "Mozilla/5.0 AppleWebKit/537.36 (KHTML, like Gecko; compatible; GPTBot/1.2; +https://openai.com/gptbot)"
136.243.220.209 - - [18/Oct/2025:08:31:24 -0400] "GET /items/suwgs50/33372?fileloc=/home/salhiscp/public_html/options.php&path=/home/salhiscp/public_html HTTP/1.1" 200 3508 "-" "Mozilla/5.0 (compatible; DataForSeoBot/1.0; +https://dataforseo.com/dataforseo-bot)"
136.243.220.209 - - [18/Oct/2025:08:31:29 -0400] "GET /items/suwgs50/33372?fileloc=/home/salhiscp/public_html/.htaccess&path=/home/salhiscp/public_html HTTP/1.1" 403 1242 "-" "Mozilla/5.0 (compatible; DataForSeoBot/1.0; +https://dataforseo.com/dataforseo-bot)"
146.174.171.206 - - [18/Oct/2025:08:31:27 -0400] "GET /hyper-casino-les-probabilites-pour-des-strategies-gagnantes/?path=//proc/thread-self/root/var/softaculous/grav/php56 HTTP/1.1" 200 3624 "-" "Mozilla/5.0 (X11; U; CrOS i686 0.9.128; en-US) AppleWebKit/534.10 (KHTML, like Gecko) Chrome/8.0.552.343 Safari/534.10"
20.171.207.23 - - [18/Oct/2025:08:31:29 -0400] "GET /pages.php?celebrate/w38?pid=14297 HTTP/1.1" 200 18648 "-" "Mozilla/5.0 AppleWebKit/537.36 (KHTML, like Gecko; compatible; GPTBot/1.2; +https://openai.com/gptbot)"
57.141.0.17 - - [18/Oct/2025:08:31:28 -0400] "GET /148137018?fileloc=/home/salhiscp/public_html/wp-includes/ms-files.php&path=/home/salhiscp/public_html/wp-includes HTTP/1.1" 200 15660 "-" "meta-externalagent/1.1 (+https://developers.facebook.com/docs/sharing/webmasters/crawler)"
20.171.207.23 - - [18/Oct/2025:08:31:32 -0400] "GET /pages.php?hurricane/t175?pid=2896 HTTP/1.1" 200 19314 "-" "Mozilla/5.0 AppleWebKit/537.36 (KHTML, like Gecko; compatible; GPTBot/1.2; +https://openai.com/gptbot)"
34.204.150.196 - - [18/Oct/2025:08:31:31 -0400] "GET /wp-admin/?path=//home/salhiscp/lscache/8/8/d HTTP/1.1" 200 3766 "-" "Mozilla/5.0 AppleWebKit/537.36 (KHTML, like Gecko; compatible; Amazonbot/0.1; +https://developer.amazon.com/support/amazonbot) Chrome/119.0.6045.214 Safari/537.36"
20.171.207.22 - - [18/Oct/2025:08:31:30 -0400] "GET /?path=//proc/self/root/proc/self/root/proc/thread-self/root/proc/thread-self/root/proc/thread-self/root/proc/self/root/proc/self/root/usr/lib/kbd/keymaps/xkb HTTP/1.1" 200 12835 "-" "Mozilla/5.0 AppleWebKit/537.36 (KHTML, like Gecko; compatible; GPTBot/1.2; +https://openai.com/gptbot)"
52.204.253.129 - - [18/Oct/2025:08:31:27 -0400] "GET /wp-admin/?fileloc=//proc/self/root/opt/alt/alt-nodejs10/root/lib/node_modules/npm/node_modules.bundled/move-concurrently/package.json&path=//proc/self/root/opt/alt/alt-nodejs10/root/lib/node_modules/npm/node_modules.bundled/move-concurrently HTTP/1.1" 200 3970 "-" "Mozilla/5.0 AppleWebKit/537.36 (KHTML, like Gecko; compatible; Amazonbot/0.1; +https://developer.amazon.com/support/amazonbot) Chrome/119.0.6045.214 Safari/537.36"
20.171.207.22 - - [18/Oct/2025:08:31:28 -0400] "GET /?path=//proc/self/root/proc/self/root/proc/thread-self/root/proc/thread-self/root/proc/thread-self/root/proc/thread-self/root/proc/self/root/usr/include/linux/sunrpc HTTP/1.1" 200 2928 "-" "Mozilla/5.0 AppleWebKit/537.36 (KHTML, like Gecko; compatible; GPTBot/1.2; +https://openai.com/gptbot)"
20.171.207.23 - - [18/Oct/2025:08:31:30 -0400] "GET /pages.php?youngster/z113?pid=8934 HTTP/1.1" 200 18614 "-" "Mozilla/5.0 AppleWebKit/537.36 (KHTML, like Gecko; compatible; GPTBot/1.2; +https://openai.com/gptbot)"
69.197.149.50 - - [18/Oct/2025:08:31:31 -0400] "GET /wp-includes/js00740f/edit.php?id=952748 HTTP/1.1" 200 0 "https://salhab360booth.com/wp-includes/js00740f/edit.php?id=952748" "Mozilla/5.0 (Windows NT 10.0; Win64; x64) AppleWebKit/537.36 (KHTML, like Gecko) Chrome/58.0.3029.110 Safari/537.3"
20.171.207.23 - - [18/Oct/2025:08:31:35 -0400] "GET /pages.php?construct/y117?pid=2520 HTTP/1.1" 200 19154 "-" "Mozilla/5.0 AppleWebKit/537.36 (KHTML, like Gecko; compatible; GPTBot/1.2; +https://openai.com/gptbot)"
54.225.199.17 - - [18/Oct/2025:08:31:35 -0400] "GET /wp-admin/?path=//opt/alt/alt-nodejs6/root/lib/node_modules/npm/node_modules/lodash.uniq HTTP/1.1" 200 3594 "-" "Mozilla/5.0 AppleWebKit/537.36 (KHTML, like Gecko; compatible; Amazonbot/0.1; +https://developer.amazon.com/support/amazonbot) Chrome/119.0.6045.214 Safari/537.36"
20.171.207.23 - - [18/Oct/2025:08:31:38 -0400] "GET /pages.php?furniture/k77?pid=25084 HTTP/1.1" 200 18691 "-" "Mozilla/5.0 AppleWebKit/537.36 (KHTML, like Gecko; compatible; GPTBot/1.2; +https://openai.com/gptbot)"
20.171.207.23 - - [18/Oct/2025:08:31:39 -0400] "GET /pages.php?frequency/h178?pid=6899 HTTP/1.1" 200 18684 "-" "Mozilla/5.0 AppleWebKit/537.36 (KHTML, like Gecko; compatible; GPTBot/1.2; +https://openai.com/gptbot)"
57.141.0.43 - - [18/Oct/2025:08:31:36 -0400] "GET /1693642441?fileloc=/home/salhiscp/public_html/wp-activate.php&path=/home/salhiscp/public_html HTTP/1.1" 200 21380 "-" "meta-externalagent/1.1 (+https://developers.facebook.com/docs/sharing/webmasters/crawler)"
136.243.220.209 - - [18/Oct/2025:08:31:37 -0400] "GET /items/suwgs50/33372?fileloc=/home/salhiscp/public_html/xmlrpc.php&path=/home/salhiscp/public_html HTTP/1.1" 200 3954 "-" "Mozilla/5.0 (compatible; DataForSeoBot/1.0; +https://dataforseo.com/dataforseo-bot)"
20.171.207.23 - - [18/Oct/2025:08:31:40 -0400] "GET /pages.php?touchdown/m94?pid=24541 HTTP/1.1" 200 19078 "-" "Mozilla/5.0 AppleWebKit/537.36 (KHTML, like Gecko; compatible; GPTBot/1.2; +https://openai.com/gptbot)"
54.197.102.71 - - [18/Oct/2025:08:31:39 -0400] "GET /wp-admin/?fileloc=//proc/self/root/opt/alt/alt-nodejs10/root/lib/node_modules/npm/node_modules.bundled/libnpm/index.js&path=//proc/self/root/opt/alt/alt-nodejs10/root/lib/node_modules/npm/node_modules.bundled/libnpm HTTP/1.1" 200 3395 "-" "Mozilla/5.0 AppleWebKit/537.36 (KHTML, like Gecko; compatible; Amazonbot/0.1; +https://developer.amazon.com/support/amazonbot) Chrome/119.0.6045.214 Safari/537.36"
146.174.183.170 - - [18/Oct/2025:08:31:39 -0400] "GET /hyper-casino-les-probabilites-pour-des-strategies-gagnantes/?path=//proc/thread-self/root/var/softaculous/instantcms/images HTTP/1.1" 200 3425 "-" "Mozilla/5.0 (X11; U; Linux x86_64; en-US) AppleWebKit/534.10 (KHTML, like Gecko) Chrome/8.0.552.200 Safari/534.10"
20.171.207.23 - - [18/Oct/2025:08:31:43 -0400] "GET /pages.php?286030092.htm HTTP/1.1" 200 18886 "-" "Mozilla/5.0 AppleWebKit/537.36 (KHTML, like Gecko; compatible; GPTBot/1.2; +https://openai.com/gptbot)"
20.171.207.23 - - [18/Oct/2025:08:31:33 -0400] "GET /pages.php?confident/k83?pid=17262 HTTP/1.1" 200 18426 "-" "Mozilla/5.0 AppleWebKit/537.36 (KHTML, like Gecko; compatible; GPTBot/1.2; +https://openai.com/gptbot)"
20.171.207.23 - - [18/Oct/2025:08:31:34 -0400] "GET /pages.php?062010634.htm HTTP/1.1" 200 19934 "-" "Mozilla/5.0 AppleWebKit/537.36 (KHTML, like Gecko; compatible; GPTBot/1.2; +https://openai.com/gptbot)"
136.243.220.209 - - [18/Oct/2025:08:31:33 -0400] "GET /items/suwgs50/33372?fileloc=/home/salhiscp/public_html/wp-activate.php&path=/home/salhiscp/public_html HTTP/1.1" 200 5085 "-" "Mozilla/5.0 (compatible; DataForSeoBot/1.0; +https://dataforseo.com/dataforseo-bot)"
20.171.207.22 - - [18/Oct/2025:08:31:33 -0400] "GET /?fileloc=//proc/self/root/proc/self/root/proc/thread-self/root/proc/thread-self/root/proc/thread-self/root/proc/thread-self/root/proc/self/root/proc/lve/debug&path=//proc/self/root/proc/self/root/proc/thread-self/root/proc/thread-self/root/proc/thread-self/root/proc/thread-self/root/proc/self/root/proc/lve HTTP/1.1" 200 2558 "-" "Mozilla/5.0 AppleWebKit/537.36 (KHTML, like Gecko; compatible; GPTBot/1.2; +https://openai.com/gptbot)"
20.171.207.23 - - [18/Oct/2025:08:31:36 -0400] "GET /pages.php?technique/u251?pid=7846 HTTP/1.1" 200 18637 "-" "Mozilla/5.0 AppleWebKit/537.36 (KHTML, like Gecko; compatible; GPTBot/1.2; +https://openai.com/gptbot)"
176.126.245.48 - - [18/Oct/2025:08:31:35 -0400] "GET /images/images/images/images/images/images/images/images/images/images/images/images/images/images/defaults.php HTTP/1.1" 200 5366 "-" "Mozilla/5.0 (iPhone; CPU iPhone OS 18_0 like Mac OS X) AppleWebKit/605.1.15 (KHTML, like Gecko) Version/18.0 Mobile/15E148 Safari/604.1"
20.171.207.22 - - [18/Oct/2025:08:31:36 -0400] "GET /?path=//proc/self/root/proc/self/root/proc/thread-self/root/proc/thread-self/root/proc/thread-self/root/proc/thread-self/root/opt/hc_python/deps/hc_lve_housekeeper HTTP/1.1" 200 3177 "-" "Mozilla/5.0 AppleWebKit/537.36 (KHTML, like Gecko; compatible; GPTBot/1.2; +https://openai.com/gptbot)"
20.171.207.22 - - [18/Oct/2025:08:31:40 -0400] "GET /?path=//proc/self/root/proc/self/root/proc/thread-self/root/proc/thread-self/root/proc/thread-self/root/proc/thread-self/root/proc/self/root/proc/lve/per-lve HTTP/1.1" 200 0 "-" "Mozilla/5.0 AppleWebKit/537.36 (KHTML, like Gecko; compatible; GPTBot/1.2; +https://openai.com/gptbot)"
20.171.207.23 - - [18/Oct/2025:08:31:42 -0400] "GET /pages.php?overwhelm/u273?pid=1744 HTTP/1.1" 200 19823 "-" "Mozilla/5.0 AppleWebKit/537.36 (KHTML, like Gecko; compatible; GPTBot/1.2; +https://openai.com/gptbot)"
20.171.207.23 - - [18/Oct/2025:08:31:45 -0400] "GET /pages.php?touchdown/v17?pid=26026 HTTP/1.1" 200 18721 "-" "Mozilla/5.0 AppleWebKit/537.36 (KHTML, like Gecko; compatible; GPTBot/1.2; +https://openai.com/gptbot)"
18.171.61.169 - - [18/Oct/2025:08:31:42 -0400] "GET /web/uadmin/bower_components/bootstrap/docs/4.0/examples/checkout/CCBILL_check/uppc.php HTTP/1.1" 200 5373 "-" "Mozilla/5.0 (iPhone; CPU iPhone OS 18_0_1 like Mac OS X) AppleWebKit/605.1.15 (KHTML, like Gecko) Mobile/15E148 YaBrowser/25.8.5.527.10 YaApp_iOS/2508.5 YaApp_iOS_Browser/2508.5 Safari/604.1 SA/3"
206.189.247.132 - - [18/Oct/2025:08:31:42 -0400] "GET /web/uadmin/bower_components/bootstrap/docs/4.0/examples/checkout/CCBILL_check/uppc.php HTTP/1.1" 200 5387 "-" "Mozilla/5.0 (iPhone; CPU iPhone OS 18_0_1 like Mac OS X) AppleWebKit/605.1.15 (KHTML, like Gecko) Mobile/15E148 YaBrowser/25.8.5.527.10 YaApp_iOS/2508.5 YaApp_iOS_Browser/2508.5 Safari/604.1 SA/3"
20.171.207.23 - - [18/Oct/2025:08:31:49 -0400] "GET /pages.php?different/v25?pid=30168 HTTP/1.1" 200 18551 "-" "Mozilla/5.0 AppleWebKit/537.36 (KHTML, like Gecko; compatible; GPTBot/1.2; +https://openai.com/gptbot)"
57.141.0.22 - - [18/Oct/2025:08:31:45 -0400] "GET /1023698251?fileloc=/home/salhiscp/public_html/wp-includes/class-wp-user.php&path=/home/salhiscp/public_html/wp-includes HTTP/1.1" 200 37117 "-" "meta-externalagent/1.1 (+https://developers.facebook.com/docs/sharing/webmasters/crawler)"
20.171.207.22 - - [18/Oct/2025:08:31:41 -0400] "GET /?path=//proc/self/root/proc/self/root/proc/thread-self/root/proc/thread-self/root/proc/thread-self/root/proc/thread-self/root/proc/self/root/proc/lve/resellers HTTP/1.1" 200 2629 "-" "Mozilla/5.0 AppleWebKit/537.36 (KHTML, like Gecko; compatible; GPTBot/1.2; +https://openai.com/gptbot)"
136.243.220.209 - - [18/Oct/2025:08:31:41 -0400] "GET /items/suwgs50/33372?fileloc=/home/salhiscp/public_html/radio.php&path=/home/salhiscp/public_html HTTP/1.1" 200 2444 "-" "Mozilla/5.0 (compatible; DataForSeoBot/1.0; +https://dataforseo.com/dataforseo-bot)"
216.73.216.222 - - [18/Oct/2025:08:31:41 -0400] "GET /join-the-fun-mplays-slot-teen-patti-for-teen-patti-party-fans?fileloc=%2F%2Fproc%2Fthread-self%2Froot%2Fusr%2Fbin%2Fpython3&path=%2F%2Fproc%2Fthread-self%2Froot%2Fusr%2Fbin HTTP/1.1" 200 6233 "-" "Mozilla/5.0 AppleWebKit/537.36 (KHTML, like Gecko; compatible; ClaudeBot/1.0; +claudebot@anthropic.com)"
20.171.207.23 - - [18/Oct/2025:08:31:46 -0400] "GET /pages.php?extremely/j283?pid=9400 HTTP/1.1" 200 18787 "-" "Mozilla/5.0 AppleWebKit/537.36 (KHTML, like Gecko; compatible; GPTBot/1.2; +https://openai.com/gptbot)"
82.133.61.67 - - [18/Oct/2025:08:31:43 -0400] "GET /web/uadmin/bower_components/bootstrap/docs/4.0/examples/checkout/CCBILL_check/uppc.php HTTP/1.1" 200 5464 "-" "Mozilla/5.0 (iPhone; CPU iPhone OS 18_0_1 like Mac OS X) AppleWebKit/605.1.15 (KHTML, like Gecko) Mobile/15E148 YaBrowser/25.8.5.527.10 YaApp_iOS/2508.5 YaApp_iOS_Browser/2508.5 Safari/604.1 SA/3"
209.38.171.212 - - [18/Oct/2025:08:31:42 -0400] "GET /web/uadmin/bower_components/bootstrap/docs/4.0/examples/checkout/CCBILL_check/uppc.php HTTP/1.1" 200 5362 "-" "Mozilla/5.0 (iPhone; CPU iPhone OS 18_0_1 like Mac OS X) AppleWebKit/605.1.15 (KHTML, like Gecko) Mobile/15E148 YaBrowser/25.8.5.527.10 YaApp_iOS/2508.5 YaApp_iOS_Browser/2508.5 Safari/604.1 SA/3"
100.25.120.246 - - [18/Oct/2025:08:31:43 -0400] "GET /wp-admin/?fileloc=//proc/self/root/opt/alt/alt-nodejs10/root/lib/node_modules/npm/node_modules.bundled/p-finally/index.js&path=//proc/self/root/opt/alt/alt-nodejs10/root/lib/node_modules/npm/node_modules.bundled/p-finally HTTP/1.1" 200 3211 "-" "Mozilla/5.0 AppleWebKit/537.36 (KHTML, like Gecko; compatible; Amazonbot/0.1; +https://developer.amazon.com/support/amazonbot) Chrome/119.0.6045.214 Safari/537.36"
47.128.120.158 - - [18/Oct/2025:08:31:42 -0400] "GET /claiming-and-using-free-bonus-in-3-patti-gold-live-dealer-mode/?fileloc=%2F%2Fusr%2Fshare%2Fman%2Fman8%2Fsystemd-hwdb.8.gz&path=%2F%2Fusr%2Fshare%2Fman%2Fman8 HTTP/1.1" 200 3357 "-" "Mozilla/5.0 (Linux; Android 5.0) AppleWebKit/537.36 (KHTML, like Gecko) Mobile Safari/537.36 (compatible; Bytespider; spider-feedback@bytedance.com)"
20.171.207.23 - - [18/Oct/2025:08:31:47 -0400] "GET /pages.php?youngster/g69?pid=21768 HTTP/1.1" 200 18644 "-" "Mozilla/5.0 AppleWebKit/537.36 (KHTML, like Gecko; compatible; GPTBot/1.2; +https://openai.com/gptbot)"
20.171.207.22 - - [18/Oct/2025:08:31:45 -0400] "GET /?fileloc=//proc/self/root/proc/self/root/proc/thread-self/root/proc/thread-self/root/proc/thread-self/root/proc/thread-self/root/proc/self/root/proc/sys/user/max_uts_namespaces&path=//proc/self/root/proc/self/root/proc/thread-self/root/proc/thread-self/root/proc/thread-self/root/proc/thread-self/root/proc/self/root/proc/sys/user HTTP/1.1" 200 2630 "-" "Mozilla/5.0 AppleWebKit/537.36 (KHTML, like Gecko; compatible; GPTBot/1.2; +https://openai.com/gptbot)"
136.243.220.209 - - [18/Oct/2025:08:31:46 -0400] "GET /items/suwgs50/33372?fileloc=/home/salhiscp/public_html/search.php&path=/home/salhiscp/public_html HTTP/1.1" 200 3290 "-" "Mozilla/5.0 (compatible; DataForSeoBot/1.0; +https://dataforseo.com/dataforseo-bot)"
20.171.207.23 - - [18/Oct/2025:08:31:51 -0400] "GET /pages.php?042000352.htm HTTP/1.1" 200 18723 "-" "Mozilla/5.0 AppleWebKit/537.36 (KHTML, like Gecko; compatible; GPTBot/1.2; +https://openai.com/gptbot)"
23.23.180.225 - - [18/Oct/2025:08:31:47 -0400] "GET /wp-admin/?path=//proc/thread-self/root/proc/self/root/proc/thread-self/root/home/salhiscp/lscache/a/e/e HTTP/1.1" 200 4064 "-" "Mozilla/5.0 AppleWebKit/537.36 (KHTML, like Gecko; compatible; Amazonbot/0.1; +https://developer.amazon.com/support/amazonbot) Chrome/119.0.6045.214 Safari/537.36"
20.171.207.23 - - [18/Oct/2025:08:31:50 -0400] "GET /pages.php?threshold/v13?pid=27584 HTTP/1.1" 200 18428 "-" "Mozilla/5.0 AppleWebKit/537.36 (KHTML, like Gecko; compatible; GPTBot/1.2; +https://openai.com/gptbot)"
66.249.70.133 - - [18/Oct/2025:08:31:51 -0400] "GET /264041951?items=0263610414 HTTP/1.1" 200 18552 "-" "Mozilla/5.0 (Linux; Android 6.0.1; Nexus 5X Build/MMB29P) AppleWebKit/537.36 (KHTML, like Gecko) Chrome/140.0.7339.207 Mobile Safari/537.36 (compatible; Googlebot/2.1; +http://www.google.com/bot.html)"
20.171.207.23 - - [18/Oct/2025:08:31:53 -0400] "GET /pages.php?item/u15/12/ HTTP/1.1" 200 18655 "-" "Mozilla/5.0 AppleWebKit/537.36 (KHTML, like Gecko; compatible; GPTBot/1.2; +https://openai.com/gptbot)"
20.171.207.23 - - [18/Oct/2025:08:31:54 -0400] "GET /pages.php?mortality/e36?pid=40937 HTTP/1.1" 200 18969 "-" "Mozilla/5.0 AppleWebKit/537.36 (KHTML, like Gecko; compatible; GPTBot/1.2; +https://openai.com/gptbot)"
206.189.247.132 - - [18/Oct/2025:08:31:50 -0400] "GET /images/images/images/images/images/images/wp-includes/function.php HTTP/1.1" 200 5366 "-" "Mozilla/5.0 (iPhone; CPU iPhone OS 16_0_2 like Mac OS X) AppleWebKit/605.1.15 (KHTML, like Gecko) Version/16.0 Mobile/15E148 Safari/604.1"
146.174.164.38 - - [18/Oct/2025:08:31:50 -0400] "GET /hyper-casino-les-probabilites-pour-des-strategies-gagnantes/?path=//proc/thread-self/root/var/softaculous/jorani/images HTTP/1.1" 200 3421 "-" "Mozilla/5.0 (Windows; U; Windows NT 5.1; fr; rv:1.9.2b4) Gecko/20091124 Firefox/3.6b4 (.NET CLR 3.5.30729)"
52.22.87.224 - - [18/Oct/2025:08:31:51 -0400] "GET /wp-admin/?path=//proc/thread-self/root/proc/self/root/proc/thread-self/root/home/salhiscp/lscache/1/b/1 HTTP/1.1" 200 3899 "-" "Mozilla/5.0 AppleWebKit/537.36 (KHTML, like Gecko; compatible; Amazonbot/0.1; +https://developer.amazon.com/support/amazonbot) Chrome/119.0.6045.214 Safari/537.36"
20.171.207.22 - - [18/Oct/2025:08:31:50 -0400] "GET /?fileloc=//proc/self/root/proc/self/root/proc/thread-self/root/proc/thread-self/root/proc/thread-self/root/proc/self/root/proc/self/root/usr/lib/kbd/keymaps/xkb/us-workman-intl.map.gz&path=//proc/self/root/proc/self/root/proc/thread-self/root/proc/thread-self/root/proc/thread-self/root/proc/self/root/proc/self/root/usr/lib/kbd/keymaps/xkb HTTP/1.1" 200 6049 "-" "Mozilla/5.0 AppleWebKit/537.36 (KHTML, like Gecko; compatible; GPTBot/1.2; +https://openai.com/gptbot)"
216.73.216.222 - - [18/Oct/2025:08:31:53 -0400] "GET /join-the-fun-mplays-slot-teen-patti-for-teen-patti-party-fans?fileloc=%2F%2Fproc%2Fthread-self%2Froot%2Flib64%2Flibdnf%2Fplugins%2FREADME&path=%2F%2Fproc%2Fthread-self%2Froot%2Flib64%2Flibdnf%2Fplugins HTTP/1.1" 200 2628 "-" "Mozilla/5.0 AppleWebKit/537.36 (KHTML, like Gecko; compatible; ClaudeBot/1.0; +claudebot@anthropic.com)"
92.16.223.49 - - [18/Oct/2025:08:31:55 -0400] "GET /images/images/images/images/images/images/wp-includes/function.php HTTP/1.1" 200 5471 "-" "Mozilla/5.0 (iPhone; CPU iPhone OS 16_0_2 like Mac OS X) AppleWebKit/605.1.15 (KHTML, like Gecko) Version/16.0 Mobile/15E148 Safari/604.1"
20.171.207.23 - - [18/Oct/2025:08:31:58 -0400] "GET /pages.php?container/u65?pid=43932 HTTP/1.1" 200 18630 "-" "Mozilla/5.0 AppleWebKit/537.36 (KHTML, like Gecko; compatible; GPTBot/1.2; +https://openai.com/gptbot)"
3.229.164.203 - - [18/Oct/2025:08:31:55 -0400] "GET /wp-admin/?path=//proc/thread-self/root/proc/self/root/proc/self/root/home/salhiscp/lscache/b/1/b HTTP/1.1" 200 3883 "-" "Mozilla/5.0 AppleWebKit/537.36 (KHTML, like Gecko; compatible; Amazonbot/0.1; +https://developer.amazon.com/support/amazonbot) Chrome/119.0.6045.214 Safari/537.36"
18.171.61.169 - - [18/Oct/2025:08:31:50 -0400] "GET /images/images/images/images/images/images/wp-includes/function.php HTTP/1.1" 200 5353 "-" "Mozilla/5.0 (iPhone; CPU iPhone OS 16_0_2 like Mac OS X) AppleWebKit/605.1.15 (KHTML, like Gecko) Version/16.0 Mobile/15E148 Safari/604.1"
136.243.220.209 - - [18/Oct/2025:08:31:51 -0400] "GET /items/suwgs50/33372?fileloc=/home/salhiscp/public_html/wp-config-sample.php&path=/home/salhiscp/public_html HTTP/1.1" 200 3795 "-" "Mozilla/5.0 (compatible; DataForSeoBot/1.0; +https://dataforseo.com/dataforseo-bot)"
20.171.207.23 - - [18/Oct/2025:08:31:55 -0400] "GET /pages.php?colleague/z58?pid=41063 HTTP/1.1" 200 18562 "-" "Mozilla/5.0 AppleWebKit/537.36 (KHTML, like Gecko; compatible; GPTBot/1.2; +https://openai.com/gptbot)"
20.171.207.23 - - [18/Oct/2025:08:31:56 -0400] "GET /pages.php?curiosity/m13?pid=10490 HTTP/1.1" 200 18752 "-" "Mozilla/5.0 AppleWebKit/537.36 (KHTML, like Gecko; compatible; GPTBot/1.2; +https://openai.com/gptbot)"
81.105.225.207 - - [18/Oct/2025:08:31:53 -0400] "GET /images/images/images/images/images/images/wp-includes/function.php HTTP/1.1" 200 5372 "-" "Mozilla/5.0 (iPhone; CPU iPhone OS 16_0_2 like Mac OS X) AppleWebKit/605.1.15 (KHTML, like Gecko) Version/16.0 Mobile/15E148 Safari/604.1"
20.171.207.22 - - [18/Oct/2025:08:31:55 -0400] "GET /?fileloc=//proc/self/root/proc/self/root/proc/thread-self/root/proc/thread-self/root/proc/thread-self/root/proc/self/root/proc/self/root/usr/lib/kbd/keymaps/xkb/de-dsb.map.gz&path=//proc/self/root/proc/self/root/proc/thread-self/root/proc/thread-self/root/proc/thread-self/root/proc/self/root/proc/self/root/usr/lib/kbd/keymaps/xkb HTTP/1.1" 200 6217 "-" "Mozilla/5.0 AppleWebKit/537.36 (KHTML, like Gecko; compatible; GPTBot/1.2; +https://openai.com/gptbot)"
57.141.0.35 - - [18/Oct/2025:08:31:53 -0400] "GET /910798631?fileloc=/home/salhiscp/public_html/wp-includes/class-wp-http-response.php&path=/home/salhiscp/public_html/wp-includes HTTP/1.1" 200 15479 "-" "meta-externalagent/1.1 (+https://developers.facebook.com/docs/sharing/webmasters/crawler)"
206.189.247.132 - - [18/Oct/2025:08:31:57 -0400] "GET /web/uadmin/bower_components/bootstrap/docs/4.0/examples/checkout/index.html HTTP/1.1" 200 5372 "-" "Mozilla/5.0 (Linux; Android 10; K) AppleWebKit/537.36 (KHTML, like Gecko) Chrome/138.0.0.0 Mobile Safari/537.36"
20.171.207.23 - - [18/Oct/2025:08:32:03 -0400] "GET /pages.php?substance/m57?pid=21404 HTTP/1.1" 200 18668 "-" "Mozilla/5.0 AppleWebKit/537.36 (KHTML, like Gecko; compatible; GPTBot/1.2; +https://openai.com/gptbot)"
138.68.166.157 - - [18/Oct/2025:08:31:56 -0400] "GET /images/images/images/images/images/images/images/images/images/cgi-bin/cgi-bin/cgi-bin/cgi-bin/cgi-bin/cgi-bin/cgi-bin/cgi-bin/cgi-bin/index.php HTTP/1.1" 200 5464 "-" "Mozilla/5.0 (iPhone; CPU iPhone OS 9_0 like Mac OS X) AppleWebKit/601.1.46 (KHTML, like Gecko) Version/9.0 Mobile/13A4325c Safari/601.1"
82.133.61.67 - - [18/Oct/2025:08:31:57 -0400] "GET /web/uadmin/bower_components/bootstrap/docs/4.0/examples/checkout/index.html HTTP/1.1" 200 5480 "-" "Mozilla/5.0 (Linux; Android 10; K) AppleWebKit/537.36 (KHTML, like Gecko) Chrome/138.0.0.0 Mobile Safari/537.36"
193.36.118.216 - - [18/Oct/2025:08:31:57 -0400] "GET /web/uadmin/bower_components/bootstrap/docs/4.0/examples/checkout/index.html HTTP/1.1" 200 5557 "-" "Mozilla/5.0 (Linux; Android 10; K) AppleWebKit/537.36 (KHTML, like Gecko) Chrome/138.0.0.0 Mobile Safari/537.36"
206.189.247.132 - - [18/Oct/2025:08:31:56 -0400] "GET /images/images/images/images/images/images/images/images/images/cgi-bin/cgi-bin/cgi-bin/cgi-bin/cgi-bin/cgi-bin/cgi-bin/cgi-bin/cgi-bin/index.php HTTP/1.1" 200 5451 "-" "Mozilla/5.0 (iPhone; CPU iPhone OS 9_0 like Mac OS X) AppleWebKit/601.1.46 (KHTML, like Gecko) Version/9.0 Mobile/13A4325c Safari/601.1"
20.171.207.23 - - [18/Oct/2025:08:32:07 -0400] "GET /pages.php?commodity/r78?pid=40199 HTTP/1.1" 200 18716 "-" "Mozilla/5.0 AppleWebKit/537.36 (KHTML, like Gecko; compatible; GPTBot/1.2; +https://openai.com/gptbot)"
18.171.61.169 - - [18/Oct/2025:08:31:57 -0400] "GET /web/uadmin/bower_components/bootstrap/docs/4.0/examples/checkout/index.html HTTP/1.1" 200 5464 "-" "Mozilla/5.0 (Linux; Android 10; K) AppleWebKit/537.36 (KHTML, like Gecko) Chrome/138.0.0.0 Mobile Safari/537.36"
20.171.207.23 - - [18/Oct/2025:08:32:01 -0400] "GET /pages.php?objective/b75?pid=33164 HTTP/1.1" 200 18570 "-" "Mozilla/5.0 AppleWebKit/537.36 (KHTML, like Gecko; compatible; GPTBot/1.2; +https://openai.com/gptbot)"
136.243.220.209 - - [18/Oct/2025:08:31:56 -0400] "GET /items/suwgs50/33372?fileloc=/home/salhiscp/public_html/license.txt&path=/home/salhiscp/public_html HTTP/1.1" 200 9936 "-" "Mozilla/5.0 (compatible; DataForSeoBot/1.0; +https://dataforseo.com/dataforseo-bot)"
114.119.142.247 - - [18/Oct/2025:08:31:54 -0400] "GET /products/9bu44348 HTTP/1.1" 200 5471 "https://salhab360booth.com/?sitemap166.xml" "Mozilla/5.0 (Linux; Android 7.0;) AppleWebKit/537.36 (KHTML, like Gecko) Mobile Safari/537.36 (compatible; PetalBot;+https://webmaster.petalsearch.com/site/petalbot)"
217.113.194.17 - - [18/Oct/2025:08:31:53 -0400] "GET /finansovyj-grafik-ceny-zolota/feed/?fileloc=//bin/git&path=//bin HTTP/1.1" 200 1935184 "-" "Mozilla/5.0 (compatible; Barkrowler/0.9; +https://babbar.tech/crawler)"
20.171.207.23 - - [18/Oct/2025:08:32:05 -0400] "GET /pages.php?portfolio/c61?pid=30428 HTTP/1.1" 200 18896 "-" "Mozilla/5.0 AppleWebKit/537.36 (KHTML, like Gecko; compatible; GPTBot/1.2; +https://openai.com/gptbot)"
18.171.61.169 - - [18/Oct/2025:08:31:59 -0400] "GET /images/images/images/images/images/images/images/images/images/tradegpt/langs/en/index.php HTTP/1.1" 200 5431 "-" "Mozilla/5.0 (Linux; Android 10; K) AppleWebKit/537.36 (KHTML, like Gecko) Chrome/135.0.0.0 Mobile Safari/537.36"
216.244.66.235 - - [18/Oct/2025:08:32:00 -0400] "GET /shakespeare-tiger-fishing-reel-spinning-ball-bearing-system-ts50a-REdBHUNTWFBYWgIC?path=/home/salhiscp/public_html HTTP/1.1" 200 77176 "-" "Mozilla/5.0 (compatible; DotBot/1.2; +https://opensiteexplorer.org/dotbot; help@moz.com)"
81.105.225.207 - - [18/Oct/2025:08:32:01 -0400] "GET /images/images/images/images/images/images/images/images/images/tradegpt/langs/en/index.php HTTP/1.1" 200 5353 "-" "Mozilla/5.0 (Linux; Android 10; K) AppleWebKit/537.36 (KHTML, like Gecko) Chrome/135.0.0.0 Mobile Safari/537.36"
37.120.233.40 - - [18/Oct/2025:08:31:58 -0400] "GET /images/images/images/images/images/images/images/images/images/tradegpt/langs/en/index.php HTTP/1.1" 200 5434 "-" "Mozilla/5.0 (Linux; Android 10; K) AppleWebKit/537.36 (KHTML, like Gecko) Chrome/135.0.0.0 Mobile Safari/537.36"
20.171.207.22 - - [18/Oct/2025:08:32:01 -0400] "GET /?fileloc=//proc/self/root/proc/self/root/proc/thread-self/root/proc/thread-self/root/proc/thread-self/root/proc/self/root/proc/self/root/usr/lib/kbd/keymaps/xkb/pl.map.gz&path=//proc/self/root/proc/self/root/proc/thread-self/root/proc/thread-self/root/proc/thread-self/root/proc/self/root/proc/self/root/usr/lib/kbd/keymaps/xkb HTTP/1.1" 200 6178 "-" "Mozilla/5.0 AppleWebKit/537.36 (KHTML, like Gecko; compatible; GPTBot/1.2; +https://openai.com/gptbot)"
18.171.61.169 - - [18/Oct/2025:08:31:57 -0400] "GET /images/images/images/images/images/images/images/images/images/cgi-bin/cgi-bin/cgi-bin/cgi-bin/cgi-bin/cgi-bin/cgi-bin/cgi-bin/cgi-bin/index.php HTTP/1.1" 200 5471 "-" "Mozilla/5.0 (iPhone; CPU iPhone OS 9_0 like Mac OS X) AppleWebKit/601.1.46 (KHTML, like Gecko) Version/9.0 Mobile/13A4325c Safari/601.1"
20.171.207.23 - - [18/Oct/2025:08:32:10 -0400] "GET /pages.php?everybody/z80?pid=20793 HTTP/1.1" 200 19467 "-" "Mozilla/5.0 AppleWebKit/537.36 (KHTML, like Gecko; compatible; GPTBot/1.2; +https://openai.com/gptbot)"
138.68.166.157 - - [18/Oct/2025:08:32:03 -0400] "GET /images/images/images/images/images/images/images/images/images/images/images/images/images/index.php HTTP/1.1" 200 5471 "-" "Mozilla/5.0 (Linux; Android 10; K) AppleWebKit/537.36 (KHTML, like Gecko) Chrome/137.0.0.0 Mobile Safari/537.36"
57.141.0.69 - - [18/Oct/2025:08:32:02 -0400] "GET /956924848?fileloc=/home/salhiscp/public_html/license.txt&path=/home/salhiscp/public_html HTTP/1.1" 200 32434 "-" "meta-externalagent/1.1 (+https://developers.facebook.com/docs/sharing/webmasters/crawler)"
35.173.18.61 - - [18/Oct/2025:08:32:03 -0400] "GET /wp-admin/?fileloc=//opt/alt/alt-nodejs24/root/lib/node_modules/npm/node_modules.bundled/npm-pick-manifest/package.json&path=//opt/alt/alt-nodejs24/root/lib/node_modules/npm/node_modules.bundled/npm-pick-manifest HTTP/1.1" 200 3739 "-" "Mozilla/5.0 AppleWebKit/537.36 (KHTML, like Gecko; compatible; Amazonbot/0.1; +https://developer.amazon.com/support/amazonbot) Chrome/119.0.6045.214 Safari/537.36"
20.171.207.23 - - [18/Oct/2025:08:32:09 -0400] "GET /pages.php?furniture/k27?pid=38152 HTTP/1.1" 200 19003 "-" "Mozilla/5.0 AppleWebKit/537.36 (KHTML, like Gecko; compatible; GPTBot/1.2; +https://openai.com/gptbot)"
206.189.245.72 - - [18/Oct/2025:08:32:05 -0400] "GET /images/images/images/images/images/images/images/images/images/images/images/images/images/index.php HTTP/1.1" 200 5372 "-" "Mozilla/5.0 (Linux; Android 10; K) AppleWebKit/537.36 (KHTML, like Gecko) Chrome/137.0.0.0 Mobile Safari/537.36"
146.174.191.154 - - [18/Oct/2025:08:32:03 -0400] "GET /hyper-casino-les-probabilites-pour-des-strategies-gagnantes/?path=//proc/thread-self/root/var/softaculous/koken/php56 HTTP/1.1" 200 3503 "-" "Mozilla/5.0 (Windows; U; Windows NT 5.1; en-US) AppleWebKit/534.13 (KHTML, like Gecko) Chrome/9.0.597.0 Safari/534.13"
20.171.207.23 - - [18/Oct/2025:08:32:11 -0400] "GET /pages.php?carefully/z88?pid=20849 HTTP/1.1" 200 18540 "-" "Mozilla/5.0 AppleWebKit/537.36 (KHTML, like Gecko; compatible; GPTBot/1.2; +https://openai.com/gptbot)"
