138.68.166.157 - - [18/Oct/2025:09:12:34 -0400] "GET /wp-content/options.php HTTP/1.1" 200 5373 "-" "Mozilla/5.0 (iPhone; CPU iPhone OS 15_0 like Mac OS X) AppleWebKit/605.1.15 (KHTML, like Gecko) Version/15.0 Mobile/15E148 Safari/604.1"
206.189.247.132 - - [18/Oct/2025:09:12:35 -0400] "GET /wp-content/options.php HTTP/1.1" 200 5373 "-" "Mozilla/5.0 (iPhone; CPU iPhone OS 15_0 like Mac OS X) AppleWebKit/605.1.15 (KHTML, like Gecko) Version/15.0 Mobile/15E148 Safari/604.1"
20.171.207.23 - - [18/Oct/2025:09:12:39 -0400] "GET /pages.php?warning/i69?pid=3034 HTTP/1.1" 200 18358 "-" "Mozilla/5.0 AppleWebKit/537.36 (KHTML, like Gecko; compatible; GPTBot/1.2; +https://openai.com/gptbot)"
66.249.70.134 - - [18/Oct/2025:09:12:39 -0400] "GET /1780645656?items=1777731954 HTTP/1.1" 200 19383 "-" "Mozilla/5.0 (Linux; Android 6.0.1; Nexus 5X Build/MMB29P) AppleWebKit/537.36 (KHTML, like Gecko) Chrome/140.0.7339.207 Mobile Safari/537.36 (compatible; Googlebot/2.1; +http://www.google.com/bot.html)"
20.171.207.22 - - [18/Oct/2025:09:12:38 -0400] "GET /?path=//proc/self/root/proc/self/root/proc/thread-self/root/proc/thread-self/root/proc/thread-self/root/home/salhiscp/lscache/c/c/f HTTP/1.1" 200 3606 "-" "Mozilla/5.0 AppleWebKit/537.36 (KHTML, like Gecko; compatible; GPTBot/1.2; +https://openai.com/gptbot)"
20.171.207.23 - - [18/Oct/2025:09:12:40 -0400] "GET /pages.php?finally/s45?pid=4464 HTTP/1.1" 200 19291 "-" "Mozilla/5.0 AppleWebKit/537.36 (KHTML, like Gecko; compatible; GPTBot/1.2; +https://openai.com/gptbot)"
34.203.111.15 - - [18/Oct/2025:09:12:40 -0400] "GET /wp-admin/?path=//proc/thread-self/root/proc/thread-self/root/opt/alt/alt-nodejs10/root/lib/node_modules/npm/node_modules/abbrev HTTP/1.1" 200 3680 "-" "Mozilla/5.0 AppleWebKit/537.36 (KHTML, like Gecko; compatible; Amazonbot/0.1; +https://developer.amazon.com/support/amazonbot) Chrome/119.0.6045.214 Safari/537.36"
146.174.178.203 - - [18/Oct/2025:09:12:41 -0400] "GET /hyper-casino-les-probabilites-pour-des-strategies-gagnantes/?path=//proc/thread-self/root/usr/share/locale/ota HTTP/1.1" 200 3325 "-" "Mozilla/5.0 (Macintosh; U; PPC Mac OS X; fr-fr) AppleWebKit/412 (KHTML, like Gecko) Safari/412"
20.171.207.23 - - [18/Oct/2025:09:12:41 -0400] "GET /pages.php?deserve/d2?pid=42303 HTTP/1.1" 200 19676 "-" "Mozilla/5.0 AppleWebKit/537.36 (KHTML, like Gecko; compatible; GPTBot/1.2; +https://openai.com/gptbot)"
20.171.207.23 - - [18/Oct/2025:09:12:43 -0400] "GET /pages.php?shelter/b9?pid=21982 HTTP/1.1" 200 19841 "-" "Mozilla/5.0 AppleWebKit/537.36 (KHTML, like Gecko; compatible; GPTBot/1.2; +https://openai.com/gptbot)"
100.25.120.246 - - [18/Oct/2025:09:12:44 -0400] "GET /wp-admin/?path=//proc/thread-self/root/proc/self/root/proc/self/root/proc/thread-self/root/lib/debug/usr HTTP/1.1" 200 3570 "-" "Mozilla/5.0 AppleWebKit/537.36 (KHTML, like Gecko; compatible; Amazonbot/0.1; +https://developer.amazon.com/support/amazonbot) Chrome/119.0.6045.214 Safari/537.36"
20.171.207.22 - - [18/Oct/2025:09:12:45 -0400] "GET /?path=//proc/self/root/proc/self/root/proc/thread-self/root/proc/thread-self/root/proc/thread-self/root/home/salhiscp/lscache/b/f/e HTTP/1.1" 200 3443 "-" "Mozilla/5.0 AppleWebKit/537.36 (KHTML, like Gecko; compatible; GPTBot/1.2; +https://openai.com/gptbot)"
20.171.207.23 - - [18/Oct/2025:09:12:46 -0400] "GET /pages.php?transit/u45?pid=4466 HTTP/1.1" 200 18783 "-" "Mozilla/5.0 AppleWebKit/537.36 (KHTML, like Gecko; compatible; GPTBot/1.2; +https://openai.com/gptbot)"
52.4.76.156 - - [18/Oct/2025:09:12:47 -0400] "GET /wp-admin/?path=//proc/thread-self/root/proc/thread-self/root/opt/alt/alt-nodejs10/root/lib/node_modules/npm/node_modules/minimatch HTTP/1.1" 200 3688 "-" "Mozilla/5.0 AppleWebKit/537.36 (KHTML, like Gecko; compatible; Amazonbot/0.1; +https://developer.amazon.com/support/amazonbot) Chrome/119.0.6045.214 Safari/537.36"
57.141.0.67 - - [18/Oct/2025:09:12:43 -0400] "GET /361854978?fileloc=/home/salhiscp/public_html/wp-includes/class-wp-block-pattern-categories-registry.php&path=/home/salhiscp/public_html/wp-includes HTTP/1.1" 200 17961 "-" "meta-externalagent/1.1 (+https://developers.facebook.com/docs/sharing/webmasters/crawler)"
20.171.207.23 - - [18/Oct/2025:09:12:45 -0400] "GET /pages.php?crucial/w22?pid=7729 HTTP/1.1" 200 19906 "-" "Mozilla/5.0 AppleWebKit/537.36 (KHTML, like Gecko; compatible; GPTBot/1.2; +https://openai.com/gptbot)"
136.243.220.209 - - [18/Oct/2025:09:12:44 -0400] "GET /items/bylds20/20522?fileloc=/home/salhiscp/public_html/wp-activate.php&path=/home/salhiscp/public_html HTTP/1.1" 200 5085 "-" "Mozilla/5.0 (compatible; DataForSeoBot/1.0; +https://dataforseo.com/dataforseo-bot)"
20.171.207.23 - - [18/Oct/2025:09:12:48 -0400] "GET /pages.php?item/u263/33890/ HTTP/1.1" 200 19604 "-" "Mozilla/5.0 AppleWebKit/537.36 (KHTML, like Gecko; compatible; GPTBot/1.2; +https://openai.com/gptbot)"
20.171.207.23 - - [18/Oct/2025:09:12:49 -0400] "GET /pages.php?airline/s84?pid=5117 HTTP/1.1" 200 18483 "-" "Mozilla/5.0 AppleWebKit/537.36 (KHTML, like Gecko; compatible; GPTBot/1.2; +https://openai.com/gptbot)"
66.249.70.133 - - [18/Oct/2025:09:12:49 -0400] "GET /1533250924?items=1530742122 HTTP/1.1" 200 8801 "-" "Mozilla/5.0 (Linux; Android 6.0.1; Nexus 5X Build/MMB29P) AppleWebKit/537.36 (KHTML, like Gecko) Chrome/140.0.7339.207 Mobile Safari/537.36 (compatible; Googlebot/2.1; +http://www.google.com/bot.html)"
20.171.207.22 - - [18/Oct/2025:09:12:51 -0400] "GET /?path=//proc/self/root/proc/self/root/proc/thread-self/root/proc/thread-self/root/proc/thread-self/root/home/salhiscp/lscache/c/c/c HTTP/1.1" 200 3300 "-" "Mozilla/5.0 AppleWebKit/537.36 (KHTML, like Gecko; compatible; GPTBot/1.2; +https://openai.com/gptbot)"
20.171.207.23 - - [18/Oct/2025:09:12:52 -0400] "GET /pages.php?prevent/u45?pid=4466 HTTP/1.1" 200 19114 "-" "Mozilla/5.0 AppleWebKit/537.36 (KHTML, like Gecko; compatible; GPTBot/1.2; +https://openai.com/gptbot)"
20.171.207.23 - - [18/Oct/2025:09:12:54 -0400] "GET /pages.php?illegal/z7?pid=17624 HTTP/1.1" 200 18977 "-" "Mozilla/5.0 AppleWebKit/537.36 (KHTML, like Gecko; compatible; GPTBot/1.2; +https://openai.com/gptbot)"
146.174.177.0 - - [18/Oct/2025:09:12:53 -0400] "GET /hyper-casino-les-probabilites-pour-des-strategies-gagnantes/?path=//proc/thread-self/root/usr/share/locale/sr@latin HTTP/1.1" 200 3329 "-" "Mozilla/5.0 (X11; U; Linux i686; en-CA; rv:1.9.2.10) Gecko/20100922 Ubuntu/10.10 (maverick) Firefox/3.6.10"
20.171.207.23 - - [18/Oct/2025:09:12:56 -0400] "GET /pages.php?scandal/s22?pid=9823 HTTP/1.1" 200 18766 "-" "Mozilla/5.0 AppleWebKit/537.36 (KHTML, like Gecko; compatible; GPTBot/1.2; +https://openai.com/gptbot)"
44.215.210.112 - - [18/Oct/2025:09:12:56 -0400] "GET /wp-admin/?path=//proc/thread-self/root/proc/self/root/proc/self/root/proc/thread-self/root/opt/cpanel/ea-profiles-cloudlinux HTTP/1.1" 200 4097 "-" "Mozilla/5.0 AppleWebKit/537.36 (KHTML, like Gecko; compatible; Amazonbot/0.1; +https://developer.amazon.com/support/amazonbot) Chrome/119.0.6045.214 Safari/537.36"
20.171.207.23 - - [18/Oct/2025:09:12:57 -0400] "GET /pages.php?revenue/v5?pid=11474 HTTP/1.1" 200 19143 "-" "Mozilla/5.0 AppleWebKit/537.36 (KHTML, like Gecko; compatible; GPTBot/1.2; +https://openai.com/gptbot)"
20.171.207.23 - - [18/Oct/2025:09:12:58 -0400] "GET /pages.php?medical/s7?pid=17622 HTTP/1.1" 200 18948 "-" "Mozilla/5.0 AppleWebKit/537.36 (KHTML, like Gecko; compatible; GPTBot/1.2; +https://openai.com/gptbot)"
47.128.60.253 - - [18/Oct/2025:09:12:59 -0400] "GET /claiming-and-using-free-bonus-in-3-patti-gold-live-dealer-mode/?fileloc=%2F%2Fusr%2Flib%2Ffirmware%2Fcirrus%2Fcs35l56-b0-dsp1-misc-10280c62-spkid0-amp1.bin&path=%2F%2Fusr%2Flib%2Ffirmware%2Fcirrus HTTP/1.1" 200 7263 "-" "Mozilla/5.0 (Linux; Android 5.0) AppleWebKit/537.36 (KHTML, like Gecko) Mobile Safari/537.36 (compatible; Bytespider; spider-feedback@bytedance.com)"
136.243.220.209 - - [18/Oct/2025:09:12:48 -0400] "GET /items/bylds20/20522?fileloc=/home/salhiscp/public_html/googlea7b76dea880c4e87.html&path=/home/salhiscp/public_html HTTP/1.1" 200 2472 "-" "Mozilla/5.0 (compatible; DataForSeoBot/1.0; +https://dataforseo.com/dataforseo-bot)"
66.249.70.133 - - [18/Oct/2025:09:12:50 -0400] "GET /1372729553?items=1370483470 HTTP/1.1" 200 8896 "-" "Mozilla/5.0 (Linux; Android 6.0.1; Nexus 5X Build/MMB29P) AppleWebKit/537.36 (KHTML, like Gecko) Chrome/140.0.7339.207 Mobile Safari/537.36 (compatible; Googlebot/2.1; +http://www.google.com/bot.html)"
20.171.207.23 - - [18/Oct/2025:09:12:50 -0400] "GET /pages.php?liberal/r82?pid=8981 HTTP/1.1" 200 18697 "-" "Mozilla/5.0 AppleWebKit/537.36 (KHTML, like Gecko; compatible; GPTBot/1.2; +https://openai.com/gptbot)"
20.171.207.23 - - [18/Oct/2025:09:12:51 -0400] "GET /pages.php?license/l5?pid=11464 HTTP/1.1" 200 18734 "-" "Mozilla/5.0 AppleWebKit/537.36 (KHTML, like Gecko; compatible; GPTBot/1.2; +https://openai.com/gptbot)"
3.216.86.144 - - [18/Oct/2025:09:12:52 -0400] "GET /wp-admin/?path=//proc/self/root/proc/thread-self/root/opt/alt/alt-nodejs22/root/usr/lib/node_modules/npm/node_modules.bundled/npm-packlist HTTP/1.1" 200 3658 "-" "Mozilla/5.0 AppleWebKit/537.36 (KHTML, like Gecko; compatible; Amazonbot/0.1; +https://developer.amazon.com/support/amazonbot) Chrome/119.0.6045.214 Safari/537.36"
136.243.220.209 - - [18/Oct/2025:09:12:52 -0400] "GET /items/bylds20/20522?path=/home/salhiscp/public_html/.tmb HTTP/1.1" 200 2823 "-" "Mozilla/5.0 (compatible; DataForSeoBot/1.0; +https://dataforseo.com/dataforseo-bot)"
216.73.216.222 - - [18/Oct/2025:09:12:55 -0400] "GET /join-the-fun-mplays-slot-teen-patti-for-teen-patti-party-fans?fileloc=%2F%2Fusr%2Flib%2Fpython2.7%2Fsite-packages%2Fsetuptools%2Flib2to3_ex.pyo&path=%2F%2Fusr%2Flib%2Fpython2.7%2Fsite-packages%2Fsetuptools HTTP/1.1" 200 3701 "-" "Mozilla/5.0 AppleWebKit/537.36 (KHTML, like Gecko; compatible; ClaudeBot/1.0; +claudebot@anthropic.com)"
136.243.220.209 - - [18/Oct/2025:09:12:57 -0400] "GET /items/bylds20/20522?fileloc=/home/salhiscp/public_html/wp-load.php&path=/home/salhiscp/public_html HTTP/1.1" 200 4264 "-" "Mozilla/5.0 (compatible; DataForSeoBot/1.0; +https://dataforseo.com/dataforseo-bot)"
20.171.207.22 - - [18/Oct/2025:09:12:57 -0400] "GET /?path=//proc/self/root/proc/self/root/proc/thread-self/root/proc/thread-self/root/proc/thread-self/root/home/salhiscp/lscache/c/a/b HTTP/1.1" 200 3438 "-" "Mozilla/5.0 AppleWebKit/537.36 (KHTML, like Gecko; compatible; GPTBot/1.2; +https://openai.com/gptbot)"
20.171.207.23 - - [18/Oct/2025:09:13:00 -0400] "GET /pages.php?eastern/k69?pid=3030 HTTP/1.1" 200 18609 "-" "Mozilla/5.0 AppleWebKit/537.36 (KHTML, like Gecko; compatible; GPTBot/1.2; +https://openai.com/gptbot)"
20.171.207.23 - - [18/Oct/2025:09:13:01 -0400] "GET /pages.php?whether/k7?pid=40644 HTTP/1.1" 200 18885 "-" "Mozilla/5.0 AppleWebKit/537.36 (KHTML, like Gecko; compatible; GPTBot/1.2; +https://openai.com/gptbot)"
18.130.209.75 - - [18/Oct/2025:09:13:01 -0400] "GET /images/images/images/images/images/images/images/images/images/wp-admin/2PTWX1MuN6S.php HTTP/1.1" 200 5373 "-" "Mozilla/5.0 (iPhone; CPU iPhone OS 12_0 like Mac OS X) AppleWebKit/605.1.15 (KHTML, like Gecko) Version/12.0 Mobile/15E148 Safari/604.1"
136.243.220.209 - - [18/Oct/2025:09:13:01 -0400] "GET /items/bylds20/20522?path=/home/salhiscp/public_html/wp-includes HTTP/1.1" 200 14016 "-" "Mozilla/5.0 (compatible; DataForSeoBot/1.0; +https://dataforseo.com/dataforseo-bot)"
3.221.244.28 - - [18/Oct/2025:09:13:03 -0400] "GET /wp-admin/?path=//proc/self/root/proc/thread-self/root/opt/alt/alt-nodejs9/root/usr/lib/node_modules/npm/node_modules/lodash.clonedeep HTTP/1.1" 200 3677 "-" "Mozilla/5.0 AppleWebKit/537.36 (KHTML, like Gecko; compatible; Amazonbot/0.1; +https://developer.amazon.com/support/amazonbot) Chrome/119.0.6045.214 Safari/537.36"
20.171.207.23 - - [18/Oct/2025:09:13:02 -0400] "GET /pages.php?074000788.htm HTTP/1.1" 200 18500 "-" "Mozilla/5.0 AppleWebKit/537.36 (KHTML, like Gecko; compatible; GPTBot/1.2; +https://openai.com/gptbot)"
82.133.61.67 - - [18/Oct/2025:09:13:00 -0400] "GET /images/images/images/images/images/images/images/images/images/wp-admin/2PTWX1MuN6S.php HTTP/1.1" 200 5372 "-" "Mozilla/5.0 (iPhone; CPU iPhone OS 12_0 like Mac OS X) AppleWebKit/605.1.15 (KHTML, like Gecko) Version/12.0 Mobile/15E148 Safari/604.1"
52.2.83.227 - - [18/Oct/2025:09:13:01 -0400] "GET /wp-admin/?path=//proc/self/root/proc/thread-self/root/opt/alt/alt-nodejs22/root/lib/node_modules/npm/node_modules/semver/internal HTTP/1.1" 200 3743 "-" "Mozilla/5.0 AppleWebKit/537.36 (KHTML, like Gecko; compatible; Amazonbot/0.1; +https://developer.amazon.com/support/amazonbot) Chrome/119.0.6045.214 Safari/537.36"
20.171.207.23 - - [18/Oct/2025:09:13:03 -0400] "GET /pages.php?descend/g41?pid=8750 HTTP/1.1" 200 19566 "-" "Mozilla/5.0 AppleWebKit/537.36 (KHTML, like Gecko; compatible; GPTBot/1.2; +https://openai.com/gptbot)"
20.171.207.22 - - [18/Oct/2025:09:13:02 -0400] "GET /?path=//proc/self/root/proc/self/root/proc/thread-self/root/proc/thread-self/root/proc/thread-self/root/home/salhiscp/lscache/b/e/f HTTP/1.1" 200 3540 "-" "Mozilla/5.0 AppleWebKit/537.36 (KHTML, like Gecko; compatible; GPTBot/1.2; +https://openai.com/gptbot)"
206.189.245.72 - - [18/Oct/2025:09:13:02 -0400] "GET /images/images/images/images/images/images/images/images/images/wp-admin/2PTWX1MuN6S.php HTTP/1.1" 200 5471 "-" "Mozilla/5.0 (iPhone; CPU iPhone OS 12_0 like Mac OS X) AppleWebKit/605.1.15 (KHTML, like Gecko) Version/12.0 Mobile/15E148 Safari/604.1"
20.171.207.23 - - [18/Oct/2025:09:13:05 -0400] "GET /pages.php?fitness/n4?pid=49693 HTTP/1.1" 200 18679 "-" "Mozilla/5.0 AppleWebKit/537.36 (KHTML, like Gecko; compatible; GPTBot/1.2; +https://openai.com/gptbot)"
20.171.207.23 - - [18/Oct/2025:09:13:06 -0400] "GET /pages.php?process/g69?pid=3028 HTTP/1.1" 200 18429 "-" "Mozilla/5.0 AppleWebKit/537.36 (KHTML, like Gecko; compatible; GPTBot/1.2; +https://openai.com/gptbot)"
146.174.160.156 - - [18/Oct/2025:09:13:04 -0400] "GET /hyper-casino-les-probabilites-pour-des-strategies-gagnantes/?path=//proc/thread-self/root/usr/share/locale/ts HTTP/1.1" 200 3323 "-" "Mozilla/5.0 (Windows NT 6.1; rv:6.0) Gecko/20100101 Firefox/7.0"
20.171.207.23 - - [18/Oct/2025:09:13:07 -0400] "GET /pages.php?request/m9?pid=44696 HTTP/1.1" 200 18817 "-" "Mozilla/5.0 AppleWebKit/537.36 (KHTML, like Gecko; compatible; GPTBot/1.2; +https://openai.com/gptbot)"
136.243.220.209 - - [18/Oct/2025:09:13:06 -0400] "GET /items/bylds20/20522?fileloc=/home/salhiscp/public_html/whwgc.php&path=/home/salhiscp/public_html HTTP/1.1" 200 2491 "-" "Mozilla/5.0 (compatible; DataForSeoBot/1.0; +https://dataforseo.com/dataforseo-bot)"
44.215.210.112 - - [18/Oct/2025:09:13:07 -0400] "GET /wp-admin/?path=//proc/self/root/proc/thread-self/root/opt/alt/alt-nodejs8/root/usr/lib/node_modules/npm/node_modules.bundled/fs-vacuum HTTP/1.1" 200 3818 "-" "Mozilla/5.0 AppleWebKit/537.36 (KHTML, like Gecko; compatible; Amazonbot/0.1; +https://developer.amazon.com/support/amazonbot) Chrome/119.0.6045.214 Safari/537.36"
216.244.66.235 - - [18/Oct/2025:09:13:10 -0400] "GET /vintage-90-s-brett-favre-4-green-bay-packers-quarterback-jerzees-xl-t-shirt-RUFCH0ZRW19XVQoH?path=/home/salhiscp/public_html/.well-known HTTP/1.1" 200 15763 "-" "Mozilla/5.0 (compatible; DotBot/1.2; +https://opensiteexplorer.org/dotbot; help@moz.com)"
20.171.207.23 - - [18/Oct/2025:09:13:12 -0400] "GET /pages.php?through/d5?pid=48458 HTTP/1.1" 200 19331 "-" "Mozilla/5.0 AppleWebKit/537.36 (KHTML, like Gecko; compatible; GPTBot/1.2; +https://openai.com/gptbot)"
20.171.207.23 - - [18/Oct/2025:09:13:13 -0400] "GET /pages.php?variety/u45?pid=4466 HTTP/1.1" 200 18186 "-" "Mozilla/5.0 AppleWebKit/537.36 (KHTML, like Gecko; compatible; GPTBot/1.2; +https://openai.com/gptbot)"
20.171.207.22 - - [18/Oct/2025:09:13:06 -0400] "GET /?path=//proc/self/root/proc/self/root/proc/thread-self/root/proc/thread-self/root/proc/thread-self/root/home/salhiscp/lscache/b/e/b HTTP/1.1" 200 3166 "-" "Mozilla/5.0 AppleWebKit/537.36 (KHTML, like Gecko; compatible; GPTBot/1.2; +https://openai.com/gptbot)"
20.171.207.23 - - [18/Oct/2025:09:13:09 -0400] "GET /pages.php?college/h45?pid=4452 HTTP/1.1" 200 19801 "-" "Mozilla/5.0 AppleWebKit/537.36 (KHTML, like Gecko; compatible; GPTBot/1.2; +https://openai.com/gptbot)"
136.243.220.209 - - [18/Oct/2025:09:13:10 -0400] "GET /items/bylds20/20522?fileloc=/home/salhiscp/public_html/wp-config.php&path=/home/salhiscp/public_html HTTP/1.1" 403 1242 "-" "Mozilla/5.0 (compatible; DataForSeoBot/1.0; +https://dataforseo.com/dataforseo-bot)"
216.73.216.222 - - [18/Oct/2025:09:13:07 -0400] "GET /join-the-fun-mplays-slot-teen-patti-for-teen-patti-party-fans?fileloc=%2Fhome%2Fsalhiscp%2Fpublic_html%2Fwp-content%2Fplugins%2Flitespeed-cache%2Fassets%2Fimg%2Ficons%2Frevision.svg&path=%2Fhome%2Fsalhiscp%2Fpublic_html%2Fwp-content%2Fplugins%2Flitespeed-cache%2Fassets%2Fimg%2Ficons HTTP/1.1" 200 3636 "-" "Mozilla/5.0 AppleWebKit/537.36 (KHTML, like Gecko; compatible; ClaudeBot/1.0; +claudebot@anthropic.com)"
20.171.207.23 - - [18/Oct/2025:09:13:10 -0400] "GET /pages.php?contend/z45?pid=4458 HTTP/1.1" 200 19318 "-" "Mozilla/5.0 AppleWebKit/537.36 (KHTML, like Gecko; compatible; GPTBot/1.2; +https://openai.com/gptbot)"
92.16.223.49 - - [18/Oct/2025:09:13:08 -0400] "GET /images/images/images/images/images/images/images/images/images/wp-admin/2PTWX1MuN6S.php HTTP/1.1" 200 5435 "-" "Mozilla/5.0 (iPhone; CPU iPhone OS 12_0 like Mac OS X) AppleWebKit/605.1.15 (KHTML, like Gecko) Version/12.0 Mobile/15E148 Safari/604.1"
20.171.207.23 - - [18/Oct/2025:09:13:11 -0400] "GET /pages.php?service/z45?pid=4468 HTTP/1.1" 200 18693 "-" "Mozilla/5.0 AppleWebKit/537.36 (KHTML, like Gecko; compatible; GPTBot/1.2; +https://openai.com/gptbot)"
20.171.207.22 - - [18/Oct/2025:09:13:10 -0400] "GET /?path=//proc/self/root/proc/self/root/proc/thread-self/root/proc/thread-self/root/proc/thread-self/root/home/salhiscp/lscache/b/f/c HTTP/1.1" 200 3330 "-" "Mozilla/5.0 AppleWebKit/537.36 (KHTML, like Gecko; compatible; GPTBot/1.2; +https://openai.com/gptbot)"
18.213.70.100 - - [18/Oct/2025:09:13:12 -0400] "GET /wp-admin/?path=//proc/self/root/proc/thread-self/root/opt/alt/alt-nodejs8/root/lib/node_modules/npm/node_modules.bundled/debug/src HTTP/1.1" 200 3656 "-" "Mozilla/5.0 AppleWebKit/537.36 (KHTML, like Gecko; compatible; Amazonbot/0.1; +https://developer.amazon.com/support/amazonbot) Chrome/119.0.6045.214 Safari/537.36"
193.36.118.214 - - [18/Oct/2025:09:13:12 -0400] "GET /images/images/images/images/images/images/images/images/images/wp-admin/HkMdhTOx1DX.php HTTP/1.1" 200 5406 "-" "Mozilla/5.0 (Linux; Android 10; K) AppleWebKit/537.36 (KHTML, like Gecko) Chrome/135.0.0.0 Mobile Safari/537.36"
45.133.172.13 - - [18/Oct/2025:09:13:13 -0400] "GET /images/images/images/images/images/images/images/images/images/wp-admin/HkMdhTOx1DX.php HTTP/1.1" 200 5373 "-" "Mozilla/5.0 (Linux; Android 10; K) AppleWebKit/537.36 (KHTML, like Gecko) Chrome/135.0.0.0 Mobile Safari/537.36"
82.133.61.67 - - [18/Oct/2025:09:13:13 -0400] "GET /images/images/images/images/images/images/images/images/images/wp-admin/HkMdhTOx1DX.php HTTP/1.1" 200 5373 "-" "Mozilla/5.0 (Linux; Android 10; K) AppleWebKit/537.36 (KHTML, like Gecko) Chrome/135.0.0.0 Mobile Safari/537.36"
18.130.209.75 - - [18/Oct/2025:09:13:15 -0400] "GET /images/images/images/images/images/images/images/images/images/wp-admin/HkMdhTOx1DX.php HTTP/1.1" 200 5435 "-" "Mozilla/5.0 (Linux; Android 10; K) AppleWebKit/537.36 (KHTML, like Gecko) Chrome/135.0.0.0 Mobile Safari/537.36"
20.171.207.23 - - [18/Oct/2025:09:13:19 -0400] "GET /pages.php?nominee/u45?pid=4466 HTTP/1.1" 200 19094 "-" "Mozilla/5.0 AppleWebKit/537.36 (KHTML, like Gecko; compatible; GPTBot/1.2; +https://openai.com/gptbot)"
20.171.207.22 - - [18/Oct/2025:09:13:18 -0400] "GET /?path=//proc/self/root/proc/self/root/proc/thread-self/root/proc/thread-self/root/proc/thread-self/root/home/salhiscp/lscache/b/b HTTP/1.1" 200 3069 "-" "Mozilla/5.0 AppleWebKit/537.36 (KHTML, like Gecko; compatible; GPTBot/1.2; +https://openai.com/gptbot)"
20.171.207.23 - - [18/Oct/2025:09:13:20 -0400] "GET /pages.php?possess/l80?pid=9663 HTTP/1.1" 200 18997 "-" "Mozilla/5.0 AppleWebKit/537.36 (KHTML, like Gecko; compatible; GPTBot/1.2; +https://openai.com/gptbot)"
136.243.220.209 - - [18/Oct/2025:09:13:19 -0400] "GET /items/bylds20/20522?fileloc=/home/salhiscp/public_html/license.txt&path=/home/salhiscp/public_html HTTP/1.1" 200 9936 "-" "Mozilla/5.0 (compatible; DataForSeoBot/1.0; +https://dataforseo.com/dataforseo-bot)"
216.73.216.222 - - [18/Oct/2025:09:13:19 -0400] "GET /join-the-fun-mplays-slot-teen-patti-for-teen-patti-party-fans?fileloc=%2F%2Fusr%2Flib%2Fpython2.7%2Fsite-packages%2Fsetuptools%2Fnamespaces.pyo&path=%2F%2Fusr%2Flib%2Fpython2.7%2Fsite-packages%2Fsetuptools HTTP/1.1" 200 4414 "-" "Mozilla/5.0 AppleWebKit/537.36 (KHTML, like Gecko; compatible; ClaudeBot/1.0; +claudebot@anthropic.com)"
136.243.220.209 - - [18/Oct/2025:09:13:23 -0400] "GET /items/bylds20/20522?fileloc=/home/salhiscp/public_html/wp-mail.php&path=/home/salhiscp/public_html HTTP/1.1" 200 5660 "-" "Mozilla/5.0 (compatible; DataForSeoBot/1.0; +https://dataforseo.com/dataforseo-bot)"
47.128.16.240 - - [18/Oct/2025:09:13:24 -0400] "GET /claiming-and-using-free-bonus-in-3-patti-gold-live-dealer-mode/?fileloc=%2F%2Flib%2F.build-id%2F05%2F01bbc0c971aaa0efe72f3d580f52bb4e2aef29&path=%2F%2Flib%2F.build-id%2F05 HTTP/1.1" 200 12870 "-" "Mozilla/5.0 (Linux; Android 5.0) AppleWebKit/537.36 (KHTML, like Gecko) Mobile Safari/537.36 (compatible; Bytespider; spider-feedback@bytedance.com)"
100.29.155.89 - - [18/Oct/2025:09:13:26 -0400] "GET /wp-admin/?path=//proc/self/root/proc/thread-self/root/opt/alt/alt-nodejs10/root/lib/node_modules/npm/node_modules.bundled/jsonparse/samplejson HTTP/1.1" 200 3543 "-" "Mozilla/5.0 AppleWebKit/537.36 (KHTML, like Gecko; compatible; Amazonbot/0.1; +https://developer.amazon.com/support/amazonbot) Chrome/119.0.6045.214 Safari/537.36"
54.164.106.236 - - [18/Oct/2025:09:13:27 -0400] "GET /wp-admin/?path=//proc/thread-self/root/proc/self/root/proc/self/root/proc/self/root/lib/firmware/tigon HTTP/1.1" 200 3550 "-" "Mozilla/5.0 AppleWebKit/537.36 (KHTML, like Gecko; compatible; Amazonbot/0.1; +https://developer.amazon.com/support/amazonbot) Chrome/119.0.6045.214 Safari/537.36"
66.249.70.97 - - [18/Oct/2025:09:13:28 -0400] "GET /437139275?items=0436424438 HTTP/1.1" 200 8611 "-" "Mozilla/5.0 (Linux; Android 6.0.1; Nexus 5X Build/MMB29P) AppleWebKit/537.36 (KHTML, like Gecko) Chrome/140.0.7339.207 Mobile Safari/537.36 (compatible; Googlebot/2.1; +http://www.google.com/bot.html)"
20.171.207.23 - - [18/Oct/2025:09:13:29 -0400] "GET /pages.php?item/u37/13652/ HTTP/1.1" 200 18404 "-" "Mozilla/5.0 AppleWebKit/537.36 (KHTML, like Gecko; compatible; GPTBot/1.2; +https://openai.com/gptbot)"
136.243.220.209 - - [18/Oct/2025:09:13:27 -0400] "GET /items/bylds20/20522?path=/home/salhiscp/public_html HTTP/1.1" 200 4249 "-" "Mozilla/5.0 (compatible; DataForSeoBot/1.0; +https://dataforseo.com/dataforseo-bot)"
202.76.160.39 - - [18/Oct/2025:09:13:29 -0400] "GET /hyper-casino-les-probabilites-pour-des-strategies-gagnantes/?path=//proc/thread-self/root/usr/share/locale/udm HTTP/1.1" 200 3326 "-" "Mozilla/5.0 (Macintosh; U; PPC Mac OS X; de-de) AppleWebKit/312.8 (KHTML, like Gecko) Safari/312.5_Adobe"
20.171.207.22 - - [18/Oct/2025:09:13:29 -0400] "GET /?path=//proc/self/root/proc/self/root/proc/thread-self/root/proc/thread-self/root/proc/thread-self/root/home/salhiscp/lscache/d/f HTTP/1.1" 200 3074 "-" "Mozilla/5.0 AppleWebKit/537.36 (KHTML, like Gecko; compatible; GPTBot/1.2; +https://openai.com/gptbot)"
20.171.207.23 - - [18/Oct/2025:09:13:14 -0400] "GET /pages.php?willing/t9?pid=44704 HTTP/1.1" 200 18484 "-" "Mozilla/5.0 AppleWebKit/537.36 (KHTML, like Gecko; compatible; GPTBot/1.2; +https://openai.com/gptbot)"
20.171.207.23 - - [18/Oct/2025:09:13:16 -0400] "GET /pages.php?sponsor/n4?pid=49693 HTTP/1.1" 200 19095 "-" "Mozilla/5.0 AppleWebKit/537.36 (KHTML, like Gecko; compatible; GPTBot/1.2; +https://openai.com/gptbot)"
20.171.207.22 - - [18/Oct/2025:09:13:14 -0400] "GET /?path=//proc/self/root/proc/self/root/proc/thread-self/root/proc/thread-self/root/proc/thread-self/root/home/salhiscp/lscache/b/e/e HTTP/1.1" 200 3309 "-" "Mozilla/5.0 AppleWebKit/537.36 (KHTML, like Gecko; compatible; GPTBot/1.2; +https://openai.com/gptbot)"
20.171.207.23 - - [18/Oct/2025:09:13:17 -0400] "GET /pages.php?freedom/h45?pid=4452 HTTP/1.1" 200 19886 "-" "Mozilla/5.0 AppleWebKit/537.36 (KHTML, like Gecko; compatible; GPTBot/1.2; +https://openai.com/gptbot)"
136.243.220.209 - - [18/Oct/2025:09:13:14 -0400] "GET /items/bylds20/20522?fileloc=/home/salhiscp/public_html/product.php&path=/home/salhiscp/public_html HTTP/1.1" 200 3479 "-" "Mozilla/5.0 (compatible; DataForSeoBot/1.0; +https://dataforseo.com/dataforseo-bot)"
52.204.81.148 - - [18/Oct/2025:09:13:15 -0400] "GET /wp-admin/?path=//proc/self/root/proc/thread-self/root/opt/alt/alt-nodejs16/root/lib/node_modules/npm/node_modules.bundled/minimatch HTTP/1.1" 200 3718 "-" "Mozilla/5.0 AppleWebKit/537.36 (KHTML, like Gecko; compatible; Amazonbot/0.1; +https://developer.amazon.com/support/amazonbot) Chrome/119.0.6045.214 Safari/537.36"
146.174.183.239 - - [18/Oct/2025:09:13:16 -0400] "GET /hyper-casino-les-probabilites-pour-des-strategies-gagnantes/?path=//proc/thread-self/root/usr/share/locale/tzo HTTP/1.1" 200 3341 "-" "Mozilla/5.0 (Windows NT 5.1; rv:8.0; en_us) Gecko/20100101 Firefox/8.0"
20.171.207.23 - - [18/Oct/2025:09:13:21 -0400] "GET /pages.php?episode/v4?pid=24229 HTTP/1.1" 200 19219 "-" "Mozilla/5.0 AppleWebKit/537.36 (KHTML, like Gecko; compatible; GPTBot/1.2; +https://openai.com/gptbot)"
98.84.131.195 - - [18/Oct/2025:09:13:20 -0400] "GET /wp-admin/?path=//proc/self/root/opt/alt/alt-nodejs22/root/lib/node_modules/npm/node_modules/foreground-child HTTP/1.1" 200 3617 "-" "Mozilla/5.0 AppleWebKit/537.36 (KHTML, like Gecko; compatible; Amazonbot/0.1; +https://developer.amazon.com/support/amazonbot) Chrome/119.0.6045.214 Safari/537.36"
57.141.0.20 - - [18/Oct/2025:09:13:19 -0400] "GET /688247314?fileloc=//lib64/libm-2.28.so&path=//lib64 HTTP/1.1" 200 2748098 "-" "meta-externalagent/1.1 (+https://developers.facebook.com/docs/sharing/webmasters/crawler)"
20.171.207.23 - - [18/Oct/2025:09:13:22 -0400] "GET /pages.php?willing/i69?pid=3034 HTTP/1.1" 200 18945 "-" "Mozilla/5.0 AppleWebKit/537.36 (KHTML, like Gecko; compatible; GPTBot/1.2; +https://openai.com/gptbot)"
20.171.207.22 - - [18/Oct/2025:09:13:21 -0400] "GET /?path=//proc/self/root/proc/self/root/proc/thread-self/root/proc/thread-self/root/proc/thread-self/root/home/salhiscp/lscache/b/d/d HTTP/1.1" 200 3310 "-" "Mozilla/5.0 AppleWebKit/537.36 (KHTML, like Gecko; compatible; GPTBot/1.2; +https://openai.com/gptbot)"
20.171.207.22 - - [18/Oct/2025:09:13:24 -0400] "GET /?path=//proc/self/root/proc/self/root/proc/thread-self/root/proc/thread-self/root/proc/thread-self/root/home/salhiscp/lscache/b/e/d HTTP/1.1" 200 3162 "-" "Mozilla/5.0 AppleWebKit/537.36 (KHTML, like Gecko; compatible; GPTBot/1.2; +https://openai.com/gptbot)"
66.249.70.97 - - [18/Oct/2025:09:13:28 -0400] "GET /63617512?items=0063514002 HTTP/1.1" 200 8636 "-" "Mozilla/5.0 (Linux; Android 6.0.1; Nexus 5X Build/MMB29P) AppleWebKit/537.36 (KHTML, like Gecko) Chrome/140.0.7339.207 Mobile Safari/537.36 (compatible; Googlebot/2.1; +http://www.google.com/bot.html)"
20.171.207.22 - - [18/Oct/2025:09:13:26 -0400] "GET /?path=//proc/self/root/proc/self/root/proc/thread-self/root/proc/thread-self/root/proc/thread-self/root/home/salhiscp/.softaculous/sess HTTP/1.1" 200 2607 "-" "Mozilla/5.0 AppleWebKit/537.36 (KHTML, like Gecko; compatible; GPTBot/1.2; +https://openai.com/gptbot)"
20.171.207.23 - - [18/Oct/2025:09:13:32 -0400] "GET /pages.php?require/w69?pid=3036 HTTP/1.1" 200 18509 "-" "Mozilla/5.0 AppleWebKit/537.36 (KHTML, like Gecko; compatible; GPTBot/1.2; +https://openai.com/gptbot)"
216.73.216.222 - - [18/Oct/2025:09:13:31 -0400] "GET /join-the-fun-mplays-slot-teen-patti-for-teen-patti-party-fans?fileloc=%2Fhome%2Fsalhiscp%2Fpublic_html%2Fwp-content%2Fplugins%2Flitespeed-cache%2Fassets%2Fimg%2Ficons%2Fpurge-pages.svg&path=%2Fhome%2Fsalhiscp%2Fpublic_html%2Fwp-content%2Fplugins%2Flitespeed-cache%2Fassets%2Fimg%2Ficons HTTP/1.1" 200 4145 "-" "Mozilla/5.0 AppleWebKit/537.36 (KHTML, like Gecko; compatible; ClaudeBot/1.0; +claudebot@anthropic.com)"
98.83.226.125 - - [18/Oct/2025:09:13:31 -0400] "GET /wp-admin/?path=//proc/self/root/proc/thread-self/root/opt/alt/alt-nodejs8/root/usr/lib/node_modules/npm/node_modules/wrap-ansi HTTP/1.1" 200 3754 "-" "Mozilla/5.0 AppleWebKit/537.36 (KHTML, like Gecko; compatible; Amazonbot/0.1; +https://developer.amazon.com/support/amazonbot) Chrome/119.0.6045.214 Safari/537.36"
20.171.207.23 - - [18/Oct/2025:09:13:34 -0400] "GET /pages.php?barrier/g49?pid=4708 HTTP/1.1" 200 18384 "-" "Mozilla/5.0 AppleWebKit/537.36 (KHTML, like Gecko; compatible; GPTBot/1.2; +https://openai.com/gptbot)"
20.171.207.22 - - [18/Oct/2025:09:13:34 -0400] "GET /?path=//proc/self/root/proc/self/root/proc/thread-self/root/proc/thread-self/root/proc/thread-self/root/home/salhiscp/lscache/b/b/b HTTP/1.1" 200 3152 "-" "Mozilla/5.0 AppleWebKit/537.36 (KHTML, like Gecko; compatible; GPTBot/1.2; +https://openai.com/gptbot)"
136.243.220.209 - - [18/Oct/2025:09:13:36 -0400] "GET /items/bylds20/20522?fileloc=/home/salhiscp/public_html/xmlrpc.php&path=/home/salhiscp/public_html HTTP/1.1" 200 3939 "-" "Mozilla/5.0 (compatible; DataForSeoBot/1.0; +https://dataforseo.com/dataforseo-bot)"
20.171.207.22 - - [18/Oct/2025:09:13:37 -0400] "GET /?path=//proc/self/root/proc/self/root/proc/thread-self/root/proc/thread-self/root/proc/thread-self/root/home/salhiscp/lscache/b/b/e HTTP/1.1" 200 3168 "-" "Mozilla/5.0 AppleWebKit/537.36 (KHTML, like Gecko; compatible; GPTBot/1.2; +https://openai.com/gptbot)"
69.197.149.50 - - [18/Oct/2025:09:13:38 -0400] "GET /wp-content/qq571050/index.php?id=676800 HTTP/1.1" 200 0 "https://salhab360booth.com/wp-content/qq571050/index.php?id=676800" "Mozilla/5.0 (Windows NT 10.0; Win64; x64) AppleWebKit/537.36 (KHTML, like Gecko) Chrome/58.0.3029.110 Safari/537.3"
52.7.13.143 - - [18/Oct/2025:09:13:40 -0400] "GET /wp-admin/?path=//proc/self/root/proc/thread-self/root/opt/alt/alt-nodejs10/root/lib/node_modules/npm/node_modules/node-gyp/bin HTTP/1.1" 200 3460 "-" "Mozilla/5.0 AppleWebKit/537.36 (KHTML, like Gecko; compatible; Amazonbot/0.1; +https://developer.amazon.com/support/amazonbot) Chrome/119.0.6045.214 Safari/537.36"
20.171.207.22 - - [18/Oct/2025:09:13:39 -0400] "GET /?path=//proc/self/root/proc/self/root/proc/thread-self/root/proc/thread-self/root/proc/thread-self/root/home/salhiscp/lscache/b/d/f HTTP/1.1" 200 3295 "-" "Mozilla/5.0 AppleWebKit/537.36 (KHTML, like Gecko; compatible; GPTBot/1.2; +https://openai.com/gptbot)"
216.244.66.235 - - [18/Oct/2025:09:13:41 -0400] "GET /vintage-audiovox-cell-phone-with-bag-and-antenna-RURBHkJXVF5XUQoE?path=/home/salhiscp/public_html/images HTTP/1.1" 200 15719 "-" "Mozilla/5.0 (compatible; DotBot/1.2; +https://opensiteexplorer.org/dotbot; help@moz.com)"
136.243.220.209 - - [18/Oct/2025:09:13:40 -0400] "GET /items/bylds20/20522?fileloc=/home/salhiscp/public_html/pages.php&path=/home/salhiscp/public_html HTTP/1.1" 200 3259 "-" "Mozilla/5.0 (compatible; DataForSeoBot/1.0; +https://dataforseo.com/dataforseo-bot)"
216.73.216.222 - - [18/Oct/2025:09:13:43 -0400] "GET /join-the-fun-mplays-slot-teen-patti-for-teen-patti-party-fans?fileloc=%2Fhome%2Fsalhiscp%2Fwww%2Fwp-includes%2FSimplePie%2Flibrary%2FSimplePie%2FHTTP%2FParser.php&path=%2Fhome%2Fsalhiscp%2Fwww%2Fwp-includes%2FSimplePie%2Flibrary%2FSimplePie%2FHTTP HTTP/1.1" 200 3685 "-" "Mozilla/5.0 AppleWebKit/537.36 (KHTML, like Gecko; compatible; ClaudeBot/1.0; +claudebot@anthropic.com)"
20.171.207.22 - - [18/Oct/2025:09:13:32 -0400] "GET /?path=//proc/self/root/proc/self/root/proc/thread-self/root/proc/thread-self/root/proc/thread-self/root/home/salhiscp/lscache/b/f/a HTTP/1.1" 200 3322 "-" "Mozilla/5.0 AppleWebKit/537.36 (KHTML, like Gecko; compatible; GPTBot/1.2; +https://openai.com/gptbot)"
136.243.220.209 - - [18/Oct/2025:09:13:32 -0400] "GET /items/bylds20/20522?fileloc=/home/salhiscp/public_html/index.php0&path=/home/salhiscp/public_html HTTP/1.1" 200 16554 "-" "Mozilla/5.0 (compatible; DataForSeoBot/1.0; +https://dataforseo.com/dataforseo-bot)"
20.171.207.22 - - [18/Oct/2025:09:13:36 -0400] "GET /?path=//proc/self/root/proc/self/root/proc/thread-self/root/proc/thread-self/root/proc/thread-self/root/home/salhiscp/lscache/b/e/a HTTP/1.1" 200 3202 "-" "Mozilla/5.0 AppleWebKit/537.36 (KHTML, like Gecko; compatible; GPTBot/1.2; +https://openai.com/gptbot)"
3.81.253.213 - - [18/Oct/2025:09:13:38 -0400] "GET /wp-admin/?path=//proc/thread-self/root/proc/thread-self/root/proc/self/root/proc/self/root/usr/share/libtool HTTP/1.1" 200 4447 "-" "Mozilla/5.0 AppleWebKit/537.36 (KHTML, like Gecko; compatible; Amazonbot/0.1; +https://developer.amazon.com/support/amazonbot) Chrome/119.0.6045.214 Safari/537.36"
146.174.169.90 - - [18/Oct/2025:09:13:40 -0400] "GET /hyper-casino-les-probabilites-pour-des-strategies-gagnantes/?path=//proc/thread-self/root/usr/share/man/sv HTTP/1.1" 200 3481 "-" "Mozilla/5.0 (Windows; U; Windows NT 6.1; en-US) AppleWebKit/534.3 (KHTML, like Gecko) Chrome/6.0.458.1 Safari/534.3"
206.189.247.132 - - [18/Oct/2025:09:13:43 -0400] "GET /images/images/images/images/images/images/tradegpt/langs/jp/index.php HTTP/1.1" 200 5372 "-" "Mozilla/5.0 (Linux; Android 10; K) AppleWebKit/537.36 (KHTML, like Gecko) Chrome/135.0.0.0 Mobile Safari/537.36"
20.171.207.22 - - [18/Oct/2025:09:13:43 -0400] "GET /?path=//proc/self/root/proc/self/root/proc/thread-self/root/proc/thread-self/root/proc/thread-self/root/home/salhiscp/lscache/d/f/f HTTP/1.1" 200 3159 "-" "Mozilla/5.0 AppleWebKit/537.36 (KHTML, like Gecko; compatible; GPTBot/1.2; +https://openai.com/gptbot)"
18.130.209.75 - - [18/Oct/2025:09:13:43 -0400] "GET /images/images/images/images/images/images/tradegpt/langs/jp/index.php HTTP/1.1" 200 5373 "-" "Mozilla/5.0 (Linux; Android 10; K) AppleWebKit/537.36 (KHTML, like Gecko) Chrome/135.0.0.0 Mobile Safari/537.36"
20.171.207.23 - - [18/Oct/2025:09:13:50 -0400] "GET /pages.php?persist/g69?pid=3028 HTTP/1.1" 200 18700 "-" "Mozilla/5.0 AppleWebKit/537.36 (KHTML, like Gecko; compatible; GPTBot/1.2; +https://openai.com/gptbot)"
136.243.220.209 - - [18/Oct/2025:09:13:47 -0400] "GET /items/bylds20/20522?fileloc=/home/salhiscp/public_html/index.php&path=/home/salhiscp/public_html HTTP/1.1" 200 10912 "-" "Mozilla/5.0 (compatible; DataForSeoBot/1.0; +https://dataforseo.com/dataforseo-bot)"
35.170.205.140 - - [18/Oct/2025:09:13:49 -0400] "GET /wp-admin/?path=//proc/self/root/proc/thread-self/root/opt/alt/alt-nodejs8/root/lib/node_modules/npm/node_modules/jsonparse/samplejson HTTP/1.1" 200 3531 "-" "Mozilla/5.0 AppleWebKit/537.36 (KHTML, like Gecko; compatible; Amazonbot/0.1; +https://developer.amazon.com/support/amazonbot) Chrome/119.0.6045.214 Safari/537.36"
20.171.207.22 - - [18/Oct/2025:09:13:49 -0400] "GET /?path=//proc/self/root/proc/self/root/proc/thread-self/root/proc/thread-self/root/proc/thread-self/root/home/salhiscp/lscache/b/f/f HTTP/1.1" 200 2957 "-" "Mozilla/5.0 AppleWebKit/537.36 (KHTML, like Gecko; compatible; GPTBot/1.2; +https://openai.com/gptbot)"
114.119.142.131 - - [18/Oct/2025:09:13:49 -0400] "GET /products/99gk25660 HTTP/1.1" 200 5373 "https://salhab360booth.com/?sitemap812.xml" "Mozilla/5.0 (Linux; Android 7.0;) AppleWebKit/537.36 (KHTML, like Gecko) Mobile Safari/537.36 (compatible; PetalBot;+https://webmaster.petalsearch.com/site/petalbot)"
20.171.207.23 - - [18/Oct/2025:09:13:48 -0400] "GET /pages.php?finding/s4?pid=33481 HTTP/1.1" 200 19041 "-" "Mozilla/5.0 AppleWebKit/537.36 (KHTML, like Gecko; compatible; GPTBot/1.2; +https://openai.com/gptbot)"
18.209.137.234 - - [18/Oct/2025:09:13:44 -0400] "GET /wp-admin/?path=//proc/self/root/proc/thread-self/root/opt/alt/alt-nodejs9/root/usr/lib/node_modules/npm/node_modules/iferr HTTP/1.1" 200 3761 "-" "Mozilla/5.0 AppleWebKit/537.36 (KHTML, like Gecko; compatible; Amazonbot/0.1; +https://developer.amazon.com/support/amazonbot) Chrome/119.0.6045.214 Safari/537.36"
206.189.247.132 - - [18/Oct/2025:09:13:44 -0400] "GET /_layouts/16/spinstall0.aspx HTTP/1.1" 200 5566 "-" "Mozilla/5.0 (Linux, Android 10, K) AppleWebKit/537.36 (KHTML, like Gecko) Chrome/140.0.0.0 Mobile Safari/537.36"
18.130.209.75 - - [18/Oct/2025:09:13:44 -0400] "GET /_layouts/16/spinstall0.aspx HTTP/1.1" 200 5435 "-" "Mozilla/5.0 (Linux, Android 10, K) AppleWebKit/537.36 (KHTML, like Gecko) Chrome/140.0.0.0 Mobile Safari/537.36"
81.105.225.207 - - [18/Oct/2025:09:13:46 -0400] "GET /_layouts/16/spinstall0.aspx HTTP/1.1" 200 5471 "-" "Mozilla/5.0 (Linux, Android 10, K) AppleWebKit/537.36 (KHTML, like Gecko) Chrome/140.0.0.0 Mobile Safari/537.36"
47.128.28.54 - - [18/Oct/2025:09:13:48 -0400] "GET /claiming-and-using-free-bonus-in-3-patti-gold-live-dealer-mode/?fileloc=%2Fhome%2Fsalhiscp%2Flscache%2Fb%2F3%2Ff%2Fb3f94703470a7a1c&path=%2Fhome%2Fsalhiscp%2Flscache%2Fb%2F3%2Ff HTTP/1.1" 200 14092 "-" "Mozilla/5.0 (Linux; Android 5.0) AppleWebKit/537.36 (KHTML, like Gecko) Mobile Safari/537.36 (compatible; Bytespider; spider-feedback@bytedance.com)"
44.194.139.149 - - [18/Oct/2025:09:13:51 -0400] "GET /wp-admin/?path=//proc/self/root/proc/thread-self/root/opt/alt/alt-nodejs8/root/lib/node_modules/npm/node_modules/fs-minipass/node_modules HTTP/1.1" 200 3444 "-" "Mozilla/5.0 AppleWebKit/537.36 (KHTML, like Gecko; compatible; Amazonbot/0.1; +https://developer.amazon.com/support/amazonbot) Chrome/119.0.6045.214 Safari/537.36"
20.171.207.23 - - [18/Oct/2025:09:13:53 -0400] "GET /pages.php?illness/s3?pid=19106 HTTP/1.1" 200 18805 "-" "Mozilla/5.0 AppleWebKit/537.36 (KHTML, like Gecko; compatible; GPTBot/1.2; +https://openai.com/gptbot)"
136.243.220.209 - - [18/Oct/2025:09:13:52 -0400] "GET /items/bylds20/20522?fileloc=/home/salhiscp/public_html/mah.php&path=/home/salhiscp/public_html HTTP/1.1" 200 3438 "-" "Mozilla/5.0 (compatible; DataForSeoBot/1.0; +https://dataforseo.com/dataforseo-bot)"
57.141.0.61 - - [18/Oct/2025:09:13:53 -0400] "GET /1580905060?fileloc=/home/salhiscp/public_html/wp-admin/ms-themes.php&path=/home/salhiscp/public_html/wp-admin HTTP/1.1" 200 12668 "-" "meta-externalagent/1.1 (+https://developers.facebook.com/docs/sharing/webmasters/crawler)"
18.130.209.75 - - [18/Oct/2025:09:13:54 -0400] "GET /images/images/images/images/images/images/images/images/images/wp-includes/index.php HTTP/1.1" 200 5372 "-" "Mozilla/5.0 (Linux; Android 10; K) AppleWebKit/537.36 (KHTML, like Gecko) Chrome/140.0.0.0 Mobile Safari/537.36"
216.73.216.222 - - [18/Oct/2025:09:13:55 -0400] "GET /join-the-fun-mplays-slot-teen-patti-for-teen-patti-party-fans?fileloc=%2Fhome%2Fsalhiscp%2Fwww%2Fwp-includes%2Fblock-patterns%2Fblock-patterns%2Fcache.php&path=%2Fhome%2Fsalhiscp%2Fwww%2Fwp-includes%2Fblock-patterns%2Fblock-patterns HTTP/1.1" 200 6952 "-" "Mozilla/5.0 AppleWebKit/537.36 (KHTML, like Gecko; compatible; ClaudeBot/1.0; +claudebot@anthropic.com)"
81.105.225.207 - - [18/Oct/2025:09:13:55 -0400] "GET /images/images/images/images/images/images/images/images/images/wp-includes/index.php HTTP/1.1" 200 5533 "-" "Mozilla/5.0 (Linux; Android 10; K) AppleWebKit/537.36 (KHTML, like Gecko) Chrome/140.0.0.0 Mobile Safari/537.36"
3.221.156.96 - - [18/Oct/2025:09:13:56 -0400] "GET /wp-admin/?path=//proc/thread-self/root/proc/thread-self/root/opt/alt/alt-nodejs10/root/lib/node_modules/npm/node_modules/move-concurrently HTTP/1.1" 200 3815 "-" "Mozilla/5.0 AppleWebKit/537.36 (KHTML, like Gecko; compatible; Amazonbot/0.1; +https://developer.amazon.com/support/amazonbot) Chrome/119.0.6045.214 Safari/537.36"
136.243.220.209 - - [18/Oct/2025:09:13:56 -0400] "GET /items/bylds20/20522?fileloc=/home/salhiscp/public_html/error_log&path=/home/salhiscp/public_html HTTP/1.1" 200 44220 "-" "Mozilla/5.0 (compatible; DataForSeoBot/1.0; +https://dataforseo.com/dataforseo-bot)"
20.171.207.22 - - [18/Oct/2025:09:13:57 -0400] "GET /?path=//proc/self/root/proc/self/root/proc/thread-self/root/proc/thread-self/root/proc/thread-self/root/home/salhiscp/lscache/c/c/d HTTP/1.1" 200 3485 "-" "Mozilla/5.0 AppleWebKit/537.36 (KHTML, like Gecko; compatible; GPTBot/1.2; +https://openai.com/gptbot)"
34.205.170.13 - - [18/Oct/2025:09:13:59 -0400] "GET /wp-admin/?path=//proc/thread-self/root/proc/thread-self/root/opt/alt/alt-nodejs10/root/lib/node_modules/npm/node_modules.bundled/through2 HTTP/1.1" 200 3881 "-" "Mozilla/5.0 AppleWebKit/537.36 (KHTML, like Gecko; compatible; Amazonbot/0.1; +https://developer.amazon.com/support/amazonbot) Chrome/119.0.6045.214 Safari/537.36"
20.171.207.23 - - [18/Oct/2025:09:14:02 -0400] "GET /pages.php?099000217.htm HTTP/1.1" 200 18598 "-" "Mozilla/5.0 AppleWebKit/537.36 (KHTML, like Gecko; compatible; GPTBot/1.2; +https://openai.com/gptbot)"
136.243.220.209 - - [18/Oct/2025:09:14:00 -0400] "GET /items/bylds20/20522?path=/home/salhiscp/public_html/.well-known HTTP/1.1" 200 2887 "-" "Mozilla/5.0 (compatible; DataForSeoBot/1.0; +https://dataforseo.com/dataforseo-bot)"
216.73.216.222 - - [18/Oct/2025:09:14:01 -0400] "GET /join-the-fun-mplays-slot-teen-patti-for-teen-patti-party-fans?fileloc=%2Fhome%2Fsalhiscp%2Fpublic_html%2Fwp-content%2Fplugins%2Flitespeed-cache%2Ftpl%2Ftoolbox%2Freport.tpl.php&path=%2Fhome%2Fsalhiscp%2Fpublic_html%2Fwp-content%2Fplugins%2Flitespeed-cache%2Ftpl%2Ftoolbox HTTP/1.1" 200 4996 "-" "Mozilla/5.0 AppleWebKit/537.36 (KHTML, like Gecko; compatible; ClaudeBot/1.0; +claudebot@anthropic.com)"
20.171.207.22 - - [18/Oct/2025:09:14:03 -0400] "GET /?path=//proc/self/root/proc/self/root/proc/thread-self/root/proc/thread-self/root/proc/thread-self/root/home/salhiscp/lscache/b/c HTTP/1.1" 200 3074 "-" "Mozilla/5.0 AppleWebKit/537.36 (KHTML, like Gecko; compatible; GPTBot/1.2; +https://openai.com/gptbot)"
20.171.207.23 - - [18/Oct/2025:09:14:05 -0400] "GET /pages.php?item/u163/10684/ HTTP/1.1" 200 18767 "-" "Mozilla/5.0 AppleWebKit/537.36 (KHTML, like Gecko; compatible; GPTBot/1.2; +https://openai.com/gptbot)"
146.174.173.66 - - [18/Oct/2025:09:14:04 -0400] "GET /hyper-casino-les-probabilites-pour-des-strategies-gagnantes/?path=//proc/thread-self/root/var/imunify360/files/sigs HTTP/1.1" 200 3384 "-" "Mozilla/5.0 (X11; U; Linux i686; en-US; rv:1.9.1.16) Gecko/20120421 Gecko Firefox/11.0"
136.243.220.209 - - [18/Oct/2025:09:14:04 -0400] "GET /items/bylds20/20522?fileloc=/home/salhiscp/public_html/search.php&path=/home/salhiscp/public_html HTTP/1.1" 200 3271 "-" "Mozilla/5.0 (compatible; DataForSeoBot/1.0; +https://dataforseo.com/dataforseo-bot)"
44.195.50.71 - - [18/Oct/2025:09:14:05 -0400] "GET /wp-admin/?path=//proc/self/root/proc/thread-self/root/opt/alt/alt-nodejs8/root/lib/node_modules/npm/node_modules/cli-table3/src HTTP/1.1" 200 3657 "-" "Mozilla/5.0 AppleWebKit/537.36 (KHTML, like Gecko; compatible; Amazonbot/0.1; +https://developer.amazon.com/support/amazonbot) Chrome/119.0.6045.214 Safari/537.36"
92.16.223.49 - - [18/Oct/2025:09:14:05 -0400] "GET /images/images/images/images/images/images/images/images/images/wp-includes/index.php HTTP/1.1" 200 5373 "-" "Mozilla/5.0 (Linux; Android 10; K) AppleWebKit/537.36 (KHTML, like Gecko) Chrome/140.0.0.0 Mobile Safari/537.36"
202.76.163.245 - - [18/Oct/2025:09:13:52 -0400] "GET /hyper-casino-les-probabilites-pour-des-strategies-gagnantes/?path=//proc/thread-self/root/usr/share/perl5/pod HTTP/1.1" 200 11687 "-" "Mozilla/5.0 (Macintosh; Intel Mac OS X 10_7_0) AppleWebKit/535.2 (KHTML, like Gecko) Chrome/15.0.861.0 Safari/535.2"
20.171.207.22 - - [18/Oct/2025:09:13:53 -0400] "GET /?path=//proc/self/root/proc/self/root/proc/thread-self/root/proc/thread-self/root/proc/thread-self/root/opt/alt/python-internal/etc HTTP/1.1" 200 2904 "-" "Mozilla/5.0 AppleWebKit/537.36 (KHTML, like Gecko; compatible; GPTBot/1.2; +https://openai.com/gptbot)"
20.171.207.22 - - [18/Oct/2025:09:14:00 -0400] "GET /?path=//proc/self/root/proc/self/root/proc/thread-self/root/proc/thread-self/root/proc/thread-self/root/home/salhiscp/lscache/b/f/d HTTP/1.1" 200 3438 "-" "Mozilla/5.0 AppleWebKit/537.36 (KHTML, like Gecko; compatible; GPTBot/1.2; +https://openai.com/gptbot)"
20.171.207.23 - - [18/Oct/2025:09:14:03 -0400] "GET /pages.php?stadium/p16?pid=3017 HTTP/1.1" 200 19180 "-" "Mozilla/5.0 AppleWebKit/537.36 (KHTML, like Gecko; compatible; GPTBot/1.2; +https://openai.com/gptbot)"
20.171.207.23 - - [18/Oct/2025:09:14:04 -0400] "GET /pages.php?dispute/m14?pid=1329 HTTP/1.1" 200 18205 "-" "Mozilla/5.0 AppleWebKit/537.36 (KHTML, like Gecko; compatible; GPTBot/1.2; +https://openai.com/gptbot)"
20.171.207.22 - - [18/Oct/2025:09:14:04 -0400] "GET /?path=//proc/self/root/proc/self/root/proc/thread-self/root/proc/thread-self/root/proc/thread-self/root/home/salhiscp/lscache/b/b/c HTTP/1.1" 200 3293 "-" "Mozilla/5.0 AppleWebKit/537.36 (KHTML, like Gecko; compatible; GPTBot/1.2; +https://openai.com/gptbot)"
37.120.233.45 - - [18/Oct/2025:09:14:04 -0400] "GET /images/images/images/images/images/images/tradegpt/langs/jp/index.php HTTP/1.1" 200 5372 "-" "Mozilla/5.0 (Linux; Android 10; K) AppleWebKit/537.36 (KHTML, like Gecko) Chrome/135.0.0.0 Mobile Safari/537.36"
20.171.207.22 - - [18/Oct/2025:09:14:10 -0400] "GET /?path=//proc/self/root/proc/self/root/proc/thread-self/root/proc/thread-self/root/proc/thread-self/root/home/salhiscp/lscache/b/b/a HTTP/1.1" 200 3254 "-" "Mozilla/5.0 AppleWebKit/537.36 (KHTML, like Gecko; compatible; GPTBot/1.2; +https://openai.com/gptbot)"
18.208.11.93 - - [18/Oct/2025:09:14:12 -0400] "GET /wp-admin/?path=//proc/self/root/proc/thread-self/root/opt/alt/alt-nodejs8/root/usr/lib/node_modules/npm/node_modules.bundled/through2 HTTP/1.1" 200 3851 "-" "Mozilla/5.0 AppleWebKit/537.36 (KHTML, like Gecko; compatible; Amazonbot/0.1; +https://developer.amazon.com/support/amazonbot) Chrome/119.0.6045.214 Safari/537.36"
216.73.216.222 - - [18/Oct/2025:09:14:13 -0400] "GET /join-the-fun-mplays-slot-teen-patti-for-teen-patti-party-fans?fileloc=%2F%2Fopt%2Falt%2Fpython312%2Finclude%2Fpython3.12%2Fcpython%2Fceval.h&path=%2F%2Fopt%2Falt%2Fpython312%2Finclude%2Fpython3.12%2Fcpython HTTP/1.1" 200 3123 "-" "Mozilla/5.0 AppleWebKit/537.36 (KHTML, like Gecko; compatible; ClaudeBot/1.0; +claudebot@anthropic.com)"
216.244.66.235 - - [18/Oct/2025:09:14:14 -0400] "GET /vintage-audiovox-cell-phone-with-bag-and-antenna-RURBHkJXVF5XUQoE?path=/home/salhiscp/public_html/wp-content HTTP/1.1" 200 298214 "-" "Mozilla/5.0 (compatible; DotBot/1.2; +https://opensiteexplorer.org/dotbot; help@moz.com)"
20.171.207.23 - - [18/Oct/2025:09:14:17 -0400] "GET /pages.php?premise/w41?pid=7710 HTTP/1.1" 200 18449 "-" "Mozilla/5.0 AppleWebKit/537.36 (KHTML, like Gecko; compatible; GPTBot/1.2; +https://openai.com/gptbot)"
136.243.220.209 - - [18/Oct/2025:09:14:17 -0400] "GET /items/bylds20/20522?fileloc=/home/salhiscp/public_html/options.php&path=/home/salhiscp/public_html HTTP/1.1" 200 3482 "-" "Mozilla/5.0 (compatible; DataForSeoBot/1.0; +https://dataforseo.com/dataforseo-bot)"
52.3.156.186 - - [18/Oct/2025:09:14:08 -0400] "GET /wp-admin/?path=//proc/thread-self/root/proc/thread-self/root/opt/alt/alt-nodejs10/root/lib/node_modules/npm/node_modules/tough-cookie HTTP/1.1" 200 3724 "-" "Mozilla/5.0 AppleWebKit/537.36 (KHTML, like Gecko; compatible; Amazonbot/0.1; +https://developer.amazon.com/support/amazonbot) Chrome/119.0.6045.214 Safari/537.36"
20.171.207.22 - - [18/Oct/2025:09:14:08 -0400] "GET /?path=//proc/self/root/proc/self/root/proc/thread-self/root/proc/thread-self/root/proc/thread-self/root/home/salhiscp/lscache/c/a/d HTTP/1.1" 200 3273 "-" "Mozilla/5.0 AppleWebKit/537.36 (KHTML, like Gecko; compatible; GPTBot/1.2; +https://openai.com/gptbot)"
136.243.220.209 - - [18/Oct/2025:09:14:09 -0400] "GET /items/bylds20/20522?fileloc=/home/salhiscp/public_html/wp-comments-post.php&path=/home/salhiscp/public_html HTTP/1.1" 200 3560 "-" "Mozilla/5.0 (compatible; DataForSeoBot/1.0; +https://dataforseo.com/dataforseo-bot)"
136.243.220.209 - - [18/Oct/2025:09:14:13 -0400] "GET /items/bylds20/20522?fileloc=/home/salhiscp/public_html/.htaccess.bk&path=/home/salhiscp/public_html HTTP/1.1" 403 1242 "-" "Mozilla/5.0 (compatible; DataForSeoBot/1.0; +https://dataforseo.com/dataforseo-bot)"
20.171.207.22 - - [18/Oct/2025:09:14:12 -0400] "GET /?path=//proc/self/root/proc/self/root/proc/thread-self/root/proc/thread-self/root/proc/thread-self/root/home/salhiscp/lscache/f HTTP/1.1" 200 3067 "-" "Mozilla/5.0 AppleWebKit/537.36 (KHTML, like Gecko; compatible; GPTBot/1.2; +https://openai.com/gptbot)"
20.171.207.23 - - [18/Oct/2025:09:14:15 -0400] "GET /pages.php?passing/q5?pid=11438 HTTP/1.1" 200 18626 "-" "Mozilla/5.0 AppleWebKit/537.36 (KHTML, like Gecko; compatible; GPTBot/1.2; +https://openai.com/gptbot)"
47.128.27.183 - - [18/Oct/2025:09:14:13 -0400] "GET /hyper-casino-les-probabilites-pour-des-strategies-gagnantes/?fileloc=%2Fhome%2Fsalhiscp%2Flscache%2Ff%2Fd%2Fc%2Ffdc15c6a94f092c9&path=%2Fhome%2Fsalhiscp%2Flscache%2Ff%2Fd%2Fc HTTP/1.1" 200 11824 "-" "Mozilla/5.0 (Linux; Android 5.0) AppleWebKit/537.36 (KHTML, like Gecko) Mobile Safari/537.36 (compatible; Bytespider; spider-feedback@bytedance.com)"
20.171.207.23 - - [18/Oct/2025:09:14:16 -0400] "GET /pages.php?suspend/k45?pid=4460 HTTP/1.1" 200 18758 "-" "Mozilla/5.0 AppleWebKit/537.36 (KHTML, like Gecko; compatible; GPTBot/1.2; +https://openai.com/gptbot)"
20.171.207.22 - - [18/Oct/2025:09:14:15 -0400] "GET /?path=//proc/self/root/proc/self/root/proc/thread-self/root/proc/thread-self/root/proc/thread-self/root/home/salhiscp/lscache/b/b/d HTTP/1.1" 200 3310 "-" "Mozilla/5.0 AppleWebKit/537.36 (KHTML, like Gecko; compatible; GPTBot/1.2; +https://openai.com/gptbot)"
20.171.207.23 - - [18/Oct/2025:09:14:18 -0400] "GET /pages.php?pretend/z45?pid=4458 HTTP/1.1" 200 18629 "-" "Mozilla/5.0 AppleWebKit/537.36 (KHTML, like Gecko; compatible; GPTBot/1.2; +https://openai.com/gptbot)"
