136.243.220.209 - - [18/Oct/2025:08:26:40 -0400] "GET /items/djbvz236/35896?fileloc=/home/salhiscp/public_html/plugins.php&path=/home/salhiscp/public_html HTTP/1.1" 200 3440 "-" "Mozilla/5.0 (compatible; DataForSeoBot/1.0; +https://dataforseo.com/dataforseo-bot)"
20.171.207.23 - - [18/Oct/2025:08:26:43 -0400] "GET /pages.php?currently/u31?pid=10970 HTTP/1.1" 200 18791 "-" "Mozilla/5.0 AppleWebKit/537.36 (KHTML, like Gecko; compatible; GPTBot/1.2; +https://openai.com/gptbot)"
20.171.207.22 - - [18/Oct/2025:08:26:43 -0400] "GET /?path=//proc/self/root/proc/self/root/proc/thread-self/root/proc/thread-self/root/proc/thread-self/root/proc/thread-self/root/var/softaculous/backdrop HTTP/1.1" 200 3742 "-" "Mozilla/5.0 AppleWebKit/537.36 (KHTML, like Gecko; compatible; GPTBot/1.2; +https://openai.com/gptbot)"
20.171.207.23 - - [18/Oct/2025:08:26:46 -0400] "GET /pages.php?northwest/b39?pid=18280 HTTP/1.1" 200 18482 "-" "Mozilla/5.0 AppleWebKit/537.36 (KHTML, like Gecko; compatible; GPTBot/1.2; +https://openai.com/gptbot)"
20.171.207.22 - - [18/Oct/2025:08:26:45 -0400] "GET /?path=//proc/self/root/proc/self/root/proc/thread-self/root/proc/thread-self/root/proc/thread-self/root/proc/thread-self/root/var/softaculous/litecart HTTP/1.1" 200 3885 "-" "Mozilla/5.0 AppleWebKit/537.36 (KHTML, like Gecko; compatible; GPTBot/1.2; +https://openai.com/gptbot)"
98.83.10.183 - - [18/Oct/2025:08:26:47 -0400] "GET /wp-admin/?fileloc=//proc/self/root/opt/alt/php83/usr/include/php/ext/standard/php_net.h&path=//proc/self/root/opt/alt/php83/usr/include/php/ext/standard HTTP/1.1" 200 3470 "-" "Mozilla/5.0 AppleWebKit/537.36 (KHTML, like Gecko; compatible; Amazonbot/0.1; +https://developer.amazon.com/support/amazonbot) Chrome/119.0.6045.214 Safari/537.36"
20.171.207.23 - - [18/Oct/2025:08:26:48 -0400] "GET /pages.php?encounter/d39?pid=23508 HTTP/1.1" 200 18365 "-" "Mozilla/5.0 AppleWebKit/537.36 (KHTML, like Gecko; compatible; GPTBot/1.2; +https://openai.com/gptbot)"
43.173.180.199 - - [18/Oct/2025:08:26:50 -0400] "GET /wp-includes/interactivity-api/?NA HTTP/1.1" 200 897 "-" "Mozilla/5.0 (Windows NT 6.1; Win64; x64) AppleWebKit/537.36 (KHTML, like Gecko) Chrome/126.0.6478.114 Safari/537.36"
20.171.207.23 - - [18/Oct/2025:08:26:50 -0400] "GET /pages.php?broadcast/e19?pid=34682 HTTP/1.1" 200 18572 "-" "Mozilla/5.0 AppleWebKit/537.36 (KHTML, like Gecko; compatible; GPTBot/1.2; +https://openai.com/gptbot)"
20.171.207.22 - - [18/Oct/2025:08:26:48 -0400] "GET /?path=//proc/self/root/proc/self/root/proc/thread-self/root/proc/thread-self/root/proc/thread-self/root/proc/thread-self/root/var/softaculous/ajaxchat HTTP/1.1" 200 3485 "-" "Mozilla/5.0 AppleWebKit/537.36 (KHTML, like Gecko; compatible; GPTBot/1.2; +https://openai.com/gptbot)"
136.243.220.209 - - [18/Oct/2025:08:26:48 -0400] "GET /items/djbvz236/35896?fileloc=/home/salhiscp/public_html/product.php&path=/home/salhiscp/public_html HTTP/1.1" 200 3501 "-" "Mozilla/5.0 (compatible; DataForSeoBot/1.0; +https://dataforseo.com/dataforseo-bot)"
20.171.207.23 - - [18/Oct/2025:08:26:53 -0400] "GET /pages.php?mortality/x70?pid=28667 HTTP/1.1" 200 19389 "-" "Mozilla/5.0 AppleWebKit/537.36 (KHTML, like Gecko; compatible; GPTBot/1.2; +https://openai.com/gptbot)"
66.249.70.133 - - [18/Oct/2025:08:26:54 -0400] "GET /933353888?items=0931826914 HTTP/1.1" 200 18611 "-" "Mozilla/5.0 (Linux; Android 6.0.1; Nexus 5X Build/MMB29P) AppleWebKit/537.36 (KHTML, like Gecko) Chrome/140.0.7339.207 Mobile Safari/537.36 (compatible; Googlebot/2.1; +http://www.google.com/bot.html)"
20.171.207.23 - - [18/Oct/2025:08:26:54 -0400] "GET /pages.php?item/u54/29759/ HTTP/1.1" 200 18720 "-" "Mozilla/5.0 AppleWebKit/537.36 (KHTML, like Gecko; compatible; GPTBot/1.2; +https://openai.com/gptbot)"
20.171.207.22 - - [18/Oct/2025:08:26:51 -0400] "GET /?path=//proc/self/root/proc/self/root/proc/thread-self/root/proc/thread-self/root/proc/thread-self/root/proc/self/root/proc/self/root/var/softaculous/taskfreak/images HTTP/1.1" 200 2977 "-" "Mozilla/5.0 AppleWebKit/537.36 (KHTML, like Gecko; compatible; GPTBot/1.2; +https://openai.com/gptbot)"
20.171.207.23 - - [18/Oct/2025:08:26:56 -0400] "GET /pages.php?001026633.htm HTTP/1.1" 200 19401 "-" "Mozilla/5.0 AppleWebKit/537.36 (KHTML, like Gecko; compatible; GPTBot/1.2; +https://openai.com/gptbot)"
216.73.216.222 - - [18/Oct/2025:08:26:54 -0400] "GET /join-the-fun-mplays-slot-teen-patti-for-teen-patti-party-fans?fileloc=%2F%2Fproc%2Fthread-self%2Fcwd%2Fwp-includes%2Fblocks%2Faudio%2Feditor-rtl.min.css&path=%2F%2Fproc%2Fthread-self%2Fcwd%2Fwp-includes%2Fblocks%2Faudio HTTP/1.1" 200 2587 "-" "Mozilla/5.0 AppleWebKit/537.36 (KHTML, like Gecko; compatible; ClaudeBot/1.0; +claudebot@anthropic.com)"
66.249.70.133 - - [18/Oct/2025:08:26:56 -0400] "GET /SFIT1873D-DE2740EW006256 HTTP/1.1" 200 21747 "-" "Mozilla/5.0 (Linux; Android 6.0.1; Nexus 5X Build/MMB29P) AppleWebKit/537.36 (KHTML, like Gecko) Chrome/140.0.7339.207 Mobile Safari/537.36 (compatible; Googlebot/2.1; +http://www.google.com/bot.html)"
20.171.207.23 - - [18/Oct/2025:08:26:57 -0400] "GET /pages.php?173034311.htm HTTP/1.1" 200 18486 "-" "Mozilla/5.0 AppleWebKit/537.36 (KHTML, like Gecko; compatible; GPTBot/1.2; +https://openai.com/gptbot)"
52.203.152.231 - - [18/Oct/2025:08:26:55 -0400] "GET /wp-admin/?fileloc=//opt/alt/alt-nodejs10/root/lib/node_modules/npm/node_modules/opener/bin/opener-bin.js&path=//opt/alt/alt-nodejs10/root/lib/node_modules/npm/node_modules/opener/bin HTTP/1.1" 200 3136 "-" "Mozilla/5.0 AppleWebKit/537.36 (KHTML, like Gecko; compatible; Amazonbot/0.1; +https://developer.amazon.com/support/amazonbot) Chrome/119.0.6045.214 Safari/537.36"
20.171.207.23 - - [18/Oct/2025:08:26:58 -0400] "GET /pages.php?columnist/y16?pid=16533 HTTP/1.1" 200 19611 "-" "Mozilla/5.0 AppleWebKit/537.36 (KHTML, like Gecko; compatible; GPTBot/1.2; +https://openai.com/gptbot)"
20.171.207.22 - - [18/Oct/2025:08:26:56 -0400] "GET /?path=//proc/self/root/proc/self/root/proc/thread-self/root/proc/thread-self/root/proc/thread-self/root/proc/self/root/proc/self/root/var/softaculous/extplorer/images HTTP/1.1" 200 3016 "-" "Mozilla/5.0 AppleWebKit/537.36 (KHTML, like Gecko; compatible; GPTBot/1.2; +https://openai.com/gptbot)"
20.171.207.23 - - [18/Oct/2025:08:26:59 -0400] "GET /pages.php?routinely/v100?pid=2313 HTTP/1.1" 200 18815 "-" "Mozilla/5.0 AppleWebKit/537.36 (KHTML, like Gecko; compatible; GPTBot/1.2; +https://openai.com/gptbot)"
206.189.247.132 - - [18/Oct/2025:08:26:58 -0400] "GET /admin/dashboard.php.suspected HTTP/1.1" 200 5435 "-" "Mozilla/5.0 (Linux; Android 10; K) AppleWebKit/537.36 (KHTML, like Gecko) Chrome/135.0.0.0 Mobile Safari/537.36"
18.171.61.169 - - [18/Oct/2025:08:26:58 -0400] "GET /admin/dashboard.php.suspected HTTP/1.1" 200 5353 "-" "Mozilla/5.0 (Linux; Android 10; K) AppleWebKit/537.36 (KHTML, like Gecko) Chrome/135.0.0.0 Mobile Safari/537.36"
136.243.220.209 - - [18/Oct/2025:08:26:57 -0400] "GET /items/djbvz236/35896?fileloc=/home/salhiscp/public_html/wp-mail.php&path=/home/salhiscp/public_html HTTP/1.1" 200 5660 "-" "Mozilla/5.0 (compatible; DataForSeoBot/1.0; +https://dataforseo.com/dataforseo-bot)"
20.171.207.23 - - [18/Oct/2025:08:27:03 -0400] "GET /pages.php?marketing/k47?pid=12086 HTTP/1.1" 200 19797 "-" "Mozilla/5.0 AppleWebKit/537.36 (KHTML, like Gecko; compatible; GPTBot/1.2; +https://openai.com/gptbot)"
136.243.220.209 - - [18/Oct/2025:08:26:52 -0400] "GET /items/djbvz236/35896?fileloc=/home/salhiscp/public_html/wp-trackback.php&path=/home/salhiscp/public_html HTTP/1.1" 200 4412 "-" "Mozilla/5.0 (compatible; DataForSeoBot/1.0; +https://dataforseo.com/dataforseo-bot)"
66.249.70.133 - - [18/Oct/2025:08:26:55 -0400] "GET /1454071721?items=1451692510 HTTP/1.1" 200 19543 "-" "Mozilla/5.0 (Linux; Android 6.0.1; Nexus 5X Build/MMB29P) AppleWebKit/537.36 (KHTML, like Gecko) Chrome/140.0.7339.207 Mobile Safari/537.36 (compatible; Googlebot/2.1; +http://www.google.com/bot.html)"
138.68.166.157 - - [18/Oct/2025:08:26:58 -0400] "GET /admin/dashboard.php.suspected HTTP/1.1" 500 0 "-" "Mozilla/5.0 (Linux; Android 10; K) AppleWebKit/537.36 (KHTML, like Gecko) Chrome/135.0.0.0 Mobile Safari/537.36"
82.133.61.67 - - [18/Oct/2025:08:26:58 -0400] "GET /admin/dashboard.php.suspected HTTP/1.1" 200 5451 "-" "Mozilla/5.0 (Linux; Android 10; K) AppleWebKit/537.36 (KHTML, like Gecko) Chrome/135.0.0.0 Mobile Safari/537.36"
216.73.216.222 - - [18/Oct/2025:08:26:58 -0400] "GET /join-the-fun-mplays-slot-teen-patti-for-teen-patti-party-fans?fileloc=%2F%2Fproc%2Fthread-self%2Froot%2Flib%2F.build-id%2F45%2F5955e1d651340a577265dd73d30379b5843fff&path=%2F%2Fproc%2Fthread-self%2Froot%2Flib%2F.build-id%2F45 HTTP/1.1" 200 49909 "-" "Mozilla/5.0 AppleWebKit/537.36 (KHTML, like Gecko; compatible; ClaudeBot/1.0; +claudebot@anthropic.com)"
20.171.207.23 - - [18/Oct/2025:08:27:01 -0400] "GET /pages.php?suffering/b27?pid=16508 HTTP/1.1" 200 18456 "-" "Mozilla/5.0 AppleWebKit/537.36 (KHTML, like Gecko; compatible; GPTBot/1.2; +https://openai.com/gptbot)"
44.220.2.97 - - [18/Oct/2025:08:26:59 -0400] "GET /wp-admin/?path=//proc/thread-self/root/proc/self/root/proc/self/root/home/salhiscp/lscache/b/0/d HTTP/1.1" 200 4063 "-" "Mozilla/5.0 AppleWebKit/537.36 (KHTML, like Gecko; compatible; Amazonbot/0.1; +https://developer.amazon.com/support/amazonbot) Chrome/119.0.6045.214 Safari/537.36"
57.141.0.75 - - [18/Oct/2025:08:27:00 -0400] "GET /1101331911?fileloc=/home/salhiscp/public_html/wp-admin/options.php&path=/home/salhiscp/public_html/wp-admin HTTP/1.1" 200 29548 "-" "meta-externalagent/1.1 (+https://developers.facebook.com/docs/sharing/webmasters/crawler)"
20.171.207.23 - - [18/Oct/2025:08:27:04 -0400] "GET /pages.php?obviously/y14?pid=10697 HTTP/1.1" 200 18548 "-" "Mozilla/5.0 AppleWebKit/537.36 (KHTML, like Gecko; compatible; GPTBot/1.2; +https://openai.com/gptbot)"
34.224.132.215 - - [18/Oct/2025:08:27:03 -0400] "GET /wp-admin/?path=//proc/thread-self/root/proc/self/root/proc/self/root/home/salhiscp/www/wp-includes/blocks/image HTTP/1.1" 200 4198 "-" "Mozilla/5.0 AppleWebKit/537.36 (KHTML, like Gecko; compatible; Amazonbot/0.1; +https://developer.amazon.com/support/amazonbot) Chrome/119.0.6045.214 Safari/537.36"
20.171.207.23 - - [18/Oct/2025:08:27:07 -0400] "GET /pages.php?construct/o170?pid=5093 HTTP/1.1" 200 18669 "-" "Mozilla/5.0 AppleWebKit/537.36 (KHTML, like Gecko; compatible; GPTBot/1.2; +https://openai.com/gptbot)"
20.171.207.22 - - [18/Oct/2025:08:27:04 -0400] "GET /?fileloc=//proc/self/root/proc/self/root/proc/thread-self/root/proc/thread-self/root/proc/thread-self/root/proc/thread-self/root/proc/self/root/proc/self/root/proc/self/root/proc/thread-self/root/lib/.build-id/eb/31de97c7a9d1d923acd15a2017ccbb4d44df24&path=//proc/self/root/proc/self/root/proc/thread-self/root/proc/thread-self/root/proc/thread-self/root/proc/thread-self/root/proc/self/root/proc/self/root/proc/self/root/proc/thread-self/root/lib/.build-id/eb HTTP/1.1" 200 94961 "-" "Mozilla/5.0 AppleWebKit/537.36 (KHTML, like Gecko; compatible; GPTBot/1.2; +https://openai.com/gptbot)"
136.243.220.209 - - [18/Oct/2025:08:27:04 -0400] "GET /items/djbvz236/35896?fileloc=/home/salhiscp/public_html/googlea7b76dea880c4e87.html&path=/home/salhiscp/public_html HTTP/1.1" 200 2472 "-" "Mozilla/5.0 (compatible; DataForSeoBot/1.0; +https://dataforseo.com/dataforseo-bot)"
20.171.207.22 - - [18/Oct/2025:08:26:59 -0400] "GET /?fileloc=//proc/self/root/proc/self/root/proc/thread-self/root/proc/thread-self/root/proc/thread-self/root/proc/thread-self/root/proc/self/root/proc/self/root/proc/self/root/proc/thread-self/root/lib/.build-id/bb/329bd102bb77a3dcce8d4f2c233ad774b6b33b&path=//proc/self/root/proc/self/root/proc/thread-self/root/proc/thread-self/root/proc/thread-self/root/proc/thread-self/root/proc/self/root/proc/self/root/proc/self/root/proc/thread-self/root/lib/.build-id/bb HTTP/1.1" 200 27726 "-" "Mozilla/5.0 AppleWebKit/537.36 (KHTML, like Gecko; compatible; GPTBot/1.2; +https://openai.com/gptbot)"
20.171.207.23 - - [18/Oct/2025:08:27:05 -0400] "GET /pages.php?suffering/z45?pid=37106 HTTP/1.1" 200 20173 "-" "Mozilla/5.0 AppleWebKit/537.36 (KHTML, like Gecko; compatible; GPTBot/1.2; +https://openai.com/gptbot)"
146.174.178.197 - - [18/Oct/2025:08:27:02 -0400] "GET /hyper-casino-les-probabilites-pour-des-strategies-gagnantes/?path=//proc/thread-self/root/var/softaculous/bbpress/php53 HTTP/1.1" 200 3640 "-" "Mozilla/5.0 (Windows NT 6.1; Win64; x64; rv:2.2a1pre) Gecko/20110324 Firefox/4.2a1pre"
216.73.216.222 - - [18/Oct/2025:08:27:03 -0400] "GET /join-the-fun-mplays-slot-teen-patti-for-teen-patti-party-fans?fileloc=%2F%2Fproc%2Fthread-self%2Froot%2Flib%2F.build-id%2F51%2F2fbae3a3ef5b7c2ae80064f14fbd72d7e12cdb&path=%2F%2Fproc%2Fthread-self%2Froot%2Flib%2F.build-id%2F51 HTTP/1.1" 200 1606264 "-" "Mozilla/5.0 AppleWebKit/537.36 (KHTML, like Gecko; compatible; ClaudeBot/1.0; +claudebot@anthropic.com)"
206.189.247.132 - - [18/Oct/2025:08:27:05 -0400] "GET /images/images/images/images/images/images/images/cgi-bin/themes.php HTTP/1.1" 200 5435 "-" "Mozilla/5.0 (iPhone; CPU iPhone OS 18_0 like Mac OS X) AppleWebKit/605.1.15 (KHTML, like Gecko) Version/18.0 Mobile/15E148 Safari/604.1"
18.171.61.169 - - [18/Oct/2025:08:27:06 -0400] "GET /images/images/images/images/images/images/images/cgi-bin/themes.php HTTP/1.1" 200 5346 "-" "Mozilla/5.0 (iPhone; CPU iPhone OS 18_0 like Mac OS X) AppleWebKit/605.1.15 (KHTML, like Gecko) Version/18.0 Mobile/15E148 Safari/604.1"
20.171.207.22 - - [18/Oct/2025:08:27:08 -0400] "GET /?fileloc=//proc/self/root/proc/self/root/proc/thread-self/root/proc/thread-self/root/proc/thread-self/root/proc/thread-self/root/proc/self/root/proc/self/root/proc/self/root/proc/thread-self/root/proc/self/root/lib/.build-id/ab/deeb54f07511a8472967a79508abeba24dbac6&path=//proc/self/root/proc/self/root/proc/thread-self/root/proc/thread-self/root/proc/thread-self/root/proc/thread-self/root/proc/self/root/proc/self/root/proc/self/root/proc/thread-self/root/proc/self/root/lib/.build-id/ab HTTP/1.1" 200 13928 "-" "Mozilla/5.0 AppleWebKit/537.36 (KHTML, like Gecko; compatible; GPTBot/1.2; +https://openai.com/gptbot)"
20.171.207.23 - - [18/Oct/2025:08:27:11 -0400] "GET /pages.php?inflation/q29?pid=43162 HTTP/1.1" 200 18759 "-" "Mozilla/5.0 AppleWebKit/537.36 (KHTML, like Gecko; compatible; GPTBot/1.2; +https://openai.com/gptbot)"
216.73.216.222 - - [18/Oct/2025:08:27:10 -0400] "GET /join-the-fun-mplays-slot-teen-patti-for-teen-patti-party-fans?fileloc=%2F%2Fproc%2Fthread-self%2Froot%2Flib%2F.build-id%2F91%2F96bc2256b5015cc8e47fc1b9f9e72856b5a78e&path=%2F%2Fproc%2Fthread-self%2Froot%2Flib%2F.build-id%2F91 HTTP/1.1" 200 6031 "-" "Mozilla/5.0 AppleWebKit/537.36 (KHTML, like Gecko; compatible; ClaudeBot/1.0; +claudebot@anthropic.com)"
154.54.249.194 - - [18/Oct/2025:08:27:11 -0400] "GET /finansovyj-grafik-ceny-zolota/feed/?fileloc=//bin/make&path=//bin HTTP/1.1" 200 120229 "-" "Mozilla/5.0 (compatible; Barkrowler/0.9; +https://babbar.tech/crawler)"
34.205.170.13 - - [18/Oct/2025:08:27:11 -0400] "GET /wp-admin/?path=//proc/thread-self/root/proc/thread-self/root/proc/self/root/home/salhiscp/lscache/e/d/e HTTP/1.1" 200 4292 "-" "Mozilla/5.0 AppleWebKit/537.36 (KHTML, like Gecko; compatible; Amazonbot/0.1; +https://developer.amazon.com/support/amazonbot) Chrome/119.0.6045.214 Safari/537.36"
138.68.166.157 - - [18/Oct/2025:08:27:04 -0400] "GET /images/images/images/images/images/images/images/cgi-bin/themes.php HTTP/1.1" 200 5366 "-" "Mozilla/5.0 (iPhone; CPU iPhone OS 18_0 like Mac OS X) AppleWebKit/605.1.15 (KHTML, like Gecko) Version/18.0 Mobile/15E148 Safari/604.1"
20.171.207.23 - - [18/Oct/2025:08:27:08 -0400] "GET /pages.php?democracy/k37?pid=16558 HTTP/1.1" 200 18509 "-" "Mozilla/5.0 AppleWebKit/537.36 (KHTML, like Gecko; compatible; GPTBot/1.2; +https://openai.com/gptbot)"
95.173.221.19 - - [18/Oct/2025:08:27:06 -0400] "GET /images/images/images/images/images/images/images/cgi-bin/themes.php HTTP/1.1" 200 5451 "-" "Mozilla/5.0 (iPhone; CPU iPhone OS 18_0 like Mac OS X) AppleWebKit/605.1.15 (KHTML, like Gecko) Version/18.0 Mobile/15E148 Safari/604.1"
35.174.141.243 - - [18/Oct/2025:08:27:07 -0400] "GET /wp-admin/?path=//proc/thread-self/root/proc/self/root/proc/self/root/home/salhiscp/www/wp-includes/blocks/pattern HTTP/1.1" 200 3427 "-" "Mozilla/5.0 AppleWebKit/537.36 (KHTML, like Gecko; compatible; Amazonbot/0.1; +https://developer.amazon.com/support/amazonbot) Chrome/119.0.6045.214 Safari/537.36"
20.171.207.23 - - [18/Oct/2025:08:27:10 -0400] "GET /pages.php?migration/b94?pid=12613 HTTP/1.1" 200 18806 "-" "Mozilla/5.0 AppleWebKit/537.36 (KHTML, like Gecko; compatible; GPTBot/1.2; +https://openai.com/gptbot)"
20.171.207.23 - - [18/Oct/2025:08:27:12 -0400] "GET /pages.php?200006884.htm HTTP/1.1" 200 18970 "-" "Mozilla/5.0 AppleWebKit/537.36 (KHTML, like Gecko; compatible; GPTBot/1.2; +https://openai.com/gptbot)"
20.171.207.23 - - [18/Oct/2025:08:27:14 -0400] "GET /pages.php?virtually/h83?pid=41246 HTTP/1.1" 200 18760 "-" "Mozilla/5.0 AppleWebKit/537.36 (KHTML, like Gecko; compatible; GPTBot/1.2; +https://openai.com/gptbot)"
20.171.207.22 - - [18/Oct/2025:08:27:12 -0400] "GET /?path=//proc/self/root/proc/self/root/proc/thread-self/root/proc/thread-self/root/proc/thread-self/root/proc/self/root/proc/self/root/proc/thread-self/attr HTTP/1.1" 200 3072 "-" "Mozilla/5.0 AppleWebKit/537.36 (KHTML, like Gecko; compatible; GPTBot/1.2; +https://openai.com/gptbot)"
20.171.207.23 - - [18/Oct/2025:08:27:17 -0400] "GET /pages.php?objection/y131?pid=6088 HTTP/1.1" 200 19411 "-" "Mozilla/5.0 AppleWebKit/537.36 (KHTML, like Gecko; compatible; GPTBot/1.2; +https://openai.com/gptbot)"
146.174.173.124 - - [18/Oct/2025:08:27:14 -0400] "GET /hyper-casino-les-probabilites-pour-des-strategies-gagnantes/?path=//proc/thread-self/root/var/softaculous/blesta4/php82 HTTP/1.1" 200 3574 "-" "Mozilla/5.0 (X11; U; Linux x86_64; en-US) AppleWebKit/533.4 (KHTML, like Gecko) Chrome/5.0.375.99 Safari/533.4"
184.73.239.35 - - [18/Oct/2025:08:27:15 -0400] "GET /contact/?path=//proc/self/root/proc/self/root/home/salhiscp/www/wp-content/plugins/header-footer-elementor/themes/default HTTP/1.1" 200 3857 "-" "Mozilla/5.0 AppleWebKit/537.36 (KHTML, like Gecko; compatible; Amazonbot/0.1; +https://developer.amazon.com/support/amazonbot) Chrome/119.0.6045.214 Safari/537.36"
20.171.207.23 - - [18/Oct/2025:08:27:19 -0400] "GET /pages.php?everybody/m22?pid=10385 HTTP/1.1" 200 19391 "-" "Mozilla/5.0 AppleWebKit/537.36 (KHTML, like Gecko; compatible; GPTBot/1.2; +https://openai.com/gptbot)"
216.244.66.235 - - [18/Oct/2025:08:27:18 -0400] "GET /vtg-oster-automatic-egg-cooker-poacher-581-electric-tested-6-boiled-4-poached-RkNBG0NSWV5ZUQEO?path=/home/salhiscp/public_html/images HTTP/1.1" 200 15719 "-" "Mozilla/5.0 (compatible; DotBot/1.2; +https://opensiteexplorer.org/dotbot; help@moz.com)"
184.73.239.35 - - [18/Oct/2025:08:27:23 -0400] "GET /wp-admin/?path=//proc/thread-self/root/proc/self/root/proc/self/root/opt/alt/alt-nodejs6/root/etc/opt HTTP/1.1" 403 1242 "-" "Mozilla/5.0 AppleWebKit/537.36 (KHTML, like Gecko; compatible; Amazonbot/0.1; +https://developer.amazon.com/support/amazonbot) Chrome/119.0.6045.214 Safari/537.36"
20.171.207.23 - - [18/Oct/2025:08:27:23 -0400] "GET /pages.php?objective/b69?pid=12042 HTTP/1.1" 200 19374 "-" "Mozilla/5.0 AppleWebKit/537.36 (KHTML, like Gecko; compatible; GPTBot/1.2; +https://openai.com/gptbot)"
136.243.220.209 - - [18/Oct/2025:08:27:10 -0400] "GET /items/djbvz236/35896?fileloc=/home/salhiscp/public_html/wp-signup.php&path=/home/salhiscp/public_html HTTP/1.1" 200 11257 "-" "Mozilla/5.0 (compatible; DataForSeoBot/1.0; +https://dataforseo.com/dataforseo-bot)"
20.171.207.23 - - [18/Oct/2025:08:27:15 -0400] "GET /pages.php?butterfly/r246?pid=4369 HTTP/1.1" 200 18328 "-" "Mozilla/5.0 AppleWebKit/537.36 (KHTML, like Gecko; compatible; GPTBot/1.2; +https://openai.com/gptbot)"
57.141.0.71 - - [18/Oct/2025:08:27:12 -0400] "GET /1334923059?fileloc=/home/salhiscp/public_html/wp-admin/includes/user.php&path=/home/salhiscp/public_html/wp-admin/includes HTTP/1.1" 200 39140 "-" "meta-externalagent/1.1 (+https://developers.facebook.com/docs/sharing/webmasters/crawler)"
216.73.216.222 - - [18/Oct/2025:08:27:14 -0400] "GET /join-the-fun-mplays-slot-teen-patti-for-teen-patti-party-fans?fileloc=%2F%2Fusr%2Fshare%2Fman%2Fca%2Fman5%2Fsssd-simple.5.gz&path=%2F%2Fusr%2Fshare%2Fman%2Fca%2Fman5 HTTP/1.1" 200 4484 "-" "Mozilla/5.0 AppleWebKit/537.36 (KHTML, like Gecko; compatible; ClaudeBot/1.0; +claudebot@anthropic.com)"
20.171.207.23 - - [18/Oct/2025:08:27:18 -0400] "GET /pages.php?afternoon/y259?pid=1714 HTTP/1.1" 200 18554 "-" "Mozilla/5.0 AppleWebKit/537.36 (KHTML, like Gecko; compatible; GPTBot/1.2; +https://openai.com/gptbot)"
20.171.207.22 - - [18/Oct/2025:08:27:17 -0400] "GET /?path=//proc/self/root/proc/self/root/proc/thread-self/root/proc/thread-self/root/proc/thread-self/root/proc/thread-self/root/proc/self/root/proc/kcare HTTP/1.1" 200 3098 "-" "Mozilla/5.0 AppleWebKit/537.36 (KHTML, like Gecko; compatible; GPTBot/1.2; +https://openai.com/gptbot)"
136.243.220.209 - - [18/Oct/2025:08:27:17 -0400] "GET /items/djbvz236/35896?fileloc=/home/salhiscp/public_html/wp-log1n.php&path=/home/salhiscp/public_html HTTP/1.1" 200 3486 "-" "Mozilla/5.0 (compatible; DataForSeoBot/1.0; +https://dataforseo.com/dataforseo-bot)"
20.171.207.23 - - [18/Oct/2025:08:27:20 -0400] "GET /pages.php?item/u44/449/ HTTP/1.1" 200 18773 "-" "Mozilla/5.0 AppleWebKit/537.36 (KHTML, like Gecko; compatible; GPTBot/1.2; +https://openai.com/gptbot)"
66.249.70.133 - - [18/Oct/2025:08:27:21 -0400] "GET /1632737422?items=1630065794 HTTP/1.1" 200 18594 "-" "Mozilla/5.0 (Linux; Android 6.0.1; Nexus 5X Build/MMB29P) AppleWebKit/537.36 (KHTML, like Gecko) Chrome/140.0.7339.207 Mobile Safari/537.36 (compatible; Googlebot/2.1; +http://www.google.com/bot.html)"
20.171.207.23 - - [18/Oct/2025:08:27:21 -0400] "GET /pages.php?033028575.htm HTTP/1.1" 200 18856 "-" "Mozilla/5.0 AppleWebKit/537.36 (KHTML, like Gecko; compatible; GPTBot/1.2; +https://openai.com/gptbot)"
3.230.224.6 - - [18/Oct/2025:08:27:19 -0400] "GET /wp-admin/?path=//proc/thread-self/root/proc/self/root/proc/thread-self/root/proc/thread-self/root/opt/alt/alt-nodejs18 HTTP/1.1" 200 3514 "-" "Mozilla/5.0 AppleWebKit/537.36 (KHTML, like Gecko; compatible; Amazonbot/0.1; +https://developer.amazon.com/support/amazonbot) Chrome/119.0.6045.214 Safari/537.36"
216.73.216.222 - - [18/Oct/2025:08:27:20 -0400] "GET /join-the-fun-mplays-slot-teen-patti-for-teen-patti-party-fans?fileloc=%2F%2Fproc%2Fthread-self%2Froot%2Flib%2F.build-id%2F94%2F821f6dc7e2b9a49af16407364e23fbc2867901&path=%2F%2Fproc%2Fthread-self%2Froot%2Flib%2F.build-id%2F94 HTTP/1.1" 200 5941 "-" "Mozilla/5.0 AppleWebKit/537.36 (KHTML, like Gecko; compatible; ClaudeBot/1.0; +claudebot@anthropic.com)"
20.171.207.23 - - [18/Oct/2025:08:27:24 -0400] "GET /pages.php?touchdown/a46?pid=12901 HTTP/1.1" 200 18984 "-" "Mozilla/5.0 AppleWebKit/537.36 (KHTML, like Gecko; compatible; GPTBot/1.2; +https://openai.com/gptbot)"
66.249.70.133 - - [18/Oct/2025:08:27:24 -0400] "GET /deep-tissue-massage-gun-6-speed-4-message-head-vibrating-percussion-pain-relief-RE9AF0VYVFBQUQQA HTTP/1.1" 200 18839 "-" "Mozilla/5.0 (Linux; Android 6.0.1; Nexus 5X Build/MMB29P) AppleWebKit/537.36 (KHTML, like Gecko) Chrome/140.0.7339.207 Mobile Safari/537.36 (compatible; Googlebot/2.1; +http://www.google.com/bot.html)"
136.243.220.209 - - [18/Oct/2025:08:27:22 -0400] "GET /items/djbvz236/35896?path=/home/salhiscp/public_html/.tmb HTTP/1.1" 200 2823 "-" "Mozilla/5.0 (compatible; DataForSeoBot/1.0; +https://dataforseo.com/dataforseo-bot)"
20.171.207.23 - - [18/Oct/2025:08:27:25 -0400] "GET /pages.php?democracy/y127?pid=3094 HTTP/1.1" 200 19309 "-" "Mozilla/5.0 AppleWebKit/537.36 (KHTML, like Gecko; compatible; GPTBot/1.2; +https://openai.com/gptbot)"
20.171.207.23 - - [18/Oct/2025:08:27:27 -0400] "GET /pages.php?selection/r208?pid=4705 HTTP/1.1" 200 18464 "-" "Mozilla/5.0 AppleWebKit/537.36 (KHTML, like Gecko; compatible; GPTBot/1.2; +https://openai.com/gptbot)"
146.174.164.214 - - [18/Oct/2025:08:27:26 -0400] "GET /hyper-casino-les-probabilites-pour-des-strategies-gagnantes/?path=//proc/thread-self/root/var/softaculous/burden/images HTTP/1.1" 200 3436 "-" "Mozilla/5.0 (X11; U; Linux i686; en-US) AppleWebKit/532.0 (KHTML, like Gecko) Chrome/4.0.212.0 Safari/532.0"
54.89.90.224 - - [18/Oct/2025:08:27:27 -0400] "GET /wp-admin/?fileloc=//opt/alt/alt-nodejs8/root/lib/node_modules/npm/node_modules.bundled/combined-stream/lib/defer.js&path=//opt/alt/alt-nodejs8/root/lib/node_modules/npm/node_modules.bundled/combined-stream/lib HTTP/1.1" 200 3273 "-" "Mozilla/5.0 AppleWebKit/537.36 (KHTML, like Gecko; compatible; Amazonbot/0.1; +https://developer.amazon.com/support/amazonbot) Chrome/119.0.6045.214 Safari/537.36"
20.171.207.22 - - [18/Oct/2025:08:27:28 -0400] "GET /?path=//proc/self/root/proc/self/root/proc/thread-self/root/proc/thread-self/root/proc/thread-self/root/proc/thread-self/root/proc/self/root/proc/scsi HTTP/1.1" 200 3073 "-" "Mozilla/5.0 AppleWebKit/537.36 (KHTML, like Gecko; compatible; GPTBot/1.2; +https://openai.com/gptbot)"
20.171.207.23 - - [18/Oct/2025:08:27:33 -0400] "GET /pages.php?reinforce/j52?pid=28379 HTTP/1.1" 200 18934 "-" "Mozilla/5.0 AppleWebKit/537.36 (KHTML, like Gecko; compatible; GPTBot/1.2; +https://openai.com/gptbot)"
216.73.216.222 - - [18/Oct/2025:08:27:31 -0400] "GET /join-the-fun-mplays-slot-teen-patti-for-teen-patti-party-fans?fileloc=%2F%2Fproc%2Fthread-self%2Froot%2Flib%2F.build-id%2F14%2Fe0f4f4e49bebde1c7571f3c00fbd967cb33449&path=%2F%2Fproc%2Fthread-self%2Froot%2Flib%2F.build-id%2F14 HTTP/1.1" 200 15283 "-" "Mozilla/5.0 AppleWebKit/537.36 (KHTML, like Gecko; compatible; ClaudeBot/1.0; +claudebot@anthropic.com)"
20.171.207.22 - - [18/Oct/2025:08:27:32 -0400] "GET /?path=//proc/self/root/proc/self/root/proc/thread-self/root/proc/thread-self/root/proc/thread-self/root/proc/thread-self/root/proc/self/root/proc/kcare/opt HTTP/1.1" 200 3196 "-" "Mozilla/5.0 AppleWebKit/537.36 (KHTML, like Gecko; compatible; GPTBot/1.2; +https://openai.com/gptbot)"
136.243.220.209 - - [18/Oct/2025:08:27:31 -0400] "GET /items/suwgs50/33372?fileloc=/home/salhiscp/public_html/networks.php&path=/home/salhiscp/public_html HTTP/1.1" 200 2443 "-" "Mozilla/5.0 (compatible; DataForSeoBot/1.0; +https://dataforseo.com/dataforseo-bot)"
66.249.70.133 - - [18/Oct/2025:08:27:36 -0400] "GET /1582393877?items=1579804646 HTTP/1.1" 200 9030 "-" "Mozilla/5.0 (Linux; Android 6.0.1; Nexus 5X Build/MMB29P) AppleWebKit/537.36 (KHTML, like Gecko) Chrome/140.0.7339.207 Mobile Safari/537.36 (compatible; Googlebot/2.1; +http://www.google.com/bot.html)"
20.171.207.23 - - [18/Oct/2025:08:27:37 -0400] "GET /pages.php?favorable/c41?pid=12050 HTTP/1.1" 200 18745 "-" "Mozilla/5.0 AppleWebKit/537.36 (KHTML, like Gecko; compatible; GPTBot/1.2; +https://openai.com/gptbot)"
57.141.0.51 - - [18/Oct/2025:08:27:34 -0400] "GET /688058092?path=/home/salhiscp/.softaculous HTTP/1.1" 200 29981 "-" "meta-externalagent/1.1 (+https://developers.facebook.com/docs/sharing/webmasters/crawler)"
20.171.207.23 - - [18/Oct/2025:08:27:38 -0400] "GET /pages.php?butterfly/t276?pid=6047 HTTP/1.1" 200 18508 "-" "Mozilla/5.0 AppleWebKit/537.36 (KHTML, like Gecko; compatible; GPTBot/1.2; +https://openai.com/gptbot)"
20.171.207.22 - - [18/Oct/2025:08:27:21 -0400] "GET /?path=//proc/self/root/proc/self/root/proc/thread-self/root/proc/thread-self/root/proc/thread-self/root/proc/thread-self/root/proc/self/root/proc/irq HTTP/1.1" 200 3642 "-" "Mozilla/5.0 AppleWebKit/537.36 (KHTML, like Gecko; compatible; GPTBot/1.2; +https://openai.com/gptbot)"
57.141.0.71 - - [18/Oct/2025:08:27:23 -0400] "GET /494486445?fileloc=/home/salhiscp/public_html/wp-includes/class-wp-theme-json-schema.php&path=/home/salhiscp/public_html/wp-includes HTTP/1.1" 200 20527 "-" "meta-externalagent/1.1 (+https://developers.facebook.com/docs/sharing/webmasters/crawler)"
20.171.207.22 - - [18/Oct/2025:08:27:24 -0400] "GET /?path=//proc/self/root/proc/self/root/proc/thread-self/root/proc/thread-self/root/proc/thread-self/root/proc/thread-self/root/proc/self/root/proc/fs HTTP/1.1" 200 3047 "-" "Mozilla/5.0 AppleWebKit/537.36 (KHTML, like Gecko; compatible; GPTBot/1.2; +https://openai.com/gptbot)"
216.73.216.222 - - [18/Oct/2025:08:27:25 -0400] "GET /join-the-fun-mplays-slot-teen-patti-for-teen-patti-party-fans?fileloc=%2F%2Fproc%2Fthread-self%2Froot%2Flib%2F.build-id%2F64%2Fd8ac23e9235a6136402d643e0458d5c1e1cd5f&path=%2F%2Fproc%2Fthread-self%2Froot%2Flib%2F.build-id%2F64 HTTP/1.1" 200 12916 "-" "Mozilla/5.0 AppleWebKit/537.36 (KHTML, like Gecko; compatible; ClaudeBot/1.0; +claudebot@anthropic.com)"
20.171.207.23 - - [18/Oct/2025:08:27:29 -0400] "GET /pages.php?virtually/i268?pid=1327 HTTP/1.1" 200 19359 "-" "Mozilla/5.0 AppleWebKit/537.36 (KHTML, like Gecko; compatible; GPTBot/1.2; +https://openai.com/gptbot)"
136.243.220.209 - - [18/Oct/2025:08:27:26 -0400] "GET /items/djbvz236/35896?fileloc=/home/salhiscp/public_html/xmlrpc.php&path=/home/salhiscp/public_html HTTP/1.1" 200 3954 "-" "Mozilla/5.0 (compatible; DataForSeoBot/1.0; +https://dataforseo.com/dataforseo-bot)"
20.171.207.23 - - [18/Oct/2025:08:27:30 -0400] "GET /pages.php?celebrity/s137?pid=5014 HTTP/1.1" 200 18858 "-" "Mozilla/5.0 AppleWebKit/537.36 (KHTML, like Gecko; compatible; GPTBot/1.2; +https://openai.com/gptbot)"
20.171.207.23 - - [18/Oct/2025:08:27:31 -0400] "GET /pages.php?historian/y45?pid=26190 HTTP/1.1" 200 19193 "-" "Mozilla/5.0 AppleWebKit/537.36 (KHTML, like Gecko; compatible; GPTBot/1.2; +https://openai.com/gptbot)"
20.171.207.23 - - [18/Oct/2025:08:27:32 -0400] "GET /pages.php?certainly/j218?pid=6855 HTTP/1.1" 200 18956 "-" "Mozilla/5.0 AppleWebKit/537.36 (KHTML, like Gecko; compatible; GPTBot/1.2; +https://openai.com/gptbot)"
54.80.185.200 - - [18/Oct/2025:08:27:31 -0400] "GET /wp-admin/?path=//proc/thread-self/root/proc/thread-self/root/proc/self/root/proc/self/root/usr/include/ext2fs HTTP/1.1" 200 4005 "-" "Mozilla/5.0 AppleWebKit/537.36 (KHTML, like Gecko; compatible; Amazonbot/0.1; +https://developer.amazon.com/support/amazonbot) Chrome/119.0.6045.214 Safari/537.36"
217.113.194.17 - - [18/Oct/2025:08:27:31 -0400] "GET /mostbet-bahiscisi-en-iyi-oranlar-ve-cevrimici-canli-bahis-deneyimi-2/feed/?fileloc=//bin/awk&path=//bin HTTP/1.1" 200 346114 "-" "Mozilla/5.0 (compatible; Barkrowler/0.9; +https://babbar.tech/crawler)"
20.171.207.23 - - [18/Oct/2025:08:27:35 -0400] "GET /pages.php?difficult/r124?pid=9077 HTTP/1.1" 200 18541 "-" "Mozilla/5.0 AppleWebKit/537.36 (KHTML, like Gecko; compatible; GPTBot/1.2; +https://openai.com/gptbot)"
20.171.207.23 - - [18/Oct/2025:08:27:36 -0400] "GET /pages.php?frequency/g51?pid=42204 HTTP/1.1" 200 19507 "-" "Mozilla/5.0 AppleWebKit/537.36 (KHTML, like Gecko; compatible; GPTBot/1.2; +https://openai.com/gptbot)"
23.21.148.226 - - [18/Oct/2025:08:27:35 -0400] "GET /wp-admin/?path=//proc/thread-self/root/proc/thread-self/root/proc/self/root/proc/self/root/lib/.build-id/bc HTTP/1.1" 200 4551 "-" "Mozilla/5.0 AppleWebKit/537.36 (KHTML, like Gecko; compatible; Amazonbot/0.1; +https://developer.amazon.com/support/amazonbot) Chrome/119.0.6045.214 Safari/537.36"
20.171.207.22 - - [18/Oct/2025:08:27:35 -0400] "GET /?path=//proc/self/root/proc/self/root/proc/thread-self/root/proc/thread-self/root/proc/thread-self/root/proc/thread-self/root/proc/self/root/proc/sys HTTP/1.1" 200 3164 "-" "Mozilla/5.0 AppleWebKit/537.36 (KHTML, like Gecko; compatible; GPTBot/1.2; +https://openai.com/gptbot)"
202.76.164.69 - - [18/Oct/2025:08:27:38 -0400] "GET /hyper-casino-les-probabilites-pour-des-strategies-gagnantes/?path=//proc/thread-self/root/var/softaculous/carbon/php81 HTTP/1.1" 200 3484 "-" "Mozilla/5.0 (Windows; U; Windows NT 5.2; en-US) AppleWebKit/532.9 (KHTML, like Gecko) Chrome/5.0.310.0 Safari/532.9"
20.171.207.23 - - [18/Oct/2025:08:27:40 -0400] "GET /pages.php?classroom/q71?pid=38002 HTTP/1.1" 200 18567 "-" "Mozilla/5.0 AppleWebKit/537.36 (KHTML, like Gecko; compatible; GPTBot/1.2; +https://openai.com/gptbot)"
50.17.193.48 - - [18/Oct/2025:08:27:39 -0400] "GET /wp-admin/?fileloc=//proc/self/root/opt/alt/alt-nodejs10/root/lib/node_modules/npm/node_modules.bundled/cyclist/README.md&path=//proc/self/root/opt/alt/alt-nodejs10/root/lib/node_modules/npm/node_modules.bundled/cyclist HTTP/1.1" 200 3664 "-" "Mozilla/5.0 AppleWebKit/537.36 (KHTML, like Gecko; compatible; Amazonbot/0.1; +https://developer.amazon.com/support/amazonbot) Chrome/119.0.6045.214 Safari/537.36"
20.171.207.22 - - [18/Oct/2025:08:27:40 -0400] "GET /?path=//proc/self/root/proc/self/root/proc/thread-self/root/proc/thread-self/root/proc/thread-self/root/proc/thread-self/root/proc/self/root/proc/irq/43 HTTP/1.1" 200 3182 "-" "Mozilla/5.0 AppleWebKit/537.36 (KHTML, like Gecko; compatible; GPTBot/1.2; +https://openai.com/gptbot)"
20.171.207.23 - - [18/Oct/2025:08:27:42 -0400] "GET /pages.php?seriously/q81?pid=34912 HTTP/1.1" 200 18631 "-" "Mozilla/5.0 AppleWebKit/537.36 (KHTML, like Gecko; compatible; GPTBot/1.2; +https://openai.com/gptbot)"
216.73.216.222 - - [18/Oct/2025:08:27:41 -0400] "GET /join-the-fun-mplays-slot-teen-patti-for-teen-patti-party-fans?fileloc=%2F%2Fproc%2Fthread-self%2Froot%2Flib%2F.build-id%2F77%2F883c8ec44b020187d6d8f46ad57fbaa199a459&path=%2F%2Fproc%2Fthread-self%2Froot%2Flib%2F.build-id%2F77 HTTP/1.1" 200 8718 "-" "Mozilla/5.0 AppleWebKit/537.36 (KHTML, like Gecko; compatible; ClaudeBot/1.0; +claudebot@anthropic.com)"
20.171.207.23 - - [18/Oct/2025:08:27:43 -0400] "GET /pages.php?item/u61/34940/ HTTP/1.1" 200 19693 "-" "Mozilla/5.0 AppleWebKit/537.36 (KHTML, like Gecko; compatible; GPTBot/1.2; +https://openai.com/gptbot)"
20.171.207.23 - - [18/Oct/2025:08:27:44 -0400] "GET /pages.php?economist/r50?pid=29649 HTTP/1.1" 200 19259 "-" "Mozilla/5.0 AppleWebKit/537.36 (KHTML, like Gecko; compatible; GPTBot/1.2; +https://openai.com/gptbot)"
20.171.207.23 - - [18/Oct/2025:08:27:47 -0400] "GET /pages.php?courtroom/z148?pid=4969 HTTP/1.1" 200 19244 "-" "Mozilla/5.0 AppleWebKit/537.36 (KHTML, like Gecko; compatible; GPTBot/1.2; +https://openai.com/gptbot)"
57.141.0.15 - - [18/Oct/2025:08:27:45 -0400] "GET /147925067?path=/home/salhiscp/public_html/7b279 HTTP/1.1" 200 14296 "-" "meta-externalagent/1.1 (+https://developers.facebook.com/docs/sharing/webmasters/crawler)"
20.171.207.22 - - [18/Oct/2025:08:27:45 -0400] "GET /?path=//proc/self/root/proc/self/root/proc/thread-self/root/proc/thread-self/root/proc/thread-self/root/proc/thread-self/root/proc/self/root/proc/fs/nfsfs HTTP/1.1" 200 2621 "-" "Mozilla/5.0 AppleWebKit/537.36 (KHTML, like Gecko; compatible; GPTBot/1.2; +https://openai.com/gptbot)"
136.243.220.209 - - [18/Oct/2025:08:27:45 -0400] "GET /items/suwgs50/33372?fileloc=/home/salhiscp/public_html/wp-load.php&path=/home/salhiscp/public_html HTTP/1.1" 200 4264 "-" "Mozilla/5.0 (compatible; DataForSeoBot/1.0; +https://dataforseo.com/dataforseo-bot)"
52.71.216.196 - - [18/Oct/2025:08:27:47 -0400] "GET /wp-admin/?path=//proc/thread-self/root/proc/self/root/proc/self/root/home/salhiscp/lscache/f/0/0 HTTP/1.1" 200 3831 "-" "Mozilla/5.0 AppleWebKit/537.36 (KHTML, like Gecko; compatible; Amazonbot/0.1; +https://developer.amazon.com/support/amazonbot) Chrome/119.0.6045.214 Safari/537.36"
136.243.220.209 - - [18/Oct/2025:08:27:36 -0400] "GET /items/suwgs50/33372?fileloc=/home/salhiscp/public_html/product.php&path=/home/salhiscp/public_html HTTP/1.1" 200 3501 "-" "Mozilla/5.0 (compatible; DataForSeoBot/1.0; +https://dataforseo.com/dataforseo-bot)"
136.243.220.209 - - [18/Oct/2025:08:27:41 -0400] "GET /items/suwgs50/33372?fileloc=/home/salhiscp/public_html/wp-config.php&path=/home/salhiscp/public_html HTTP/1.1" 403 1242 "-" "Mozilla/5.0 (compatible; DataForSeoBot/1.0; +https://dataforseo.com/dataforseo-bot)"
20.171.207.23 - - [18/Oct/2025:08:27:41 -0400] "GET /pages.php?frequency/a229?pid=8916 HTTP/1.1" 200 19768 "-" "Mozilla/5.0 AppleWebKit/537.36 (KHTML, like Gecko; compatible; GPTBot/1.2; +https://openai.com/gptbot)"
114.119.154.166 - - [18/Oct/2025:08:27:43 -0400] "GET /?sitemap110.xml HTTP/1.1" 200 8084 "-" "Mozilla/5.0 (Linux; Android 7.0;) AppleWebKit/537.36 (KHTML, like Gecko) Mobile Safari/537.36 (compatible; PetalBot;+https://webmaster.petalsearch.com/site/petalbot)"
20.171.207.22 - - [18/Oct/2025:08:27:42 -0400] "GET /?path=//proc/self/root/proc/self/root/proc/thread-self/root/proc/thread-self/root/proc/thread-self/root/proc/thread-self/root/proc/self/root/proc/irq/1 HTTP/1.1" 200 3181 "-" "Mozilla/5.0 AppleWebKit/537.36 (KHTML, like Gecko; compatible; GPTBot/1.2; +https://openai.com/gptbot)"
34.234.197.175 - - [18/Oct/2025:08:27:43 -0400] "GET /wp-admin/?path=//proc/thread-self/root/proc/thread-self/root/proc/self/root/proc/self/root/lib/.build-id/ca HTTP/1.1" 200 4577 "-" "Mozilla/5.0 AppleWebKit/537.36 (KHTML, like Gecko; compatible; Amazonbot/0.1; +https://developer.amazon.com/support/amazonbot) Chrome/119.0.6045.214 Safari/537.36"
20.171.207.23 - - [18/Oct/2025:08:27:46 -0400] "GET /pages.php?foreigner/y39?pid=28164 HTTP/1.1" 200 18649 "-" "Mozilla/5.0 AppleWebKit/537.36 (KHTML, like Gecko; compatible; GPTBot/1.2; +https://openai.com/gptbot)"
20.171.207.23 - - [18/Oct/2025:08:27:48 -0400] "GET /pages.php?regulator/z22?pid=40169 HTTP/1.1" 200 18503 "-" "Mozilla/5.0 AppleWebKit/537.36 (KHTML, like Gecko; compatible; GPTBot/1.2; +https://openai.com/gptbot)"
216.73.216.222 - - [18/Oct/2025:08:27:47 -0400] "GET /join-the-fun-mplays-slot-teen-patti-for-teen-patti-party-fans?fileloc=%2F%2Fproc%2Fthread-self%2Froot%2Flib%2F.build-id%2F4e%2F562c305fa0470c050485eacb32d3c7780cd6ac&path=%2F%2Fproc%2Fthread-self%2Froot%2Flib%2F.build-id%2F4e HTTP/1.1" 200 72952 "-" "Mozilla/5.0 AppleWebKit/537.36 (KHTML, like Gecko; compatible; ClaudeBot/1.0; +claudebot@anthropic.com)"
20.171.207.23 - - [18/Oct/2025:08:27:51 -0400] "GET /pages.php?automatic/l56?pid=16237 HTTP/1.1" 200 19143 "-" "Mozilla/5.0 AppleWebKit/537.36 (KHTML, like Gecko; compatible; GPTBot/1.2; +https://openai.com/gptbot)"
18.171.61.169 - - [18/Oct/2025:08:27:48 -0400] "GET /tmp/Joomla_3.6.0-Stable-Update_Package/administrator/components/com_installer/controllers/update.php HTTP/1.1" 200 5435 "-" "Mozilla/5.0 (iPhone; CPU iPhone OS 18_0_1 like Mac OS X) AppleWebKit/605.1.15 (KHTML, like Gecko) Mobile/15E148 YaBrowser/25.8.5.527.10 YaApp_iOS/2508.5 YaApp_iOS_Browser/2508.5 Safari/604.1 SA/3"
20.171.207.23 - - [18/Oct/2025:08:27:52 -0400] "GET /pages.php?seemingly/x45?pid=18732 HTTP/1.1" 200 19086 "-" "Mozilla/5.0 AppleWebKit/537.36 (KHTML, like Gecko; compatible; GPTBot/1.2; +https://openai.com/gptbot)"
206.189.247.132 - - [18/Oct/2025:08:27:49 -0400] "GET /tmp/Joomla_3.6.0-Stable-Update_Package/administrator/components/com_installer/controllers/update.php HTTP/1.1" 200 5373 "-" "Mozilla/5.0 (iPhone; CPU iPhone OS 18_0_1 like Mac OS X) AppleWebKit/605.1.15 (KHTML, like Gecko) Mobile/15E148 YaBrowser/25.8.5.527.10 YaApp_iOS/2508.5 YaApp_iOS_Browser/2508.5 Safari/604.1 SA/3"
136.243.220.209 - - [18/Oct/2025:08:27:50 -0400] "GET /items/suwgs50/33372?fileloc=/home/salhiscp/public_html/wp-mail.php&path=/home/salhiscp/public_html HTTP/1.1" 200 5708 "-" "Mozilla/5.0 (compatible; DataForSeoBot/1.0; +https://dataforseo.com/dataforseo-bot)"
20.171.207.23 - - [18/Oct/2025:08:27:49 -0400] "GET /pages.php?objective/r93?pid=28434 HTTP/1.1" 200 19489 "-" "Mozilla/5.0 AppleWebKit/537.36 (KHTML, like Gecko; compatible; GPTBot/1.2; +https://openai.com/gptbot)"
216.73.216.222 - - [18/Oct/2025:08:27:52 -0400] "GET /join-the-fun-mplays-slot-teen-patti-for-teen-patti-party-fans?fileloc=%2F%2Fproc%2Fthread-self%2Froot%2Flib%2F.build-id%2F64%2F6cc776ccf6dbd5d7e00be9731458c3ed62478e&path=%2F%2Fproc%2Fthread-self%2Froot%2Flib%2F.build-id%2F64 HTTP/1.1" 200 0 "-" "Mozilla/5.0 AppleWebKit/537.36 (KHTML, like Gecko; compatible; ClaudeBot/1.0; +claudebot@anthropic.com)"
20.171.207.22 - - [18/Oct/2025:08:27:49 -0400] "GET /?path=//proc/self/root/proc/self/root/proc/thread-self/root/proc/thread-self/root/proc/thread-self/root/proc/thread-self/root/proc/self/root/proc/sys/user HTTP/1.1" 200 3166 "-" "Mozilla/5.0 AppleWebKit/537.36 (KHTML, like Gecko; compatible; GPTBot/1.2; +https://openai.com/gptbot)"
20.171.207.23 - - [18/Oct/2025:08:27:53 -0400] "GET /pages.php?celebrity/b210?pid=3829 HTTP/1.1" 200 18810 "-" "Mozilla/5.0 AppleWebKit/537.36 (KHTML, like Gecko; compatible; GPTBot/1.2; +https://openai.com/gptbot)"
20.171.207.23 - - [18/Oct/2025:08:27:56 -0400] "GET /pages.php?continued/v93?pid=40368 HTTP/1.1" 200 18844 "-" "Mozilla/5.0 AppleWebKit/537.36 (KHTML, like Gecko; compatible; GPTBot/1.2; +https://openai.com/gptbot)"
20.171.207.23 - - [18/Oct/2025:08:27:58 -0400] "GET /pages.php?knowledge/h62?pid=41857 HTTP/1.1" 200 18252 "-" "Mozilla/5.0 AppleWebKit/537.36 (KHTML, like Gecko; compatible; GPTBot/1.2; +https://openai.com/gptbot)"
18.171.61.169 - - [18/Oct/2025:08:27:55 -0400] "GET /admin/dashboard.php.malware HTTP/1.1" 200 5566 "-" "Mozilla/5.0 (Windows NT 10.0; Win64; x64) AppleWebKit/537.36 (KHTML, like Gecko) Chrome/139.0.0.0 Safari/537.36 Edg/139.0.0.0"
52.1.106.130 - - [18/Oct/2025:08:27:55 -0400] "GET /wp-admin/?fileloc=//opt/alt/alt-nodejs8/root/lib/node_modules/npm/node_modules.bundled/tar/lib/list.js&path=//opt/alt/alt-nodejs8/root/lib/node_modules/npm/node_modules.bundled/tar/lib HTTP/1.1" 200 4348 "-" "Mozilla/5.0 AppleWebKit/537.36 (KHTML, like Gecko; compatible; Amazonbot/0.1; +https://developer.amazon.com/support/amazonbot) Chrome/119.0.6045.214 Safari/537.36"
20.171.207.23 - - [18/Oct/2025:08:28:00 -0400] "GET /pages.php?difficult/z135?pid=7006 HTTP/1.1" 200 19513 "-" "Mozilla/5.0 AppleWebKit/537.36 (KHTML, like Gecko; compatible; GPTBot/1.2; +https://openai.com/gptbot)"
217.113.194.16 - - [18/Oct/2025:08:27:54 -0400] "GET /finansovyj-grafik-ceny-zolota/feed/?fileloc=//bin/tr&path=//bin HTTP/1.1" 200 26573 "-" "Mozilla/5.0 (compatible; Barkrowler/0.9; +https://babbar.tech/crawler)"
138.68.166.157 - - [18/Oct/2025:08:27:55 -0400] "GET /admin/dashboard.php.malware HTTP/1.1" 200 5385 "-" "Mozilla/5.0 (Windows NT 10.0; Win64; x64) AppleWebKit/537.36 (KHTML, like Gecko) Chrome/139.0.0.0 Safari/537.36 Edg/139.0.0.0"
20.171.207.23 - - [18/Oct/2025:08:28:04 -0400] "GET /pages.php?recommend/l59?pid=47738 HTTP/1.1" 200 19822 "-" "Mozilla/5.0 AppleWebKit/537.36 (KHTML, like Gecko; compatible; GPTBot/1.2; +https://openai.com/gptbot)"
45.133.172.214 - - [18/Oct/2025:08:27:57 -0400] "GET /wp-includes/random_compat/news_parser.class.php HTTP/1.1" 200 5464 "-" "Mozilla/5.0 (Linux; arm_64; Android 15; 23124RA7EO) AppleWebKit/537.36 (KHTML, like Gecko) Chrome/138.0.7204.105 YaBrowser/25.8.5.105.00 SA/3 Mobile Safari/537.36"
82.133.61.67 - - [18/Oct/2025:08:27:55 -0400] "GET /admin/dashboard.php.malware HTTP/1.1" 200 5455 "-" "Mozilla/5.0 (Windows NT 10.0; Win64; x64) AppleWebKit/537.36 (KHTML, like Gecko) Chrome/139.0.0.0 Safari/537.36 Edg/139.0.0.0"
57.141.0.42 - - [18/Oct/2025:08:27:55 -0400] "GET /spaceman-como-ganhar-e-estrategias-eficientes/?fileloc=/home/salhiscp/lscache/f/f/c/ffca10e3c9858739&path=/home/salhiscp/lscache/f/f/c HTTP/1.1" 200 31024 "-" "meta-externalagent/1.1 (+https://developers.facebook.com/docs/sharing/webmasters/crawler)"
52.71.46.142 - - [18/Oct/2025:08:27:51 -0400] "GET /wp-admin/?fileloc=//opt/alt/alt-nodejs6/root/lib/node_modules/npm/html/CONTRIBUTING.md&path=//opt/alt/alt-nodejs6/root/lib/node_modules/npm/html HTTP/1.1" 200 8796 "-" "Mozilla/5.0 AppleWebKit/537.36 (KHTML, like Gecko; compatible; Amazonbot/0.1; +https://developer.amazon.com/support/amazonbot) Chrome/119.0.6045.214 Safari/537.36"
202.76.165.254 - - [18/Oct/2025:08:27:50 -0400] "GET /hyper-casino-les-probabilites-pour-des-strategies-gagnantes/?path=//proc/thread-self/root/var/softaculous/cftp/php53 HTTP/1.1" 200 3656 "-" "Mozilla/5.0 (Windows NT 6.1) AppleWebKit/537.36 (KHTML, like Gecko) Chrome/27.0.1453.93 Safari/537.36"
106.161.65.206 - - [18/Oct/2025:08:27:51 -0400] "GET /tmp/Joomla_3.6.0-Stable-Update_Package/administrator/components/com_installer/controllers/update.php HTTP/1.1" 200 5372 "-" "Mozilla/5.0 (iPhone; CPU iPhone OS 18_0_1 like Mac OS X) AppleWebKit/605.1.15 (KHTML, like Gecko) Mobile/15E148 YaBrowser/25.8.5.527.10 YaApp_iOS/2508.5 YaApp_iOS_Browser/2508.5 Safari/604.1 SA/3"
20.171.207.23 - - [18/Oct/2025:08:27:55 -0400] "GET /pages.php?objection/n120?pid=6447 HTTP/1.1" 200 19118 "-" "Mozilla/5.0 AppleWebKit/537.36 (KHTML, like Gecko; compatible; GPTBot/1.2; +https://openai.com/gptbot)"
216.244.66.235 - - [18/Oct/2025:08:27:50 -0400] "GET /wide-mouth-motivational-water-bottle-jug-leakproof-w-straw-time-marker-fitness-RE5BH0FWWltZWgcA?path=/home/salhiscp/public_html/wp-includes HTTP/1.1" 200 595241 "-" "Mozilla/5.0 (compatible; DotBot/1.2; +https://opensiteexplorer.org/dotbot; help@moz.com)"
138.199.39.155 - - [18/Oct/2025:08:27:52 -0400] "GET /tmp/Joomla_3.6.0-Stable-Update_Package/administrator/components/com_installer/controllers/update.php HTTP/1.1" 200 5435 "-" "Mozilla/5.0 (iPhone; CPU iPhone OS 18_0_1 like Mac OS X) AppleWebKit/605.1.15 (KHTML, like Gecko) Mobile/15E148 YaBrowser/25.8.5.527.10 YaApp_iOS/2508.5 YaApp_iOS_Browser/2508.5 Safari/604.1 SA/3"
20.171.207.22 - - [18/Oct/2025:08:27:53 -0400] "GET /?path=//proc/self/root/proc/self/root/proc/thread-self/root/proc/thread-self/root/proc/thread-self/root/proc/thread-self/root/proc/self/root/proc/sys/sunrpc HTTP/1.1" 200 3245 "-" "Mozilla/5.0 AppleWebKit/537.36 (KHTML, like Gecko; compatible; GPTBot/1.2; +https://openai.com/gptbot)"
136.243.220.209 - - [18/Oct/2025:08:27:55 -0400] "GET /items/suwgs50/33372?fileloc=/home/salhiscp/public_html/.hcflag&path=/home/salhiscp/public_html HTTP/1.1" 200 2516 "-" "Mozilla/5.0 (compatible; DataForSeoBot/1.0; +https://dataforseo.com/dataforseo-bot)"
20.171.207.23 - - [18/Oct/2025:08:28:02 -0400] "GET /pages.php?undertake/y65?pid=14638 HTTP/1.1" 200 19036 "-" "Mozilla/5.0 AppleWebKit/537.36 (KHTML, like Gecko; compatible; GPTBot/1.2; +https://openai.com/gptbot)"
18.171.61.169 - - [18/Oct/2025:08:27:57 -0400] "GET /wp-includes/random_compat/news_parser.class.php HTTP/1.1" 200 5373 "-" "Mozilla/5.0 (Linux; arm_64; Android 15; 23124RA7EO) AppleWebKit/537.36 (KHTML, like Gecko) Chrome/138.0.7204.105 YaBrowser/25.8.5.105.00 SA/3 Mobile Safari/537.36"
20.171.207.23 - - [18/Oct/2025:08:28:05 -0400] "GET /pages.php?religious/v79?pid=31564 HTTP/1.1" 200 18760 "-" "Mozilla/5.0 AppleWebKit/537.36 (KHTML, like Gecko; compatible; GPTBot/1.2; +https://openai.com/gptbot)"
68.235.45.19 - - [18/Oct/2025:08:27:56 -0400] "GET /admin/dashboard.php.malware HTTP/1.1" 200 5464 "-" "Mozilla/5.0 (Windows NT 10.0; Win64; x64) AppleWebKit/537.36 (KHTML, like Gecko) Chrome/139.0.0.0 Safari/537.36 Edg/139.0.0.0"
20.171.207.23 - - [18/Oct/2025:08:28:07 -0400] "GET /pages.php?courtroom/j73?pid=23024 HTTP/1.1" 200 18945 "-" "Mozilla/5.0 AppleWebKit/537.36 (KHTML, like Gecko; compatible; GPTBot/1.2; +https://openai.com/gptbot)"
18.171.61.169 - - [18/Oct/2025:08:27:57 -0400] "GET /web/uadmin/bower_components/bootstrap/docs/4.0/examples/checkout/post_checkout.php HTTP/1.1" 200 5464 "-" "Mozilla/5.0 (Linux, Android 10, K) AppleWebKit/537.36 (KHTML, like Gecko) Chrome/140.0.0.0 Mobile Safari/537.36"
81.105.225.207 - - [18/Oct/2025:08:27:57 -0400] "GET /web/uadmin/bower_components/bootstrap/docs/4.0/examples/checkout/post_checkout.php HTTP/1.1" 200 5471 "-" "Mozilla/5.0 (Linux, Android 10, K) AppleWebKit/537.36 (KHTML, like Gecko) Chrome/140.0.0.0 Mobile Safari/537.36"
216.73.216.222 - - [18/Oct/2025:08:27:59 -0400] "GET /join-the-fun-mplays-slot-teen-patti-for-teen-patti-party-fans?fileloc=%2F%2Fproc%2Fthread-self%2Froot%2Flib%2F.build-id%2F11%2F0392c58f5091e9bd85d07068153515b6faf3ab&path=%2F%2Fproc%2Fthread-self%2Froot%2Flib%2F.build-id%2F11 HTTP/1.1" 200 0 "-" "Mozilla/5.0 AppleWebKit/537.36 (KHTML, like Gecko; compatible; ClaudeBot/1.0; +claudebot@anthropic.com)"
209.38.171.212 - - [18/Oct/2025:08:27:57 -0400] "GET /wp-includes/random_compat/news_parser.class.php HTTP/1.1" 200 5464 "-" "Mozilla/5.0 (Linux; arm_64; Android 15; 23124RA7EO) AppleWebKit/537.36 (KHTML, like Gecko) Chrome/138.0.7204.105 YaBrowser/25.8.5.105.00 SA/3 Mobile Safari/537.36"
206.189.247.132 - - [18/Oct/2025:08:27:57 -0400] "GET /wp-includes/random_compat/news_parser.class.php HTTP/1.1" 200 5353 "-" "Mozilla/5.0 (Linux; arm_64; Android 15; 23124RA7EO) AppleWebKit/537.36 (KHTML, like Gecko) Chrome/138.0.7204.105 YaBrowser/25.8.5.105.00 SA/3 Mobile Safari/537.36"
20.171.207.23 - - [18/Oct/2025:08:28:09 -0400] "GET /pages.php?item/u12/183/ HTTP/1.1" 200 19216 "-" "Mozilla/5.0 AppleWebKit/537.36 (KHTML, like Gecko; compatible; GPTBot/1.2; +https://openai.com/gptbot)"
107.20.224.184 - - [18/Oct/2025:08:28:03 -0400] "GET /wp-admin/?fileloc=//proc/self/root/opt/alt/alt-nodejs10/root/lib/node_modules/npm/node_modules.bundled/json-stringify-safe/package.json&path=//proc/self/root/opt/alt/alt-nodejs10/root/lib/node_modules/npm/node_modules.bundled/json-stringify-safe HTTP/1.1" 200 3874 "-" "Mozilla/5.0 AppleWebKit/537.36 (KHTML, like Gecko; compatible; Amazonbot/0.1; +https://developer.amazon.com/support/amazonbot) Chrome/119.0.6045.214 Safari/537.36"
146.174.191.92 - - [18/Oct/2025:08:28:03 -0400] "GET /hyper-casino-les-probabilites-pour-des-strategies-gagnantes/?path=//proc/thread-self/root/var/softaculous/claro/platform HTTP/1.1" 200 3472 "-" "Mozilla/5.0 (Windows NT 5.1) AppleWebKit/535.6 (KHTML, like Gecko) Chrome/16.0.897.0 Safari/535.6"
