206.189.247.132 - - [05/Oct/2025:13:01:28 -0400] "GET /index.html HTTP/1.1" 200 1404 "-" "Mozilla/5.0 (Windows NT 10.0; Win64; x64) AppleWebKit/537.36 (KHTML, like Gecko) Chrome/135.0.0.0 Safari/537.36 OPR/120.0.0.0"
146.190.11.185 - - [05/Oct/2025:13:01:30 -0400] "GET /index.html HTTP/1.1" 200 1404 "-" "Mozilla/5.0 (Windows NT 10.0; Win64; x64) AppleWebKit/537.36 (KHTML, like Gecko) Chrome/135.0.0.0 Safari/537.36 OPR/120.0.0.0"
66.249.73.12 - - [05/Oct/2025:13:01:35 -0400] "GET /?products5389778?kg=0005324132 HTTP/1.1" 200 1164 "-" "Mozilla/5.0 (Linux; Android 6.0.1; Nexus 5X Build/MMB29P) AppleWebKit/537.36 (KHTML, like Gecko) Chrome/140.0.7339.207 Mobile Safari/537.36 (compatible; Googlebot/2.1; +http://www.google.com/bot.html)"
197.238.5.249 - - [05/Oct/2025:13:01:33 -0400] "GET /hehehehe.php HTTP/1.1" 404 10906 "http://salhab360photos.com/hehehehe.php" "Go-http-client/2.0"
20.171.207.56 - - [05/Oct/2025:13:02:27 -0400] "GET /products210620038?kg=0208051582 HTTP/1.1" 404 9732 "-" "Mozilla/5.0 AppleWebKit/537.36 (KHTML, like Gecko; compatible; GPTBot/1.2; +https://openai.com/gptbot)"
197.238.5.249 - - [05/Oct/2025:12:59:06 -0400] "GET /.well-known/ HTTP/1.1" 200 761 "https://salhab360photos.com/.well-known/index.php" "Go-http-client/2.0"
66.249.73.11 - - [05/Oct/2025:12:59:30 -0400] "GET /iqr/refitInputView HTTP/1.1" 200 29320 "-" "Mozilla/5.0 (Linux; Android 6.0.1; Nexus 5X Build/MMB29P) AppleWebKit/537.36 (KHTML, like Gecko) Chrome/140.0.7339.207 Mobile Safari/537.36 (compatible; Googlebot/2.1; +http://www.google.com/bot.html)"
197.238.5.249 - - [05/Oct/2025:12:59:34 -0400] "GET /wp-content/languages/about.php HTTP/1.1" 200 0 "http://salhab360photos.com/wp-content/languages/about.php" "Go-http-client/2.0"
66.249.73.10 - - [05/Oct/2025:12:59:44 -0400] "GET /ctg/search/similarImageSearchResultView/?ctgItemCd=192235 HTTP/1.1" 200 29171 "-" "Mozilla/5.0 (Linux; Android 6.0.1; Nexus 5X Build/MMB29P) AppleWebKit/537.36 (KHTML, like Gecko) Chrome/140.0.7339.207 Mobile Safari/537.36 (compatible; Googlebot/2.1; +http://www.google.com/bot.html)"
197.238.5.249 - - [05/Oct/2025:13:00:21 -0400] "GET /ws.php HTTP/1.1" 404 10906 "http://salhab360photos.com/ws.php" "Go-http-client/2.0"
197.238.5.249 - - [05/Oct/2025:13:00:29 -0400] "GET /wp-includes/css/index.php HTTP/1.1" 301 0 "http://salhab360photos.com/wp-includes/css/index.php" "Go-http-client/2.0"
197.238.5.249 - - [05/Oct/2025:13:00:34 -0400] "GET /wp-includes/css/ HTTP/1.1" 200 2450 "https://salhab360photos.com/wp-includes/css/index.php" "Go-http-client/2.0"
20.171.207.56 - - [05/Oct/2025:13:00:33 -0400] "GET /products210611552?kg=0208043201 HTTP/1.1" 404 9740 "-" "Mozilla/5.0 AppleWebKit/537.36 (KHTML, like Gecko; compatible; GPTBot/1.2; +https://openai.com/gptbot)"
197.238.5.249 - - [05/Oct/2025:13:00:39 -0400] "GET /cgi-bin/wp-login.php HTTP/1.1" 403 1242 "http://salhab360photos.com/cgi-bin/wp-login.php" "Go-http-client/2.0"
197.238.5.249 - - [05/Oct/2025:13:00:39 -0400] "GET /wp-admin/classwithtostring.php HTTP/1.1" 302 0 "http://salhab360photos.com/wp-admin/classwithtostring.php" "Go-http-client/2.0"
216.73.216.221 - - [05/Oct/2025:13:00:48 -0400] "GET /products27042502?kg=0026712798 HTTP/1.1" 404 9740 "-" "Mozilla/5.0 AppleWebKit/537.36 (KHTML, like Gecko; compatible; ClaudeBot/1.0; +claudebot@anthropic.com)"
216.73.216.221 - - [05/Oct/2025:13:00:56 -0400] "GET /products27068906?kg=0026738880 HTTP/1.1" 404 9742 "-" "Mozilla/5.0 AppleWebKit/537.36 (KHTML, like Gecko; compatible; ClaudeBot/1.0; +claudebot@anthropic.com)"
185.61.153.107 - - [05/Oct/2025:13:01:06 -0400] "POST /wp-cron.php?doing_wp_cron=1759683666.5740180015563964843750 HTTP/1.1" 200 0 "-" "WordPress/6.8.3; https://salhab360photos.com"
197.238.5.249 - - [05/Oct/2025:13:01:02 -0400] "GET /wp-includes/Requests/network.php HTTP/1.1" 404 12358 "http://salhab360photos.com/wp-includes/Requests/network.php" "Go-http-client/2.0"
18.130.235.165 - - [05/Oct/2025:13:01:28 -0400] "GET /index.html HTTP/1.1" 200 1404 "-" "Mozilla/5.0 (Windows NT 10.0; Win64; x64) AppleWebKit/537.36 (KHTML, like Gecko) Chrome/135.0.0.0 Safari/537.36 OPR/120.0.0.0"
193.239.84.66 - - [05/Oct/2025:13:01:28 -0400] "GET /index.html HTTP/1.1" 200 1404 "-" "Mozilla/5.0 (Windows NT 10.0; Win64; x64) AppleWebKit/537.36 (KHTML, like Gecko) Chrome/135.0.0.0 Safari/537.36 OPR/120.0.0.0"
197.238.5.249 - - [05/Oct/2025:13:01:28 -0400] "GET /wp-login.php HTTP/1.1" 200 2345 "https://salhab360photos.com/login.php" "Go-http-client/2.0"
20.171.207.56 - - [05/Oct/2025:13:01:32 -0400] "GET /products210580970?kg=0208012992 HTTP/1.1" 404 9740 "-" "Mozilla/5.0 AppleWebKit/537.36 (KHTML, like Gecko; compatible; GPTBot/1.2; +https://openai.com/gptbot)"
37.59.204.157 - - [05/Oct/2025:13:01:47 -0400] "GET /products71891892?kg=0071015243 HTTP/1.1" 404 9742 "-" "Mozilla/5.0 (compatible; AhrefsBot/7.0; +http://ahrefs.com/robot/)"
185.61.153.107 - - [05/Oct/2025:13:02:32 -0400] "POST /wp-cron.php?doing_wp_cron=1759683752.0757679939270019531250 HTTP/1.1" 200 0 "-" "WordPress/6.8.3; https://salhab360photos.com"
216.73.216.221 - - [05/Oct/2025:13:03:04 -0400] "GET /products28991970?kg=0028638492 HTTP/1.1" 404 9742 "-" "Mozilla/5.0 AppleWebKit/537.36 (KHTML, like Gecko; compatible; ClaudeBot/1.0; +claudebot@anthropic.com)"
216.73.216.221 - - [05/Oct/2025:13:03:15 -0400] "GET /products234402366?kg=0231543882 HTTP/1.1" 404 9741 "-" "Mozilla/5.0 AppleWebKit/537.36 (KHTML, like Gecko; compatible; ClaudeBot/1.0; +claudebot@anthropic.com)"
216.73.216.221 - - [05/Oct/2025:13:03:18 -0400] "GET /products46641104?kg=0046072393 HTTP/1.1" 404 9740 "-" "Mozilla/5.0 AppleWebKit/537.36 (KHTML, like Gecko; compatible; ClaudeBot/1.0; +claudebot@anthropic.com)"
20.171.207.56 - - [05/Oct/2025:13:03:22 -0400] "GET /products210630284?kg=0208061703 HTTP/1.1" 404 9743 "-" "Mozilla/5.0 AppleWebKit/537.36 (KHTML, like Gecko; compatible; GPTBot/1.2; +https://openai.com/gptbot)"
216.73.216.221 - - [05/Oct/2025:13:03:24 -0400] "GET /products234408936?kg=0231550373 HTTP/1.1" 404 9742 "-" "Mozilla/5.0 AppleWebKit/537.36 (KHTML, like Gecko; compatible; ClaudeBot/1.0; +claudebot@anthropic.com)"
66.249.73.10 - - [05/Oct/2025:13:03:31 -0400] "GET /products180486?kg=0000178366 HTTP/1.1" 200 29258 "-" "Mozilla/5.0 (Linux; Android 6.0.1; Nexus 5X Build/MMB29P) AppleWebKit/537.36 (KHTML, like Gecko) Chrome/140.0.7339.207 Mobile Safari/537.36 (compatible; Googlebot/2.1; +http://www.google.com/bot.html)"
216.73.216.221 - - [05/Oct/2025:13:03:40 -0400] "GET /products234394458?kg=0231536072 HTTP/1.1" 404 9740 "-" "Mozilla/5.0 AppleWebKit/537.36 (KHTML, like Gecko; compatible; ClaudeBot/1.0; +claudebot@anthropic.com)"
216.73.216.221 - - [05/Oct/2025:13:03:49 -0400] "GET /products11508622?kg=0011368354 HTTP/1.1" 404 9741 "-" "Mozilla/5.0 AppleWebKit/537.36 (KHTML, like Gecko; compatible; ClaudeBot/1.0; +claudebot@anthropic.com)"
216.73.216.221 - - [05/Oct/2025:13:04:04 -0400] "GET /products146078536?kg=0144297173 HTTP/1.1" 404 9740 "-" "Mozilla/5.0 AppleWebKit/537.36 (KHTML, like Gecko; compatible; ClaudeBot/1.0; +claudebot@anthropic.com)"
216.73.216.221 - - [05/Oct/2025:13:04:10 -0400] "GET /products27028594?kg=0026699060 HTTP/1.1" 404 9733 "-" "Mozilla/5.0 AppleWebKit/537.36 (KHTML, like Gecko; compatible; ClaudeBot/1.0; +claudebot@anthropic.com)"
216.73.216.221 - - [05/Oct/2025:13:04:16 -0400] "GET /products27074264?kg=0026744173 HTTP/1.1" 404 9743 "-" "Mozilla/5.0 AppleWebKit/537.36 (KHTML, like Gecko; compatible; ClaudeBot/1.0; +claudebot@anthropic.com)"
216.73.216.221 - - [05/Oct/2025:13:04:22 -0400] "GET /products234408148?kg=0231549595 HTTP/1.1" 404 9742 "-" "Mozilla/5.0 AppleWebKit/537.36 (KHTML, like Gecko; compatible; ClaudeBot/1.0; +claudebot@anthropic.com)"
216.73.216.221 - - [05/Oct/2025:13:04:28 -0400] "GET /products27027888?kg=0026698361 HTTP/1.1" 404 9741 "-" "Mozilla/5.0 AppleWebKit/537.36 (KHTML, like Gecko; compatible; ClaudeBot/1.0; +claudebot@anthropic.com)"
216.73.216.221 - - [05/Oct/2025:13:04:33 -0400] "GET /products46635496?kg=0046066853 HTTP/1.1" 404 9745 "-" "Mozilla/5.0 AppleWebKit/537.36 (KHTML, like Gecko; compatible; ClaudeBot/1.0; +claudebot@anthropic.com)"
66.249.73.10 - - [05/Oct/2025:13:04:46 -0400] "GET /products11589802?kg=0011448544 HTTP/1.1" 200 28943 "-" "Mozilla/5.0 (Linux; Android 6.0.1; Nexus 5X Build/MMB29P) AppleWebKit/537.36 (KHTML, like Gecko) Chrome/140.0.7339.207 Mobile Safari/537.36 (compatible; Googlebot/2.1; +http://www.google.com/bot.html)"
216.73.216.221 - - [05/Oct/2025:13:04:46 -0400] "GET /products27070788?kg=0026740739 HTTP/1.1" 404 9741 "-" "Mozilla/5.0 AppleWebKit/537.36 (KHTML, like Gecko; compatible; ClaudeBot/1.0; +claudebot@anthropic.com)"
185.61.153.107 - - [05/Oct/2025:13:05:06 -0400] "POST /wp-cron.php?doing_wp_cron=1759683906.2731781005859375000000 HTTP/1.1" 200 0 "-" "WordPress/6.8.3; https://salhab360photos.com"
216.73.216.221 - - [05/Oct/2025:13:05:13 -0400] "GET /products27049336?kg=0026719549 HTTP/1.1" 404 9740 "-" "Mozilla/5.0 AppleWebKit/537.36 (KHTML, like Gecko; compatible; ClaudeBot/1.0; +claudebot@anthropic.com)"
185.61.153.107 - - [05/Oct/2025:13:03:08 -0400] "POST /wp-cron.php?doing_wp_cron=1759683788.0706210136413574218750 HTTP/1.1" 200 0 "-" "WordPress/6.8.3; https://salhab360photos.com"
216.73.216.221 - - [05/Oct/2025:13:03:09 -0400] "GET /products234353704?kg=0231495813 HTTP/1.1" 404 9743 "-" "Mozilla/5.0 AppleWebKit/537.36 (KHTML, like Gecko; compatible; ClaudeBot/1.0; +claudebot@anthropic.com)"
216.73.216.221 - - [05/Oct/2025:13:03:31 -0400] "GET /products27042252?kg=0026712551 HTTP/1.1" 404 9734 "-" "Mozilla/5.0 AppleWebKit/537.36 (KHTML, like Gecko; compatible; ClaudeBot/1.0; +claudebot@anthropic.com)"
216.73.216.221 - - [05/Oct/2025:13:03:34 -0400] "GET /products146059416?kg=0144278285 HTTP/1.1" 404 9742 "-" "Mozilla/5.0 AppleWebKit/537.36 (KHTML, like Gecko; compatible; ClaudeBot/1.0; +claudebot@anthropic.com)"
216.73.216.221 - - [05/Oct/2025:13:03:43 -0400] "GET /products28990234?kg=0028636776 HTTP/1.1" 404 9743 "-" "Mozilla/5.0 AppleWebKit/537.36 (KHTML, like Gecko; compatible; ClaudeBot/1.0; +claudebot@anthropic.com)"
216.73.216.221 - - [05/Oct/2025:13:03:46 -0400] "GET /products28996270?kg=0028642738 HTTP/1.1" 404 9742 "-" "Mozilla/5.0 AppleWebKit/537.36 (KHTML, like Gecko; compatible; ClaudeBot/1.0; +claudebot@anthropic.com)"
216.73.216.221 - - [05/Oct/2025:13:03:55 -0400] "GET /products46649918?kg=0046081098 HTTP/1.1" 404 9742 "-" "Mozilla/5.0 AppleWebKit/537.36 (KHTML, like Gecko; compatible; ClaudeBot/1.0; +claudebot@anthropic.com)"
216.73.216.221 - - [05/Oct/2025:13:03:58 -0400] "GET /products234365430?kg=0231507398 HTTP/1.1" 404 9742 "-" "Mozilla/5.0 AppleWebKit/537.36 (KHTML, like Gecko; compatible; ClaudeBot/1.0; +claudebot@anthropic.com)"
185.61.153.107 - - [05/Oct/2025:13:04:07 -0400] "POST /wp-cron.php?doing_wp_cron=1759683847.3715279102325439453125 HTTP/1.1" 200 0 "-" "WordPress/6.8.3; https://salhab360photos.com"
66.249.73.12 - - [05/Oct/2025:13:04:10 -0400] "GET /?products5070638?kg=0005008882 HTTP/1.1" 200 1164 "-" "Mozilla/5.0 (Linux; Android 6.0.1; Nexus 5X Build/MMB29P) AppleWebKit/537.36 (KHTML, like Gecko) Chrome/140.0.7339.207 Mobile Safari/537.36 (compatible; Googlebot/2.1; +http://www.google.com/bot.html)"
20.171.207.56 - - [05/Oct/2025:13:04:19 -0400] "GET /products210580382?kg=0208012410 HTTP/1.1" 404 9740 "-" "Mozilla/5.0 AppleWebKit/537.36 (KHTML, like Gecko; compatible; GPTBot/1.2; +https://openai.com/gptbot)"
216.73.216.221 - - [05/Oct/2025:13:04:39 -0400] "GET /products27034776?kg=0026705165 HTTP/1.1" 404 9742 "-" "Mozilla/5.0 AppleWebKit/537.36 (KHTML, like Gecko; compatible; ClaudeBot/1.0; +claudebot@anthropic.com)"
216.73.216.221 - - [05/Oct/2025:13:04:54 -0400] "GET /products113511484?kg=0112127279 HTTP/1.1" 404 9742 "-" "Mozilla/5.0 AppleWebKit/537.36 (KHTML, like Gecko; compatible; ClaudeBot/1.0; +claudebot@anthropic.com)"
216.73.216.221 - - [05/Oct/2025:13:05:03 -0400] "GET /products146082180?kg=0144300771 HTTP/1.1" 404 9731 "-" "Mozilla/5.0 AppleWebKit/537.36 (KHTML, like Gecko; compatible; ClaudeBot/1.0; +claudebot@anthropic.com)"
20.171.207.56 - - [05/Oct/2025:13:05:13 -0400] "GET /products210597898?kg=0208029712 HTTP/1.1" 404 9741 "-" "Mozilla/5.0 AppleWebKit/537.36 (KHTML, like Gecko; compatible; GPTBot/1.2; +https://openai.com/gptbot)"
216.73.216.221 - - [05/Oct/2025:13:05:24 -0400] "GET /products106726804?kg=0105425339 HTTP/1.1" 404 9742 "-" "Mozilla/5.0 AppleWebKit/537.36 (KHTML, like Gecko; compatible; ClaudeBot/1.0; +claudebot@anthropic.com)"
216.73.216.221 - - [05/Oct/2025:13:05:45 -0400] "GET /products236462088?kg=0233578485 HTTP/1.1" 404 9742 "-" "Mozilla/5.0 AppleWebKit/537.36 (KHTML, like Gecko; compatible; ClaudeBot/1.0; +claudebot@anthropic.com)"
66.249.73.10 - - [05/Oct/2025:13:06:01 -0400] "GET /products11721700?kg=0011578835 HTTP/1.1" 200 28964 "-" "Mozilla/5.0 (Linux; Android 6.0.1; Nexus 5X Build/MMB29P) AppleWebKit/537.36 (KHTML, like Gecko) Chrome/140.0.7339.207 Mobile Safari/537.36 (compatible; Googlebot/2.1; +http://www.google.com/bot.html)"
52.55.215.246 - - [05/Oct/2025:13:06:05 -0400] "GET / HTTP/1.1" 200 1164 "-" "Mozilla/5.0"
216.73.216.221 - - [05/Oct/2025:13:05:36 -0400] "GET /products11483244?kg=0011343287 HTTP/1.1" 404 9743 "-" "Mozilla/5.0 AppleWebKit/537.36 (KHTML, like Gecko; compatible; ClaudeBot/1.0; +claudebot@anthropic.com)"
216.73.216.221 - - [05/Oct/2025:13:05:57 -0400] "GET /products234345262?kg=0231487474 HTTP/1.1" 404 9742 "-" "Mozilla/5.0 AppleWebKit/537.36 (KHTML, like Gecko; compatible; ClaudeBot/1.0; +claudebot@anthropic.com)"
185.61.153.107 - - [05/Oct/2025:13:06:10 -0400] "POST /wp-cron.php?doing_wp_cron=1759683970.6764910221099853515625 HTTP/1.1" 200 0 "-" "WordPress/6.8.3; https://salhab360photos.com"
20.171.207.56 - - [05/Oct/2025:13:06:11 -0400] "GET /products210611378?kg=0208043028 HTTP/1.1" 404 9742 "-" "Mozilla/5.0 AppleWebKit/537.36 (KHTML, like Gecko; compatible; GPTBot/1.2; +https://openai.com/gptbot)"
52.55.215.246 - - [05/Oct/2025:13:06:18 -0400] "GET /wp-content/.env HTTP/1.1" 403 1242 "-" "Mozilla/5.0"
52.55.215.246 - - [05/Oct/2025:13:06:19 -0400] "GET /app/.env HTTP/1.1" 403 1242 "-" "Mozilla/5.0"
52.55.215.246 - - [05/Oct/2025:13:06:19 -0400] "GET /config.json HTTP/1.1" 404 9742 "-" "Mozilla/5.0"
52.55.215.246 - - [05/Oct/2025:13:06:24 -0400] "GET /library/.env HTTP/1.1" 403 1242 "-" "Mozilla/5.0"
52.55.215.246 - - [05/Oct/2025:13:06:24 -0400] "GET /nextjs-app/.env HTTP/1.1" 403 1242 "-" "Mozilla/5.0"
52.55.215.246 - - [05/Oct/2025:13:06:25 -0400] "GET /vendor/.env HTTP/1.1" 403 1242 "-" "Mozilla/5.0"
216.73.216.221 - - [05/Oct/2025:13:06:25 -0400] "GET /products11532148?kg=0011391595 HTTP/1.1" 404 9742 "-" "Mozilla/5.0 AppleWebKit/537.36 (KHTML, like Gecko; compatible; ClaudeBot/1.0; +claudebot@anthropic.com)"
52.55.215.246 - - [05/Oct/2025:13:06:32 -0400] "GET /react-app/.env.production HTTP/1.1" 403 1242 "-" "Mozilla/5.0"
52.55.215.246 - - [05/Oct/2025:13:06:32 -0400] "GET /docker-compose.yml HTTP/1.1" 404 9734 "-" "Mozilla/5.0"
52.55.215.246 - - [05/Oct/2025:13:06:38 -0400] "GET /credentials HTTP/1.1" 404 9741 "-" "Mozilla/5.0"
216.73.216.221 - - [05/Oct/2025:13:06:56 -0400] "GET /products11530562?kg=0011390028 HTTP/1.1" 404 9740 "-" "Mozilla/5.0 AppleWebKit/537.36 (KHTML, like Gecko; compatible; ClaudeBot/1.0; +claudebot@anthropic.com)"
66.249.73.11 - - [05/Oct/2025:13:07:02 -0400] "GET /products5528654?kg=0005461314 HTTP/1.1" 200 29509 "-" "Mozilla/5.0 (Linux; Android 6.0.1; Nexus 5X Build/MMB29P) AppleWebKit/537.36 (KHTML, like Gecko) Chrome/140.0.7339.207 Mobile Safari/537.36 (compatible; Googlebot/2.1; +http://www.google.com/bot.html)"
185.61.153.107 - - [05/Oct/2025:13:07:09 -0400] "POST /wp-cron.php?doing_wp_cron=1759684029.0713438987731933593750 HTTP/1.1" 200 0 "-" "WordPress/6.8.3; https://salhab360photos.com"
20.171.207.56 - - [05/Oct/2025:13:07:06 -0400] "GET /products210585180?kg=0208017151 HTTP/1.1" 404 9742 "-" "Mozilla/5.0 AppleWebKit/537.36 (KHTML, like Gecko; compatible; GPTBot/1.2; +https://openai.com/gptbot)"
216.73.216.221 - - [05/Oct/2025:13:07:31 -0400] "GET /products27068318?kg=0026738298 HTTP/1.1" 404 9743 "-" "Mozilla/5.0 AppleWebKit/537.36 (KHTML, like Gecko; compatible; ClaudeBot/1.0; +claudebot@anthropic.com)"
216.73.216.221 - - [05/Oct/2025:13:07:50 -0400] "GET /products11504062?kg=0011363850 HTTP/1.1" 404 9742 "-" "Mozilla/5.0 AppleWebKit/537.36 (KHTML, like Gecko; compatible; ClaudeBot/1.0; +claudebot@anthropic.com)"
66.249.73.10 - - [05/Oct/2025:13:07:58 -0400] "GET /products4793916?kg=0004735535 HTTP/1.1" 200 29957 "-" "Mozilla/5.0 (Linux; Android 6.0.1; Nexus 5X Build/MMB29P) AppleWebKit/537.36 (KHTML, like Gecko) Chrome/140.0.7339.207 Mobile Safari/537.36 (compatible; Googlebot/2.1; +http://www.google.com/bot.html)"
20.171.207.56 - - [05/Oct/2025:13:08:00 -0400] "GET /products210629350?kg=0208060782 HTTP/1.1" 404 9742 "-" "Mozilla/5.0 AppleWebKit/537.36 (KHTML, like Gecko; compatible; GPTBot/1.2; +https://openai.com/gptbot)"
216.73.216.221 - - [05/Oct/2025:13:08:32 -0400] "GET /products11539618?kg=0011398972 HTTP/1.1" 404 9741 "-" "Mozilla/5.0 AppleWebKit/537.36 (KHTML, like Gecko; compatible; ClaudeBot/1.0; +claudebot@anthropic.com)"
23.23.180.225 - - [05/Oct/2025:13:09:02 -0400] "GET /wp-content/uploads/2019/08/fashion-01-h.jpg?542197 HTTP/1.1" 200 1260963 "-" "Mozilla/5.0 AppleWebKit/537.36 (KHTML, like Gecko; compatible; Amazonbot/0.1; +https://developer.amazon.com/support/amazonbot) Chrome/119.0.6045.214 Safari/537.36"
52.55.215.246 - - [05/Oct/2025:13:06:05 -0400] "GET /_profiler/phpinfo HTTP/1.1" 404 9744 "-" "Mozilla/5.0"
52.55.215.246 - - [05/Oct/2025:13:06:12 -0400] "GET /.env HTTP/1.1" 403 1242 "-" "Mozilla/5.0"
52.55.215.246 - - [05/Oct/2025:13:06:12 -0400] "GET /.env.local HTTP/1.1" 403 1242 "-" "Mozilla/5.0"
52.55.215.246 - - [05/Oct/2025:13:06:12 -0400] "GET /.env.production HTTP/1.1" 403 1242 "-" "Mozilla/5.0"
52.55.215.246 - - [05/Oct/2025:13:06:12 -0400] "GET /blog.env HTTP/1.1" 404 9742 "-" "Mozilla/5.0"
216.73.216.221 - - [05/Oct/2025:13:06:11 -0400] "GET /products28970978?kg=0028617756 HTTP/1.1" 404 9742 "-" "Mozilla/5.0 AppleWebKit/537.36 (KHTML, like Gecko; compatible; ClaudeBot/1.0; +claudebot@anthropic.com)"
52.55.215.246 - - [05/Oct/2025:13:06:18 -0400] "GET /.git/config HTTP/1.1" 403 1242 "-" "Mozilla/5.0"
52.55.215.246 - - [05/Oct/2025:13:06:18 -0400] "GET /application/.env HTTP/1.1" 403 1242 "-" "Mozilla/5.0"
52.55.215.246 - - [05/Oct/2025:13:06:19 -0400] "GET /config/.env HTTP/1.1" 403 1242 "-" "Mozilla/5.0"
52.55.215.246 - - [05/Oct/2025:13:06:19 -0400] "GET /api/.env HTTP/1.1" 403 1242 "-" "Mozilla/5.0"
52.55.215.246 - - [05/Oct/2025:13:06:24 -0400] "GET /laravel/.env HTTP/1.1" 403 1242 "-" "Mozilla/5.0"
52.55.215.246 - - [05/Oct/2025:13:06:24 -0400] "GET /node-api/.env HTTP/1.1" 403 1242 "-" "Mozilla/5.0"
52.55.215.246 - - [05/Oct/2025:13:06:25 -0400] "GET /.aws/credentials HTTP/1.1" 404 9731 "-" "Mozilla/5.0"
52.55.215.246 - - [05/Oct/2025:13:06:31 -0400] "GET /myproject/.env HTTP/1.1" 403 1242 "-" "Mozilla/5.0"
52.55.215.246 - - [05/Oct/2025:13:06:31 -0400] "GET /.envs/.production/.django HTTP/1.1" 403 1242 "-" "Mozilla/5.0"
52.55.215.246 - - [05/Oct/2025:13:06:32 -0400] "GET /react-app/.env HTTP/1.1" 403 1242 "-" "Mozilla/5.0"
52.55.215.246 - - [05/Oct/2025:13:06:32 -0400] "GET /backend/.env HTTP/1.1" 403 1242 "-" "Mozilla/5.0"
92.222.108.120 - - [05/Oct/2025:13:06:27 -0400] "GET /products71857220?kg=0070980995 HTTP/1.1" 404 9741 "-" "Mozilla/5.0 (compatible; AhrefsBot/7.0; +http://ahrefs.com/robot/)"
216.73.216.221 - - [05/Oct/2025:13:06:40 -0400] "GET /products214115206?kg=0211504126 HTTP/1.1" 404 9733 "-" "Mozilla/5.0 AppleWebKit/537.36 (KHTML, like Gecko; compatible; ClaudeBot/1.0; +claudebot@anthropic.com)"
52.55.215.246 - - [05/Oct/2025:13:06:40 -0400] "GET /.aws/config HTTP/1.1" 404 9741 "-" "Mozilla/5.0"
66.249.73.12 - - [05/Oct/2025:13:07:02 -0400] "GET /products4775762?kg=0004717604 HTTP/1.1" 200 29156 "-" "Mozilla/5.0 (Linux; Android 6.0.1; Nexus 5X Build/MMB29P) AppleWebKit/537.36 (KHTML, like Gecko) Chrome/140.0.7339.207 Mobile Safari/537.36 (compatible; Googlebot/2.1; +http://www.google.com/bot.html)"
216.73.216.221 - - [05/Oct/2025:13:07:13 -0400] "GET /products234341236?kg=0231483499 HTTP/1.1" 404 9744 "-" "Mozilla/5.0 AppleWebKit/537.36 (KHTML, like Gecko; compatible; ClaudeBot/1.0; +claudebot@anthropic.com)"
185.61.153.107 - - [05/Oct/2025:13:08:11 -0400] "POST /wp-cron.php?doing_wp_cron=1759684091.0757570266723632812500 HTTP/1.1" 200 0 "-" "WordPress/6.8.3; https://salhab360photos.com"
216.73.216.221 - - [05/Oct/2025:13:08:07 -0400] "GET /products27025150?kg=0026695658 HTTP/1.1" 404 9740 "-" "Mozilla/5.0 AppleWebKit/537.36 (KHTML, like Gecko; compatible; ClaudeBot/1.0; +claudebot@anthropic.com)"
54.144.185.255 - - [05/Oct/2025:13:08:54 -0400] "GET /portfolio/protected-portfolio-project/ HTTP/1.1" 200 12174 "-" "Mozilla/5.0 AppleWebKit/537.36 (KHTML, like Gecko; compatible; Amazonbot/0.1; +https://developer.amazon.com/support/amazonbot) Chrome/119.0.6045.214 Safari/537.36"
20.171.207.56 - - [05/Oct/2025:13:08:58 -0400] "GET /products210598586?kg=0208030392 HTTP/1.1" 404 9741 "-" "Mozilla/5.0 AppleWebKit/537.36 (KHTML, like Gecko; compatible; GPTBot/1.2; +https://openai.com/gptbot)"
185.61.153.107 - - [05/Oct/2025:13:11:00 -0400] "POST /wp-cron.php?doing_wp_cron=1759684259.9701020717620849609375 HTTP/1.1" 200 0 "-" "WordPress/6.8.3; https://salhab360photos.com"
92.222.108.113 - - [05/Oct/2025:13:10:53 -0400] "GET /products68071566?kg=0067241506 HTTP/1.1" 404 9739 "-" "Mozilla/5.0 (compatible; AhrefsBot/7.0; +http://ahrefs.com/robot/)"
20.171.207.56 - - [05/Oct/2025:13:10:54 -0400] "GET /products210609542?kg=0208041214 HTTP/1.1" 404 9742 "-" "Mozilla/5.0 AppleWebKit/537.36 (KHTML, like Gecko; compatible; GPTBot/1.2; +https://openai.com/gptbot)"
185.61.153.107 - - [05/Oct/2025:13:11:52 -0400] "POST /wp-cron.php?doing_wp_cron=1759684312.7829871177673339843750 HTTP/1.1" 200 0 "-" "WordPress/6.8.3; https://salhab360photos.com"
20.171.207.56 - - [05/Oct/2025:13:12:48 -0400] "GET /products210630972?kg=0208062383 HTTP/1.1" 404 9741 "-" "Mozilla/5.0 AppleWebKit/537.36 (KHTML, like Gecko; compatible; GPTBot/1.2; +https://openai.com/gptbot)"
185.61.153.107 - - [05/Oct/2025:13:13:46 -0400] "POST /wp-cron.php?doing_wp_cron=1759684426.4710259437561035156250 HTTP/1.1" 200 0 "-" "WordPress/6.8.3; https://salhab360photos.com"
66.249.73.11 - - [05/Oct/2025:13:14:33 -0400] "GET /products5135746?kg=0005073196 HTTP/1.1" 200 29341 "-" "Mozilla/5.0 (Linux; Android 6.0.1; Nexus 5X Build/MMB29P) AppleWebKit/537.36 (KHTML, like Gecko) Chrome/140.0.7339.207 Mobile Safari/537.36 (compatible; Googlebot/2.1; +http://www.google.com/bot.html)"
66.249.73.11 - - [05/Oct/2025:13:09:12 -0400] "GET /products4793934?kg=0004735554 HTTP/1.1" 200 29331 "-" "Mozilla/5.0 (Linux; Android 6.0.1; Nexus 5X Build/MMB29P) AppleWebKit/537.36 (KHTML, like Gecko) Chrome/140.0.7339.207 Mobile Safari/537.36 (compatible; Googlebot/2.1; +http://www.google.com/bot.html)"
185.61.153.107 - - [05/Oct/2025:13:09:59 -0400] "POST /wp-cron.php?doing_wp_cron=1759684199.4710679054260253906250 HTTP/1.1" 200 0 "-" "WordPress/6.8.3; https://salhab360photos.com"
20.171.207.56 - - [05/Oct/2025:13:09:56 -0400] "GET /products210609980?kg=0208041647 HTTP/1.1" 404 9745 "-" "Mozilla/5.0 AppleWebKit/537.36 (KHTML, like Gecko; compatible; GPTBot/1.2; +https://openai.com/gptbot)"
20.171.207.56 - - [05/Oct/2025:13:11:50 -0400] "GET /products210610854?kg=0208042510 HTTP/1.1" 404 9741 "-" "Mozilla/5.0 AppleWebKit/537.36 (KHTML, like Gecko; compatible; GPTBot/1.2; +https://openai.com/gptbot)"
66.249.73.11 - - [05/Oct/2025:13:12:10 -0400] "GET /products4631652?kg=0004575251 HTTP/1.1" 200 29770 "-" "Mozilla/5.0 (Linux; Android 6.0.1; Nexus 5X Build/MMB29P) AppleWebKit/537.36 (KHTML, like Gecko) Chrome/140.0.7339.207 Mobile Safari/537.36 (compatible; Googlebot/2.1; +http://www.google.com/bot.html)"
185.61.153.107 - - [05/Oct/2025:13:12:46 -0400] "POST /wp-cron.php?doing_wp_cron=1759684366.3802900314331054687500 HTTP/1.1" 200 0 "-" "WordPress/6.8.3; https://salhab360photos.com"
18.205.91.101 - - [05/Oct/2025:13:12:42 -0400] "GET /portfolio/indoor-splash-shots/horizontal-fluid-width-fit-images/ HTTP/1.1" 301 0 "-" "Mozilla/5.0 AppleWebKit/537.36 (KHTML, like Gecko; compatible; Amazonbot/0.1; +https://developer.amazon.com/support/amazonbot) Chrome/119.0.6045.214 Safari/537.36"
66.249.73.10 - - [05/Oct/2025:13:13:16 -0400] "GET /products4617616?kg=0004561385 HTTP/1.1" 200 28962 "-" "Mozilla/5.0 (Linux; Android 6.0.1; Nexus 5X Build/MMB29P) AppleWebKit/537.36 (KHTML, like Gecko) Chrome/140.0.7339.207 Mobile Safari/537.36 (compatible; Googlebot/2.1; +http://www.google.com/bot.html)"
20.171.207.56 - - [05/Oct/2025:13:13:44 -0400] "GET /products210617706?kg=0208049280 HTTP/1.1" 404 9743 "-" "Mozilla/5.0 AppleWebKit/537.36 (KHTML, like Gecko; compatible; GPTBot/1.2; +https://openai.com/gptbot)"
185.61.153.107 - - [05/Oct/2025:13:14:45 -0400] "POST /wp-cron.php?doing_wp_cron=1759684485.7770979404449462890625 HTTP/1.1" 200 0 "-" "WordPress/6.8.3; https://salhab360photos.com"
43.143.200.85 - - [05/Oct/2025:13:15:22 -0400] "GET / HTTP/1.1" 200 1164 "https://www.google.com.br" "Mozilla/5.0 (Windows NT 10.0; Win64; x64) AppleWebKit/537.36 (KHTML, like Gecko) Chrome/126.0.0.0 Safari/537.36"
20.171.207.56 - - [05/Oct/2025:13:15:38 -0400] "GET /products210629550?kg=0208060978 HTTP/1.1" 404 9743 "-" "Mozilla/5.0 AppleWebKit/537.36 (KHTML, like Gecko; compatible; GPTBot/1.2; +https://openai.com/gptbot)"
66.249.73.10 - - [05/Oct/2025:13:15:51 -0400] "GET /products183056?kg=0000180905 HTTP/1.1" 200 29537 "-" "Mozilla/5.0 (Linux; Android 6.0.1; Nexus 5X Build/MMB29P) AppleWebKit/537.36 (KHTML, like Gecko) Chrome/140.0.7339.207 Mobile Safari/537.36 (compatible; Googlebot/2.1; +http://www.google.com/bot.html)"
66.249.73.10 - - [05/Oct/2025:13:16:21 -0400] "GET /products11334988?kg=0011196839 HTTP/1.1" 200 30644 "-" "Mozilla/5.0 (Linux; Android 6.0.1; Nexus 5X Build/MMB29P) AppleWebKit/537.36 (KHTML, like Gecko) Chrome/140.0.7339.207 Mobile Safari/537.36 (compatible; Googlebot/2.1; +http://www.google.com/bot.html)"
185.61.153.107 - - [05/Oct/2025:13:16:35 -0400] "POST /wp-cron.php?doing_wp_cron=1759684595.8779289722442626953125 HTTP/1.1" 200 0 "-" "WordPress/6.8.3; https://salhab360photos.com"
66.249.73.12 - - [05/Oct/2025:13:17:10 -0400] "GET /products5955496?kg=0005882949 HTTP/1.1" 200 29794 "-" "Mozilla/5.0 (Linux; Android 6.0.1; Nexus 5X Build/MMB29P) AppleWebKit/537.36 (KHTML, like Gecko) Chrome/140.0.7339.207 Mobile Safari/537.36 (compatible; Googlebot/2.1; +http://www.google.com/bot.html)"
185.61.153.107 - - [05/Oct/2025:13:17:37 -0400] "POST /wp-cron.php?doing_wp_cron=1759684657.3766939640045166015625 HTTP/1.1" 200 0 "-" "WordPress/6.8.3; https://salhab360photos.com"
20.171.207.56 - - [05/Oct/2025:13:17:31 -0400] "GET /products210592200?kg=0208024085 HTTP/1.1" 404 9733 "-" "Mozilla/5.0 AppleWebKit/537.36 (KHTML, like Gecko; compatible; GPTBot/1.2; +https://openai.com/gptbot)"
46.101.70.221 - - [05/Oct/2025:13:18:04 -0400] "GET /index.html HTTP/1.1" 200 1404 "-" "Mozilla/5.0 (Windows NT 10.0; Win64; x64) AppleWebKit/537.36 (KHTML, like Gecko) Chrome/132.0.0.0 Safari/537.36 Edg/132.0.0.0"
174.138.112.39 - - [05/Oct/2025:13:18:04 -0400] "GET /index.html HTTP/1.1" 200 1404 "-" "Mozilla/5.0 (Windows NT 10.0; Win64; x64) AppleWebKit/537.36 (KHTML, like Gecko) Chrome/132.0.0.0 Safari/537.36 Edg/132.0.0.0"
20.171.207.56 - - [05/Oct/2025:13:18:28 -0400] "GET /products210629792?kg=0208061217 HTTP/1.1" 404 9740 "-" "Mozilla/5.0 AppleWebKit/537.36 (KHTML, like Gecko; compatible; GPTBot/1.2; +https://openai.com/gptbot)"
45.227.253.15 - - [05/Oct/2025:13:19:12 -0400] "GET /686305/686305/686305/686305/index.php?ARRAY=7o2230223n313735393638383539302p2231223n22687474703n5p2s5p2s7n733536397631336o6s2r61676s616p2r63796s755p2s3s6p633q7068705s636s64655s6n6326743q313735393638343939302q6465646662613335363236316163373237623238393065343738343963653366222p2232223n223739313462383331313062636634353766386262323735633438376437663933222p2233223n223739356665343238326538306539353539353835323737623233313331633532222p2262696r675s70617373223n2231322q33332q35322q36382q37312q38352q3131227q HTTP/1.1" 301 0 "-" "Mozilla/5.0 (iPhone; CPU iPhone OS 13_4 like Mac OS X) AppleWebKit/605.1.15 (KHTML, like Gecko) Version/13.4.4 Mobile/15E148 Safari/604.1"
20.171.207.56 - - [05/Oct/2025:13:14:41 -0400] "GET /products210603220?kg=0208034971 HTTP/1.1" 404 9742 "-" "Mozilla/5.0 AppleWebKit/537.36 (KHTML, like Gecko; compatible; GPTBot/1.2; +https://openai.com/gptbot)"
185.61.153.107 - - [05/Oct/2025:13:15:43 -0400] "POST /wp-cron.php?doing_wp_cron=1759684542.9747159481048583984375 HTTP/1.1" 200 0 "-" "WordPress/6.8.3; https://salhab360photos.com"
37.59.204.141 - - [05/Oct/2025:13:15:55 -0400] "GET /products68068614?kg=0067238590 HTTP/1.1" 404 9742 "-" "Mozilla/5.0 (compatible; AhrefsBot/7.0; +http://ahrefs.com/robot/)"
20.171.207.56 - - [05/Oct/2025:13:16:33 -0400] "GET /products210600194?kg=0208031980 HTTP/1.1" 404 9740 "-" "Mozilla/5.0 AppleWebKit/537.36 (KHTML, like Gecko; compatible; GPTBot/1.2; +https://openai.com/gptbot)"
18.130.235.165 - - [05/Oct/2025:13:18:04 -0400] "GET /index.html HTTP/1.1" 200 1404 "-" "Mozilla/5.0 (Windows NT 10.0; Win64; x64) AppleWebKit/537.36 (KHTML, like Gecko) Chrome/132.0.0.0 Safari/537.36 Edg/132.0.0.0"
164.90.241.135 - - [05/Oct/2025:13:18:04 -0400] "GET /index.html HTTP/1.1" 200 1404 "-" "Mozilla/5.0 (Windows NT 10.0; Win64; x64) AppleWebKit/537.36 (KHTML, like Gecko) Chrome/132.0.0.0 Safari/537.36 Edg/132.0.0.0"
185.61.153.107 - - [05/Oct/2025:13:18:31 -0400] "POST /wp-cron.php?doing_wp_cron=1759684711.6782588958740234375000 HTTP/1.1" 200 0 "-" "WordPress/6.8.3; https://salhab360photos.com"
185.61.153.107 - - [05/Oct/2025:13:19:16 -0400] "POST /wp-cron.php?doing_wp_cron=1759684756.3726670742034912109375 HTTP/1.1" 200 0 "-" "WordPress/6.8.3; https://salhab360photos.com"
52.55.215.246 - - [05/Oct/2025:13:19:44 -0400] "GET / HTTP/1.1" 200 1164 "-" "Mozilla/5.0"
52.55.215.246 - - [05/Oct/2025:13:19:49 -0400] "GET /.env HTTP/1.1" 403 1242 "-" "Mozilla/5.0"
52.55.215.246 - - [05/Oct/2025:13:19:49 -0400] "GET /.env.production HTTP/1.1" 403 1242 "-" "Mozilla/5.0"
52.55.215.246 - - [05/Oct/2025:13:19:55 -0400] "GET /wp-content/.env HTTP/1.1" 403 1242 "-" "Mozilla/5.0"
52.55.215.246 - - [05/Oct/2025:13:19:55 -0400] "GET /.git/config HTTP/1.1" 403 1242 "-" "Mozilla/5.0"
52.55.215.246 - - [05/Oct/2025:13:19:55 -0400] "GET /application/.env HTTP/1.1" 403 1242 "-" "Mozilla/5.0"
52.55.215.246 - - [05/Oct/2025:13:19:56 -0400] "GET /app/.env HTTP/1.1" 403 1242 "-" "Mozilla/5.0"
52.55.215.246 - - [05/Oct/2025:13:19:56 -0400] "GET /config.json HTTP/1.1" 404 9740 "-" "Mozilla/5.0"
52.55.215.246 - - [05/Oct/2025:13:20:01 -0400] "GET /laravel/.env HTTP/1.1" 403 1242 "-" "Mozilla/5.0"
52.55.215.246 - - [05/Oct/2025:13:20:01 -0400] "GET /library/.env HTTP/1.1" 403 1242 "-" "Mozilla/5.0"
185.61.153.107 - - [05/Oct/2025:13:20:08 -0400] "POST /wp-cron.php?doing_wp_cron=1759684808.3793480396270751953125 HTTP/1.1" 200 0 "-" "WordPress/6.8.3; https://salhab360photos.com"
52.55.215.246 - - [05/Oct/2025:13:20:10 -0400] "GET /myproject/.env HTTP/1.1" 403 1242 "-" "Mozilla/5.0"
52.55.215.246 - - [05/Oct/2025:13:20:10 -0400] "GET /.envs/.production/.django HTTP/1.1" 403 1242 "-" "Mozilla/5.0"
52.55.215.246 - - [05/Oct/2025:13:20:10 -0400] "GET /react-app/.env HTTP/1.1" 403 1242 "-" "Mozilla/5.0"
52.55.215.246 - - [05/Oct/2025:13:20:10 -0400] "GET /react-app/.env.production HTTP/1.1" 403 1242 "-" "Mozilla/5.0"
52.55.215.246 - - [05/Oct/2025:13:20:10 -0400] "GET /docker-compose.yml HTTP/1.1" 404 9743 "-" "Mozilla/5.0"
66.249.73.11 - - [05/Oct/2025:13:20:17 -0400] "GET /products1452830?kg=0001435194 HTTP/1.1" 200 28857 "-" "Mozilla/5.0 (Linux; Android 6.0.1; Nexus 5X Build/MMB29P) AppleWebKit/537.36 (KHTML, like Gecko) Chrome/140.0.7339.207 Mobile Safari/537.36 (compatible; Googlebot/2.1; +http://www.google.com/bot.html)"
52.55.215.246 - - [05/Oct/2025:13:20:17 -0400] "GET /credentials HTTP/1.1" 404 9740 "-" "Mozilla/5.0"
66.249.73.11 - - [05/Oct/2025:13:20:33 -0400] "GET /f/special/mask/ HTTP/1.1" 200 29002 "-" "Mozilla/5.0 (Linux; Android 6.0.1; Nexus 5X Build/MMB29P) AppleWebKit/537.36 (KHTML, like Gecko) Chrome/140.0.7339.207 Mobile Safari/537.36 (compatible; Googlebot/2.1; +http://www.google.com/bot.html)"
45.227.253.15 - - [05/Oct/2025:13:19:16 -0400] "GET /686305/686305/686305/686305/?ARRAY=7o2230223n313735393638383539302p2231223n22687474703n5p2s5p2s7n733536397631336o6s2r61676s616p2r63796s755p2s3s6p633q7068705s636s64655s6n6326743q313735393638343939302q6465646662613335363236316163373237623238393065343738343963653366222p2232223n223739313462383331313062636634353766386262323735633438376437663933222p2233223n223739356665343238326538306539353539353835323737623233313331633532222p2262696r675s70617373223n2231322q33332q35322q36382q37312q38352q3131227q HTTP/1.1" 200 829 "https://salhab360photos.com/686305/686305/686305/686305/index.php?ARRAY=7o2230223n313735393638383539302p2231223n22687474703n5p2s5p2s7n733536397631336o6s2r61676s616p2r63796s755p2s3s6p633q7068705s636s64655s6n6326743q313735393638343939302q6465646662613335363236316163373237623238393065343738343963653366222p2232223n223739313462383331313062636634353766386262323735633438376437663933222p2233223n223739356665343238326538306539353539353835323737623233313331633532222p2262696r675s70617373223n2231322q33332q35322q36382q37312q38352q3131227q" "Mozilla/5.0 (iPhone; CPU iPhone OS 13_4 like Mac OS X) AppleWebKit/605.1.15 (KHTML, like Gecko) Version/13.4.4 Mobile/15E148 Safari/604.1"
20.171.207.56 - - [05/Oct/2025:13:19:25 -0400] "GET /products210612982?kg=0208044614 HTTP/1.1" 404 9742 "-" "Mozilla/5.0 AppleWebKit/537.36 (KHTML, like Gecko; compatible; GPTBot/1.2; +https://openai.com/gptbot)"
52.55.215.246 - - [05/Oct/2025:13:19:45 -0400] "GET /_profiler/phpinfo HTTP/1.1" 404 9742 "-" "Mozilla/5.0"
52.55.215.246 - - [05/Oct/2025:13:19:49 -0400] "GET /.env.local HTTP/1.1" 403 1242 "-" "Mozilla/5.0"
52.55.215.246 - - [05/Oct/2025:13:19:49 -0400] "GET /blog.env HTTP/1.1" 404 9741 "-" "Mozilla/5.0"
52.55.215.246 - - [05/Oct/2025:13:19:56 -0400] "GET /config/.env HTTP/1.1" 403 1242 "-" "Mozilla/5.0"
52.55.215.246 - - [05/Oct/2025:13:19:56 -0400] "GET /api/.env HTTP/1.1" 403 1242 "-" "Mozilla/5.0"
52.55.215.246 - - [05/Oct/2025:13:20:01 -0400] "GET /nextjs-app/.env HTTP/1.1" 403 1242 "-" "Mozilla/5.0"
52.55.215.246 - - [05/Oct/2025:13:20:01 -0400] "GET /node-api/.env HTTP/1.1" 403 1242 "-" "Mozilla/5.0"
52.55.215.246 - - [05/Oct/2025:13:20:02 -0400] "GET /vendor/.env HTTP/1.1" 403 1242 "-" "Mozilla/5.0"
52.55.215.246 - - [05/Oct/2025:13:20:02 -0400] "GET /.aws/credentials HTTP/1.1" 404 9742 "-" "Mozilla/5.0"
52.55.215.246 - - [05/Oct/2025:13:20:10 -0400] "GET /backend/.env HTTP/1.1" 403 1242 "-" "Mozilla/5.0"
20.171.207.56 - - [05/Oct/2025:13:20:19 -0400] "GET /products210593512?kg=0208025381 HTTP/1.1" 404 9742 "-" "Mozilla/5.0 AppleWebKit/537.36 (KHTML, like Gecko; compatible; GPTBot/1.2; +https://openai.com/gptbot)"
52.55.215.246 - - [05/Oct/2025:13:20:21 -0400] "GET /.aws/config HTTP/1.1" 404 9742 "-" "Mozilla/5.0"
216.73.216.221 - - [05/Oct/2025:13:20:24 -0400] "GET /products62166824?kg=0061408773 HTTP/1.1" 404 9740 "-" "Mozilla/5.0 AppleWebKit/537.36 (KHTML, like Gecko; compatible; ClaudeBot/1.0; +claudebot@anthropic.com)"
216.73.216.221 - - [05/Oct/2025:13:20:32 -0400] "GET /products62156870?kg=0061398942 HTTP/1.1" 404 9741 "-" "Mozilla/5.0 AppleWebKit/537.36 (KHTML, like Gecko; compatible; ClaudeBot/1.0; +claudebot@anthropic.com)"
185.61.153.107 - - [05/Oct/2025:13:21:08 -0400] "POST /wp-cron.php?doing_wp_cron=1759684867.9725110530853271484375 HTTP/1.1" 200 0 "-" "WordPress/6.8.3; https://salhab360photos.com"
20.171.207.56 - - [05/Oct/2025:13:21:14 -0400] "GET /products210581704?kg=0208013717 HTTP/1.1" 404 9740 "-" "Mozilla/5.0 AppleWebKit/537.36 (KHTML, like Gecko; compatible; GPTBot/1.2; +https://openai.com/gptbot)"
66.249.90.202 - - [05/Oct/2025:13:22:30 -0400] "GET /products11724196 HTTP/1.1" 200 31115 "-" "Mozilla/5.0 (Linux; Android 6.0.1; Nexus 5X Build/MMB29P) AppleWebKit/537.36 (KHTML, like Gecko) Chrome/140.0.7339.207 Mobile Safari/537.36 (compatible; AdsBot-Google-Mobile; +http://www.google.com/mobile/adsbot.html)"
216.73.216.221 - - [05/Oct/2025:13:20:38 -0400] "GET /products62188522?kg=0061430208 HTTP/1.1" 404 9742 "-" "Mozilla/5.0 AppleWebKit/537.36 (KHTML, like Gecko; compatible; ClaudeBot/1.0; +claudebot@anthropic.com)"
216.73.216.221 - - [05/Oct/2025:13:20:44 -0400] "GET /products62196558?kg=0061438146 HTTP/1.1" 404 9742 "-" "Mozilla/5.0 AppleWebKit/537.36 (KHTML, like Gecko; compatible; ClaudeBot/1.0; +claudebot@anthropic.com)"
216.73.216.221 - - [05/Oct/2025:13:20:57 -0400] "GET /products62127218?kg=0061369652 HTTP/1.1" 404 9740 "-" "Mozilla/5.0 AppleWebKit/537.36 (KHTML, like Gecko; compatible; ClaudeBot/1.0; +claudebot@anthropic.com)"
216.73.216.221 - - [05/Oct/2025:13:21:02 -0400] "GET /products62132466?kg=0061374836 HTTP/1.1" 404 9742 "-" "Mozilla/5.0 AppleWebKit/537.36 (KHTML, like Gecko; compatible; ClaudeBot/1.0; +claudebot@anthropic.com)"
176.31.139.1 - - [05/Oct/2025:13:21:04 -0400] "GET /products68054880?kg=0067225025 HTTP/1.1" 404 9741 "-" "Mozilla/5.0 (compatible; AhrefsBot/7.0; +http://ahrefs.com/robot/)"
216.73.216.221 - - [05/Oct/2025:13:21:11 -0400] "GET /products62198430?kg=0061439994 HTTP/1.1" 404 9732 "-" "Mozilla/5.0 AppleWebKit/537.36 (KHTML, like Gecko; compatible; ClaudeBot/1.0; +claudebot@anthropic.com)"
185.61.153.107 - - [05/Oct/2025:13:22:14 -0400] "POST /wp-cron.php?doing_wp_cron=1759684934.5719089508056640625000 HTTP/1.1" 200 0 "-" "WordPress/6.8.3; https://salhab360photos.com"
20.171.207.56 - - [05/Oct/2025:13:22:09 -0400] "GET /products210630608?kg=0208062025 HTTP/1.1" 404 9741 "-" "Mozilla/5.0 AppleWebKit/537.36 (KHTML, like Gecko; compatible; GPTBot/1.2; +https://openai.com/gptbot)"
66.249.90.201 - - [05/Oct/2025:13:23:01 -0400] "GET /odr/order/apiGetCartItems/ HTTP/1.1" 200 29100 "https://salhab360photos.com/products11724196" "AdsBot-Google (+http://www.google.com/adsbot.html)"
216.73.216.221 - - [05/Oct/2025:13:23:28 -0400] "GET /products46613916?kg=0046045535 HTTP/1.1" 404 9743 "-" "Mozilla/5.0 AppleWebKit/537.36 (KHTML, like Gecko; compatible; ClaudeBot/1.0; +claudebot@anthropic.com)"
216.73.216.221 - - [05/Oct/2025:13:23:31 -0400] "GET /products234369284?kg=0231511203 HTTP/1.1" 404 9743 "-" "Mozilla/5.0 AppleWebKit/537.36 (KHTML, like Gecko; compatible; ClaudeBot/1.0; +claudebot@anthropic.com)"
216.73.216.221 - - [05/Oct/2025:13:23:37 -0400] "GET /products234354688?kg=0231496785 HTTP/1.1" 404 9734 "-" "Mozilla/5.0 AppleWebKit/537.36 (KHTML, like Gecko; compatible; ClaudeBot/1.0; +claudebot@anthropic.com)"
216.73.216.221 - - [05/Oct/2025:13:23:40 -0400] "GET /products234356456?kg=0231498533 HTTP/1.1" 404 9743 "-" "Mozilla/5.0 AppleWebKit/537.36 (KHTML, like Gecko; compatible; ClaudeBot/1.0; +claudebot@anthropic.com)"
20.171.207.56 - - [05/Oct/2025:13:23:59 -0400] "GET /products210616918?kg=0208048502 HTTP/1.1" 404 9742 "-" "Mozilla/5.0 AppleWebKit/537.36 (KHTML, like Gecko; compatible; GPTBot/1.2; +https://openai.com/gptbot)"
66.249.73.12 - - [05/Oct/2025:13:23:05 -0400] "GET /products5446800?kg=0005380457 HTTP/1.1" 200 29223 "-" "Mozilla/5.0 (Linux; Android 6.0.1; Nexus 5X Build/MMB29P) AppleWebKit/537.36 (KHTML, like Gecko) Chrome/140.0.7339.207 Mobile Safari/537.36 (compatible; Googlebot/2.1; +http://www.google.com/bot.html)"
185.61.153.107 - - [05/Oct/2025:13:23:11 -0400] "POST /wp-cron.php?doing_wp_cron=1759684990.9747719764709472656250 HTTP/1.1" 200 0 "-" "WordPress/6.8.3; https://salhab360photos.com"
216.73.216.221 - - [05/Oct/2025:13:23:03 -0400] "GET /products62126270?kg=0061368714 HTTP/1.1" 200 0 "-" "Mozilla/5.0 AppleWebKit/537.36 (KHTML, like Gecko; compatible; ClaudeBot/1.0; +claudebot@anthropic.com)"
20.171.207.56 - - [05/Oct/2025:13:23:05 -0400] "GET /products210584200?kg=0208016181 HTTP/1.1" 404 9743 "-" "Mozilla/5.0 AppleWebKit/537.36 (KHTML, like Gecko; compatible; GPTBot/1.2; +https://openai.com/gptbot)"
216.73.216.221 - - [05/Oct/2025:13:23:15 -0400] "GET /products62189046?kg=0061430726 HTTP/1.1" 404 9742 "-" "Mozilla/5.0 AppleWebKit/537.36 (KHTML, like Gecko; compatible; ClaudeBot/1.0; +claudebot@anthropic.com)"
216.73.216.221 - - [05/Oct/2025:13:23:22 -0400] "GET /products236463318?kg=0233579702 HTTP/1.1" 404 9742 "-" "Mozilla/5.0 AppleWebKit/537.36 (KHTML, like Gecko; compatible; ClaudeBot/1.0; +claudebot@anthropic.com)"
66.249.73.11 - - [05/Oct/2025:13:24:34 -0400] "GET /products5078998?kg=0005017142 HTTP/1.1" 200 29180 "-" "Mozilla/5.0 (Linux; Android 6.0.1; Nexus 5X Build/MMB29P) AppleWebKit/537.36 (KHTML, like Gecko) Chrome/140.0.7339.207 Mobile Safari/537.36 (compatible; Googlebot/2.1; +http://www.google.com/bot.html)"
66.249.73.12 - - [05/Oct/2025:13:24:35 -0400] "GET /products181174?kg=0000179046 HTTP/1.1" 200 30322 "-" "Mozilla/5.0 (Linux; Android 6.0.1; Nexus 5X Build/MMB29P) AppleWebKit/537.36 (KHTML, like Gecko) Chrome/140.0.7339.207 Mobile Safari/537.36 (compatible; Googlebot/2.1; +http://www.google.com/bot.html)"
185.61.153.107 - - [05/Oct/2025:13:24:57 -0400] "POST /wp-cron.php?doing_wp_cron=1759685097.6719110012054443359375 HTTP/1.1" 200 0 "-" "WordPress/6.8.3; https://salhab360photos.com"
92.222.108.120 - - [05/Oct/2025:13:24:58 -0400] "GET /products68013912?kg=0067184557 HTTP/1.1" 404 9740 "-" "Mozilla/5.0 (compatible; AhrefsBot/7.0; +http://ahrefs.com/robot/)"
185.61.153.107 - - [05/Oct/2025:13:25:41 -0400] "POST /wp-cron.php?doing_wp_cron=1759685141.4750568866729736328125 HTTP/1.1" 200 0 "-" "WordPress/6.8.3; https://salhab360photos.com"
216.73.216.221 - - [05/Oct/2025:13:25:43 -0400] "GET /products106711648?kg=0105410369 HTTP/1.1" 404 9743 "-" "Mozilla/5.0 AppleWebKit/537.36 (KHTML, like Gecko; compatible; ClaudeBot/1.0; +claudebot@anthropic.com)"
216.73.216.221 - - [05/Oct/2025:13:25:46 -0400] "GET /products62194504?kg=0061436117 HTTP/1.1" 404 9743 "-" "Mozilla/5.0 AppleWebKit/537.36 (KHTML, like Gecko; compatible; ClaudeBot/1.0; +claudebot@anthropic.com)"
216.73.216.221 - - [05/Oct/2025:13:25:49 -0400] "GET /products62178062?kg=0061419874 HTTP/1.1" 404 9745 "-" "Mozilla/5.0 AppleWebKit/537.36 (KHTML, like Gecko; compatible; ClaudeBot/1.0; +claudebot@anthropic.com)"
20.171.207.56 - - [05/Oct/2025:13:25:50 -0400] "GET /products210625250?kg=0208056732 HTTP/1.1" 404 9743 "-" "Mozilla/5.0 AppleWebKit/537.36 (KHTML, like Gecko; compatible; GPTBot/1.2; +https://openai.com/gptbot)"
185.61.153.107 - - [05/Oct/2025:13:26:20 -0400] "POST /wp-cron.php?doing_wp_cron=1759685180.6761779785156250000000 HTTP/1.1" 200 0 "-" "WordPress/6.8.3; https://salhab360photos.com"
34.231.181.240 - - [05/Oct/2025:13:26:26 -0400] "GET /wp-content/uploads/2019/08/architect-03-h.jpg?351897 HTTP/1.1" 200 598054 "-" "Mozilla/5.0 AppleWebKit/537.36 (KHTML, like Gecko; compatible; Amazonbot/0.1; +https://developer.amazon.com/support/amazonbot) Chrome/119.0.6045.214 Safari/537.36"
216.73.216.221 - - [05/Oct/2025:13:26:48 -0400] "GET /products62129190?kg=0061371598 HTTP/1.1" 404 9743 "-" "Mozilla/5.0 AppleWebKit/537.36 (KHTML, like Gecko; compatible; ClaudeBot/1.0; +claudebot@anthropic.com)"
20.171.207.56 - - [05/Oct/2025:13:26:49 -0400] "GET /products210597972?kg=0208029787 HTTP/1.1" 404 9743 "-" "Mozilla/5.0 AppleWebKit/537.36 (KHTML, like Gecko; compatible; GPTBot/1.2; +https://openai.com/gptbot)"
216.73.216.221 - - [05/Oct/2025:13:27:00 -0400] "GET /products62127254?kg=0061369686 HTTP/1.1" 404 9742 "-" "Mozilla/5.0 AppleWebKit/537.36 (KHTML, like Gecko; compatible; ClaudeBot/1.0; +claudebot@anthropic.com)"
66.249.73.10 - - [05/Oct/2025:13:27:50 -0400] "GET /?products4617616?kg=0004561385 HTTP/1.1" 200 1164 "-" "Mozilla/5.0 (Linux; Android 6.0.1; Nexus 5X Build/MMB29P) AppleWebKit/537.36 (KHTML, like Gecko) Chrome/140.0.7339.207 Mobile Safari/537.36 (compatible; Googlebot/2.1; +http://www.google.com/bot.html)"
66.249.73.10 - - [05/Oct/2025:13:29:22 -0400] "GET /products1665210?kg=0001644984 HTTP/1.1" 200 29060 "-" "Mozilla/5.0 (Linux; Android 6.0.1; Nexus 5X Build/MMB29P) AppleWebKit/537.36 (KHTML, like Gecko) Chrome/140.0.7339.207 Mobile Safari/537.36 (compatible; Googlebot/2.1; +http://www.google.com/bot.html)"
185.61.153.107 - - [05/Oct/2025:13:29:32 -0400] "POST /wp-cron.php?doing_wp_cron=1759685372.1748878955841064453125 HTTP/1.1" 200 0 "-" "WordPress/6.8.3; https://salhab360photos.com"
94.23.188.206 - - [05/Oct/2025:13:29:27 -0400] "GET /products6049518?kg=0005975826 HTTP/1.1" 404 9743 "-" "Mozilla/5.0 (compatible; AhrefsBot/7.0; +http://ahrefs.com/robot/)"
3.9.170.197 - - [05/Oct/2025:13:29:48 -0400] "GET /index.html HTTP/1.1" 200 1404 "-" "Mozilla/5.0 (Windows NT 10.0; Win64; x64) AppleWebKit/537.36 (KHTML, like Gecko) Chrome/135.0.0.0 Safari/537.36 OPR/120.0.0.0"
20.171.207.56 - - [05/Oct/2025:13:24:54 -0400] "GET /products210640406?kg=0208071702 HTTP/1.1" 404 9741 "-" "Mozilla/5.0 AppleWebKit/537.36 (KHTML, like Gecko; compatible; GPTBot/1.2; +https://openai.com/gptbot)"
216.73.216.221 - - [05/Oct/2025:13:25:37 -0400] "GET /products106684542?kg=0105383594 HTTP/1.1" 404 9742 "-" "Mozilla/5.0 AppleWebKit/537.36 (KHTML, like Gecko; compatible; ClaudeBot/1.0; +claudebot@anthropic.com)"
216.73.216.221 - - [05/Oct/2025:13:25:52 -0400] "GET /products62134274?kg=0061376620 HTTP/1.1" 404 9743 "-" "Mozilla/5.0 AppleWebKit/537.36 (KHTML, like Gecko; compatible; ClaudeBot/1.0; +claudebot@anthropic.com)"
216.73.216.221 - - [05/Oct/2025:13:25:55 -0400] "GET /products62194668?kg=0061436279 HTTP/1.1" 404 9741 "-" "Mozilla/5.0 AppleWebKit/537.36 (KHTML, like Gecko; compatible; ClaudeBot/1.0; +claudebot@anthropic.com)"
54.90.8.255 - - [05/Oct/2025:13:26:18 -0400] "GET /robots.txt HTTP/1.1" 200 84 "-" "Mozilla/5.0 AppleWebKit/537.36 (KHTML, like Gecko; compatible; Amazonbot/0.1; +https://developer.amazon.com/support/amazonbot) Chrome/119.0.6045.214 Safari/537.36"
23.21.179.120 - - [05/Oct/2025:13:26:18 -0400] "GET /portfolio/traffic-lights/ HTTP/1.1" 200 16563 "-" "Mozilla/5.0 AppleWebKit/537.36 (KHTML, like Gecko; compatible; Amazonbot/0.1; +https://developer.amazon.com/support/amazonbot) Chrome/119.0.6045.214 Safari/537.36"
216.73.216.221 - - [05/Oct/2025:13:26:54 -0400] "GET /products62195118?kg=0061436722 HTTP/1.1" 404 9734 "-" "Mozilla/5.0 AppleWebKit/537.36 (KHTML, like Gecko; compatible; ClaudeBot/1.0; +claudebot@anthropic.com)"
185.61.153.107 - - [05/Oct/2025:13:27:09 -0400] "POST /wp-cron.php?doing_wp_cron=1759685229.5825779438018798828125 HTTP/1.1" 200 0 "-" "WordPress/6.8.3; https://salhab360photos.com"
216.73.216.221 - - [05/Oct/2025:13:27:06 -0400] "GET /products62156128?kg=0061398209 HTTP/1.1" 404 9744 "-" "Mozilla/5.0 AppleWebKit/537.36 (KHTML, like Gecko; compatible; ClaudeBot/1.0; +claudebot@anthropic.com)"
20.171.207.56 - - [05/Oct/2025:13:27:45 -0400] "GET /products210610522?kg=0208042184 HTTP/1.1" 404 9742 "-" "Mozilla/5.0 AppleWebKit/537.36 (KHTML, like Gecko; compatible; GPTBot/1.2; +https://openai.com/gptbot)"
185.61.153.107 - - [05/Oct/2025:13:28:48 -0400] "POST /wp-cron.php?doing_wp_cron=1759685328.6725449562072753906250 HTTP/1.1" 200 0 "-" "WordPress/6.8.3; https://salhab360photos.com"
20.171.207.56 - - [05/Oct/2025:13:28:44 -0400] "GET /products210630366?kg=0208061786 HTTP/1.1" 404 9743 "-" "Mozilla/5.0 AppleWebKit/537.36 (KHTML, like Gecko; compatible; GPTBot/1.2; +https://openai.com/gptbot)"
20.171.207.56 - - [05/Oct/2025:13:29:40 -0400] "GET /products210636306?kg=0208067652 HTTP/1.1" 404 9743 "-" "Mozilla/5.0 AppleWebKit/537.36 (KHTML, like Gecko; compatible; GPTBot/1.2; +https://openai.com/gptbot)"
206.189.247.132 - - [05/Oct/2025:13:29:48 -0400] "GET /index.html HTTP/1.1" 200 1404 "-" "Mozilla/5.0 (Windows NT 10.0; Win64; x64) AppleWebKit/537.36 (KHTML, like Gecko) Chrome/135.0.0.0 Safari/537.36 OPR/120.0.0.0"
185.61.153.107 - - [05/Oct/2025:13:31:39 -0400] "POST /wp-cron.php?doing_wp_cron=1759685499.5734519958496093750000 HTTP/1.1" 200 0 "-" "WordPress/6.8.3; https://salhab360photos.com"
20.171.207.56 - - [05/Oct/2025:13:31:35 -0400] "GET /products210621642?kg=0208053168 HTTP/1.1" 404 9741 "-" "Mozilla/5.0 AppleWebKit/537.36 (KHTML, like Gecko; compatible; GPTBot/1.2; +https://openai.com/gptbot)"
185.61.153.107 - - [05/Oct/2025:13:32:37 -0400] "POST /wp-cron.php?doing_wp_cron=1759685557.6821990013122558593750 HTTP/1.1" 200 0 "-" "WordPress/6.8.3; https://salhab360photos.com"
20.171.207.56 - - [05/Oct/2025:13:32:34 -0400] "GET /products210632862?kg=0208064250 HTTP/1.1" 404 9743 "-" "Mozilla/5.0 AppleWebKit/537.36 (KHTML, like Gecko; compatible; GPTBot/1.2; +https://openai.com/gptbot)"
20.171.207.56 - - [05/Oct/2025:13:33:28 -0400] "GET /products210602322?kg=0208034084 HTTP/1.1" 404 9733 "-" "Mozilla/5.0 AppleWebKit/537.36 (KHTML, like Gecko; compatible; GPTBot/1.2; +https://openai.com/gptbot)"
193.239.84.66 - - [05/Oct/2025:13:29:48 -0400] "GET /index.html HTTP/1.1" 200 1404 "-" "Mozilla/5.0 (Windows NT 10.0; Win64; x64) AppleWebKit/537.36 (KHTML, like Gecko) Chrome/135.0.0.0 Safari/537.36 OPR/120.0.0.0"
66.249.73.11 - - [05/Oct/2025:13:30:34 -0400] "GET /products4574666?kg=0004518960 HTTP/1.1" 200 28918 "-" "Mozilla/5.0 (Linux; Android 6.0.1; Nexus 5X Build/MMB29P) AppleWebKit/537.36 (KHTML, like Gecko) Chrome/140.0.7339.207 Mobile Safari/537.36 (compatible; Googlebot/2.1; +http://www.google.com/bot.html)"
185.61.153.107 - - [05/Oct/2025:13:30:41 -0400] "POST /wp-cron.php?doing_wp_cron=1759685441.4776980876922607421875 HTTP/1.1" 200 0 "-" "WordPress/6.8.3; https://salhab360photos.com"
20.171.207.56 - - [05/Oct/2025:13:30:37 -0400] "GET /products210620736?kg=0208052273 HTTP/1.1" 404 9742 "-" "Mozilla/5.0 AppleWebKit/537.36 (KHTML, like Gecko; compatible; GPTBot/1.2; +https://openai.com/gptbot)"
