152.42.223.240 - - [06/Oct/2025:00:19:31 -0400] "GET /psnlink/ HTTP/1.1" 404 9739 "-" "Mozilla/5.0 (Windows NT 10.0; Win64; x64) AppleWebKit/537.36 (KHTML, like Gecko) Chrome/91.0.4472.124 Safari/537.36"
152.42.223.240 - - [06/Oct/2025:00:19:36 -0400] "GET /afasio/ HTTP/1.1" 404 9740 "-" "Mozilla/5.0 (Windows NT 10.0; Win64; x64) AppleWebKit/537.36 (KHTML, like Gecko) Chrome/91.0.4472.124 Safari/537.36"
152.42.223.240 - - [06/Oct/2025:00:19:54 -0400] "GET /portfolio/all-about-the-details/ HTTP/1.1" 200 16123 "-" "Mozilla/5.0 (Windows NT 10.0; Win64; x64) AppleWebKit/537.36 (KHTML, like Gecko) Chrome/91.0.4472.124 Safari/537.36"
152.42.223.240 - - [06/Oct/2025:00:19:58 -0400] "GET /aliceapi/ HTTP/1.1" 404 9739 "-" "Mozilla/5.0 (Windows NT 10.0; Win64; x64) AppleWebKit/537.36 (KHTML, like Gecko) Chrome/91.0.4472.124 Safari/537.36"
152.42.223.240 - - [06/Oct/2025:00:20:01 -0400] "GET /AlkatreszProject/ HTTP/1.1" 404 9736 "-" "Mozilla/5.0 (Windows NT 10.0; Win64; x64) AppleWebKit/537.36 (KHTML, like Gecko) Chrome/91.0.4472.124 Safari/537.36"
152.42.223.240 - - [06/Oct/2025:00:20:05 -0400] "GET /admin/vendor/ HTTP/1.1" 404 9739 "-" "Mozilla/5.0 (Windows NT 10.0; Win64; x64) AppleWebKit/537.36 (KHTML, like Gecko) Chrome/91.0.4472.124 Safari/537.36"
152.42.223.240 - - [06/Oct/2025:00:20:10 -0400] "GET /ads_qu_merge/ HTTP/1.1" 404 9737 "-" "Mozilla/5.0 (Windows NT 10.0; Win64; x64) AppleWebKit/537.36 (KHTML, like Gecko) Chrome/91.0.4472.124 Safari/537.36"
185.61.153.107 - - [06/Oct/2025:00:20:16 -0400] "POST /wp-cron.php?doing_wp_cron=1759724416.6751160621643066406250 HTTP/1.1" 200 0 "-" "WordPress/6.8.3; https://salhab360photos.com"
152.42.223.240 - - [06/Oct/2025:00:20:14 -0400] "GET /adv/ HTTP/1.1" 301 0 "-" "Mozilla/5.0 (Windows NT 10.0; Win64; x64) AppleWebKit/537.36 (KHTML, like Gecko) Chrome/91.0.4472.124 Safari/537.36"
152.42.223.240 - - [06/Oct/2025:00:20:17 -0400] "GET /portfolio/adventures-in-the-southwest-not-to-miss/ HTTP/1.1" 200 14450 "-" "Mozilla/5.0 (Windows NT 10.0; Win64; x64) AppleWebKit/537.36 (KHTML, like Gecko) Chrome/91.0.4472.124 Safari/537.36"
152.42.223.240 - - [06/Oct/2025:00:20:20 -0400] "GET /adv2/ HTTP/1.1" 404 9737 "-" "Mozilla/5.0 (Windows NT 10.0; Win64; x64) AppleWebKit/537.36 (KHTML, like Gecko) Chrome/91.0.4472.124 Safari/537.36"
152.42.223.240 - - [06/Oct/2025:00:19:12 -0400] "GET /6p6/ HTTP/1.1" 404 9739 "-" "Mozilla/5.0 (Windows NT 10.0; Win64; x64) AppleWebKit/537.36 (KHTML, like Gecko) Chrome/91.0.4472.124 Safari/537.36"
152.42.223.240 - - [06/Oct/2025:00:19:14 -0400] "GET /172410101040/ HTTP/1.1" 404 9739 "-" "Mozilla/5.0 (Windows NT 10.0; Win64; x64) AppleWebKit/537.36 (KHTML, like Gecko) Chrome/91.0.4472.124 Safari/537.36"
152.42.223.240 - - [06/Oct/2025:00:19:17 -0400] "GET /20170811125232/ HTTP/1.1" 404 9738 "-" "Mozilla/5.0 (Windows NT 10.0; Win64; x64) AppleWebKit/537.36 (KHTML, like Gecko) Chrome/91.0.4472.124 Safari/537.36"
66.249.73.10 - - [06/Oct/2025:00:19:18 -0400] "GET /products5267676?kg=0005203519 HTTP/1.1" 200 29098 "-" "Mozilla/5.0 (Linux; Android 6.0.1; Nexus 5X Build/MMB29P) AppleWebKit/537.36 (KHTML, like Gecko) Chrome/140.0.7339.207 Mobile Safari/537.36 (compatible; Googlebot/2.1; +http://www.google.com/bot.html)"
152.42.223.240 - - [06/Oct/2025:00:19:20 -0400] "GET /admin/ckeditor/ HTTP/1.1" 404 9740 "-" "Mozilla/5.0 (Windows NT 10.0; Win64; x64) AppleWebKit/537.36 (KHTML, like Gecko) Chrome/91.0.4472.124 Safari/537.36"
152.42.223.240 - - [06/Oct/2025:00:19:28 -0400] "GET /proment/ HTTP/1.1" 404 9739 "-" "Mozilla/5.0 (Windows NT 10.0; Win64; x64) AppleWebKit/537.36 (KHTML, like Gecko) Chrome/91.0.4472.124 Safari/537.36"
152.42.223.240 - - [06/Oct/2025:00:19:39 -0400] "GET /production/ HTTP/1.1" 404 9738 "-" "Mozilla/5.0 (Windows NT 10.0; Win64; x64) AppleWebKit/537.36 (KHTML, like Gecko) Chrome/91.0.4472.124 Safari/537.36"
152.42.223.240 - - [06/Oct/2025:00:19:42 -0400] "GET /agc_app/ HTTP/1.1" 404 9731 "-" "Mozilla/5.0 (Windows NT 10.0; Win64; x64) AppleWebKit/537.36 (KHTML, like Gecko) Chrome/91.0.4472.124 Safari/537.36"
152.42.223.240 - - [06/Oct/2025:00:19:46 -0400] "GET /albraj/ HTTP/1.1" 404 9740 "-" "Mozilla/5.0 (Windows NT 10.0; Win64; x64) AppleWebKit/537.36 (KHTML, like Gecko) Chrome/91.0.4472.124 Safari/537.36"
152.42.223.240 - - [06/Oct/2025:00:19:49 -0400] "GET /quotation/ HTTP/1.1" 404 9740 "-" "Mozilla/5.0 (Windows NT 10.0; Win64; x64) AppleWebKit/537.36 (KHTML, like Gecko) Chrome/91.0.4472.124 Safari/537.36"
152.42.223.240 - - [06/Oct/2025:00:19:52 -0400] "GET /all/ HTTP/1.1" 301 0 "-" "Mozilla/5.0 (Windows NT 10.0; Win64; x64) AppleWebKit/537.36 (KHTML, like Gecko) Chrome/91.0.4472.124 Safari/537.36"
54.226.53.124 - - [06/Oct/2025:00:20:21 -0400] "GET / HTTP/1.1" 200 1404 "-" "Mozilla/5.0 (Linux; U; Android 1.5; en-gb; T-Mobile_G2_Touch Build/CUPCAKE) AppleWebKit/528.5 (KHTML, like Gecko) Version/3.1.2 Mobile Safari/525.20.1"
152.42.223.240 - - [06/Oct/2025:00:20:36 -0400] "GET /academy2021/ HTTP/1.1" 404 9738 "-" "Mozilla/5.0 (Windows NT 10.0; Win64; x64) AppleWebKit/537.36 (KHTML, like Gecko) Chrome/91.0.4472.124 Safari/537.36"
152.42.223.240 - - [06/Oct/2025:00:20:39 -0400] "GET /academy2022/ HTTP/1.1" 404 9737 "-" "Mozilla/5.0 (Windows NT 10.0; Win64; x64) AppleWebKit/537.36 (KHTML, like Gecko) Chrome/91.0.4472.124 Safari/537.36"
152.42.223.240 - - [06/Oct/2025:00:20:50 -0400] "GET /acellemail/ HTTP/1.1" 404 9737 "-" "Mozilla/5.0 (Windows NT 10.0; Win64; x64) AppleWebKit/537.36 (KHTML, like Gecko) Chrome/91.0.4472.124 Safari/537.36"
152.42.223.240 - - [06/Oct/2025:00:20:54 -0400] "GET /stripe-php/ HTTP/1.1" 404 9736 "-" "Mozilla/5.0 (Windows NT 10.0; Win64; x64) AppleWebKit/537.36 (KHTML, like Gecko) Chrome/91.0.4472.124 Safari/537.36"
66.249.73.11 - - [06/Oct/2025:00:20:55 -0400] "GET /categories/11812082 HTTP/1.1" 200 28910 "-" "Mozilla/5.0 (Linux; Android 6.0.1; Nexus 5X Build/MMB29P) AppleWebKit/537.36 (KHTML, like Gecko) Chrome/140.0.7339.207 Mobile Safari/537.36 (compatible; Googlebot/2.1; +http://www.google.com/bot.html)"
152.42.223.240 - - [06/Oct/2025:00:21:02 -0400] "GET /symfony/ HTTP/1.1" 404 9737 "-" "Mozilla/5.0 (Windows NT 10.0; Win64; x64) AppleWebKit/537.36 (KHTML, like Gecko) Chrome/91.0.4472.124 Safari/537.36"
152.42.223.240 - - [06/Oct/2025:00:20:23 -0400] "GET /adv3/ HTTP/1.1" 404 9737 "-" "Mozilla/5.0 (Windows NT 10.0; Win64; x64) AppleWebKit/537.36 (KHTML, like Gecko) Chrome/91.0.4472.124 Safari/537.36"
152.42.223.240 - - [06/Oct/2025:00:20:27 -0400] "GET /academy2019/ HTTP/1.1" 404 9736 "-" "Mozilla/5.0 (Windows NT 10.0; Win64; x64) AppleWebKit/537.36 (KHTML, like Gecko) Chrome/91.0.4472.124 Safari/537.36"
152.42.223.240 - - [06/Oct/2025:00:20:32 -0400] "GET /academy2020/ HTTP/1.1" 404 9737 "-" "Mozilla/5.0 (Windows NT 10.0; Win64; x64) AppleWebKit/537.36 (KHTML, like Gecko) Chrome/91.0.4472.124 Safari/537.36"
152.42.223.240 - - [06/Oct/2025:00:20:43 -0400] "GET /academy2023/ HTTP/1.1" 404 9738 "-" "Mozilla/5.0 (Windows NT 10.0; Win64; x64) AppleWebKit/537.36 (KHTML, like Gecko) Chrome/91.0.4472.124 Safari/537.36"
152.42.223.240 - - [06/Oct/2025:00:20:46 -0400] "GET /academy2024/ HTTP/1.1" 404 9740 "-" "Mozilla/5.0 (Windows NT 10.0; Win64; x64) AppleWebKit/537.36 (KHTML, like Gecko) Chrome/91.0.4472.124 Safari/537.36"
152.42.223.240 - - [06/Oct/2025:00:20:57 -0400] "GET /lib/ HTTP/1.1" 404 9738 "-" "Mozilla/5.0 (Windows NT 10.0; Win64; x64) AppleWebKit/537.36 (KHTML, like Gecko) Chrome/91.0.4472.124 Safari/537.36"
152.42.223.240 - - [06/Oct/2025:00:21:06 -0400] "GET /profiles/ HTTP/1.1" 404 9738 "-" "Mozilla/5.0 (Windows NT 10.0; Win64; x64) AppleWebKit/537.36 (KHTML, like Gecko) Chrome/91.0.4472.124 Safari/537.36"
152.42.223.240 - - [06/Oct/2025:00:21:10 -0400] "GET /img/ HTTP/1.1" 200 11110 "-" "Mozilla/5.0 (Windows NT 10.0; Win64; x64) AppleWebKit/537.36 (KHTML, like Gecko) Chrome/91.0.4472.124 Safari/537.36"
185.61.153.107 - - [06/Oct/2025:00:21:15 -0400] "POST /wp-cron.php?doing_wp_cron=1759724475.2146799564361572265625 HTTP/1.1" 200 0 "-" "WordPress/6.8.3; https://salhab360photos.com"
152.42.223.240 - - [06/Oct/2025:00:21:23 -0400] "GET /js_dash/ HTTP/1.1" 404 9730 "-" "Mozilla/5.0 (Windows NT 10.0; Win64; x64) AppleWebKit/537.36 (KHTML, like Gecko) Chrome/91.0.4472.124 Safari/537.36"
152.42.223.240 - - [06/Oct/2025:00:21:27 -0400] "GET /usersfiles/ HTTP/1.1" 404 9730 "-" "Mozilla/5.0 (Windows NT 10.0; Win64; x64) AppleWebKit/537.36 (KHTML, like Gecko) Chrome/91.0.4472.124 Safari/537.36"
152.42.223.240 - - [06/Oct/2025:00:21:34 -0400] "GET /jscript/ HTTP/1.1" 404 9738 "-" "Mozilla/5.0 (Windows NT 10.0; Win64; x64) AppleWebKit/537.36 (KHTML, like Gecko) Chrome/91.0.4472.124 Safari/537.36"
152.42.223.240 - - [06/Oct/2025:00:21:38 -0400] "GET /files/ HTTP/1.1" 404 9737 "-" "Mozilla/5.0 (Windows NT 10.0; Win64; x64) AppleWebKit/537.36 (KHTML, like Gecko) Chrome/91.0.4472.124 Safari/537.36"
152.42.223.240 - - [06/Oct/2025:00:21:42 -0400] "GET /__static/ HTTP/1.1" 404 9739 "-" "Mozilla/5.0 (Windows NT 10.0; Win64; x64) AppleWebKit/537.36 (KHTML, like Gecko) Chrome/91.0.4472.124 Safari/537.36"
152.42.223.240 - - [06/Oct/2025:00:21:56 -0400] "GET /include/ HTTP/1.1" 404 9740 "-" "Mozilla/5.0 (Windows NT 10.0; Win64; x64) AppleWebKit/537.36 (KHTML, like Gecko) Chrome/91.0.4472.124 Safari/537.36"
152.42.223.240 - - [06/Oct/2025:00:22:01 -0400] "GET /medias/ HTTP/1.1" 404 9738 "-" "Mozilla/5.0 (Windows NT 10.0; Win64; x64) AppleWebKit/537.36 (KHTML, like Gecko) Chrome/91.0.4472.124 Safari/537.36"
152.42.223.240 - - [06/Oct/2025:00:22:04 -0400] "GET /download/ HTTP/1.1" 404 9730 "-" "Mozilla/5.0 (Windows NT 10.0; Win64; x64) AppleWebKit/537.36 (KHTML, like Gecko) Chrome/91.0.4472.124 Safari/537.36"
152.42.223.240 - - [06/Oct/2025:00:22:07 -0400] "GET /uploads/ HTTP/1.1" 404 9737 "-" "Mozilla/5.0 (Windows NT 10.0; Win64; x64) AppleWebKit/537.36 (KHTML, like Gecko) Chrome/91.0.4472.124 Safari/537.36"
185.61.153.107 - - [06/Oct/2025:00:22:17 -0400] "POST /wp-cron.php?doing_wp_cron=1759724537.2962560653686523437500 HTTP/1.1" 200 0 "-" "WordPress/6.8.3; https://salhab360photos.com"
152.42.223.240 - - [06/Oct/2025:00:22:15 -0400] "GET /bin/ HTTP/1.1" 404 9738 "-" "Mozilla/5.0 (Windows NT 10.0; Win64; x64) AppleWebKit/537.36 (KHTML, like Gecko) Chrome/91.0.4472.124 Safari/537.36"
152.42.223.240 - - [06/Oct/2025:00:22:19 -0400] "GET /upload/ HTTP/1.1" 404 9735 "-" "Mozilla/5.0 (Windows NT 10.0; Win64; x64) AppleWebKit/537.36 (KHTML, like Gecko) Chrome/91.0.4472.124 Safari/537.36"
152.42.223.240 - - [06/Oct/2025:00:22:25 -0400] "GET /tmp/ HTTP/1.1" 404 9740 "-" "Mozilla/5.0 (Windows NT 10.0; Win64; x64) AppleWebKit/537.36 (KHTML, like Gecko) Chrome/91.0.4472.124 Safari/537.36"
152.42.223.240 - - [06/Oct/2025:00:21:14 -0400] "GET /includes/ HTTP/1.1" 404 9738 "-" "Mozilla/5.0 (Windows NT 10.0; Win64; x64) AppleWebKit/537.36 (KHTML, like Gecko) Chrome/91.0.4472.124 Safari/537.36"
152.42.223.240 - - [06/Oct/2025:00:21:17 -0400] "GET /images/ HTTP/1.1" 200 673 "-" "Mozilla/5.0 (Windows NT 10.0; Win64; x64) AppleWebKit/537.36 (KHTML, like Gecko) Chrome/91.0.4472.124 Safari/537.36"
152.42.223.240 - - [06/Oct/2025:00:21:19 -0400] "GET /UserFiles/ HTTP/1.1" 404 9738 "-" "Mozilla/5.0 (Windows NT 10.0; Win64; x64) AppleWebKit/537.36 (KHTML, like Gecko) Chrome/91.0.4472.124 Safari/537.36"
152.42.223.240 - - [06/Oct/2025:00:21:31 -0400] "GET /server/ HTTP/1.1" 404 9739 "-" "Mozilla/5.0 (Windows NT 10.0; Win64; x64) AppleWebKit/537.36 (KHTML, like Gecko) Chrome/91.0.4472.124 Safari/537.36"
152.42.223.240 - - [06/Oct/2025:00:21:45 -0400] "GET /builder/ HTTP/1.1" 404 9740 "-" "Mozilla/5.0 (Windows NT 10.0; Win64; x64) AppleWebKit/537.36 (KHTML, like Gecko) Chrome/91.0.4472.124 Safari/537.36"
152.42.223.240 - - [06/Oct/2025:00:21:48 -0400] "GET /criteria/ HTTP/1.1" 404 9738 "-" "Mozilla/5.0 (Windows NT 10.0; Win64; x64) AppleWebKit/537.36 (KHTML, like Gecko) Chrome/91.0.4472.124 Safari/537.36"
152.42.223.240 - - [06/Oct/2025:00:21:52 -0400] "GET /test/ HTTP/1.1" 404 9738 "-" "Mozilla/5.0 (Windows NT 10.0; Win64; x64) AppleWebKit/537.36 (KHTML, like Gecko) Chrome/91.0.4472.124 Safari/537.36"
152.42.223.240 - - [06/Oct/2025:00:21:59 -0400] "GET /cgi-bin/ HTTP/1.1" 403 1242 "-" "Mozilla/5.0 (Windows NT 10.0; Win64; x64) AppleWebKit/537.36 (KHTML, like Gecko) Chrome/91.0.4472.124 Safari/537.36"
152.42.223.240 - - [06/Oct/2025:00:22:11 -0400] "GET /admin/modules/ HTTP/1.1" 404 9737 "-" "Mozilla/5.0 (Windows NT 10.0; Win64; x64) AppleWebKit/537.36 (KHTML, like Gecko) Chrome/91.0.4472.124 Safari/537.36"
152.42.223.240 - - [06/Oct/2025:00:22:22 -0400] "GET /cache/ HTTP/1.1" 404 9730 "-" "Mozilla/5.0 (Windows NT 10.0; Win64; x64) AppleWebKit/537.36 (KHTML, like Gecko) Chrome/91.0.4472.124 Safari/537.36"
152.42.223.240 - - [06/Oct/2025:00:22:29 -0400] "GET /file/ HTTP/1.1" 404 9738 "-" "Mozilla/5.0 (Windows NT 10.0; Win64; x64) AppleWebKit/537.36 (KHTML, like Gecko) Chrome/91.0.4472.124 Safari/537.36"
152.42.223.240 - - [06/Oct/2025:00:22:32 -0400] "GET /components/ HTTP/1.1" 404 9730 "-" "Mozilla/5.0 (Windows NT 10.0; Win64; x64) AppleWebKit/537.36 (KHTML, like Gecko) Chrome/91.0.4472.124 Safari/537.36"
152.42.223.240 - - [06/Oct/2025:00:22:40 -0400] "GET /file_upload/ HTTP/1.1" 404 9737 "-" "Mozilla/5.0 (Windows NT 10.0; Win64; x64) AppleWebKit/537.36 (KHTML, like Gecko) Chrome/91.0.4472.124 Safari/537.36"
152.42.223.240 - - [06/Oct/2025:00:22:47 -0400] "GET /.well-known/ HTTP/1.1" 200 618 "-" "Mozilla/5.0 (Windows NT 10.0; Win64; x64) AppleWebKit/537.36 (KHTML, like Gecko) Chrome/91.0.4472.124 Safari/537.36"
152.42.223.240 - - [06/Oct/2025:00:22:49 -0400] "GET /ALFA_DATA/ HTTP/1.1" 404 9739 "-" "Mozilla/5.0 (Windows NT 10.0; Win64; x64) AppleWebKit/537.36 (KHTML, like Gecko) Chrome/91.0.4472.124 Safari/537.36"
92.222.108.115 - - [06/Oct/2025:00:22:51 -0400] "GET /products120830034?kg=0119356580 HTTP/1.1" 404 9738 "-" "Mozilla/5.0 (compatible; AhrefsBot/7.0; +http://ahrefs.com/robot/)"
152.42.223.240 - - [06/Oct/2025:00:22:54 -0400] "GET /filedokumen/ HTTP/1.1" 404 9738 "-" "Mozilla/5.0 (Windows NT 10.0; Win64; x64) AppleWebKit/537.36 (KHTML, like Gecko) Chrome/91.0.4472.124 Safari/537.36"
152.42.223.240 - - [06/Oct/2025:00:22:56 -0400] "GET /dokumen/ HTTP/1.1" 404 9737 "-" "Mozilla/5.0 (Windows NT 10.0; Win64; x64) AppleWebKit/537.36 (KHTML, like Gecko) Chrome/91.0.4472.124 Safari/537.36"
152.42.223.240 - - [06/Oct/2025:00:23:04 -0400] "GET /.well-knownold/ HTTP/1.1" 404 9740 "-" "Mozilla/5.0 (Windows NT 10.0; Win64; x64) AppleWebKit/537.36 (KHTML, like Gecko) Chrome/91.0.4472.124 Safari/537.36"
152.42.223.240 - - [06/Oct/2025:00:23:10 -0400] "GET /upload/image/ HTTP/1.1" 301 0 "-" "Mozilla/5.0 (Windows NT 10.0; Win64; x64) AppleWebKit/537.36 (KHTML, like Gecko) Chrome/91.0.4472.124 Safari/537.36"
66.249.73.11 - - [06/Oct/2025:00:23:14 -0400] "GET /products4203370?kg=0004152192 HTTP/1.1" 200 29302 "-" "Mozilla/5.0 (Linux; Android 6.0.1; Nexus 5X Build/MMB29P) AppleWebKit/537.36 (KHTML, like Gecko) Chrome/140.0.7339.207 Mobile Safari/537.36 (compatible; Googlebot/2.1; +http://www.google.com/bot.html)"
152.42.223.240 - - [06/Oct/2025:00:23:12 -0400] "GET /typography/image/ HTTP/1.1" 200 10784 "-" "Mozilla/5.0 (Windows NT 10.0; Win64; x64) AppleWebKit/537.36 (KHTML, like Gecko) Chrome/91.0.4472.124 Safari/537.36"
152.42.223.240 - - [06/Oct/2025:00:23:20 -0400] "GET /cgialfa/ HTTP/1.1" 404 9738 "-" "Mozilla/5.0 (Windows NT 10.0; Win64; x64) AppleWebKit/537.36 (KHTML, like Gecko) Chrome/91.0.4472.124 Safari/537.36"
66.249.73.10 - - [06/Oct/2025:00:23:24 -0400] "GET /products4201602?kg=0004150444 HTTP/1.1" 200 29480 "-" "Mozilla/5.0 (Linux; Android 6.0.1; Nexus 5X Build/MMB29P) AppleWebKit/537.36 (KHTML, like Gecko) Chrome/140.0.7339.207 Mobile Safari/537.36 (compatible; Googlebot/2.1; +http://www.google.com/bot.html)"
152.42.223.240 - - [06/Oct/2025:00:23:43 -0400] "GET /imgs/ HTTP/1.1" 404 9739 "-" "Mozilla/5.0 (Windows NT 10.0; Win64; x64) AppleWebKit/537.36 (KHTML, like Gecko) Chrome/91.0.4472.124 Safari/537.36"
152.42.223.240 - - [06/Oct/2025:00:23:55 -0400] "GET /Public/ HTTP/1.1" 404 9736 "-" "Mozilla/5.0 (Windows NT 10.0; Win64; x64) AppleWebKit/537.36 (KHTML, like Gecko) Chrome/91.0.4472.124 Safari/537.36"
66.249.73.10 - - [06/Oct/2025:00:23:59 -0400] "GET /products4735750?kg=0004678078 HTTP/1.1" 200 28975 "-" "Mozilla/5.0 (Linux; Android 6.0.1; Nexus 5X Build/MMB29P) AppleWebKit/537.36 (KHTML, like Gecko) Chrome/140.0.7339.207 Mobile Safari/537.36 (compatible; Googlebot/2.1; +http://www.google.com/bot.html)"
185.61.153.107 - - [06/Oct/2025:00:24:15 -0400] "POST /wp-cron.php?doing_wp_cron=1759724655.3737750053405761718750 HTTP/1.1" 200 0 "-" "WordPress/6.8.3; https://salhab360photos.com"
152.42.223.240 - - [06/Oct/2025:00:24:10 -0400] "GET /newsite/ HTTP/1.1" 404 9738 "-" "Mozilla/5.0 (Windows NT 10.0; Win64; x64) AppleWebKit/537.36 (KHTML, like Gecko) Chrome/91.0.4472.124 Safari/537.36"
152.42.223.240 - - [06/Oct/2025:00:22:36 -0400] "GET /file_uploads/ HTTP/1.1" 404 9738 "-" "Mozilla/5.0 (Windows NT 10.0; Win64; x64) AppleWebKit/537.36 (KHTML, like Gecko) Chrome/91.0.4472.124 Safari/537.36"
152.42.223.240 - - [06/Oct/2025:00:22:44 -0400] "GET /common/ HTTP/1.1" 404 9738 "-" "Mozilla/5.0 (Windows NT 10.0; Win64; x64) AppleWebKit/537.36 (KHTML, like Gecko) Chrome/91.0.4472.124 Safari/537.36"
185.61.153.107 - - [06/Oct/2025:00:23:17 -0400] "POST /wp-cron.php?doing_wp_cron=1759724597.0736119747161865234375 HTTP/1.1" 200 0 "-" "WordPress/6.8.3; https://salhab360photos.com"
66.249.73.10 - - [06/Oct/2025:00:23:29 -0400] "GET /products4736894?kg=0004679210 HTTP/1.1" 200 29118 "-" "Mozilla/5.0 (Linux; Android 6.0.1; Nexus 5X Build/MMB29P) AppleWebKit/537.36 (KHTML, like Gecko) Chrome/140.0.7339.207 Mobile Safari/537.36 (compatible; Googlebot/2.1; +http://www.google.com/bot.html)"
152.42.223.240 - - [06/Oct/2025:00:23:26 -0400] "GET /image/ HTTP/1.1" 301 0 "-" "Mozilla/5.0 (Windows NT 10.0; Win64; x64) AppleWebKit/537.36 (KHTML, like Gecko) Chrome/91.0.4472.124 Safari/537.36"
152.42.223.240 - - [06/Oct/2025:00:23:31 -0400] "GET /image-background-contact-page/ HTTP/1.1" 200 11301 "-" "Mozilla/5.0 (Windows NT 10.0; Win64; x64) AppleWebKit/537.36 (KHTML, like Gecko) Chrome/91.0.4472.124 Safari/537.36"
152.42.223.240 - - [06/Oct/2025:00:23:37 -0400] "GET /alfacgiapi/ HTTP/1.1" 404 9730 "-" "Mozilla/5.0 (Windows NT 10.0; Win64; x64) AppleWebKit/537.36 (KHTML, like Gecko) Chrome/91.0.4472.124 Safari/537.36"
152.42.223.240 - - [06/Oct/2025:00:23:50 -0400] "GET /catalog/ HTTP/1.1" 404 9728 "-" "Mozilla/5.0 (Windows NT 10.0; Win64; x64) AppleWebKit/537.36 (KHTML, like Gecko) Chrome/91.0.4472.124 Safari/537.36"
45.227.253.15 - - [06/Oct/2025:00:24:06 -0400] "GET /index.php/jk HTTP/1.1" 200 63 "-" "Mozilla/5.0 (iPad; U; CPU OS 4_3_4 like Mac OS X; ja) AppleWebKit/533.17.9 (KHTML, like Gecko) Version/5.0.2 Mobile/8J2 Safari/6533.18.5"
152.42.223.240 - - [06/Oct/2025:00:24:04 -0400] "GET /notweb/ HTTP/1.1" 404 9738 "-" "Mozilla/5.0 (Windows NT 10.0; Win64; x64) AppleWebKit/537.36 (KHTML, like Gecko) Chrome/91.0.4472.124 Safari/537.36"
152.42.223.240 - - [06/Oct/2025:00:24:18 -0400] "GET /npteOld/ HTTP/1.1" 404 9731 "-" "Mozilla/5.0 (Windows NT 10.0; Win64; x64) AppleWebKit/537.36 (KHTML, like Gecko) Chrome/91.0.4472.124 Safari/537.36"
152.42.223.240 - - [06/Oct/2025:00:24:34 -0400] "GET /passtastic/ HTTP/1.1" 404 9739 "-" "Mozilla/5.0 (Windows NT 10.0; Win64; x64) AppleWebKit/537.36 (KHTML, like Gecko) Chrome/91.0.4472.124 Safari/537.36"
152.42.223.240 - - [06/Oct/2025:00:24:48 -0400] "GET /oauth/ HTTP/1.1" 404 9738 "-" "Mozilla/5.0 (Windows NT 10.0; Win64; x64) AppleWebKit/537.36 (KHTML, like Gecko) Chrome/91.0.4472.124 Safari/537.36"
152.42.223.240 - - [06/Oct/2025:00:24:53 -0400] "GET /newsop/ HTTP/1.1" 404 9737 "-" "Mozilla/5.0 (Windows NT 10.0; Win64; x64) AppleWebKit/537.36 (KHTML, like Gecko) Chrome/91.0.4472.124 Safari/537.36"
152.42.223.240 - - [06/Oct/2025:00:25:06 -0400] "GET /Site/ HTTP/1.1" 404 9738 "-" "Mozilla/5.0 (Windows NT 10.0; Win64; x64) AppleWebKit/537.36 (KHTML, like Gecko) Chrome/91.0.4472.124 Safari/537.36"
185.61.153.107 - - [06/Oct/2025:00:25:19 -0400] "POST /wp-cron.php?doing_wp_cron=1759724719.8771650791168212890625 HTTP/1.1" 200 0 "-" "WordPress/6.8.3; https://salhab360photos.com"
152.42.223.240 - - [06/Oct/2025:00:25:14 -0400] "GET /system/ HTTP/1.1" 404 9738 "-" "Mozilla/5.0 (Windows NT 10.0; Win64; x64) AppleWebKit/537.36 (KHTML, like Gecko) Chrome/91.0.4472.124 Safari/537.36"
152.42.223.240 - - [06/Oct/2025:00:25:22 -0400] "GET /myfiles/ HTTP/1.1" 404 9737 "-" "Mozilla/5.0 (Windows NT 10.0; Win64; x64) AppleWebKit/537.36 (KHTML, like Gecko) Chrome/91.0.4472.124 Safari/537.36"
152.42.223.240 - - [06/Oct/2025:00:25:43 -0400] "GET /web/ HTTP/1.1" 404 9739 "-" "Mozilla/5.0 (Windows NT 10.0; Win64; x64) AppleWebKit/537.36 (KHTML, like Gecko) Chrome/91.0.4472.124 Safari/537.36"
152.42.223.240 - - [06/Oct/2025:00:24:27 -0400] "GET /nvagencies/ HTTP/1.1" 404 9740 "-" "Mozilla/5.0 (Windows NT 10.0; Win64; x64) AppleWebKit/537.36 (KHTML, like Gecko) Chrome/91.0.4472.124 Safari/537.36"
152.42.223.240 - - [06/Oct/2025:00:24:41 -0400] "GET /panel/ HTTP/1.1" 404 9737 "-" "Mozilla/5.0 (Windows NT 10.0; Win64; x64) AppleWebKit/537.36 (KHTML, like Gecko) Chrome/91.0.4472.124 Safari/537.36"
66.249.73.11 - - [06/Oct/2025:00:25:01 -0400] "GET /products4736024?kg=0004678349 HTTP/1.1" 200 29743 "-" "Mozilla/5.0 (Linux; Android 6.0.1; Nexus 5X Build/MMB29P) AppleWebKit/537.36 (KHTML, like Gecko) Chrome/140.0.7339.207 Mobile Safari/537.36 (compatible; Googlebot/2.1; +http://www.google.com/bot.html)"
152.42.223.240 - - [06/Oct/2025:00:24:59 -0400] "GET /local/ HTTP/1.1" 404 9737 "-" "Mozilla/5.0 (Windows NT 10.0; Win64; x64) AppleWebKit/537.36 (KHTML, like Gecko) Chrome/91.0.4472.124 Safari/537.36"
152.42.223.240 - - [06/Oct/2025:00:25:30 -0400] "GET /my/ HTTP/1.1" 404 9737 "-" "Mozilla/5.0 (Windows NT 10.0; Win64; x64) AppleWebKit/537.36 (KHTML, like Gecko) Chrome/91.0.4472.124 Safari/537.36"
152.42.223.240 - - [06/Oct/2025:00:25:36 -0400] "GET /shop/ HTTP/1.1" 404 9738 "-" "Mozilla/5.0 (Windows NT 10.0; Win64; x64) AppleWebKit/537.36 (KHTML, like Gecko) Chrome/91.0.4472.124 Safari/537.36"
66.249.73.10 - - [06/Oct/2025:00:25:48 -0400] "GET /?products4738042?kg=0004680344 HTTP/1.1" 200 1164 "-" "Mozilla/5.0 (Linux; Android 6.0.1; Nexus 5X Build/MMB29P) AppleWebKit/537.36 (KHTML, like Gecko) Chrome/140.0.7339.207 Mobile Safari/537.36 (compatible; Googlebot/2.1; +http://www.google.com/bot.html)"
66.249.73.12 - - [06/Oct/2025:00:26:06 -0400] "GET /?products452016?kg=0000446585 HTTP/1.1" 200 1164 "-" "Mozilla/5.0 (Linux; Android 6.0.1; Nexus 5X Build/MMB29P) AppleWebKit/537.36 (KHTML, like Gecko) Chrome/140.0.7339.207 Mobile Safari/537.36 (compatible; Googlebot/2.1; +http://www.google.com/bot.html)"
152.42.223.240 - - [06/Oct/2025:00:26:05 -0400] "GET /e-kinerja/ HTTP/1.1" 404 9739 "-" "Mozilla/5.0 (Windows NT 10.0; Win64; x64) AppleWebKit/537.36 (KHTML, like Gecko) Chrome/91.0.4472.124 Safari/537.36"
152.42.223.240 - - [06/Oct/2025:00:26:11 -0400] "GET /pix/ HTTP/1.1" 404 9739 "-" "Mozilla/5.0 (Windows NT 10.0; Win64; x64) AppleWebKit/537.36 (KHTML, like Gecko) Chrome/91.0.4472.124 Safari/537.36"
152.42.223.240 - - [06/Oct/2025:00:26:19 -0400] "GET /plagiarism/ HTTP/1.1" 404 9737 "-" "Mozilla/5.0 (Windows NT 10.0; Win64; x64) AppleWebKit/537.36 (KHTML, like Gecko) Chrome/91.0.4472.124 Safari/537.36"
66.249.73.10 - - [06/Oct/2025:00:26:24 -0400] "GET /products4735914?kg=0004678240 HTTP/1.1" 200 29124 "-" "Mozilla/5.0 (Linux; Android 6.0.1; Nexus 5X Build/MMB29P) AppleWebKit/537.36 (KHTML, like Gecko) Chrome/140.0.7339.207 Mobile Safari/537.36 (compatible; Googlebot/2.1; +http://www.google.com/bot.html)"
152.42.223.240 - - [06/Oct/2025:00:26:23 -0400] "GET /templates/ HTTP/1.1" 404 9737 "-" "Mozilla/5.0 (Windows NT 10.0; Win64; x64) AppleWebKit/537.36 (KHTML, like Gecko) Chrome/91.0.4472.124 Safari/537.36"
152.42.223.240 - - [06/Oct/2025:00:26:30 -0400] "GET /cfind/ HTTP/1.1" 404 9738 "-" "Mozilla/5.0 (Windows NT 10.0; Win64; x64) AppleWebKit/537.36 (KHTML, like Gecko) Chrome/91.0.4472.124 Safari/537.36"
66.249.73.10 - - [06/Oct/2025:00:26:38 -0400] "GET /products6546024?kg=0006466277 HTTP/1.1" 200 29038 "-" "Mozilla/5.0 (Linux; Android 6.0.1; Nexus 5X Build/MMB29P) AppleWebKit/537.36 (KHTML, like Gecko) Chrome/140.0.7339.207 Mobile Safari/537.36 (compatible; Googlebot/2.1; +http://www.google.com/bot.html)"
152.42.223.240 - - [06/Oct/2025:00:26:36 -0400] "GET /portfolio/ HTTP/1.1" 200 16705 "-" "Mozilla/5.0 (Windows NT 10.0; Win64; x64) AppleWebKit/537.36 (KHTML, like Gecko) Chrome/91.0.4472.124 Safari/537.36"
152.42.223.240 - - [06/Oct/2025:00:26:43 -0400] "GET /up/ HTTP/1.1" 404 9739 "-" "Mozilla/5.0 (Windows NT 10.0; Win64; x64) AppleWebKit/537.36 (KHTML, like Gecko) Chrome/91.0.4472.124 Safari/537.36"
152.42.223.240 - - [06/Oct/2025:00:25:48 -0400] "GET /notes/ HTTP/1.1" 404 9739 "-" "Mozilla/5.0 (Windows NT 10.0; Win64; x64) AppleWebKit/537.36 (KHTML, like Gecko) Chrome/91.0.4472.124 Safari/537.36"
152.42.223.240 - - [06/Oct/2025:00:25:54 -0400] "GET /question/ HTTP/1.1" 404 9739 "-" "Mozilla/5.0 (Windows NT 10.0; Win64; x64) AppleWebKit/537.36 (KHTML, like Gecko) Chrome/91.0.4472.124 Safari/537.36"
152.42.223.240 - - [06/Oct/2025:00:26:00 -0400] "GET /rating/ HTTP/1.1" 404 9738 "-" "Mozilla/5.0 (Windows NT 10.0; Win64; x64) AppleWebKit/537.36 (KHTML, like Gecko) Chrome/91.0.4472.124 Safari/537.36"
185.61.153.107 - - [06/Oct/2025:00:26:21 -0400] "POST /wp-cron.php?doing_wp_cron=1759724781.4708809852600097656250 HTTP/1.1" 200 0 "-" "WordPress/6.8.3; https://salhab360photos.com"
152.42.223.240 - - [06/Oct/2025:00:26:59 -0400] "GET /pid/ HTTP/1.1" 404 9739 "-" "Mozilla/5.0 (Windows NT 10.0; Win64; x64) AppleWebKit/537.36 (KHTML, like Gecko) Chrome/91.0.4472.124 Safari/537.36"
152.42.223.240 - - [06/Oct/2025:00:27:06 -0400] "GET /portal/ HTTP/1.1" 404 9737 "-" "Mozilla/5.0 (Windows NT 10.0; Win64; x64) AppleWebKit/537.36 (KHTML, like Gecko) Chrome/91.0.4472.124 Safari/537.36"
185.61.153.107 - - [06/Oct/2025:00:27:15 -0400] "POST /wp-cron.php?doing_wp_cron=1759724835.2711451053619384765625 HTTP/1.1" 200 0 "-" "WordPress/6.8.3; https://salhab360photos.com"
66.249.73.12 - - [06/Oct/2025:00:27:19 -0400] "GET /?products14574676?kg=0014397019 HTTP/1.1" 200 1164 "-" "Mozilla/5.0 (Linux; Android 6.0.1; Nexus 5X Build/MMB29P) AppleWebKit/537.36 (KHTML, like Gecko) Chrome/140.0.7339.207 Mobile Safari/537.36 (compatible; Googlebot/2.1; +http://www.google.com/bot.html)"
152.42.223.240 - - [06/Oct/2025:00:27:25 -0400] "GET /phpexcel/ HTTP/1.1" 404 9738 "-" "Mozilla/5.0 (Windows NT 10.0; Win64; x64) AppleWebKit/537.36 (KHTML, like Gecko) Chrome/91.0.4472.124 Safari/537.36"
152.42.223.240 - - [06/Oct/2025:00:27:29 -0400] "GET /admin/assets/ HTTP/1.1" 404 9738 "-" "Mozilla/5.0 (Windows NT 10.0; Win64; x64) AppleWebKit/537.36 (KHTML, like Gecko) Chrome/91.0.4472.124 Safari/537.36"
66.249.73.10 - - [06/Oct/2025:00:27:36 -0400] "GET /?products14573778?kg=0014396132 HTTP/1.1" 200 1164 "-" "Mozilla/5.0 (Linux; Android 6.0.1; Nexus 5X Build/MMB29P) AppleWebKit/537.36 (KHTML, like Gecko) Chrome/140.0.7339.207 Mobile Safari/537.36 (compatible; Googlebot/2.1; +http://www.google.com/bot.html)"
152.42.223.240 - - [06/Oct/2025:00:27:41 -0400] "GET /privacy/ HTTP/1.1" 404 9730 "-" "Mozilla/5.0 (Windows NT 10.0; Win64; x64) AppleWebKit/537.36 (KHTML, like Gecko) Chrome/91.0.4472.124 Safari/537.36"
152.42.223.240 - - [06/Oct/2025:00:27:46 -0400] "GET /payment/ HTTP/1.1" 404 9738 "-" "Mozilla/5.0 (Windows NT 10.0; Win64; x64) AppleWebKit/537.36 (KHTML, like Gecko) Chrome/91.0.4472.124 Safari/537.36"
66.249.73.10 - - [06/Oct/2025:00:27:54 -0400] "GET /?products446076?kg=0000440719 HTTP/1.1" 200 1164 "-" "Mozilla/5.0 (Linux; Android 6.0.1; Nexus 5X Build/MMB29P) AppleWebKit/537.36 (KHTML, like Gecko) Chrome/140.0.7339.207 Mobile Safari/537.36 (compatible; Googlebot/2.1; +http://www.google.com/bot.html)"
152.42.223.240 - - [06/Oct/2025:00:28:01 -0400] "GET /plugins/ HTTP/1.1" 404 9740 "-" "Mozilla/5.0 (Windows NT 10.0; Win64; x64) AppleWebKit/537.36 (KHTML, like Gecko) Chrome/91.0.4472.124 Safari/537.36"
66.249.73.10 - - [06/Oct/2025:00:28:17 -0400] "GET /odr/order/apiGetCartItems/ HTTP/1.1" 200 29100 "https://salhab360photos.com/products14906898?kg=0014725188" "Mozilla/5.0 (Linux; Android 6.0.1; Nexus 5X Build/MMB29P) AppleWebKit/537.36 (KHTML, like Gecko) Chrome/139.0.7258.127 Mobile Safari/537.36 (compatible; Googlebot/2.1; +http://www.google.com/bot.html)"
152.42.223.240 - - [06/Oct/2025:00:28:19 -0400] "GET /mtosapp/ HTTP/1.1" 404 9729 "-" "Mozilla/5.0 (Windows NT 10.0; Win64; x64) AppleWebKit/537.36 (KHTML, like Gecko) Chrome/91.0.4472.124 Safari/537.36"
152.42.223.240 - - [06/Oct/2025:00:26:53 -0400] "GET /phpmailer/ HTTP/1.1" 404 9795 "-" "Mozilla/5.0 (Windows NT 10.0; Win64; x64) AppleWebKit/537.36 (KHTML, like Gecko) Chrome/91.0.4472.124 Safari/537.36"
37.59.204.137 - - [06/Oct/2025:00:27:11 -0400] "GET /products120814896?kg=0119341625 HTTP/1.1" 404 9729 "-" "Mozilla/5.0 (compatible; AhrefsBot/7.0; +http://ahrefs.com/robot/)"
152.42.223.240 - - [06/Oct/2025:00:27:12 -0400] "GET /portalmejora/ HTTP/1.1" 404 9737 "-" "Mozilla/5.0 (Windows NT 10.0; Win64; x64) AppleWebKit/537.36 (KHTML, like Gecko) Chrome/91.0.4472.124 Safari/537.36"
152.42.223.240 - - [06/Oct/2025:00:27:19 -0400] "GET /pkm/ HTTP/1.1" 404 9739 "-" "Mozilla/5.0 (Windows NT 10.0; Win64; x64) AppleWebKit/537.36 (KHTML, like Gecko) Chrome/91.0.4472.124 Safari/537.36"
66.249.73.11 - - [06/Oct/2025:00:27:29 -0400] "GET /products4736648?kg=0004678965 HTTP/1.1" 200 28927 "-" "Mozilla/5.0 (Linux; Android 6.0.1; Nexus 5X Build/MMB29P) AppleWebKit/537.36 (KHTML, like Gecko) Chrome/140.0.7339.207 Mobile Safari/537.36 (compatible; Googlebot/2.1; +http://www.google.com/bot.html)"
152.42.223.240 - - [06/Oct/2025:00:27:36 -0400] "GET /platform/ HTTP/1.1" 404 9740 "-" "Mozilla/5.0 (Windows NT 10.0; Win64; x64) AppleWebKit/537.36 (KHTML, like Gecko) Chrome/91.0.4472.124 Safari/537.36"
152.42.223.240 - - [06/Oct/2025:00:27:52 -0400] "GET /main/ HTTP/1.1" 404 9737 "-" "Mozilla/5.0 (Windows NT 10.0; Win64; x64) AppleWebKit/537.36 (KHTML, like Gecko) Chrome/91.0.4472.124 Safari/537.36"
152.42.223.240 - - [06/Oct/2025:00:27:57 -0400] "GET /pms/ HTTP/1.1" 404 9738 "-" "Mozilla/5.0 (Windows NT 10.0; Win64; x64) AppleWebKit/537.36 (KHTML, like Gecko) Chrome/91.0.4472.124 Safari/537.36"
152.42.223.240 - - [06/Oct/2025:00:28:08 -0400] "GET /admin/uploads/ HTTP/1.1" 404 9738 "-" "Mozilla/5.0 (Windows NT 10.0; Win64; x64) AppleWebKit/537.36 (KHTML, like Gecko) Chrome/91.0.4472.124 Safari/537.36"
195.135.192.148 - - [06/Oct/2025:00:28:08 -0400] "GET /infinte-grid-with-zoom/ HTTP/1.1" 200 14863 "-" "Mozilla/5.0 (iPhone; CPU iPhone OS 11_0 like Mac OS X) AppleWebKit/537.36 (KHTML, like Gecko) Chrome/56.0.1223.1349 Mobile Safari/537.36"
66.249.73.10 - - [06/Oct/2025:00:28:12 -0400] "GET /products14906898?kg=0014725188 HTTP/1.1" 200 29381 "-" "Mozilla/5.0 (Linux; Android 6.0.1; Nexus 5X Build/MMB29P) AppleWebKit/537.36 (KHTML, like Gecko) Chrome/140.0.7339.207 Mobile Safari/537.36 (compatible; Googlebot/2.1; +http://www.google.com/bot.html)"
185.61.153.107 - - [06/Oct/2025:00:28:15 -0400] "POST /wp-cron.php?doing_wp_cron=1759724895.4069271087646484375000 HTTP/1.1" 200 0 "-" "WordPress/6.8.3; https://salhab360photos.com"
152.42.223.240 - - [06/Oct/2025:00:28:14 -0400] "GET /admin/upload/ HTTP/1.1" 404 9739 "-" "Mozilla/5.0 (Windows NT 10.0; Win64; x64) AppleWebKit/537.36 (KHTML, like Gecko) Chrome/91.0.4472.124 Safari/537.36"
66.249.73.10 - - [06/Oct/2025:00:28:18 -0400] "GET /products4735714?kg=0004678044 HTTP/1.1" 200 28981 "-" "Mozilla/5.0 (Linux; Android 6.0.1; Nexus 5X Build/MMB29P) AppleWebKit/537.36 (KHTML, like Gecko) Chrome/140.0.7339.207 Mobile Safari/537.36 (compatible; Googlebot/2.1; +http://www.google.com/bot.html)"
152.42.223.240 - - [06/Oct/2025:00:28:24 -0400] "GET /log-mama/ HTTP/1.1" 404 9739 "-" "Mozilla/5.0 (Windows NT 10.0; Win64; x64) AppleWebKit/537.36 (KHTML, like Gecko) Chrome/91.0.4472.124 Safari/537.36"
66.249.73.10 - - [06/Oct/2025:00:28:29 -0400] "GET /products14906612?kg=0014724907 HTTP/1.1" 200 29418 "-" "Mozilla/5.0 (Linux; Android 6.0.1; Nexus 5X Build/MMB29P) AppleWebKit/537.36 (KHTML, like Gecko) Chrome/140.0.7339.207 Mobile Safari/537.36 (compatible; Googlebot/2.1; +http://www.google.com/bot.html)"
152.42.223.240 - - [06/Oct/2025:00:28:30 -0400] "GET /ALFA_DATA/ HTTP/1.1" 404 9739 "-" "Mozilla/5.0 (Windows NT 10.0; Win64; x64) AppleWebKit/537.36 (KHTML, like Gecko) Chrome/91.0.4472.124 Safari/537.36"
152.42.223.240 - - [06/Oct/2025:00:28:36 -0400] "GET /assets/ HTTP/1.1" 404 9739 "-" "Mozilla/5.0 (Windows NT 10.0; Win64; x64) AppleWebKit/537.36 (KHTML, like Gecko) Chrome/91.0.4472.124 Safari/537.36"
66.249.73.10 - - [06/Oct/2025:00:28:25 -0400] "GET /products4735824?kg=0004678153 HTTP/1.1" 200 29033 "-" "Mozilla/5.0 (Linux; Android 6.0.1; Nexus 5X Build/MMB29P) AppleWebKit/537.36 (KHTML, like Gecko) Chrome/140.0.7339.207 Mobile Safari/537.36 (compatible; Googlebot/2.1; +http://www.google.com/bot.html)"
152.42.223.240 - - [06/Oct/2025:00:28:29 -0400] "GET /.well-known/ HTTP/1.1" 200 618 "-" "Mozilla/5.0 (Windows NT 10.0; Win64; x64) AppleWebKit/537.36 (KHTML, like Gecko) Chrome/91.0.4472.124 Safari/537.36"
152.42.223.240 - - [06/Oct/2025:00:28:43 -0400] "GET /modules/ HTTP/1.1" 404 9739 "-" "Mozilla/5.0 (Windows NT 10.0; Win64; x64) AppleWebKit/537.36 (KHTML, like Gecko) Chrome/91.0.4472.124 Safari/537.36"
152.42.223.240 - - [06/Oct/2025:00:28:50 -0400] "GET /admin/fckeditor/ HTTP/1.1" 404 9739 "-" "Mozilla/5.0 (Windows NT 10.0; Win64; x64) AppleWebKit/537.36 (KHTML, like Gecko) Chrome/91.0.4472.124 Safari/537.36"
66.249.73.10 - - [06/Oct/2025:00:28:59 -0400] "GET /products4736206?kg=0004678530 HTTP/1.1" 200 29074 "-" "Mozilla/5.0 (Linux; Android 6.0.1; Nexus 5X Build/MMB29P) AppleWebKit/537.36 (KHTML, like Gecko) Chrome/140.0.7339.207 Mobile Safari/537.36 (compatible; Googlebot/2.1; +http://www.google.com/bot.html)"
152.42.223.240 - - [06/Oct/2025:00:29:01 -0400] "GET /wp-admin/ HTTP/1.1" 302 0 "-" "Mozilla/5.0 (Windows NT 10.0; Win64; x64) AppleWebKit/537.36 (KHTML, like Gecko) Chrome/91.0.4472.124 Safari/537.36"
185.61.153.107 - - [06/Oct/2025:00:29:14 -0400] "POST /wp-cron.php?doing_wp_cron=1759724954.3809518814086914062500 HTTP/1.1" 200 0 "-" "WordPress/6.8.3; https://salhab360photos.com"
152.42.223.240 - - [06/Oct/2025:00:29:17 -0400] "GET /invoice/ HTTP/1.1" 404 9741 "-" "Mozilla/5.0 (Windows NT 10.0; Win64; x64) AppleWebKit/537.36 (KHTML, like Gecko) Chrome/91.0.4472.124 Safari/537.36"
152.42.223.240 - - [06/Oct/2025:00:29:30 -0400] "GET /video/ HTTP/1.1" 301 0 "-" "Mozilla/5.0 (Windows NT 10.0; Win64; x64) AppleWebKit/537.36 (KHTML, like Gecko) Chrome/91.0.4472.124 Safari/537.36"
152.42.223.240 - - [06/Oct/2025:00:29:35 -0400] "GET /portfolio/video-and-audio-password-protected/ HTTP/1.1" 200 15283 "-" "Mozilla/5.0 (Windows NT 10.0; Win64; x64) AppleWebKit/537.36 (KHTML, like Gecko) Chrome/91.0.4472.124 Safari/537.36"
152.42.223.240 - - [06/Oct/2025:00:29:52 -0400] "GET /php/ HTTP/1.1" 404 9740 "-" "Mozilla/5.0 (Windows NT 10.0; Win64; x64) AppleWebKit/537.36 (KHTML, like Gecko) Chrome/91.0.4472.124 Safari/537.36"
66.249.73.10 - - [06/Oct/2025:00:29:59 -0400] "GET /products5163408?kg=0005100521 HTTP/1.1" 200 29149 "-" "Mozilla/5.0 (Linux; Android 6.0.1; Nexus 5X Build/MMB29P) AppleWebKit/537.36 (KHTML, like Gecko) Chrome/140.0.7339.207 Mobile Safari/537.36 (compatible; Googlebot/2.1; +http://www.google.com/bot.html)"
152.42.223.240 - - [06/Oct/2025:00:29:58 -0400] "GET /assets2/ HTTP/1.1" 404 9735 "-" "Mozilla/5.0 (Windows NT 10.0; Win64; x64) AppleWebKit/537.36 (KHTML, like Gecko) Chrome/91.0.4472.124 Safari/537.36"
152.42.223.240 - - [06/Oct/2025:00:30:08 -0400] "GET /nc_assets/ HTTP/1.1" 404 9738 "-" "Mozilla/5.0 (Windows NT 10.0; Win64; x64) AppleWebKit/537.36 (KHTML, like Gecko) Chrome/91.0.4472.124 Safari/537.36"
152.42.223.240 - - [06/Oct/2025:00:30:15 -0400] "GET /news/ HTTP/1.1" 404 9738 "-" "Mozilla/5.0 (Windows NT 10.0; Win64; x64) AppleWebKit/537.36 (KHTML, like Gecko) Chrome/91.0.4472.124 Safari/537.36"
152.42.223.240 - - [06/Oct/2025:00:30:21 -0400] "GET /perangkat/ HTTP/1.1" 404 9728 "-" "Mozilla/5.0 (Windows NT 10.0; Win64; x64) AppleWebKit/537.36 (KHTML, like Gecko) Chrome/91.0.4472.124 Safari/537.36"
152.42.223.240 - - [06/Oct/2025:00:30:27 -0400] "GET /alumni/ HTTP/1.1" 404 9738 "-" "Mozilla/5.0 (Windows NT 10.0; Win64; x64) AppleWebKit/537.36 (KHTML, like Gecko) Chrome/91.0.4472.124 Safari/537.36"
152.42.223.240 - - [06/Oct/2025:00:30:33 -0400] "GET /aps/ HTTP/1.1" 404 9739 "-" "Mozilla/5.0 (Windows NT 10.0; Win64; x64) AppleWebKit/537.36 (KHTML, like Gecko) Chrome/91.0.4472.124 Safari/537.36"
18.130.210.168 - - [06/Oct/2025:00:28:44 -0400] "GET /index.html HTTP/1.1" 200 1404 "-" "Mozilla/5.0 (Windows NT 10.0; Win64; x64) AppleWebKit/537.36 (KHTML, like Gecko) Chrome/132.0.0.0 Safari/537.36 Edg/132.0.0.0"
46.101.70.221 - - [06/Oct/2025:00:28:44 -0400] "GET /index.html HTTP/1.1" 200 1404 "-" "Mozilla/5.0 (Windows NT 10.0; Win64; x64) AppleWebKit/537.36 (KHTML, like Gecko) Chrome/132.0.0.0 Safari/537.36 Edg/132.0.0.0"
164.90.241.135 - - [06/Oct/2025:00:28:44 -0400] "GET /index.html HTTP/1.1" 200 1404 "-" "Mozilla/5.0 (Windows NT 10.0; Win64; x64) AppleWebKit/537.36 (KHTML, like Gecko) Chrome/132.0.0.0 Safari/537.36 Edg/132.0.0.0"
174.138.112.39 - - [06/Oct/2025:00:28:45 -0400] "GET /index.html HTTP/1.1" 200 1404 "-" "Mozilla/5.0 (Windows NT 10.0; Win64; x64) AppleWebKit/537.36 (KHTML, like Gecko) Chrome/132.0.0.0 Safari/537.36 Edg/132.0.0.0"
66.249.73.10 - - [06/Oct/2025:00:28:48 -0400] "GET /products14910256?kg=0014728505 HTTP/1.1" 200 30998 "-" "Mozilla/5.0 (Linux; Android 6.0.1; Nexus 5X Build/MMB29P) AppleWebKit/537.36 (KHTML, like Gecko) Chrome/140.0.7339.207 Mobile Safari/537.36 (compatible; Googlebot/2.1; +http://www.google.com/bot.html)"
152.42.223.240 - - [06/Oct/2025:00:28:56 -0400] "GET /admin/ HTTP/1.1" 302 0 "-" "Mozilla/5.0 (Windows NT 10.0; Win64; x64) AppleWebKit/537.36 (KHTML, like Gecko) Chrome/91.0.4472.124 Safari/537.36"
152.42.223.240 - - [06/Oct/2025:00:29:04 -0400] "GET /wp-login.php?redirect_to=https%3A%2F%2Fsalhab360photos.com%2Fwp-admin%2F&reauth=1 HTTP/1.1" 200 2095 "-" "Mozilla/5.0 (Windows NT 10.0; Win64; x64) AppleWebKit/537.36 (KHTML, like Gecko) Chrome/91.0.4472.124 Safari/537.36"
152.42.223.240 - - [06/Oct/2025:00:29:09 -0400] "GET /optimized/ HTTP/1.1" 404 9739 "-" "Mozilla/5.0 (Windows NT 10.0; Win64; x64) AppleWebKit/537.36 (KHTML, like Gecko) Chrome/91.0.4472.124 Safari/537.36"
152.42.223.240 - - [06/Oct/2025:00:29:22 -0400] "GET /prive/ HTTP/1.1" 404 9738 "-" "Mozilla/5.0 (Windows NT 10.0; Win64; x64) AppleWebKit/537.36 (KHTML, like Gecko) Chrome/91.0.4472.124 Safari/537.36"
66.249.73.10 - - [06/Oct/2025:00:29:34 -0400] "GET /products5164478?kg=0005101578 HTTP/1.1" 200 29223 "-" "Mozilla/5.0 (Linux; Android 6.0.1; Nexus 5X Build/MMB29P) AppleWebKit/537.36 (KHTML, like Gecko) Chrome/140.0.7339.207 Mobile Safari/537.36 (compatible; Googlebot/2.1; +http://www.google.com/bot.html)"
152.42.223.240 - - [06/Oct/2025:00:29:43 -0400] "GET /private/ HTTP/1.1" 404 9740 "-" "Mozilla/5.0 (Windows NT 10.0; Win64; x64) AppleWebKit/537.36 (KHTML, like Gecko) Chrome/91.0.4472.124 Safari/537.36"
152.42.223.240 - - [06/Oct/2025:00:29:48 -0400] "GET /admin/images/ HTTP/1.1" 301 0 "-" "Mozilla/5.0 (Windows NT 10.0; Win64; x64) AppleWebKit/537.36 (KHTML, like Gecko) Chrome/91.0.4472.124 Safari/537.36"
152.42.223.240 - - [06/Oct/2025:00:29:50 -0400] "GET /images/ HTTP/1.1" 200 673 "-" "Mozilla/5.0 (Windows NT 10.0; Win64; x64) AppleWebKit/537.36 (KHTML, like Gecko) Chrome/91.0.4472.124 Safari/537.36"
185.61.153.107 - - [06/Oct/2025:00:30:18 -0400] "POST /wp-cron.php?doing_wp_cron=1759725018.6751410961151123046875 HTTP/1.1" 200 0 "-" "WordPress/6.8.3; https://salhab360photos.com"
66.249.73.10 - - [06/Oct/2025:00:30:26 -0400] "GET /products5163048?kg=0005100165 HTTP/1.1" 200 29123 "-" "Mozilla/5.0 (Linux; Android 6.0.1; Nexus 5X Build/MMB29P) AppleWebKit/537.36 (KHTML, like Gecko) Chrome/140.0.7339.207 Mobile Safari/537.36 (compatible; Googlebot/2.1; +http://www.google.com/bot.html)"
152.42.223.240 - - [06/Oct/2025:00:30:51 -0400] "GET /public/ HTTP/1.1" 404 9739 "-" "Mozilla/5.0 (Windows NT 10.0; Win64; x64) AppleWebKit/537.36 (KHTML, like Gecko) Chrome/91.0.4472.124 Safari/537.36"
152.42.223.240 - - [06/Oct/2025:00:30:56 -0400] "GET /asset/ HTTP/1.1" 404 9737 "-" "Mozilla/5.0 (Windows NT 10.0; Win64; x64) AppleWebKit/537.36 (KHTML, like Gecko) Chrome/91.0.4472.124 Safari/537.36"
152.42.223.240 - - [06/Oct/2025:00:31:04 -0400] "GET /pdf/ HTTP/1.1" 200 11114 "-" "Mozilla/5.0 (Windows NT 10.0; Win64; x64) AppleWebKit/537.36 (KHTML, like Gecko) Chrome/91.0.4472.124 Safari/537.36"
152.42.223.240 - - [06/Oct/2025:00:30:39 -0400] "GET /perpustakaan/ HTTP/1.1" 404 9736 "-" "Mozilla/5.0 (Windows NT 10.0; Win64; x64) AppleWebKit/537.36 (KHTML, like Gecko) Chrome/91.0.4472.124 Safari/537.36"
152.42.223.240 - - [06/Oct/2025:00:30:45 -0400] "GET /debian/ HTTP/1.1" 404 9739 "-" "Mozilla/5.0 (Windows NT 10.0; Win64; x64) AppleWebKit/537.36 (KHTML, like Gecko) Chrome/91.0.4472.124 Safari/537.36"
185.61.153.107 - - [06/Oct/2025:00:31:18 -0400] "POST /wp-cron.php?doing_wp_cron=1759725078.6744599342346191406250 HTTP/1.1" 200 0 "-" "WordPress/6.8.3; https://salhab360photos.com"
152.42.223.240 - - [06/Oct/2025:00:31:21 -0400] "GET /brosur/ HTTP/1.1" 404 9738 "-" "Mozilla/5.0 (Windows NT 10.0; Win64; x64) AppleWebKit/537.36 (KHTML, like Gecko) Chrome/91.0.4472.124 Safari/537.36"
94.23.188.202 - - [06/Oct/2025:00:31:31 -0400] "GET /products110142892?kg=0108799767 HTTP/1.1" 404 9738 "-" "Mozilla/5.0 (compatible; AhrefsBot/7.0; +http://ahrefs.com/robot/)"
66.249.73.10 - - [06/Oct/2025:00:31:35 -0400] "GET /products15074584?kg=0014890829 HTTP/1.1" 200 29153 "-" "Mozilla/5.0 (Linux; Android 6.0.1; Nexus 5X Build/MMB29P) AppleWebKit/537.36 (KHTML, like Gecko) Chrome/140.0.7339.207 Mobile Safari/537.36 (compatible; Googlebot/2.1; +http://www.google.com/bot.html)"
152.42.223.240 - - [06/Oct/2025:00:31:36 -0400] "GET /journals/ HTTP/1.1" 404 9738 "-" "Mozilla/5.0 (Windows NT 10.0; Win64; x64) AppleWebKit/537.36 (KHTML, like Gecko) Chrome/91.0.4472.124 Safari/537.36"
185.61.153.107 - - [06/Oct/2025:00:32:16 -0400] "POST /wp-cron.php?doing_wp_cron=1759725135.9716179370880126953125 HTTP/1.1" 200 0 "-" "WordPress/6.8.3; https://salhab360photos.com"
216.73.216.221 - - [06/Oct/2025:00:32:27 -0400] "GET /products83813052?kg=0082791023 HTTP/1.1" 404 9739 "-" "Mozilla/5.0 AppleWebKit/537.36 (KHTML, like Gecko; compatible; ClaudeBot/1.0; +claudebot@anthropic.com)"
152.42.223.240 - - [06/Oct/2025:00:32:28 -0400] "GET /documenter/ HTTP/1.1" 404 9739 "-" "Mozilla/5.0 (Windows NT 10.0; Win64; x64) AppleWebKit/537.36 (KHTML, like Gecko) Chrome/91.0.4472.124 Safari/537.36"
66.249.73.10 - - [06/Oct/2025:00:32:34 -0400] "GET /products5166324?kg=0005103403 HTTP/1.1" 200 30524 "-" "Mozilla/5.0 (Linux; Android 6.0.1; Nexus 5X Build/MMB29P) AppleWebKit/537.36 (KHTML, like Gecko) Chrome/140.0.7339.207 Mobile Safari/537.36 (compatible; Googlebot/2.1; +http://www.google.com/bot.html)"
66.249.73.12 - - [06/Oct/2025:00:32:36 -0400] "GET /products5164114?kg=0005101220 HTTP/1.1" 200 29139 "-" "Mozilla/5.0 (Linux; Android 6.0.1; Nexus 5X Build/MMB29P) AppleWebKit/537.36 (KHTML, like Gecko) Chrome/140.0.7339.207 Mobile Safari/537.36 (compatible; Googlebot/2.1; +http://www.google.com/bot.html)"
216.73.216.221 - - [06/Oct/2025:00:32:33 -0400] "GET /products83782106?kg=0082760456 HTTP/1.1" 404 9738 "-" "Mozilla/5.0 AppleWebKit/537.36 (KHTML, like Gecko; compatible; ClaudeBot/1.0; +claudebot@anthropic.com)"
152.42.223.240 - - [06/Oct/2025:00:32:36 -0400] "GET /jurnal/ HTTP/1.1" 404 9738 "-" "Mozilla/5.0 (Windows NT 10.0; Win64; x64) AppleWebKit/537.36 (KHTML, like Gecko) Chrome/91.0.4472.124 Safari/537.36"
152.42.223.240 - - [06/Oct/2025:00:32:46 -0400] "GET /jurnal/ HTTP/1.1" 404 9738 "-" "Mozilla/5.0 (Windows NT 10.0; Win64; x64) AppleWebKit/537.36 (KHTML, like Gecko) Chrome/91.0.4472.124 Safari/537.36"
216.73.216.221 - - [06/Oct/2025:00:32:53 -0400] "GET /products83779068?kg=0082757455 HTTP/1.1" 404 9796 "-" "Mozilla/5.0 AppleWebKit/537.36 (KHTML, like Gecko; compatible; ClaudeBot/1.0; +claudebot@anthropic.com)"
152.42.223.240 - - [06/Oct/2025:00:32:58 -0400] "GET /csbank/ HTTP/1.1" 404 9738 "-" "Mozilla/5.0 (Windows NT 10.0; Win64; x64) AppleWebKit/537.36 (KHTML, like Gecko) Chrome/91.0.4472.124 Safari/537.36"
152.42.223.240 - - [06/Oct/2025:00:33:04 -0400] "GET /Moderna/ HTTP/1.1" 404 9730 "-" "Mozilla/5.0 (Windows NT 10.0; Win64; x64) AppleWebKit/537.36 (KHTML, like Gecko) Chrome/91.0.4472.124 Safari/537.36"
152.42.223.240 - - [06/Oct/2025:00:31:09 -0400] "GET /ovisuper/ HTTP/1.1" 404 9730 "-" "Mozilla/5.0 (Windows NT 10.0; Win64; x64) AppleWebKit/537.36 (KHTML, like Gecko) Chrome/91.0.4472.124 Safari/537.36"
152.42.223.240 - - [06/Oct/2025:00:31:14 -0400] "GET /opensid/ HTTP/1.1" 404 9738 "-" "Mozilla/5.0 (Windows NT 10.0; Win64; x64) AppleWebKit/537.36 (KHTML, like Gecko) Chrome/91.0.4472.124 Safari/537.36"
152.42.223.240 - - [06/Oct/2025:00:31:30 -0400] "GET /laporan/ HTTP/1.1" 404 9738 "-" "Mozilla/5.0 (Windows NT 10.0; Win64; x64) AppleWebKit/537.36 (KHTML, like Gecko) Chrome/91.0.4472.124 Safari/537.36"
66.249.73.11 - - [06/Oct/2025:00:31:35 -0400] "GET /products5165012?kg=0005102107 HTTP/1.1" 200 29165 "-" "Mozilla/5.0 (Linux; Android 6.0.1; Nexus 5X Build/MMB29P) AppleWebKit/537.36 (KHTML, like Gecko) Chrome/140.0.7339.207 Mobile Safari/537.36 (compatible; Googlebot/2.1; +http://www.google.com/bot.html)"
152.42.223.240 - - [06/Oct/2025:00:31:42 -0400] "GET /journal/ HTTP/1.1" 404 9730 "-" "Mozilla/5.0 (Windows NT 10.0; Win64; x64) AppleWebKit/537.36 (KHTML, like Gecko) Chrome/91.0.4472.124 Safari/537.36"
152.42.223.240 - - [06/Oct/2025:00:31:50 -0400] "GET /pengumuman/ HTTP/1.1" 404 9739 "-" "Mozilla/5.0 (Windows NT 10.0; Win64; x64) AppleWebKit/537.36 (KHTML, like Gecko) Chrome/91.0.4472.124 Safari/537.36"
152.42.223.240 - - [06/Oct/2025:00:31:54 -0400] "GET /perdata/ HTTP/1.1" 404 9739 "-" "Mozilla/5.0 (Windows NT 10.0; Win64; x64) AppleWebKit/537.36 (KHTML, like Gecko) Chrome/91.0.4472.124 Safari/537.36"
152.42.223.240 - - [06/Oct/2025:00:32:04 -0400] "GET /module/ HTTP/1.1" 404 9738 "-" "Mozilla/5.0 (Windows NT 10.0; Win64; x64) AppleWebKit/537.36 (KHTML, like Gecko) Chrome/91.0.4472.124 Safari/537.36"
216.73.216.221 - - [06/Oct/2025:00:32:12 -0400] "GET /robots.txt HTTP/1.1" 200 84 "-" "Mozilla/5.0 AppleWebKit/537.36 (KHTML, like Gecko; compatible; ClaudeBot/1.0; +claudebot@anthropic.com)"
152.42.223.240 - - [06/Oct/2025:00:32:10 -0400] "GET /home/ HTTP/1.1" 301 0 "-" "Mozilla/5.0 (Windows NT 10.0; Win64; x64) AppleWebKit/537.36 (KHTML, like Gecko) Chrome/91.0.4472.124 Safari/537.36"
152.42.223.240 - - [06/Oct/2025:00:32:16 -0400] "GET / HTTP/1.1" 200 1164 "-" "Mozilla/5.0 (Windows NT 10.0; Win64; x64) AppleWebKit/537.36 (KHTML, like Gecko) Chrome/91.0.4472.124 Safari/537.36"
216.73.216.221 - - [06/Oct/2025:00:32:12 -0400] "GET /products83841064?kg=0082818693 HTTP/1.1" 404 9739 "-" "Mozilla/5.0 AppleWebKit/537.36 (KHTML, like Gecko; compatible; ClaudeBot/1.0; +claudebot@anthropic.com)"
152.42.223.240 - - [06/Oct/2025:00:32:18 -0400] "GET /jdih/ HTTP/1.1" 404 9738 "-" "Mozilla/5.0 (Windows NT 10.0; Win64; x64) AppleWebKit/537.36 (KHTML, like Gecko) Chrome/91.0.4472.124 Safari/537.36"
216.73.216.221 - - [06/Oct/2025:00:32:21 -0400] "GET /products83818560?kg=0082796465 HTTP/1.1" 404 9738 "-" "Mozilla/5.0 AppleWebKit/537.36 (KHTML, like Gecko; compatible; ClaudeBot/1.0; +claudebot@anthropic.com)"
216.73.216.221 - - [06/Oct/2025:00:32:39 -0400] "GET /products83781364?kg=0082759723 HTTP/1.1" 404 9739 "-" "Mozilla/5.0 AppleWebKit/537.36 (KHTML, like Gecko; compatible; ClaudeBot/1.0; +claudebot@anthropic.com)"
216.73.216.221 - - [06/Oct/2025:00:32:43 -0400] "GET /products83801494?kg=0082779606 HTTP/1.1" 404 9737 "-" "Mozilla/5.0 AppleWebKit/537.36 (KHTML, like Gecko; compatible; ClaudeBot/1.0; +claudebot@anthropic.com)"
216.73.216.221 - - [06/Oct/2025:00:32:49 -0400] "GET /products83835934?kg=0082813626 HTTP/1.1" 404 9739 "-" "Mozilla/5.0 AppleWebKit/537.36 (KHTML, like Gecko; compatible; ClaudeBot/1.0; +claudebot@anthropic.com)"
152.42.223.240 - - [06/Oct/2025:00:32:52 -0400] "GET /crm/ HTTP/1.1" 404 9738 "-" "Mozilla/5.0 (Windows NT 10.0; Win64; x64) AppleWebKit/537.36 (KHTML, like Gecko) Chrome/91.0.4472.124 Safari/537.36"
185.61.153.107 - - [06/Oct/2025:00:33:17 -0400] "POST /wp-cron.php?doing_wp_cron=1759725197.2759780883789062500000 HTTP/1.1" 200 0 "-" "WordPress/6.8.3; https://salhab360photos.com"
152.42.223.240 - - [06/Oct/2025:00:33:08 -0400] "GET /curso-styde/ HTTP/1.1" 404 9730 "-" "Mozilla/5.0 (Windows NT 10.0; Win64; x64) AppleWebKit/537.36 (KHTML, like Gecko) Chrome/91.0.4472.124 Safari/537.36"
152.42.223.240 - - [06/Oct/2025:00:33:14 -0400] "GET /ctevt/ HTTP/1.1" 404 9739 "-" "Mozilla/5.0 (Windows NT 10.0; Win64; x64) AppleWebKit/537.36 (KHTML, like Gecko) Chrome/91.0.4472.124 Safari/537.36"
152.42.223.240 - - [06/Oct/2025:00:33:19 -0400] "GET /cronlab/ HTTP/1.1" 404 9738 "-" "Mozilla/5.0 (Windows NT 10.0; Win64; x64) AppleWebKit/537.36 (KHTML, like Gecko) Chrome/91.0.4472.124 Safari/537.36"
152.42.223.240 - - [06/Oct/2025:00:33:26 -0400] "GET /core/ HTTP/1.1" 404 9738 "-" "Mozilla/5.0 (Windows NT 10.0; Win64; x64) AppleWebKit/537.36 (KHTML, like Gecko) Chrome/91.0.4472.124 Safari/537.36"
152.42.223.240 - - [06/Oct/2025:00:33:37 -0400] "GET /content-upload/ HTTP/1.1" 404 9739 "-" "Mozilla/5.0 (Windows NT 10.0; Win64; x64) AppleWebKit/537.36 (KHTML, like Gecko) Chrome/91.0.4472.124 Safari/537.36"
