66.249.73.12 - - [06/Oct/2025:00:33:52 -0400] "GET /?products6047090?kg=0005973428 HTTP/1.1" 200 1164 "-" "Mozilla/5.0 (Linux; Android 6.0.1; Nexus 5X Build/MMB29P) AppleWebKit/537.36 (KHTML, like Gecko) Chrome/140.0.7339.207 Mobile Safari/537.36 (compatible; GoogleOther)"
152.42.223.240 - - [06/Oct/2025:00:33:52 -0400] "GET /bootstrap/ HTTP/1.1" 404 9739 "-" "Mozilla/5.0 (Windows NT 10.0; Win64; x64) AppleWebKit/537.36 (KHTML, like Gecko) Chrome/91.0.4472.124 Safari/537.36"
66.249.73.10 - - [06/Oct/2025:00:34:10 -0400] "GET /products5162716?kg=0005099839 HTTP/1.1" 200 29136 "-" "Mozilla/5.0 (Linux; Android 6.0.1; Nexus 5X Build/MMB29P) AppleWebKit/537.36 (KHTML, like Gecko) Chrome/140.0.7339.207 Mobile Safari/537.36 (compatible; Googlebot/2.1; +http://www.google.com/bot.html)"
152.42.223.240 - - [06/Oct/2025:00:34:17 -0400] "GET /resources/ HTTP/1.1" 404 9739 "-" "Mozilla/5.0 (Windows NT 10.0; Win64; x64) AppleWebKit/537.36 (KHTML, like Gecko) Chrome/91.0.4472.124 Safari/537.36"
152.42.223.240 - - [06/Oct/2025:00:34:23 -0400] "GET /highslide/ HTTP/1.1" 404 9730 "-" "Mozilla/5.0 (Windows NT 10.0; Win64; x64) AppleWebKit/537.36 (KHTML, like Gecko) Chrome/91.0.4472.124 Safari/537.36"
152.42.223.240 - - [06/Oct/2025:00:34:28 -0400] "GET /storage/ HTTP/1.1" 404 9739 "-" "Mozilla/5.0 (Windows NT 10.0; Win64; x64) AppleWebKit/537.36 (KHTML, like Gecko) Chrome/91.0.4472.124 Safari/537.36"
216.73.216.221 - - [06/Oct/2025:00:34:39 -0400] "GET /products83828432?kg=0082806217 HTTP/1.1" 404 9739 "-" "Mozilla/5.0 AppleWebKit/537.36 (KHTML, like Gecko; compatible; ClaudeBot/1.0; +claudebot@anthropic.com)"
152.42.223.240 - - [06/Oct/2025:00:34:39 -0400] "GET /themes/ HTTP/1.1" 404 9739 "-" "Mozilla/5.0 (Windows NT 10.0; Win64; x64) AppleWebKit/537.36 (KHTML, like Gecko) Chrome/91.0.4472.124 Safari/537.36"
152.42.223.240 - - [06/Oct/2025:00:34:45 -0400] "GET /fckimage/ HTTP/1.1" 404 9740 "-" "Mozilla/5.0 (Windows NT 10.0; Win64; x64) AppleWebKit/537.36 (KHTML, like Gecko) Chrome/91.0.4472.124 Safari/537.36"
216.73.216.221 - - [06/Oct/2025:00:34:45 -0400] "GET /products83788420?kg=0082766691 HTTP/1.1" 404 9737 "-" "Mozilla/5.0 AppleWebKit/537.36 (KHTML, like Gecko; compatible; ClaudeBot/1.0; +claudebot@anthropic.com)"
66.249.73.10 - - [06/Oct/2025:00:35:00 -0400] "GET /products5164196?kg=0005101299 HTTP/1.1" 200 29222 "-" "Mozilla/5.0 (Linux; Android 6.0.1; Nexus 5X Build/MMB29P) AppleWebKit/537.36 (KHTML, like Gecko) Chrome/140.0.7339.207 Mobile Safari/537.36 (compatible; Googlebot/2.1; +http://www.google.com/bot.html)"
152.42.223.240 - - [06/Oct/2025:00:34:57 -0400] "GET /ocs/ HTTP/1.1" 404 9737 "-" "Mozilla/5.0 (Windows NT 10.0; Win64; x64) AppleWebKit/537.36 (KHTML, like Gecko) Chrome/91.0.4472.124 Safari/537.36"
216.73.216.221 - - [06/Oct/2025:00:34:57 -0400] "GET /products236445610?kg=0233562208 HTTP/1.1" 404 9738 "-" "Mozilla/5.0 AppleWebKit/537.36 (KHTML, like Gecko; compatible; ClaudeBot/1.0; +claudebot@anthropic.com)"
152.42.223.240 - - [06/Oct/2025:00:33:43 -0400] "GET /app/ HTTP/1.1" 404 9737 "-" "Mozilla/5.0 (Windows NT 10.0; Win64; x64) AppleWebKit/537.36 (KHTML, like Gecko) Chrome/91.0.4472.124 Safari/537.36"
152.42.223.240 - - [06/Oct/2025:00:33:48 -0400] "GET /mydoc/ HTTP/1.1" 404 9737 "-" "Mozilla/5.0 (Windows NT 10.0; Win64; x64) AppleWebKit/537.36 (KHTML, like Gecko) Chrome/91.0.4472.124 Safari/537.36"
152.42.223.240 - - [06/Oct/2025:00:33:59 -0400] "GET /foto_galeri/ HTTP/1.1" 404 9738 "-" "Mozilla/5.0 (Windows NT 10.0; Win64; x64) AppleWebKit/537.36 (KHTML, like Gecko) Chrome/91.0.4472.124 Safari/537.36"
152.42.223.240 - - [06/Oct/2025:00:34:06 -0400] "GET /ckfinder/ HTTP/1.1" 404 9737 "-" "Mozilla/5.0 (Windows NT 10.0; Win64; x64) AppleWebKit/537.36 (KHTML, like Gecko) Chrome/91.0.4472.124 Safari/537.36"
185.61.153.107 - - [06/Oct/2025:00:34:15 -0400] "POST /wp-cron.php?doing_wp_cron=1759725255.7808461189270019531250 HTTP/1.1" 200 0 "-" "WordPress/6.8.3; https://salhab360photos.com"
152.42.223.240 - - [06/Oct/2025:00:34:14 -0400] "GET /ckeditor/ HTTP/1.1" 404 9740 "-" "Mozilla/5.0 (Windows NT 10.0; Win64; x64) AppleWebKit/537.36 (KHTML, like Gecko) Chrome/91.0.4472.124 Safari/537.36"
66.249.73.11 - - [06/Oct/2025:00:34:27 -0400] "GET /products5166086?kg=0005103166 HTTP/1.1" 200 28877 "-" "Mozilla/5.0 (Linux; Android 6.0.1; Nexus 5X Build/MMB29P) AppleWebKit/537.36 (KHTML, like Gecko) Chrome/140.0.7339.207 Mobile Safari/537.36 (compatible; Googlebot/2.1; +http://www.google.com/bot.html)"
216.73.216.221 - - [06/Oct/2025:00:34:28 -0400] "GET /products83787354?kg=0082765640 HTTP/1.1" 404 9739 "-" "Mozilla/5.0 AppleWebKit/537.36 (KHTML, like Gecko; compatible; ClaudeBot/1.0; +claudebot@anthropic.com)"
152.42.223.240 - - [06/Oct/2025:00:34:33 -0400] "GET /routes/ HTTP/1.1" 404 9739 "-" "Mozilla/5.0 (Windows NT 10.0; Win64; x64) AppleWebKit/537.36 (KHTML, like Gecko) Chrome/91.0.4472.124 Safari/537.36"
216.73.216.221 - - [06/Oct/2025:00:34:33 -0400] "GET /products83814200?kg=0082792157 HTTP/1.1" 404 9738 "-" "Mozilla/5.0 AppleWebKit/537.36 (KHTML, like Gecko; compatible; ClaudeBot/1.0; +claudebot@anthropic.com)"
66.249.73.10 - - [06/Oct/2025:00:34:49 -0400] "GET /products5164902?kg=0005101998 HTTP/1.1" 200 29059 "-" "Mozilla/5.0 (Linux; Android 6.0.1; Nexus 5X Build/MMB29P) AppleWebKit/537.36 (KHTML, like Gecko) Chrome/140.0.7339.207 Mobile Safari/537.36 (compatible; Googlebot/2.1; +http://www.google.com/bot.html)"
152.42.223.240 - - [06/Oct/2025:00:34:52 -0400] "GET /cdn-cgi/ HTTP/1.1" 404 9739 "-" "Mozilla/5.0 (Windows NT 10.0; Win64; x64) AppleWebKit/537.36 (KHTML, like Gecko) Chrome/91.0.4472.124 Safari/537.36"
216.73.216.221 - - [06/Oct/2025:00:34:55 -0400] "GET /products236440162?kg=0233556828 HTTP/1.1" 404 9739 "-" "Mozilla/5.0 AppleWebKit/537.36 (KHTML, like Gecko; compatible; ClaudeBot/1.0; +claudebot@anthropic.com)"
66.249.73.10 - - [06/Oct/2025:00:35:26 -0400] "GET /products5163590?kg=0005100702 HTTP/1.1" 200 30047 "-" "Mozilla/5.0 (Linux; Android 6.0.1; Nexus 5X Build/MMB29P) AppleWebKit/537.36 (KHTML, like Gecko) Chrome/140.0.7339.207 Mobile Safari/537.36 (compatible; Googlebot/2.1; +http://www.google.com/bot.html)"
152.42.223.240 - - [06/Oct/2025:00:35:27 -0400] "GET /views/ HTTP/1.1" 404 9738 "-" "Mozilla/5.0 (Windows NT 10.0; Win64; x64) AppleWebKit/537.36 (KHTML, like Gecko) Chrome/91.0.4472.124 Safari/537.36"
152.42.223.240 - - [06/Oct/2025:00:35:39 -0400] "GET /font/ HTTP/1.1" 404 9728 "-" "Mozilla/5.0 (Windows NT 10.0; Win64; x64) AppleWebKit/537.36 (KHTML, like Gecko) Chrome/91.0.4472.124 Safari/537.36"
152.42.223.240 - - [06/Oct/2025:00:35:45 -0400] "GET /examples/ HTTP/1.1" 404 9736 "-" "Mozilla/5.0 (Windows NT 10.0; Win64; x64) AppleWebKit/537.36 (KHTML, like Gecko) Chrome/91.0.4472.124 Safari/537.36"
206.189.247.132 - - [06/Oct/2025:00:36:01 -0400] "GET /index.html HTTP/1.1" 200 1404 "-" "Mozilla/5.0 (Windows NT 10.0; Win64; x64) AppleWebKit/537.36 (KHTML, like Gecko) Chrome/135.0.0.0 Safari/537.36 OPR/120.0.0.0"
216.73.216.221 - - [06/Oct/2025:00:35:03 -0400] "GET /products236449620?kg=0233566171 HTTP/1.1" 404 9737 "-" "Mozilla/5.0 AppleWebKit/537.36 (KHTML, like Gecko; compatible; ClaudeBot/1.0; +claudebot@anthropic.com)"
152.42.223.240 - - [06/Oct/2025:00:35:05 -0400] "GET /fonts/ HTTP/1.1" 404 9737 "-" "Mozilla/5.0 (Windows NT 10.0; Win64; x64) AppleWebKit/537.36 (KHTML, like Gecko) Chrome/91.0.4472.124 Safari/537.36"
185.61.153.107 - - [06/Oct/2025:00:35:16 -0400] "POST /wp-cron.php?doing_wp_cron=1759725316.3707780838012695312500 HTTP/1.1" 200 0 "-" "WordPress/6.8.3; https://salhab360photos.com"
152.42.223.240 - - [06/Oct/2025:00:35:13 -0400] "GET /read/ HTTP/1.1" 404 9738 "-" "Mozilla/5.0 (Windows NT 10.0; Win64; x64) AppleWebKit/537.36 (KHTML, like Gecko) Chrome/91.0.4472.124 Safari/537.36"
152.42.223.240 - - [06/Oct/2025:00:35:19 -0400] "GET /Guru/ HTTP/1.1" 404 9739 "-" "Mozilla/5.0 (Windows NT 10.0; Win64; x64) AppleWebKit/537.36 (KHTML, like Gecko) Chrome/91.0.4472.124 Safari/537.36"
176.31.139.13 - - [06/Oct/2025:00:35:32 -0400] "GET /products110139858?kg=0108796772 HTTP/1.1" 404 9737 "-" "Mozilla/5.0 (compatible; AhrefsBot/7.0; +http://ahrefs.com/robot/)"
152.42.223.240 - - [06/Oct/2025:00:35:33 -0400] "GET /Murid/ HTTP/1.1" 404 9739 "-" "Mozilla/5.0 (Windows NT 10.0; Win64; x64) AppleWebKit/537.36 (KHTML, like Gecko) Chrome/91.0.4472.124 Safari/537.36"
152.42.223.240 - - [06/Oct/2025:00:35:51 -0400] "GET /Modules/ HTTP/1.1" 404 9737 "-" "Mozilla/5.0 (Windows NT 10.0; Win64; x64) AppleWebKit/537.36 (KHTML, like Gecko) Chrome/91.0.4472.124 Safari/537.36"
66.249.73.10 - - [06/Oct/2025:00:35:59 -0400] "GET /products5165176?kg=0005102269 HTTP/1.1" 200 29036 "-" "Mozilla/5.0 (Linux; Android 6.0.1; Nexus 5X Build/MMB29P) AppleWebKit/537.36 (KHTML, like Gecko) Chrome/140.0.7339.207 Mobile Safari/537.36 (compatible; Googlebot/2.1; +http://www.google.com/bot.html)"
152.42.223.240 - - [06/Oct/2025:00:35:56 -0400] "GET /style/ HTTP/1.1" 404 9737 "-" "Mozilla/5.0 (Windows NT 10.0; Win64; x64) AppleWebKit/537.36 (KHTML, like Gecko) Chrome/91.0.4472.124 Safari/537.36"
18.130.210.168 - - [06/Oct/2025:00:36:01 -0400] "GET /index.html HTTP/1.1" 200 1404 "-" "Mozilla/5.0 (Windows NT 10.0; Win64; x64) AppleWebKit/537.36 (KHTML, like Gecko) Chrome/135.0.0.0 Safari/537.36 OPR/120.0.0.0"
45.133.172.83 - - [06/Oct/2025:00:36:01 -0400] "GET /index.html HTTP/1.1" 200 1404 "-" "Mozilla/5.0 (Windows NT 10.0; Win64; x64) AppleWebKit/537.36 (KHTML, like Gecko) Chrome/135.0.0.0 Safari/537.36 OPR/120.0.0.0"
152.42.223.240 - - [06/Oct/2025:00:36:22 -0400] "GET /media/ HTTP/1.1" 404 9730 "-" "Mozilla/5.0 (Windows NT 10.0; Win64; x64) AppleWebKit/537.36 (KHTML, like Gecko) Chrome/91.0.4472.124 Safari/537.36"
152.42.223.240 - - [06/Oct/2025:00:36:35 -0400] "GET /libraries/ HTTP/1.1" 404 9739 "-" "Mozilla/5.0 (Windows NT 10.0; Win64; x64) AppleWebKit/537.36 (KHTML, like Gecko) Chrome/91.0.4472.124 Safari/537.36"
152.42.223.240 - - [06/Oct/2025:00:36:43 -0400] "GET /fpdf/ HTTP/1.1" 404 9739 "-" "Mozilla/5.0 (Windows NT 10.0; Win64; x64) AppleWebKit/537.36 (KHTML, like Gecko) Chrome/91.0.4472.124 Safari/537.36"
216.73.216.221 - - [06/Oct/2025:00:36:59 -0400] "GET /products11526662?kg=0011386174 HTTP/1.1" 404 9738 "-" "Mozilla/5.0 AppleWebKit/537.36 (KHTML, like Gecko; compatible; ClaudeBot/1.0; +claudebot@anthropic.com)"
152.42.223.240 - - [06/Oct/2025:00:36:58 -0400] "GET /pubs/ HTTP/1.1" 404 9738 "-" "Mozilla/5.0 (Windows NT 10.0; Win64; x64) AppleWebKit/537.36 (KHTML, like Gecko) Chrome/91.0.4472.124 Safari/537.36"
216.73.216.221 - - [06/Oct/2025:00:37:05 -0400] "GET /products11478356?kg=0011338459 HTTP/1.1" 404 9737 "-" "Mozilla/5.0 AppleWebKit/537.36 (KHTML, like Gecko; compatible; ClaudeBot/1.0; +claudebot@anthropic.com)"
66.249.73.11 - - [06/Oct/2025:00:37:10 -0400] "GET /?products846072?kg=0000835837 HTTP/1.1" 200 1164 "-" "Mozilla/5.0 (Linux; Android 6.0.1; Nexus 5X Build/MMB29P) AppleWebKit/537.36 (KHTML, like Gecko) Chrome/140.0.7339.207 Mobile Safari/537.36 (compatible; Googlebot/2.1; +http://www.google.com/bot.html)"
146.190.11.185 - - [06/Oct/2025:00:36:04 -0400] "GET /index.html HTTP/1.1" 200 1404 "-" "Mozilla/5.0 (Windows NT 10.0; Win64; x64) AppleWebKit/537.36 (KHTML, like Gecko) Chrome/135.0.0.0 Safari/537.36 OPR/120.0.0.0"
152.42.223.240 - - [06/Oct/2025:00:36:03 -0400] "GET /dev-test/ HTTP/1.1" 404 9738 "-" "Mozilla/5.0 (Windows NT 10.0; Win64; x64) AppleWebKit/537.36 (KHTML, like Gecko) Chrome/91.0.4472.124 Safari/537.36"
152.42.223.240 - - [06/Oct/2025:00:36:09 -0400] "GET /styles/ HTTP/1.1" 404 9739 "-" "Mozilla/5.0 (Windows NT 10.0; Win64; x64) AppleWebKit/537.36 (KHTML, like Gecko) Chrome/91.0.4472.124 Safari/537.36"
185.61.153.107 - - [06/Oct/2025:00:36:18 -0400] "POST /wp-cron.php?doing_wp_cron=1759725378.6714439392089843750000 HTTP/1.1" 200 0 "-" "WordPress/6.8.3; https://salhab360photos.com"
152.42.223.240 - - [06/Oct/2025:00:36:15 -0400] "GET /js/ HTTP/1.1" 404 9739 "-" "Mozilla/5.0 (Windows NT 10.0; Win64; x64) AppleWebKit/537.36 (KHTML, like Gecko) Chrome/91.0.4472.124 Safari/537.36"
152.42.223.240 - - [06/Oct/2025:00:36:29 -0400] "GET /Connections/ HTTP/1.1" 404 9740 "-" "Mozilla/5.0 (Windows NT 10.0; Win64; x64) AppleWebKit/537.36 (KHTML, like Gecko) Chrome/91.0.4472.124 Safari/537.36"
216.73.216.221 - - [06/Oct/2025:00:36:41 -0400] "GET /products11534862?kg=0011394274 HTTP/1.1" 404 9739 "-" "Mozilla/5.0 AppleWebKit/537.36 (KHTML, like Gecko; compatible; ClaudeBot/1.0; +claudebot@anthropic.com)"
216.73.216.221 - - [06/Oct/2025:00:36:47 -0400] "GET /products106709602?kg=0105408348 HTTP/1.1" 404 9739 "-" "Mozilla/5.0 AppleWebKit/537.36 (KHTML, like Gecko; compatible; ClaudeBot/1.0; +claudebot@anthropic.com)"
152.42.223.240 - - [06/Oct/2025:00:36:51 -0400] "GET /file_lama/ HTTP/1.1" 404 9738 "-" "Mozilla/5.0 (Windows NT 10.0; Win64; x64) AppleWebKit/537.36 (KHTML, like Gecko) Chrome/91.0.4472.124 Safari/537.36"
216.73.216.221 - - [06/Oct/2025:00:36:53 -0400] "GET /products11523542?kg=0011383094 HTTP/1.1" 404 9738 "-" "Mozilla/5.0 AppleWebKit/537.36 (KHTML, like Gecko; compatible; ClaudeBot/1.0; +claudebot@anthropic.com)"
216.73.216.221 - - [06/Oct/2025:00:37:08 -0400] "GET /products83823110?kg=0082800958 HTTP/1.1" 404 9739 "-" "Mozilla/5.0 AppleWebKit/537.36 (KHTML, like Gecko; compatible; ClaudeBot/1.0; +claudebot@anthropic.com)"
152.42.223.240 - - [06/Oct/2025:00:37:13 -0400] "GET /belajar/ HTTP/1.1" 404 9737 "-" "Mozilla/5.0 (Windows NT 10.0; Win64; x64) AppleWebKit/537.36 (KHTML, like Gecko) Chrome/91.0.4472.124 Safari/537.36"
216.73.216.221 - - [06/Oct/2025:00:37:20 -0400] "GET /products83803886?kg=0082781970 HTTP/1.1" 404 9738 "-" "Mozilla/5.0 AppleWebKit/537.36 (KHTML, like Gecko; compatible; ClaudeBot/1.0; +claudebot@anthropic.com)"
216.73.216.221 - - [06/Oct/2025:00:37:26 -0400] "GET /products83837670?kg=0082815342 HTTP/1.1" 404 9730 "-" "Mozilla/5.0 AppleWebKit/537.36 (KHTML, like Gecko; compatible; ClaudeBot/1.0; +claudebot@anthropic.com)"
216.73.216.221 - - [06/Oct/2025:00:37:32 -0400] "GET /products83784940?kg=0082763255 HTTP/1.1" 404 9739 "-" "Mozilla/5.0 AppleWebKit/537.36 (KHTML, like Gecko; compatible; ClaudeBot/1.0; +claudebot@anthropic.com)"
152.42.223.240 - - [06/Oct/2025:00:37:36 -0400] "GET /contact-us/ HTTP/1.1" 200 11105 "-" "Mozilla/5.0 (Windows NT 10.0; Win64; x64) AppleWebKit/537.36 (KHTML, like Gecko) Chrome/91.0.4472.124 Safari/537.36"
152.42.223.240 - - [06/Oct/2025:00:37:51 -0400] "GET /cms/ HTTP/1.1" 404 9739 "-" "Mozilla/5.0 (Windows NT 10.0; Win64; x64) AppleWebKit/537.36 (KHTML, like Gecko) Chrome/91.0.4472.124 Safari/537.36"
216.73.216.221 - - [06/Oct/2025:00:37:54 -0400] "GET /products83836108?kg=0082813799 HTTP/1.1" 404 9737 "-" "Mozilla/5.0 AppleWebKit/537.36 (KHTML, like Gecko; compatible; ClaudeBot/1.0; +claudebot@anthropic.com)"
152.42.223.240 - - [06/Oct/2025:00:37:54 -0400] "GET /consulation/ HTTP/1.1" 404 9729 "-" "Mozilla/5.0 (Windows NT 10.0; Win64; x64) AppleWebKit/537.36 (KHTML, like Gecko) Chrome/91.0.4472.124 Safari/537.36"
152.42.223.240 - - [06/Oct/2025:00:37:08 -0400] "GET /Code/ HTTP/1.1" 404 9739 "-" "Mozilla/5.0 (Windows NT 10.0; Win64; x64) AppleWebKit/537.36 (KHTML, like Gecko) Chrome/91.0.4472.124 Safari/537.36"
185.61.153.107 - - [06/Oct/2025:00:37:15 -0400] "POST /wp-cron.php?doing_wp_cron=1759725435.8723831176757812500000 HTTP/1.1" 200 0 "-" "WordPress/6.8.3; https://salhab360photos.com"
216.73.216.221 - - [06/Oct/2025:00:37:14 -0400] "GET /products83835192?kg=0082812893 HTTP/1.1" 404 9738 "-" "Mozilla/5.0 AppleWebKit/537.36 (KHTML, like Gecko; compatible; ClaudeBot/1.0; +claudebot@anthropic.com)"
152.42.223.240 - - [06/Oct/2025:00:37:25 -0400] "GET /compareip/ HTTP/1.1" 404 9740 "-" "Mozilla/5.0 (Windows NT 10.0; Win64; x64) AppleWebKit/537.36 (KHTML, like Gecko) Chrome/91.0.4472.124 Safari/537.36"
152.42.223.240 - - [06/Oct/2025:00:37:32 -0400] "GET /contact/ HTTP/1.1" 301 0 "-" "Mozilla/5.0 (Windows NT 10.0; Win64; x64) AppleWebKit/537.36 (KHTML, like Gecko) Chrome/91.0.4472.124 Safari/537.36"
152.42.223.240 - - [06/Oct/2025:00:37:43 -0400] "GET /concrete/ HTTP/1.1" 404 9738 "-" "Mozilla/5.0 (Windows NT 10.0; Win64; x64) AppleWebKit/537.36 (KHTML, like Gecko) Chrome/91.0.4472.124 Safari/537.36"
216.73.216.221 - - [06/Oct/2025:00:38:03 -0400] "GET /products83821052?kg=0082798927 HTTP/1.1" 404 9739 "-" "Mozilla/5.0 AppleWebKit/537.36 (KHTML, like Gecko; compatible; ClaudeBot/1.0; +claudebot@anthropic.com)"
152.42.223.240 - - [06/Oct/2025:00:38:05 -0400] "GET /cmscontrib/ HTTP/1.1" 404 9739 "-" "Mozilla/5.0 (Windows NT 10.0; Win64; x64) AppleWebKit/537.36 (KHTML, like Gecko) Chrome/91.0.4472.124 Safari/537.36"
185.61.153.107 - - [06/Oct/2025:00:38:15 -0400] "POST /wp-cron.php?doing_wp_cron=1759725495.2766399383544921875000 HTTP/1.1" 200 0 "-" "WordPress/6.8.3; https://salhab360photos.com"
152.42.223.240 - - [06/Oct/2025:00:38:11 -0400] "GET /cmsranking/ HTTP/1.1" 404 9739 "-" "Mozilla/5.0 (Windows NT 10.0; Win64; x64) AppleWebKit/537.36 (KHTML, like Gecko) Chrome/91.0.4472.124 Safari/537.36"
216.73.216.221 - - [06/Oct/2025:00:38:18 -0400] "GET /products83807116?kg=0082785159 HTTP/1.1" 404 9738 "-" "Mozilla/5.0 AppleWebKit/537.36 (KHTML, like Gecko; compatible; ClaudeBot/1.0; +claudebot@anthropic.com)"
152.42.223.240 - - [06/Oct/2025:00:38:47 -0400] "GET /ferramentas/ HTTP/1.1" 404 9740 "-" "Mozilla/5.0 (Windows NT 10.0; Win64; x64) AppleWebKit/537.36 (KHTML, like Gecko) Chrome/91.0.4472.124 Safari/537.36"
152.42.223.240 - - [06/Oct/2025:00:38:51 -0400] "GET /fashion_club/ HTTP/1.1" 404 9739 "-" "Mozilla/5.0 (Windows NT 10.0; Win64; x64) AppleWebKit/537.36 (KHTML, like Gecko) Chrome/91.0.4472.124 Safari/537.36"
152.42.223.240 - - [06/Oct/2025:00:38:56 -0400] "GET /fcma/ HTTP/1.1" 404 9740 "-" "Mozilla/5.0 (Windows NT 10.0; Win64; x64) AppleWebKit/537.36 (KHTML, like Gecko) Chrome/91.0.4472.124 Safari/537.36"
23.21.119.232 - - [06/Oct/2025:00:39:00 -0400] "GET /slider-example-2/ HTTP/1.1" 200 12948 "-" "Mozilla/5.0 AppleWebKit/537.36 (KHTML, like Gecko; compatible; Amazonbot/0.1; +https://developer.amazon.com/support/amazonbot) Chrome/119.0.6045.214 Safari/537.36"
66.249.73.12 - - [06/Oct/2025:00:39:02 -0400] "GET /products5163130?kg=0005100248 HTTP/1.1" 200 29101 "-" "Mozilla/5.0 (Linux; Android 6.0.1; Nexus 5X Build/MMB29P) AppleWebKit/537.36 (KHTML, like Gecko) Chrome/140.0.7339.207 Mobile Safari/537.36 (compatible; Googlebot/2.1; +http://www.google.com/bot.html)"
54.83.56.1 - - [06/Oct/2025:00:39:01 -0400] "GET /slider-example-6/ HTTP/1.1" 200 12848 "-" "Mozilla/5.0 AppleWebKit/537.36 (KHTML, like Gecko; compatible; Amazonbot/0.1; +https://developer.amazon.com/support/amazonbot) Chrome/119.0.6045.214 Safari/537.36"
152.42.223.240 - - [06/Oct/2025:00:39:08 -0400] "GET /entmain/ HTTP/1.1" 404 9740 "-" "Mozilla/5.0 (Windows NT 10.0; Win64; x64) AppleWebKit/537.36 (KHTML, like Gecko) Chrome/91.0.4472.124 Safari/537.36"
216.73.216.221 - - [06/Oct/2025:00:38:06 -0400] "GET /products83768116?kg=0082746635 HTTP/1.1" 404 9738 "-" "Mozilla/5.0 AppleWebKit/537.36 (KHTML, like Gecko; compatible; ClaudeBot/1.0; +claudebot@anthropic.com)"
216.73.216.221 - - [06/Oct/2025:00:38:12 -0400] "GET /products83836176?kg=0082813865 HTTP/1.1" 404 9737 "-" "Mozilla/5.0 AppleWebKit/537.36 (KHTML, like Gecko; compatible; ClaudeBot/1.0; +claudebot@anthropic.com)"
152.42.223.240 - - [06/Oct/2025:00:38:18 -0400] "GET /demos/ HTTP/1.1" 404 9739 "-" "Mozilla/5.0 (Windows NT 10.0; Win64; x64) AppleWebKit/537.36 (KHTML, like Gecko) Chrome/91.0.4472.124 Safari/537.36"
152.42.223.240 - - [06/Oct/2025:00:38:27 -0400] "GET /framework/ HTTP/1.1" 404 9737 "-" "Mozilla/5.0 (Windows NT 10.0; Win64; x64) AppleWebKit/537.36 (KHTML, like Gecko) Chrome/91.0.4472.124 Safari/537.36"
152.42.223.240 - - [06/Oct/2025:00:38:33 -0400] "GET /futbol_sys/ HTTP/1.1" 404 9739 "-" "Mozilla/5.0 (Windows NT 10.0; Win64; x64) AppleWebKit/537.36 (KHTML, like Gecko) Chrome/91.0.4472.124 Safari/537.36"
152.42.223.240 - - [06/Oct/2025:00:38:39 -0400] "GET /esurat/ HTTP/1.1" 404 9738 "-" "Mozilla/5.0 (Windows NT 10.0; Win64; x64) AppleWebKit/537.36 (KHTML, like Gecko) Chrome/91.0.4472.124 Safari/537.36"
152.42.223.240 - - [06/Oct/2025:00:38:42 -0400] "GET /freelandadm/ HTTP/1.1" 404 9730 "-" "Mozilla/5.0 (Windows NT 10.0; Win64; x64) AppleWebKit/537.36 (KHTML, like Gecko) Chrome/91.0.4472.124 Safari/537.36"
152.42.223.240 - - [06/Oct/2025:00:39:03 -0400] "GET /datagen/ HTTP/1.1" 404 9737 "-" "Mozilla/5.0 (Windows NT 10.0; Win64; x64) AppleWebKit/537.36 (KHTML, like Gecko) Chrome/91.0.4472.124 Safari/537.36"
152.42.223.240 - - [06/Oct/2025:00:39:13 -0400] "GET /facturacion/ HTTP/1.1" 404 9738 "-" "Mozilla/5.0 (Windows NT 10.0; Win64; x64) AppleWebKit/537.36 (KHTML, like Gecko) Chrome/91.0.4472.124 Safari/537.36"
152.42.223.240 - - [06/Oct/2025:00:39:18 -0400] "GET /experts-api/ HTTP/1.1" 404 9740 "-" "Mozilla/5.0 (Windows NT 10.0; Win64; x64) AppleWebKit/537.36 (KHTML, like Gecko) Chrome/91.0.4472.124 Safari/537.36"
152.42.223.240 - - [06/Oct/2025:00:39:32 -0400] "GET /exapi/ HTTP/1.1" 404 9740 "-" "Mozilla/5.0 (Windows NT 10.0; Win64; x64) AppleWebKit/537.36 (KHTML, like Gecko) Chrome/91.0.4472.124 Safari/537.36"
152.42.223.240 - - [06/Oct/2025:00:39:41 -0400] "GET /enventa/ HTTP/1.1" 404 9740 "-" "Mozilla/5.0 (Windows NT 10.0; Win64; x64) AppleWebKit/537.36 (KHTML, like Gecko) Chrome/91.0.4472.124 Safari/537.36"
152.42.223.240 - - [06/Oct/2025:00:39:59 -0400] "GET /epayco/ HTTP/1.1" 404 9738 "-" "Mozilla/5.0 (Windows NT 10.0; Win64; x64) AppleWebKit/537.36 (KHTML, like Gecko) Chrome/91.0.4472.124 Safari/537.36"
185.61.153.107 - - [06/Oct/2025:00:40:17 -0400] "POST /wp-cron.php?doing_wp_cron=1759725617.3806109428405761718750 HTTP/1.1" 200 0 "-" "WordPress/6.8.3; https://salhab360photos.com"
152.42.223.240 - - [06/Oct/2025:00:40:14 -0400] "GET /espanadigital/ HTTP/1.1" 404 9738 "-" "Mozilla/5.0 (Windows NT 10.0; Win64; x64) AppleWebKit/537.36 (KHTML, like Gecko) Chrome/91.0.4472.124 Safari/537.36"
152.42.223.240 - - [06/Oct/2025:00:40:19 -0400] "GET /denuncias/ HTTP/1.1" 404 9739 "-" "Mozilla/5.0 (Windows NT 10.0; Win64; x64) AppleWebKit/537.36 (KHTML, like Gecko) Chrome/91.0.4472.124 Safari/537.36"
152.42.223.240 - - [06/Oct/2025:00:40:25 -0400] "GET /drupal/ HTTP/1.1" 404 9738 "-" "Mozilla/5.0 (Windows NT 10.0; Win64; x64) AppleWebKit/537.36 (KHTML, like Gecko) Chrome/91.0.4472.124 Safari/537.36"
152.42.223.240 - - [06/Oct/2025:00:40:49 -0400] "GET /emrDataGenerator/ HTTP/1.1" 404 9739 "-" "Mozilla/5.0 (Windows NT 10.0; Win64; x64) AppleWebKit/537.36 (KHTML, like Gecko) Chrome/91.0.4472.124 Safari/537.36"
152.42.223.240 - - [06/Oct/2025:00:41:05 -0400] "GET /deportes/ HTTP/1.1" 404 9740 "-" "Mozilla/5.0 (Windows NT 10.0; Win64; x64) AppleWebKit/537.36 (KHTML, like Gecko) Chrome/91.0.4472.124 Safari/537.36"
185.61.153.107 - - [06/Oct/2025:00:41:16 -0400] "POST /wp-cron.php?doing_wp_cron=1759725676.1802539825439453125000 HTTP/1.1" 200 0 "-" "WordPress/6.8.3; https://salhab360photos.com"
152.42.223.240 - - [06/Oct/2025:00:41:14 -0400] "GET /dev_grupo_total/ HTTP/1.1" 404 9738 "-" "Mozilla/5.0 (Windows NT 10.0; Win64; x64) AppleWebKit/537.36 (KHTML, like Gecko) Chrome/91.0.4472.124 Safari/537.36"
152.42.223.240 - - [06/Oct/2025:00:41:37 -0400] "GET /cmstaskenv/ HTTP/1.1" 404 9740 "-" "Mozilla/5.0 (Windows NT 10.0; Win64; x64) AppleWebKit/537.36 (KHTML, like Gecko) Chrome/91.0.4472.124 Safari/537.36"
152.42.223.240 - - [06/Oct/2025:00:41:47 -0400] "GET /config/ HTTP/1.1" 404 9738 "-" "Mozilla/5.0 (Windows NT 10.0; Win64; x64) AppleWebKit/537.36 (KHTML, like Gecko) Chrome/91.0.4472.124 Safari/537.36"
152.42.223.240 - - [06/Oct/2025:00:41:52 -0400] "GET /database/ HTTP/1.1" 404 9739 "-" "Mozilla/5.0 (Windows NT 10.0; Win64; x64) AppleWebKit/537.36 (KHTML, like Gecko) Chrome/91.0.4472.124 Safari/537.36"
152.42.223.240 - - [06/Oct/2025:00:42:12 -0400] "GET /userfiles/ HTTP/1.1" 404 9739 "-" "Mozilla/5.0 (Windows NT 10.0; Win64; x64) AppleWebKit/537.36 (KHTML, like Gecko) Chrome/91.0.4472.124 Safari/537.36"
152.42.223.240 - - [06/Oct/2025:00:42:31 -0400] "GET /ebook/ HTTP/1.1" 404 9738 "-" "Mozilla/5.0 (Windows NT 10.0; Win64; x64) AppleWebKit/537.36 (KHTML, like Gecko) Chrome/91.0.4472.124 Safari/537.36"
152.42.223.240 - - [06/Oct/2025:00:42:39 -0400] "GET /db/ HTTP/1.1" 404 9740 "-" "Mozilla/5.0 (Windows NT 10.0; Win64; x64) AppleWebKit/537.36 (KHTML, like Gecko) Chrome/91.0.4472.124 Safari/537.36"
152.42.223.240 - - [06/Oct/2025:00:42:44 -0400] "GET /kumpulan_api/ HTTP/1.1" 404 9738 "-" "Mozilla/5.0 (Windows NT 10.0; Win64; x64) AppleWebKit/537.36 (KHTML, like Gecko) Chrome/91.0.4472.124 Safari/537.36"
185.61.153.107 - - [06/Oct/2025:00:39:16 -0400] "POST /wp-cron.php?doing_wp_cron=1759725556.1723659038543701171875 HTTP/1.1" 200 0 "-" "WordPress/6.8.3; https://salhab360photos.com"
152.42.223.240 - - [06/Oct/2025:00:39:52 -0400] "GET /epayco-php/ HTTP/1.1" 404 9740 "-" "Mozilla/5.0 (Windows NT 10.0; Win64; x64) AppleWebKit/537.36 (KHTML, like Gecko) Chrome/91.0.4472.124 Safari/537.36"
152.42.223.240 - - [06/Oct/2025:00:40:06 -0400] "GET /epos/ HTTP/1.1" 404 9738 "-" "Mozilla/5.0 (Windows NT 10.0; Win64; x64) AppleWebKit/537.36 (KHTML, like Gecko) Chrome/91.0.4472.124 Safari/537.36"
152.42.223.240 - - [06/Oct/2025:00:40:31 -0400] "GET /e_detector/ HTTP/1.1" 404 9739 "-" "Mozilla/5.0 (Windows NT 10.0; Win64; x64) AppleWebKit/537.36 (KHTML, like Gecko) Chrome/91.0.4472.124 Safari/537.36"
37.59.204.153 - - [06/Oct/2025:00:40:42 -0400] "GET /products91199740?kg=0090087631 HTTP/1.1" 404 9738 "-" "Mozilla/5.0 (compatible; AhrefsBot/7.0; +http://ahrefs.com/robot/)"
152.42.223.240 - - [06/Oct/2025:00:40:42 -0400] "GET /ec/ HTTP/1.1" 404 9738 "-" "Mozilla/5.0 (Windows NT 10.0; Win64; x64) AppleWebKit/537.36 (KHTML, like Gecko) Chrome/91.0.4472.124 Safari/537.36"
152.42.223.240 - - [06/Oct/2025:00:40:56 -0400] "GET /ecc/ HTTP/1.1" 404 9738 "-" "Mozilla/5.0 (Windows NT 10.0; Win64; x64) AppleWebKit/537.36 (KHTML, like Gecko) Chrome/91.0.4472.124 Safari/537.36"
152.42.223.240 - - [06/Oct/2025:00:41:09 -0400] "GET /elections/ HTTP/1.1" 404 9740 "-" "Mozilla/5.0 (Windows NT 10.0; Win64; x64) AppleWebKit/537.36 (KHTML, like Gecko) Chrome/91.0.4472.124 Safari/537.36"
152.42.223.240 - - [06/Oct/2025:00:41:19 -0400] "GET /develop/ HTTP/1.1" 404 9739 "-" "Mozilla/5.0 (Windows NT 10.0; Win64; x64) AppleWebKit/537.36 (KHTML, like Gecko) Chrome/91.0.4472.124 Safari/537.36"
152.42.223.240 - - [06/Oct/2025:00:41:27 -0400] "GET /dev_zarrel/ HTTP/1.1" 404 9736 "-" "Mozilla/5.0 (Windows NT 10.0; Win64; x64) AppleWebKit/537.36 (KHTML, like Gecko) Chrome/91.0.4472.124 Safari/537.36"
152.42.223.240 - - [06/Oct/2025:00:42:00 -0400] "GET /composer-master/ HTTP/1.1" 404 9737 "-" "Mozilla/5.0 (Windows NT 10.0; Win64; x64) AppleWebKit/537.36 (KHTML, like Gecko) Chrome/91.0.4472.124 Safari/537.36"
185.61.153.107 - - [06/Oct/2025:00:42:15 -0400] "POST /wp-cron.php?doing_wp_cron=1759725735.1821379661560058593750 HTTP/1.1" 200 0 "-" "WordPress/6.8.3; https://salhab360photos.com"
152.42.223.240 - - [06/Oct/2025:00:42:22 -0400] "GET /apps/ HTTP/1.1" 404 9738 "-" "Mozilla/5.0 (Windows NT 10.0; Win64; x64) AppleWebKit/537.36 (KHTML, like Gecko) Chrome/91.0.4472.124 Safari/537.36"
152.42.223.240 - - [06/Oct/2025:00:42:26 -0400] "GET /absen/ HTTP/1.1" 404 9739 "-" "Mozilla/5.0 (Windows NT 10.0; Win64; x64) AppleWebKit/537.36 (KHTML, like Gecko) Chrome/91.0.4472.124 Safari/537.36"
152.42.223.240 - - [06/Oct/2025:00:42:35 -0400] "GET /elfinder/ HTTP/1.1" 404 9738 "-" "Mozilla/5.0 (Windows NT 10.0; Win64; x64) AppleWebKit/537.36 (KHTML, like Gecko) Chrome/91.0.4472.124 Safari/537.36"
152.42.223.240 - - [06/Oct/2025:00:42:54 -0400] "GET /kcfinder/ HTTP/1.1" 404 9737 "-" "Mozilla/5.0 (Windows NT 10.0; Win64; x64) AppleWebKit/537.36 (KHTML, like Gecko) Chrome/91.0.4472.124 Safari/537.36"
66.249.73.12 - - [06/Oct/2025:00:43:33 -0400] "GET /products5222006?kg=0005158406 HTTP/1.1" 200 29005 "-" "Mozilla/5.0 (Linux; Android 6.0.1; Nexus 5X Build/MMB29P) AppleWebKit/537.36 (KHTML, like Gecko) Chrome/140.0.7339.207 Mobile Safari/537.36 (compatible; Googlebot/2.1; +http://www.google.com/bot.html)"
152.42.223.240 - - [06/Oct/2025:00:43:29 -0400] "GET /.quarantine/ HTTP/1.1" 404 9739 "-" "Mozilla/5.0 (Windows NT 10.0; Win64; x64) AppleWebKit/537.36 (KHTML, like Gecko) Chrome/91.0.4472.124 Safari/537.36"
152.42.223.240 - - [06/Oct/2025:00:43:50 -0400] "GET /catalogo/ HTTP/1.1" 404 9739 "-" "Mozilla/5.0 (Windows NT 10.0; Win64; x64) AppleWebKit/537.36 (KHTML, like Gecko) Chrome/91.0.4472.124 Safari/537.36"
66.249.73.11 - - [06/Oct/2025:00:42:48 -0400] "GET /products5162606?kg=0005099730 HTTP/1.1" 200 29094 "-" "Mozilla/5.0 (Linux; Android 6.0.1; Nexus 5X Build/MMB29P) AppleWebKit/537.36 (KHTML, like Gecko) Chrome/140.0.7339.207 Mobile Safari/537.36 (compatible; Googlebot/2.1; +http://www.google.com/bot.html)"
152.42.223.240 - - [06/Oct/2025:00:42:49 -0400] "GET /filemanager/ HTTP/1.1" 404 9739 "-" "Mozilla/5.0 (Windows NT 10.0; Win64; x64) AppleWebKit/537.36 (KHTML, like Gecko) Chrome/91.0.4472.124 Safari/537.36"
152.42.223.240 - - [06/Oct/2025:00:43:08 -0400] "GET /descarga/ HTTP/1.1" 404 9738 "-" "Mozilla/5.0 (Windows NT 10.0; Win64; x64) AppleWebKit/537.36 (KHTML, like Gecko) Chrome/91.0.4472.124 Safari/537.36"
185.61.153.107 - - [06/Oct/2025:00:43:20 -0400] "POST /wp-cron.php?doing_wp_cron=1759725800.1746048927307128906250 HTTP/1.1" 200 0 "-" "WordPress/6.8.3; https://salhab360photos.com"
152.42.223.240 - - [06/Oct/2025:00:43:17 -0400] "GET /gambar/ HTTP/1.1" 404 9737 "-" "Mozilla/5.0 (Windows NT 10.0; Win64; x64) AppleWebKit/537.36 (KHTML, like Gecko) Chrome/91.0.4472.124 Safari/537.36"
152.42.223.240 - - [06/Oct/2025:00:43:38 -0400] "GET /shopify/ HTTP/1.1" 404 9739 "-" "Mozilla/5.0 (Windows NT 10.0; Win64; x64) AppleWebKit/537.36 (KHTML, like Gecko) Chrome/91.0.4472.124 Safari/537.36"
152.42.223.240 - - [06/Oct/2025:00:43:42 -0400] "GET /avastar/ HTTP/1.1" 404 9730 "-" "Mozilla/5.0 (Windows NT 10.0; Win64; x64) AppleWebKit/537.36 (KHTML, like Gecko) Chrome/91.0.4472.124 Safari/537.36"
66.249.73.11 - - [06/Oct/2025:00:43:57 -0400] "GET /products5164488?kg=0005101589 HTTP/1.1" 200 29179 "-" "Mozilla/5.0 (Linux; Android 6.0.1; Nexus 5X Build/MMB29P) AppleWebKit/537.36 (KHTML, like Gecko) Chrome/140.0.7339.207 Mobile Safari/537.36 (compatible; Googlebot/2.1; +http://www.google.com/bot.html)"
152.42.223.240 - - [06/Oct/2025:00:43:56 -0400] "GET /php/ HTTP/1.1" 404 9738 "-" "Mozilla/5.0 (Windows NT 10.0; Win64; x64) AppleWebKit/537.36 (KHTML, like Gecko) Chrome/91.0.4472.124 Safari/537.36"
152.42.223.240 - - [06/Oct/2025:00:44:02 -0400] "GET /foto/ HTTP/1.1" 404 9739 "-" "Mozilla/5.0 (Windows NT 10.0; Win64; x64) AppleWebKit/537.36 (KHTML, like Gecko) Chrome/91.0.4472.124 Safari/537.36"
185.61.153.107 - - [06/Oct/2025:00:44:16 -0400] "POST /wp-cron.php?doing_wp_cron=1759725856.8773169517517089843750 HTTP/1.1" 200 0 "-" "WordPress/6.8.3; https://salhab360photos.com"
152.42.223.240 - - [06/Oct/2025:00:44:25 -0400] "GET /user_guide/ HTTP/1.1" 404 9737 "-" "Mozilla/5.0 (Windows NT 10.0; Win64; x64) AppleWebKit/537.36 (KHTML, like Gecko) Chrome/91.0.4472.124 Safari/537.36"
152.42.223.240 - - [06/Oct/2025:00:44:45 -0400] "GET /keluarga/ HTTP/1.1" 404 9739 "-" "Mozilla/5.0 (Windows NT 10.0; Win64; x64) AppleWebKit/537.36 (KHTML, like Gecko) Chrome/91.0.4472.124 Safari/537.36"
152.42.223.240 - - [06/Oct/2025:00:44:50 -0400] "GET /aplikasi/ HTTP/1.1" 404 9739 "-" "Mozilla/5.0 (Windows NT 10.0; Win64; x64) AppleWebKit/537.36 (KHTML, like Gecko) Chrome/91.0.4472.124 Safari/537.36"
152.42.223.240 - - [06/Oct/2025:00:44:56 -0400] "GET /index_files/ HTTP/1.1" 404 9738 "-" "Mozilla/5.0 (Windows NT 10.0; Win64; x64) AppleWebKit/537.36 (KHTML, like Gecko) Chrome/91.0.4472.124 Safari/537.36"
152.42.223.240 - - [06/Oct/2025:00:45:04 -0400] "GET /staff/ HTTP/1.1" 404 9738 "-" "Mozilla/5.0 (Windows NT 10.0; Win64; x64) AppleWebKit/537.36 (KHTML, like Gecko) Chrome/91.0.4472.124 Safari/537.36"
185.61.153.107 - - [06/Oct/2025:00:45:15 -0400] "POST /wp-cron.php?doing_wp_cron=1759725915.9711349010467529296875 HTTP/1.1" 200 0 "-" "WordPress/6.8.3; https://salhab360photos.com"
152.42.223.240 - - [06/Oct/2025:00:45:12 -0400] "GET /scripts/ HTTP/1.1" 404 9738 "-" "Mozilla/5.0 (Windows NT 10.0; Win64; x64) AppleWebKit/537.36 (KHTML, like Gecko) Chrome/91.0.4472.124 Safari/537.36"
152.42.223.240 - - [06/Oct/2025:00:44:08 -0400] "GET /etc/ HTTP/1.1" 404 9738 "-" "Mozilla/5.0 (Windows NT 10.0; Win64; x64) AppleWebKit/537.36 (KHTML, like Gecko) Chrome/91.0.4472.124 Safari/537.36"
152.42.223.240 - - [06/Oct/2025:00:44:13 -0400] "GET /aset/ HTTP/1.1" 404 9739 "-" "Mozilla/5.0 (Windows NT 10.0; Win64; x64) AppleWebKit/537.36 (KHTML, like Gecko) Chrome/91.0.4472.124 Safari/537.36"
152.42.223.240 - - [06/Oct/2025:00:44:19 -0400] "GET /application/ HTTP/1.1" 404 9730 "-" "Mozilla/5.0 (Windows NT 10.0; Win64; x64) AppleWebKit/537.36 (KHTML, like Gecko) Chrome/91.0.4472.124 Safari/537.36"
152.42.223.240 - - [06/Oct/2025:00:44:29 -0400] "GET /.tmb/ HTTP/1.1" 404 9739 "-" "Mozilla/5.0 (Windows NT 10.0; Win64; x64) AppleWebKit/537.36 (KHTML, like Gecko) Chrome/91.0.4472.124 Safari/537.36"
152.42.223.240 - - [06/Oct/2025:00:44:33 -0400] "GET /docs/ HTTP/1.1" 404 9740 "-" "Mozilla/5.0 (Windows NT 10.0; Win64; x64) AppleWebKit/537.36 (KHTML, like Gecko) Chrome/91.0.4472.124 Safari/537.36"
51.75.236.146 - - [06/Oct/2025:00:44:34 -0400] "GET /products91191826?kg=0090079812 HTTP/1.1" 404 9740 "-" "Mozilla/5.0 (compatible; AhrefsBot/7.0; +http://ahrefs.com/robot/)"
152.42.223.240 - - [06/Oct/2025:00:44:40 -0400] "GET /pages/ HTTP/1.1" 404 9739 "-" "Mozilla/5.0 (Windows NT 10.0; Win64; x64) AppleWebKit/537.36 (KHTML, like Gecko) Chrome/91.0.4472.124 Safari/537.36"
66.249.73.10 - - [06/Oct/2025:00:44:59 -0400] "GET /products5164652?kg=0005101751 HTTP/1.1" 200 29205 "-" "Mozilla/5.0 (Linux; Android 6.0.1; Nexus 5X Build/MMB29P) AppleWebKit/537.36 (KHTML, like Gecko) Chrome/140.0.7339.207 Mobile Safari/537.36 (compatible; Googlebot/2.1; +http://www.google.com/bot.html)"
152.42.223.240 - - [06/Oct/2025:00:45:18 -0400] "GET /script/ HTTP/1.1" 404 9737 "-" "Mozilla/5.0 (Windows NT 10.0; Win64; x64) AppleWebKit/537.36 (KHTML, like Gecko) Chrome/91.0.4472.124 Safari/537.36"
152.42.223.240 - - [06/Oct/2025:00:45:25 -0400] "GET /css/ HTTP/1.1" 404 9739 "-" "Mozilla/5.0 (Windows NT 10.0; Win64; x64) AppleWebKit/537.36 (KHTML, like Gecko) Chrome/91.0.4472.124 Safari/537.36"
152.42.223.240 - - [06/Oct/2025:00:45:30 -0400] "GET /node_modules/ HTTP/1.1" 404 9737 "-" "Mozilla/5.0 (Windows NT 10.0; Win64; x64) AppleWebKit/537.36 (KHTML, like Gecko) Chrome/91.0.4472.124 Safari/537.36"
152.42.223.240 - - [06/Oct/2025:00:45:41 -0400] "GET /uploadfile/ HTTP/1.1" 404 9738 "-" "Mozilla/5.0 (Windows NT 10.0; Win64; x64) AppleWebKit/537.36 (KHTML, like Gecko) Chrome/91.0.4472.124 Safari/537.36"
152.42.223.240 - - [06/Oct/2025:00:45:54 -0400] "GET /documents/ HTTP/1.1" 404 9739 "-" "Mozilla/5.0 (Windows NT 10.0; Win64; x64) AppleWebKit/537.36 (KHTML, like Gecko) Chrome/91.0.4472.124 Safari/537.36"
152.42.223.240 - - [06/Oct/2025:00:46:00 -0400] "GET /main_file/ HTTP/1.1" 404 9738 "-" "Mozilla/5.0 (Windows NT 10.0; Win64; x64) AppleWebKit/537.36 (KHTML, like Gecko) Chrome/91.0.4472.124 Safari/537.36"
66.249.73.12 - - [06/Oct/2025:00:46:02 -0400] "GET /products5165102?kg=0005102194 HTTP/1.1" 200 29037 "-" "Mozilla/5.0 (Linux; Android 6.0.1; Nexus 5X Build/MMB29P) AppleWebKit/537.36 (KHTML, like Gecko) Chrome/140.0.7339.207 Mobile Safari/537.36 (compatible; Googlebot/2.1; +http://www.google.com/bot.html)"
152.42.223.240 - - [06/Oct/2025:00:46:04 -0400] "GET /settings/ HTTP/1.1" 404 9739 "-" "Mozilla/5.0 (Windows NT 10.0; Win64; x64) AppleWebKit/537.36 (KHTML, like Gecko) Chrome/91.0.4472.124 Safari/537.36"
152.42.223.240 - - [06/Oct/2025:00:46:10 -0400] "GET /admin/img/ HTTP/1.1" 301 0 "-" "Mozilla/5.0 (Windows NT 10.0; Win64; x64) AppleWebKit/537.36 (KHTML, like Gecko) Chrome/91.0.4472.124 Safari/537.36"
152.42.223.240 - - [06/Oct/2025:00:46:19 -0400] "GET /dashboard/ HTTP/1.1" 302 0 "-" "Mozilla/5.0 (Windows NT 10.0; Win64; x64) AppleWebKit/537.36 (KHTML, like Gecko) Chrome/91.0.4472.124 Safari/537.36"
66.249.73.11 - - [06/Oct/2025:00:45:17 -0400] "GET /products5163572?kg=0005100683 HTTP/1.1" 200 29304 "-" "Mozilla/5.0 (Linux; Android 6.0.1; Nexus 5X Build/MMB29P) AppleWebKit/537.36 (KHTML, like Gecko) Chrome/140.0.7339.207 Mobile Safari/537.36 (compatible; Googlebot/2.1; +http://www.google.com/bot.html)"
66.249.73.10 - - [06/Oct/2025:00:45:34 -0400] "GET /products5164278?kg=0005101382 HTTP/1.1" 200 29097 "-" "Mozilla/5.0 (Linux; Android 6.0.1; Nexus 5X Build/MMB29P) AppleWebKit/537.36 (KHTML, like Gecko) Chrome/140.0.7339.207 Mobile Safari/537.36 (compatible; Googlebot/2.1; +http://www.google.com/bot.html)"
152.42.223.240 - - [06/Oct/2025:00:45:35 -0400] "GET /wp/ HTTP/1.1" 404 9739 "-" "Mozilla/5.0 (Windows NT 10.0; Win64; x64) AppleWebKit/537.36 (KHTML, like Gecko) Chrome/91.0.4472.124 Safari/537.36"
152.42.223.240 - - [06/Oct/2025:00:45:46 -0400] "GET /slider/ HTTP/1.1" 301 0 "-" "Mozilla/5.0 (Windows NT 10.0; Win64; x64) AppleWebKit/537.36 (KHTML, like Gecko) Chrome/91.0.4472.124 Safari/537.36"
152.42.223.240 - - [06/Oct/2025:00:45:48 -0400] "GET /slider-example-1/ HTTP/1.1" 200 11551 "-" "Mozilla/5.0 (Windows NT 10.0; Win64; x64) AppleWebKit/537.36 (KHTML, like Gecko) Chrome/91.0.4472.124 Safari/537.36"
66.249.73.11 - - [06/Oct/2025:00:46:10 -0400] "GET /products5165462?kg=0005102550 HTTP/1.1" 200 30422 "-" "Mozilla/5.0 (Linux; Android 6.0.1; Nexus 5X Build/MMB29P) AppleWebKit/537.36 (KHTML, like Gecko) Chrome/140.0.7339.207 Mobile Safari/537.36 (compatible; Googlebot/2.1; +http://www.google.com/bot.html)"
185.61.153.107 - - [06/Oct/2025:00:46:17 -0400] "POST /wp-cron.php?doing_wp_cron=1759725976.9708120822906494140625 HTTP/1.1" 200 0 "-" "WordPress/6.8.3; https://salhab360photos.com"
152.42.223.240 - - [06/Oct/2025:00:46:13 -0400] "GET /img/ HTTP/1.1" 200 11110 "-" "Mozilla/5.0 (Windows NT 10.0; Win64; x64) AppleWebKit/537.36 (KHTML, like Gecko) Chrome/91.0.4472.124 Safari/537.36"
152.42.223.240 - - [06/Oct/2025:00:46:23 -0400] "GET /wp-admin/ HTTP/1.1" 302 0 "-" "Mozilla/5.0 (Windows NT 10.0; Win64; x64) AppleWebKit/537.36 (KHTML, like Gecko) Chrome/91.0.4472.124 Safari/537.36"
152.42.223.240 - - [06/Oct/2025:00:46:36 -0400] "GET /adminweb/ HTTP/1.1" 404 9738 "-" "Mozilla/5.0 (Windows NT 10.0; Win64; x64) AppleWebKit/537.36 (KHTML, like Gecko) Chrome/91.0.4472.124 Safari/537.36"
66.249.73.10 - - [06/Oct/2025:00:46:45 -0400] "GET /products2464970?kg=0002434992 HTTP/1.1" 200 29226 "-" "Mozilla/5.0 (Linux; Android 6.0.1; Nexus 5X Build/MMB29P) AppleWebKit/537.36 (KHTML, like Gecko) Chrome/140.0.7339.207 Mobile Safari/537.36 (compatible; Googlebot/2.1; +http://www.google.com/bot.html)"
152.42.223.240 - - [06/Oct/2025:00:46:42 -0400] "GET /dist/ HTTP/1.1" 404 9739 "-" "Mozilla/5.0 (Windows NT 10.0; Win64; x64) AppleWebKit/537.36 (KHTML, like Gecko) Chrome/91.0.4472.124 Safari/537.36"
152.42.223.240 - - [06/Oct/2025:00:46:54 -0400] "GET /pas/ HTTP/1.1" 404 9739 "-" "Mozilla/5.0 (Windows NT 10.0; Win64; x64) AppleWebKit/537.36 (KHTML, like Gecko) Chrome/91.0.4472.124 Safari/537.36"
152.42.223.240 - - [06/Oct/2025:00:46:58 -0400] "GET /2017/ HTTP/1.1" 404 9738 "-" "Mozilla/5.0 (Windows NT 10.0; Win64; x64) AppleWebKit/537.36 (KHTML, like Gecko) Chrome/91.0.4472.124 Safari/537.36"
152.42.223.240 - - [06/Oct/2025:00:47:08 -0400] "GET /2019/ HTTP/1.1" 200 16042 "-" "Mozilla/5.0 (Windows NT 10.0; Win64; x64) AppleWebKit/537.36 (KHTML, like Gecko) Chrome/91.0.4472.124 Safari/537.36"
152.42.223.240 - - [06/Oct/2025:00:47:26 -0400] "GET /2022/ HTTP/1.1" 404 9731 "-" "Mozilla/5.0 (Windows NT 10.0; Win64; x64) AppleWebKit/537.36 (KHTML, like Gecko) Chrome/91.0.4472.124 Safari/537.36"
152.42.223.240 - - [06/Oct/2025:00:47:31 -0400] "GET /2023/ HTTP/1.1" 404 9739 "-" "Mozilla/5.0 (Windows NT 10.0; Win64; x64) AppleWebKit/537.36 (KHTML, like Gecko) Chrome/91.0.4472.124 Safari/537.36"
152.42.223.240 - - [06/Oct/2025:00:47:37 -0400] "GET /2024/ HTTP/1.1" 404 9739 "-" "Mozilla/5.0 (Windows NT 10.0; Win64; x64) AppleWebKit/537.36 (KHTML, like Gecko) Chrome/91.0.4472.124 Safari/537.36"
152.42.223.240 - - [06/Oct/2025:00:46:26 -0400] "GET /wp-login.php?redirect_to=https%3A%2F%2Fsalhab360photos.com%2Fwp-admin%2F&reauth=1 HTTP/1.1" 200 2095 "-" "Mozilla/5.0 (Windows NT 10.0; Win64; x64) AppleWebKit/537.36 (KHTML, like Gecko) Chrome/91.0.4472.124 Safari/537.36"
152.42.223.240 - - [06/Oct/2025:00:46:30 -0400] "GET /layouts/ HTTP/1.1" 404 9739 "-" "Mozilla/5.0 (Windows NT 10.0; Win64; x64) AppleWebKit/537.36 (KHTML, like Gecko) Chrome/91.0.4472.124 Safari/537.36"
152.42.223.240 - - [06/Oct/2025:00:46:48 -0400] "GET /Winrar/ HTTP/1.1" 404 9738 "-" "Mozilla/5.0 (Windows NT 10.0; Win64; x64) AppleWebKit/537.36 (KHTML, like Gecko) Chrome/91.0.4472.124 Safari/537.36"
152.42.223.240 - - [06/Oct/2025:00:47:04 -0400] "GET /2018/ HTTP/1.1" 404 9738 "-" "Mozilla/5.0 (Windows NT 10.0; Win64; x64) AppleWebKit/537.36 (KHTML, like Gecko) Chrome/91.0.4472.124 Safari/537.36"
185.61.153.107 - - [06/Oct/2025:00:47:19 -0400] "POST /wp-cron.php?doing_wp_cron=1759726039.1709799766540527343750 HTTP/1.1" 200 0 "-" "WordPress/6.8.3; https://salhab360photos.com"
152.42.223.240 - - [06/Oct/2025:00:47:15 -0400] "GET /2020/ HTTP/1.1" 404 9738 "-" "Mozilla/5.0 (Windows NT 10.0; Win64; x64) AppleWebKit/537.36 (KHTML, like Gecko) Chrome/91.0.4472.124 Safari/537.36"
152.42.223.240 - - [06/Oct/2025:00:47:21 -0400] "GET /2021/ HTTP/1.1" 404 9739 "-" "Mozilla/5.0 (Windows NT 10.0; Win64; x64) AppleWebKit/537.36 (KHTML, like Gecko) Chrome/91.0.4472.124 Safari/537.36"
92.222.108.110 - - [06/Oct/2025:00:48:05 -0400] "GET /products71861844?kg=0070985563 HTTP/1.1" 404 9738 "-" "Mozilla/5.0 (compatible; AhrefsBot/7.0; +http://ahrefs.com/robot/)"
152.42.223.240 - - [06/Oct/2025:00:48:08 -0400] "GET /basil/ HTTP/1.1" 404 9739 "-" "Mozilla/5.0 (Windows NT 10.0; Win64; x64) AppleWebKit/537.36 (KHTML, like Gecko) Chrome/91.0.4472.124 Safari/537.36"
152.42.223.240 - - [06/Oct/2025:00:48:47 -0400] "GET /pattern/ HTTP/1.1" 404 9739 "-" "Mozilla/5.0 (Windows NT 10.0; Win64; x64) AppleWebKit/537.36 (KHTML, like Gecko) Chrome/91.0.4472.124 Safari/537.36"
152.42.223.240 - - [06/Oct/2025:00:48:53 -0400] "GET /grade/ HTTP/1.1" 404 9740 "-" "Mozilla/5.0 (Windows NT 10.0; Win64; x64) AppleWebKit/537.36 (KHTML, like Gecko) Chrome/91.0.4472.124 Safari/537.36"
184.154.139.35 - - [06/Oct/2025:00:48:54 -0400] "GET /th1s_1s_a_4o4.html HTTP/1.1" 404 49077 "-" "SiteLockSpider [en] (WinNT; I ;Nav)"
184.154.139.35 - - [06/Oct/2025:00:49:02 -0400] "GET /?p=2484 HTTP/1.1" 200 4189 "-" "SiteLockSpider [en] (WinNT; I ;Nav)"
184.154.139.35 - - [06/Oct/2025:00:49:03 -0400] "GET /?p=2597 HTTP/1.1" 200 4189 "-" "SiteLockSpider [en] (WinNT; I ;Nav)"
184.154.139.35 - - [06/Oct/2025:00:49:03 -0400] "GET /?p=3034 HTTP/1.1" 200 4189 "-" "SiteLockSpider [en] (WinNT; I ;Nav)"
152.42.223.240 - - [06/Oct/2025:00:49:01 -0400] "GET /home-pages/ HTTP/1.1" 404 9739 "-" "Mozilla/5.0 (Windows NT 10.0; Win64; x64) AppleWebKit/537.36 (KHTML, like Gecko) Chrome/91.0.4472.124 Safari/537.36"
184.154.139.35 - - [06/Oct/2025:00:49:05 -0400] "GET /wp-content/themes/acora/js/vertical_menu.js?ver=3.0 HTTP/1.1" 200 11861 "http://www.google.com/url?url=salhab360photos.com&yahoo.com" "Mozilla/5.0 (compatible; MSIE 9.0; Windows NT 6.1; WOW64; Trident/6.0)"
184.154.139.35 - - [06/Oct/2025:00:49:06 -0400] "GET /portfolio/vimeo-support/ HTTP/1.1" 200 77967 "http://www.google.com/url?url=salhab360photos.com&yahoo.com" "Mozilla/5.0 (compatible; MSIE 9.0; Windows NT 6.1; WOW64; Trident/6.0)"
152.42.223.240 - - [06/Oct/2025:00:49:06 -0400] "GET /projects/ HTTP/1.1" 404 9740 "-" "Mozilla/5.0 (Windows NT 10.0; Win64; x64) AppleWebKit/537.36 (KHTML, like Gecko) Chrome/91.0.4472.124 Safari/537.36"
152.42.223.240 - - [06/Oct/2025:00:49:14 -0400] "GET /sidebar/ HTTP/1.1" 404 9740 "-" "Mozilla/5.0 (Windows NT 10.0; Win64; x64) AppleWebKit/537.36 (KHTML, like Gecko) Chrome/91.0.4472.124 Safari/537.36"
184.154.139.35 - - [06/Oct/2025:00:49:14 -0400] "GET /typography/ HTTP/1.1" 200 78411 "http://www.google.com/url?url=salhab360photos.com&yahoo.com" "Mozilla/5.0 (compatible; MSIE 9.0; Windows NT 6.1; WOW64; Trident/6.0)"
152.42.223.240 - - [06/Oct/2025:00:47:43 -0400] "GET /2025/ HTTP/1.1" 404 9736 "-" "Mozilla/5.0 (Windows NT 10.0; Win64; x64) AppleWebKit/537.36 (KHTML, like Gecko) Chrome/91.0.4472.124 Safari/537.36"
152.42.223.240 - - [06/Oct/2025:00:47:50 -0400] "GET /logo/ HTTP/1.1" 200 11030 "-" "Mozilla/5.0 (Windows NT 10.0; Win64; x64) AppleWebKit/537.36 (KHTML, like Gecko) Chrome/91.0.4472.124 Safari/537.36"
152.42.223.240 - - [06/Oct/2025:00:47:56 -0400] "GET /ppdb/ HTTP/1.1" 404 9738 "-" "Mozilla/5.0 (Windows NT 10.0; Win64; x64) AppleWebKit/537.36 (KHTML, like Gecko) Chrome/91.0.4472.124 Safari/537.36"
66.249.73.10 - - [06/Oct/2025:00:48:01 -0400] "GET /products5163790?kg=0005100898 HTTP/1.1" 200 29343 "-" "Mozilla/5.0 (Linux; Android 6.0.1; Nexus 5X Build/MMB29P) AppleWebKit/537.36 (KHTML, like Gecko) Chrome/140.0.7339.207 Mobile Safari/537.36 (compatible; Googlebot/2.1; +http://www.google.com/bot.html)"
152.42.223.240 - - [06/Oct/2025:00:48:01 -0400] "GET /services/ HTTP/1.1" 404 9740 "-" "Mozilla/5.0 (Windows NT 10.0; Win64; x64) AppleWebKit/537.36 (KHTML, like Gecko) Chrome/91.0.4472.124 Safari/537.36"
185.61.153.107 - - [06/Oct/2025:00:48:15 -0400] "POST /wp-cron.php?doing_wp_cron=1759726095.8773419857025146484375 HTTP/1.1" 200 0 "-" "WordPress/6.8.3; https://salhab360photos.com"
152.42.223.240 - - [06/Oct/2025:00:48:14 -0400] "GET /brand/ HTTP/1.1" 404 9738 "-" "Mozilla/5.0 (Windows NT 10.0; Win64; x64) AppleWebKit/537.36 (KHTML, like Gecko) Chrome/91.0.4472.124 Safari/537.36"
152.42.223.240 - - [06/Oct/2025:00:48:17 -0400] "GET /csr/ HTTP/1.1" 404 9737 "-" "Mozilla/5.0 (Windows NT 10.0; Win64; x64) AppleWebKit/537.36 (KHTML, like Gecko) Chrome/91.0.4472.124 Safari/537.36"
152.42.223.240 - - [06/Oct/2025:00:48:23 -0400] "GET /media_library/ HTTP/1.1" 404 9739 "-" "Mozilla/5.0 (Windows NT 10.0; Win64; x64) AppleWebKit/537.36 (KHTML, like Gecko) Chrome/91.0.4472.124 Safari/537.36"
152.42.223.240 - - [06/Oct/2025:00:48:29 -0400] "GET /favicon/ HTTP/1.1" 404 9739 "-" "Mozilla/5.0 (Windows NT 10.0; Win64; x64) AppleWebKit/537.36 (KHTML, like Gecko) Chrome/91.0.4472.124 Safari/537.36"
152.42.223.240 - - [06/Oct/2025:00:48:33 -0400] "GET /footer/ HTTP/1.1" 404 9739 "-" "Mozilla/5.0 (Windows NT 10.0; Win64; x64) AppleWebKit/537.36 (KHTML, like Gecko) Chrome/91.0.4472.124 Safari/537.36"
152.42.223.240 - - [06/Oct/2025:00:48:39 -0400] "GET /filter/ HTTP/1.1" 404 9739 "-" "Mozilla/5.0 (Windows NT 10.0; Win64; x64) AppleWebKit/537.36 (KHTML, like Gecko) Chrome/91.0.4472.124 Safari/537.36"
184.154.139.35 - - [06/Oct/2025:00:48:53 -0400] "GET / HTTP/1.1" 200 4189 "http://www.google.com/url?url=salhab360photos.com&yahoo.com" "Mozilla/5.0 (compatible; MSIE 9.0; Windows NT 6.1; WOW64; Trident/6.0)"
184.154.139.35 - - [06/Oct/2025:00:49:01 -0400] "GET / HTTP/1.1" 200 4189 "http://www.google.com/url?url=salhab360photos.com&yahoo.com" "Mozilla/5.0 (compatible; MSIE 9.0; Windows NT 6.1; WOW64; Trident/6.0)"
184.154.139.35 - - [06/Oct/2025:00:49:02 -0400] "GET /?=1&s=1 HTTP/1.1" 200 4189 "-" "SiteLockSpider [en] (WinNT; I ;Nav)"
184.154.139.35 - - [06/Oct/2025:00:49:04 -0400] "GET /?p=2368 HTTP/1.1" 200 4189 "-" "SiteLockSpider [en] (WinNT; I ;Nav)"
184.154.139.35 - - [06/Oct/2025:00:49:04 -0400] "GET /?p=4492 HTTP/1.1" 200 4189 "-" "SiteLockSpider [en] (WinNT; I ;Nav)"
185.61.153.107 - - [06/Oct/2025:00:49:18 -0400] "POST /wp-cron.php?doing_wp_cron=1759726158.0731549263000488281250 HTTP/1.1" 200 0 "-" "WordPress/6.8.3; https://salhab360photos.com"
152.42.223.240 - - [06/Oct/2025:00:49:31 -0400] "GET /testimonial/ HTTP/1.1" 404 9740 "-" "Mozilla/5.0 (Windows NT 10.0; Win64; x64) AppleWebKit/537.36 (KHTML, like Gecko) Chrome/91.0.4472.124 Safari/537.36"
184.154.139.35 - - [06/Oct/2025:00:49:31 -0400] "GET /portfolio/youtube-support/ HTTP/1.1" 200 77999 "http://www.google.com/url?url=salhab360photos.com&yahoo.com" "Mozilla/5.0 (compatible; MSIE 9.0; Windows NT 6.1; WOW64; Trident/6.0)"
66.249.73.12 - - [06/Oct/2025:00:49:18 -0400] "GET /products5162674?kg=0005099796 HTTP/1.1" 200 29126 "-" "Mozilla/5.0 (Linux; Android 6.0.1; Nexus 5X Build/MMB29P) AppleWebKit/537.36 (KHTML, like Gecko) Chrome/140.0.7339.207 Mobile Safari/537.36 (compatible; Googlebot/2.1; +http://www.google.com/bot.html)"
152.42.223.240 - - [06/Oct/2025:00:49:20 -0400] "GET /slides/ HTTP/1.1" 404 9740 "-" "Mozilla/5.0 (Windows NT 10.0; Win64; x64) AppleWebKit/537.36 (KHTML, like Gecko) Chrome/91.0.4472.124 Safari/537.36"
152.42.223.240 - - [06/Oct/2025:00:49:26 -0400] "GET /favourites/ HTTP/1.1" 404 9739 "-" "Mozilla/5.0 (Windows NT 10.0; Win64; x64) AppleWebKit/537.36 (KHTML, like Gecko) Chrome/91.0.4472.124 Safari/537.36"
152.42.223.240 - - [06/Oct/2025:00:49:38 -0400] "GET /bank/ HTTP/1.1" 404 9740 "-" "Mozilla/5.0 (Windows NT 10.0; Win64; x64) AppleWebKit/537.36 (KHTML, like Gecko) Chrome/91.0.4472.124 Safari/537.36"
184.154.139.35 - - [06/Oct/2025:00:49:40 -0400] "GET /ultimate-video-player-gallery/ HTTP/1.1" 200 57993 "http://www.google.com/url?url=salhab360photos.com&yahoo.com" "Mozilla/5.0 (compatible; MSIE 9.0; Windows NT 6.1; WOW64; Trident/6.0)"
152.42.223.240 - - [06/Oct/2025:00:49:44 -0400] "GET /batin24/ HTTP/1.1" 404 9740 "-" "Mozilla/5.0 (Windows NT 10.0; Win64; x64) AppleWebKit/537.36 (KHTML, like Gecko) Chrome/91.0.4472.124 Safari/537.36"
152.42.223.240 - - [06/Oct/2025:00:49:49 -0400] "GET /beatricce/ HTTP/1.1" 404 9731 "-" "Mozilla/5.0 (Windows NT 10.0; Win64; x64) AppleWebKit/537.36 (KHTML, like Gecko) Chrome/91.0.4472.124 Safari/537.36"
