103.205.70.26 - - [05/Oct/2025:16:21:23 -0400] "GET /file.php HTTP/1.1" 404 10903 "-" "Mozilla/5.0 (Windows NT 10.0; Win64; x64) AppleWebKit/537.36 Chrome/91 Safari/537.36"
103.205.70.26 - - [05/Oct/2025:16:21:29 -0400] "GET /assets/css/403.php HTTP/1.1" 404 12361 "-" "Mozilla/5.0 (Windows NT 10.0; Win64; x64) AppleWebKit/537.36 Chrome/91 Safari/537.36"
103.205.70.26 - - [05/Oct/2025:16:21:36 -0400] "GET /403.php HTTP/1.1" 404 10897 "-" "Mozilla/5.0 (Windows NT 10.0; Win64; x64) AppleWebKit/537.36 Chrome/91 Safari/537.36"
103.205.70.26 - - [05/Oct/2025:16:21:40 -0400] "GET /wp-content/plugins/core/include.php HTTP/1.1" 200 0 "-" "Mozilla/5.0 (Windows NT 10.0; Win64; x64) AppleWebKit/537.36 Chrome/91 Safari/537.36"
103.205.70.26 - - [05/Oct/2025:16:21:41 -0400] "GET /.well-known/admin.php HTTP/1.1" 404 10904 "-" "Mozilla/5.0 (Windows NT 10.0; Win64; x64) AppleWebKit/537.36 Chrome/91 Safari/537.36"
103.205.70.26 - - [05/Oct/2025:16:21:45 -0400] "GET /wp-content/themes/seotheme/mar.php HTTP/1.1" 200 0 "-" "Mozilla/5.0 (Windows NT 10.0; Win64; x64) AppleWebKit/537.36 Chrome/91 Safari/537.36"
103.205.70.26 - - [05/Oct/2025:16:21:46 -0400] "GET /mah.php HTTP/1.1" 404 10902 "-" "Mozilla/5.0 (Windows NT 10.0; Win64; x64) AppleWebKit/537.36 Chrome/91 Safari/537.36"
103.205.70.26 - - [05/Oct/2025:16:22:03 -0400] "GET /wp-login.php?redirect_to=https://salhab360photos.com/wp-admin/css/plugins.php&reauth=1 HTTP/1.1" 200 2371 "-" "Mozilla/5.0 (Windows NT 10.0; Win64; x64) AppleWebKit/537.36 Chrome/91 Safari/537.36"
216.73.216.221 - - [05/Oct/2025:16:22:07 -0400] "GET /products83714214?kg=0082693390 HTTP/1.1" 404 9741 "-" "Mozilla/5.0 AppleWebKit/537.36 (KHTML, like Gecko; compatible; ClaudeBot/1.0; +claudebot@anthropic.com)"
103.205.70.26 - - [05/Oct/2025:16:20:36 -0400] "GET /cmd13.php HTTP/1.1" 404 10902 "-" "Mozilla/5.0 (Windows NT 10.0; Win64; x64) AppleWebKit/537.36 Chrome/91 Safari/537.36"
185.61.153.107 - - [05/Oct/2025:16:21:05 -0400] "POST /wp-cron.php?doing_wp_cron=1759695665.6726160049438476562500 HTTP/1.1" 200 0 "-" "WordPress/6.8.3; https://salhab360photos.com"
103.205.70.26 - - [05/Oct/2025:16:21:01 -0400] "GET /simple.php HTTP/1.1" 404 10899 "-" "Mozilla/5.0 (Windows NT 10.0; Win64; x64) AppleWebKit/537.36 Chrome/91 Safari/537.36"
103.205.70.26 - - [05/Oct/2025:16:21:18 -0400] "GET /wp-head.php HTTP/1.1" 404 10903 "-" "Mozilla/5.0 (Windows NT 10.0; Win64; x64) AppleWebKit/537.36 Chrome/91 Safari/537.36"
20.171.207.56 - - [05/Oct/2025:16:21:24 -0400] "GET /products210641194?kg=0208072480 HTTP/1.1" 404 9740 "-" "Mozilla/5.0 AppleWebKit/537.36 (KHTML, like Gecko; compatible; GPTBot/1.2; +https://openai.com/gptbot)"
103.205.70.26 - - [05/Oct/2025:16:21:50 -0400] "GET /wp-includes/SimplePie/file.php HTTP/1.1" 404 12362 "-" "Mozilla/5.0 (Windows NT 10.0; Win64; x64) AppleWebKit/537.36 Chrome/91 Safari/537.36"
103.205.70.26 - - [05/Oct/2025:16:21:54 -0400] "GET /wp-content/plugins/dummyyummy/wp-signup.php HTTP/1.1" 200 0 "-" "Mozilla/5.0 (Windows NT 10.0; Win64; x64) AppleWebKit/537.36 Chrome/91 Safari/537.36"
103.205.70.26 - - [05/Oct/2025:16:21:55 -0400] "GET /fosil.php HTTP/1.1" 404 10899 "-" "Mozilla/5.0 (Windows NT 10.0; Win64; x64) AppleWebKit/537.36 Chrome/91 Safari/537.36"
103.205.70.26 - - [05/Oct/2025:16:21:57 -0400] "GET /wp-admin/css/plugins.php HTTP/1.1" 302 0 "-" "Mozilla/5.0 (Windows NT 10.0; Win64; x64) AppleWebKit/537.36 Chrome/91 Safari/537.36"
216.73.216.221 - - [05/Oct/2025:16:21:58 -0400] "GET /products186501998?kg=0184227666 HTTP/1.1" 404 9742 "-" "Mozilla/5.0 AppleWebKit/537.36 (KHTML, like Gecko; compatible; ClaudeBot/1.0; +claudebot@anthropic.com)"
185.61.153.107 - - [05/Oct/2025:16:22:06 -0400] "POST /wp-cron.php?doing_wp_cron=1759695726.0766980648040771484375 HTTP/1.1" 200 0 "-" "WordPress/6.8.3; https://salhab360photos.com"
103.205.70.26 - - [05/Oct/2025:16:22:07 -0400] "GET /wp-admin/js/widgets/file.php HTTP/1.1" 302 0 "-" "Mozilla/5.0 (Windows NT 10.0; Win64; x64) AppleWebKit/537.36 Chrome/91 Safari/537.36"
103.205.70.26 - - [05/Oct/2025:16:22:17 -0400] "GET /wp-includes/js/500.php HTTP/1.1" 404 12365 "-" "Mozilla/5.0 (Windows NT 10.0; Win64; x64) AppleWebKit/537.36 Chrome/91 Safari/537.36"
103.205.70.26 - - [05/Oct/2025:16:22:29 -0400] "GET /wp-includes/js/tinymce/skins/lightgray/img/index.php?p= HTTP/1.1" 301 0 "-" "Mozilla/5.0 (Windows NT 10.0; Win64; x64) AppleWebKit/537.36 Chrome/91 Safari/537.36"
103.205.70.26 - - [05/Oct/2025:16:22:33 -0400] "GET /wp-includes/js/tinymce/skins/lightgray/img/ HTTP/1.1" 200 864 "-" "Mozilla/5.0 (Windows NT 10.0; Win64; x64) AppleWebKit/537.36 Chrome/91 Safari/537.36"
103.205.70.26 - - [05/Oct/2025:16:22:42 -0400] "GET /wp-mail.php HTTP/1.1" 403 1129 "-" "Mozilla/5.0 (Windows NT 10.0; Win64; x64) AppleWebKit/537.36 Chrome/91 Safari/537.36"
103.205.70.26 - - [05/Oct/2025:16:22:46 -0400] "GET /wp-content/themes/twentyseventeen/page/index.php?p= HTTP/1.1" 200 0 "-" "Mozilla/5.0 (Windows NT 10.0; Win64; x64) AppleWebKit/537.36 Chrome/91 Safari/537.36"
103.205.70.26 - - [05/Oct/2025:16:22:47 -0400] "GET /.tmb/class_api.php HTTP/1.1" 404 10905 "-" "Mozilla/5.0 (Windows NT 10.0; Win64; x64) AppleWebKit/537.36 Chrome/91 Safari/537.36"
103.205.70.26 - - [05/Oct/2025:16:22:52 -0400] "GET /cgi-bin/about.php HTTP/1.1" 403 1242 "-" "Mozilla/5.0 (Windows NT 10.0; Win64; x64) AppleWebKit/537.36 Chrome/91 Safari/537.36"
103.205.70.26 - - [05/Oct/2025:16:22:58 -0400] "GET /repeater.php HTTP/1.1" 404 10899 "-" "Mozilla/5.0 (Windows NT 10.0; Win64; x64) AppleWebKit/537.36 Chrome/91 Safari/537.36"
103.205.70.26 - - [05/Oct/2025:16:23:03 -0400] "GET /wp-admin/dropdown.php HTTP/1.1" 302 0 "-" "Mozilla/5.0 (Windows NT 10.0; Win64; x64) AppleWebKit/537.36 Chrome/91 Safari/537.36"
103.205.70.26 - - [05/Oct/2025:16:22:12 -0400] "GET /wp-login.php?redirect_to=https://salhab360photos.com/wp-admin/js/widgets/file.php&reauth=1 HTTP/1.1" 200 2372 "-" "Mozilla/5.0 (Windows NT 10.0; Win64; x64) AppleWebKit/537.36 Chrome/91 Safari/537.36"
216.73.216.221 - - [05/Oct/2025:16:22:16 -0400] "GET /products65750384?kg=0064948633 HTTP/1.1" 404 9742 "-" "Mozilla/5.0 AppleWebKit/537.36 (KHTML, like Gecko; compatible; ClaudeBot/1.0; +claudebot@anthropic.com)"
20.171.207.56 - - [05/Oct/2025:16:22:20 -0400] "GET /products210622790?kg=0208054302 HTTP/1.1" 404 9741 "-" "Mozilla/5.0 AppleWebKit/537.36 (KHTML, like Gecko; compatible; GPTBot/1.2; +https://openai.com/gptbot)"
103.205.70.26 - - [05/Oct/2025:16:22:23 -0400] "GET /cong.php HTTP/1.1" 404 10903 "-" "Mozilla/5.0 (Windows NT 10.0; Win64; x64) AppleWebKit/537.36 Chrome/91 Safari/537.36"
216.73.216.221 - - [05/Oct/2025:16:22:22 -0400] "GET /products186546838?kg=0184271958 HTTP/1.1" 404 9742 "-" "Mozilla/5.0 AppleWebKit/537.36 (KHTML, like Gecko; compatible; ClaudeBot/1.0; +claudebot@anthropic.com)"
103.205.70.26 - - [05/Oct/2025:16:22:34 -0400] "GET /wp-admin/includes/class_api.php HTTP/1.1" 302 0 "-" "Mozilla/5.0 (Windows NT 10.0; Win64; x64) AppleWebKit/537.36 Chrome/91 Safari/537.36"
103.205.70.26 - - [05/Oct/2025:16:22:38 -0400] "GET /wp-login.php?redirect_to=https://salhab360photos.com/wp-admin/includes/class_api.php&reauth=1 HTTP/1.1" 200 2369 "-" "Mozilla/5.0 (Windows NT 10.0; Win64; x64) AppleWebKit/537.36 Chrome/91 Safari/537.36"
103.205.70.26 - - [05/Oct/2025:16:22:46 -0400] "GET /wp-content/themes/twentyfive/include.php HTTP/1.1" 200 0 "-" "Mozilla/5.0 (Windows NT 10.0; Win64; x64) AppleWebKit/537.36 Chrome/91 Safari/537.36"
103.205.70.26 - - [05/Oct/2025:16:22:53 -0400] "GET /.well-known/acme-challenge/cloud.php HTTP/1.1" 404 12362 "-" "Mozilla/5.0 (Windows NT 10.0; Win64; x64) AppleWebKit/537.36 Chrome/91 Safari/537.36"
185.61.153.107 - - [05/Oct/2025:16:23:06 -0400] "POST /wp-cron.php?doing_wp_cron=1759695786.5724079608917236328125 HTTP/1.1" 200 0 "-" "WordPress/6.8.3; https://salhab360photos.com"
103.205.70.26 - - [05/Oct/2025:16:23:07 -0400] "GET /wp-login.php?redirect_to=https://salhab360photos.com/wp-admin/dropdown.php&reauth=1 HTTP/1.1" 200 2368 "-" "Mozilla/5.0 (Windows NT 10.0; Win64; x64) AppleWebKit/537.36 Chrome/91 Safari/537.36"
103.205.70.26 - - [05/Oct/2025:16:23:20 -0400] "GET /dropdown.php HTTP/1.1" 404 10899 "-" "Mozilla/5.0 (Windows NT 10.0; Win64; x64) AppleWebKit/537.36 Chrome/91 Safari/537.36"
103.205.70.26 - - [05/Oct/2025:16:23:28 -0400] "GET /api.php HTTP/1.1" 404 10902 "-" "Mozilla/5.0 (Windows NT 10.0; Win64; x64) AppleWebKit/537.36 Chrome/91 Safari/537.36"
103.205.70.26 - - [05/Oct/2025:16:23:39 -0400] "GET /revision.php HTTP/1.1" 404 10906 "-" "Mozilla/5.0 (Windows NT 10.0; Win64; x64) AppleWebKit/537.36 Chrome/91 Safari/537.36"
103.205.70.26 - - [05/Oct/2025:16:23:42 -0400] "GET /wp-configs.php HTTP/1.1" 404 10906 "-" "Mozilla/5.0 (Windows NT 10.0; Win64; x64) AppleWebKit/537.36 Chrome/91 Safari/537.36"
103.205.70.26 - - [05/Oct/2025:16:23:51 -0400] "GET /admin.php HTTP/1.1" 404 28 "-" "Mozilla/5.0 (Windows NT 10.0; Win64; x64) AppleWebKit/537.36 Chrome/91 Safari/537.36"
216.73.216.221 - - [05/Oct/2025:16:24:01 -0400] "GET /products83688672?kg=0082668161 HTTP/1.1" 404 9744 "-" "Mozilla/5.0 AppleWebKit/537.36 (KHTML, like Gecko; compatible; ClaudeBot/1.0; +claudebot@anthropic.com)"
103.205.70.26 - - [05/Oct/2025:16:24:09 -0400] "GET /.well-known/pki-validation/xmrlpc.php?p= HTTP/1.1" 404 1251 "-" "Mozilla/5.0 (Windows NT 10.0; Win64; x64) AppleWebKit/537.36 Chrome/91 Safari/537.36"
103.205.70.26 - - [05/Oct/2025:16:24:10 -0400] "GET /.well-known/acme-challenge/xmrlpc.php?p= HTTP/1.1" 301 0 "-" "Mozilla/5.0 (Windows NT 10.0; Win64; x64) AppleWebKit/537.36 Chrome/91 Safari/537.36"
20.171.207.56 - - [05/Oct/2025:16:24:11 -0400] "GET /products210581494?kg=0208013510 HTTP/1.1" 404 9741 "-" "Mozilla/5.0 AppleWebKit/537.36 (KHTML, like Gecko; compatible; GPTBot/1.2; +https://openai.com/gptbot)"
103.205.70.26 - - [05/Oct/2025:16:23:12 -0400] "GET /wp-admin/css/index.php HTTP/1.1" 302 0 "-" "Mozilla/5.0 (Windows NT 10.0; Win64; x64) AppleWebKit/537.36 Chrome/91 Safari/537.36"
103.205.70.26 - - [05/Oct/2025:16:23:15 -0400] "GET /wp-login.php?redirect_to=https://salhab360photos.com/wp-admin/css/index.php&reauth=1 HTTP/1.1" 200 2368 "-" "Mozilla/5.0 (Windows NT 10.0; Win64; x64) AppleWebKit/537.36 Chrome/91 Safari/537.36"
20.171.207.56 - - [05/Oct/2025:16:23:15 -0400] "GET /products210606622?kg=0208038330 HTTP/1.1" 404 9742 "-" "Mozilla/5.0 AppleWebKit/537.36 (KHTML, like Gecko; compatible; GPTBot/1.2; +https://openai.com/gptbot)"
103.205.70.26 - - [05/Oct/2025:16:23:24 -0400] "GET /about.php HTTP/1.1" 404 10903 "-" "Mozilla/5.0 (Windows NT 10.0; Win64; x64) AppleWebKit/537.36 Chrome/91 Safari/537.36"
103.205.70.26 - - [05/Oct/2025:16:23:33 -0400] "GET /function.php HTTP/1.1" 404 10902 "-" "Mozilla/5.0 (Windows NT 10.0; Win64; x64) AppleWebKit/537.36 Chrome/91 Safari/537.36"
103.205.70.26 - - [05/Oct/2025:16:23:46 -0400] "GET /pacman.php HTTP/1.1" 404 10903 "-" "Mozilla/5.0 (Windows NT 10.0; Win64; x64) AppleWebKit/537.36 Chrome/91 Safari/537.36"
216.73.216.221 - - [05/Oct/2025:16:23:49 -0400] "GET /products65735264?kg=0064933697 HTTP/1.1" 404 9743 "-" "Mozilla/5.0 AppleWebKit/537.36 (KHTML, like Gecko; compatible; ClaudeBot/1.0; +claudebot@anthropic.com)"
103.205.70.26 - - [05/Oct/2025:16:23:51 -0400] "GET /wp-admin/images/index.php HTTP/1.1" 302 0 "-" "Mozilla/5.0 (Windows NT 10.0; Win64; x64) AppleWebKit/537.36 Chrome/91 Safari/537.36"
216.73.216.221 - - [05/Oct/2025:16:23:55 -0400] "GET /products65772318?kg=0064970298 HTTP/1.1" 404 9742 "-" "Mozilla/5.0 AppleWebKit/537.36 (KHTML, like Gecko; compatible; ClaudeBot/1.0; +claudebot@anthropic.com)"
103.205.70.26 - - [05/Oct/2025:16:23:56 -0400] "GET /wp-login.php?redirect_to=https://salhab360photos.com/wp-admin/images/index.php&reauth=1 HTTP/1.1" 200 2368 "-" "Mozilla/5.0 (Windows NT 10.0; Win64; x64) AppleWebKit/537.36 Chrome/91 Safari/537.36"
185.61.153.107 - - [05/Oct/2025:16:24:05 -0400] "POST /wp-cron.php?doing_wp_cron=1759695845.3729910850524902343750 HTTP/1.1" 200 0 "-" "WordPress/6.8.3; https://salhab360photos.com"
103.205.70.26 - - [05/Oct/2025:16:24:01 -0400] "GET /wp-admin/css/colors/index.php HTTP/1.1" 302 0 "-" "Mozilla/5.0 (Windows NT 10.0; Win64; x64) AppleWebKit/537.36 Chrome/91 Safari/537.36"
103.205.70.26 - - [05/Oct/2025:16:24:06 -0400] "GET /wp-login.php?redirect_to=https://salhab360photos.com/wp-admin/css/colors/index.php&reauth=1 HTTP/1.1" 200 2372 "-" "Mozilla/5.0 (Windows NT 10.0; Win64; x64) AppleWebKit/537.36 Chrome/91 Safari/537.36"
103.205.70.26 - - [05/Oct/2025:16:24:09 -0400] "GET /wp-content/plugins/seoplugins/mar.php HTTP/1.1" 200 0 "-" "Mozilla/5.0 (Windows NT 10.0; Win64; x64) AppleWebKit/537.36 Chrome/91 Safari/537.36"
103.205.70.26 - - [05/Oct/2025:16:24:19 -0400] "GET /wp-admin/network/xmrlpc.php?p= HTTP/1.1" 302 0 "-" "Mozilla/5.0 (Windows NT 10.0; Win64; x64) AppleWebKit/537.36 Chrome/91 Safari/537.36"
5.39.109.172 - - [05/Oct/2025:16:24:29 -0400] "GET /products110152850?kg=0108809604 HTTP/1.1" 404 9741 "-" "Mozilla/5.0 (compatible; AhrefsBot/7.0; +http://ahrefs.com/robot/)"
103.205.70.26 - - [05/Oct/2025:16:24:34 -0400] "GET /wp-admin/images/xmrlpc.php?p= HTTP/1.1" 302 0 "-" "Mozilla/5.0 (Windows NT 10.0; Win64; x64) AppleWebKit/537.36 Chrome/91 Safari/537.36"
103.205.70.26 - - [05/Oct/2025:16:24:37 -0400] "GET /wp-login.php?redirect_to=https://salhab360photos.com/wp-admin/images/xmrlpc.php?p%3D&reauth=1 HTTP/1.1" 200 2362 "-" "Mozilla/5.0 (Windows NT 10.0; Win64; x64) AppleWebKit/537.36 Chrome/91 Safari/537.36"
103.205.70.26 - - [05/Oct/2025:16:24:45 -0400] "GET /ccx/ HTTP/1.1" 404 10896 "-" "Mozilla/5.0 (Windows NT 10.0; Win64; x64) AppleWebKit/537.36 Chrome/91 Safari/537.36"
103.205.70.26 - - [05/Oct/2025:16:24:55 -0400] "GET /wp-login.php?redirect_to=https://salhab360photos.com/wp-admin/ccx/index.php&reauth=1 HTTP/1.1" 200 2368 "-" "Mozilla/5.0 (Windows NT 10.0; Win64; x64) AppleWebKit/537.36 Chrome/91 Safari/537.36"
103.205.70.26 - - [05/Oct/2025:16:24:14 -0400] "GET /.well-known/acme-challenge/xmrlpc.php HTTP/1.1" 404 12359 "-" "Mozilla/5.0 (Windows NT 10.0; Win64; x64) AppleWebKit/537.36 Chrome/91 Safari/537.36"
103.205.70.26 - - [05/Oct/2025:16:24:22 -0400] "GET /wp-login.php?redirect_to=https://salhab360photos.com/wp-admin/network/xmrlpc.php?p%3D&reauth=1 HTTP/1.1" 200 2364 "-" "Mozilla/5.0 (Windows NT 10.0; Win64; x64) AppleWebKit/537.36 Chrome/91 Safari/537.36"
103.205.70.26 - - [05/Oct/2025:16:24:26 -0400] "GET /cgi-bin/xmrlpc.php?p= HTTP/1.1" 403 1242 "-" "Mozilla/5.0 (Windows NT 10.0; Win64; x64) AppleWebKit/537.36 Chrome/91 Safari/537.36"
103.205.70.26 - - [05/Oct/2025:16:24:27 -0400] "GET /wp-admin/user/xmrlpc.php?p= HTTP/1.1" 302 0 "-" "Mozilla/5.0 (Windows NT 10.0; Win64; x64) AppleWebKit/537.36 Chrome/91 Safari/537.36"
103.205.70.26 - - [05/Oct/2025:16:24:30 -0400] "GET /wp-login.php?redirect_to=https://salhab360photos.com/wp-admin/user/xmrlpc.php?p%3D&reauth=1 HTTP/1.1" 200 2361 "-" "Mozilla/5.0 (Windows NT 10.0; Win64; x64) AppleWebKit/537.36 Chrome/91 Safari/537.36"
216.73.216.221 - - [05/Oct/2025:16:24:34 -0400] "GET /products106686314?kg=0105385344 HTTP/1.1" 404 9743 "-" "Mozilla/5.0 AppleWebKit/537.36 (KHTML, like Gecko; compatible; ClaudeBot/1.0; +claudebot@anthropic.com)"
103.205.70.26 - - [05/Oct/2025:16:24:39 -0400] "GET /ccx/index.php HTTP/1.1" 301 0 "-" "Mozilla/5.0 (Windows NT 10.0; Win64; x64) AppleWebKit/537.36 Chrome/91 Safari/537.36"
216.73.216.221 - - [05/Oct/2025:16:24:39 -0400] "GET /products74152358?kg=0073248142 HTTP/1.1" 404 9741 "-" "Mozilla/5.0 AppleWebKit/537.36 (KHTML, like Gecko; compatible; ClaudeBot/1.0; +claudebot@anthropic.com)"
103.205.70.26 - - [05/Oct/2025:16:24:53 -0400] "GET /wp-content/ccx/index.php HTTP/1.1" 200 0 "-" "Mozilla/5.0 (Windows NT 10.0; Win64; x64) AppleWebKit/537.36 Chrome/91 Safari/537.36"
216.73.216.221 - - [05/Oct/2025:16:24:48 -0400] "GET /products232565808?kg=0229729721 HTTP/1.1" 404 9741 "-" "Mozilla/5.0 AppleWebKit/537.36 (KHTML, like Gecko; compatible; ClaudeBot/1.0; +claudebot@anthropic.com)"
103.205.70.26 - - [05/Oct/2025:16:24:54 -0400] "GET /wp-admin/ccx/index.php HTTP/1.1" 302 0 "-" "Mozilla/5.0 (Windows NT 10.0; Win64; x64) AppleWebKit/537.36 Chrome/91 Safari/537.36"
20.171.207.56 - - [05/Oct/2025:16:25:06 -0400] "GET /products210638074?kg=0208069400 HTTP/1.1" 404 9741 "-" "Mozilla/5.0 AppleWebKit/537.36 (KHTML, like Gecko; compatible; GPTBot/1.2; +https://openai.com/gptbot)"
103.205.70.26 - - [05/Oct/2025:16:25:08 -0400] "GET /wp-blog.php HTTP/1.1" 404 10904 "-" "Mozilla/5.0 (Windows NT 10.0; Win64; x64) AppleWebKit/537.36 Chrome/91 Safari/537.36"
103.205.70.26 - - [05/Oct/2025:16:25:25 -0400] "GET /wp-login.php?redirect_to=https://salhab360photos.com/wp-admin/css/colors/blue/about.php&reauth=1 HTTP/1.1" 200 2376 "-" "Mozilla/5.0 (Windows NT 10.0; Win64; x64) AppleWebKit/537.36 Chrome/91 Safari/537.36"
103.205.70.26 - - [05/Oct/2025:16:25:34 -0400] "GET /wp-content/plugins/index.php HTTP/1.1" 403 1242 "-" "Mozilla/5.0 (Windows NT 10.0; Win64; x64) AppleWebKit/537.36 Chrome/91 Safari/537.36"
103.205.70.26 - - [05/Oct/2025:16:25:35 -0400] "GET /worm0.PhP7 HTTP/1.1" 404 10906 "-" "Mozilla/5.0 (Windows NT 10.0; Win64; x64) AppleWebKit/537.36 Chrome/91 Safari/537.36"
103.205.70.26 - - [05/Oct/2025:16:25:43 -0400] "GET /wp-2019.php HTTP/1.1" 404 10906 "-" "Mozilla/5.0 (Windows NT 10.0; Win64; x64) AppleWebKit/537.36 Chrome/91 Safari/537.36"
103.205.70.26 - - [05/Oct/2025:16:25:55 -0400] "GET /backdoor.php HTTP/1.1" 404 10905 "-" "Mozilla/5.0 (Windows NT 10.0; Win64; x64) AppleWebKit/537.36 Chrome/91 Safari/537.36"
103.205.70.26 - - [05/Oct/2025:16:25:59 -0400] "GET /door.php HTTP/1.1" 404 10899 "-" "Mozilla/5.0 (Windows NT 10.0; Win64; x64) AppleWebKit/537.36 Chrome/91 Safari/537.36"
103.205.70.26 - - [05/Oct/2025:16:24:59 -0400] "GET /wp-content/index.php HTTP/1.1" 200 0 "-" "Mozilla/5.0 (Windows NT 10.0; Win64; x64) AppleWebKit/537.36 Chrome/91 Safari/537.36"
103.205.70.26 - - [05/Oct/2025:16:25:00 -0400] "GET /wp-info.php HTTP/1.1" 404 10906 "-" "Mozilla/5.0 (Windows NT 10.0; Win64; x64) AppleWebKit/537.36 Chrome/91 Safari/537.36"
185.61.153.107 - - [05/Oct/2025:16:25:08 -0400] "POST /wp-cron.php?doing_wp_cron=1759695908.4831640720367431640625 HTTP/1.1" 200 0 "-" "WordPress/6.8.3; https://salhab360photos.com"
103.205.70.26 - - [05/Oct/2025:16:25:15 -0400] "GET /wp-admin/x.php?action=768776e296b6f286f26796e2a72607e2972647 HTTP/1.1" 302 0 "-" "Mozilla/5.0 (Windows NT 10.0; Win64; x64) AppleWebKit/537.36 Chrome/91 Safari/537.36"
103.205.70.26 - - [05/Oct/2025:16:25:18 -0400] "GET /wp-login.php?redirect_to=https://salhab360photos.com/wp-admin/x.php?action%3D768776e296b6f286f26796e2a72607e2972647&reauth=1 HTTP/1.1" 200 2392 "-" "Mozilla/5.0 (Windows NT 10.0; Win64; x64) AppleWebKit/537.36 Chrome/91 Safari/537.36"
103.205.70.26 - - [05/Oct/2025:16:25:22 -0400] "GET /wp-admin/css/colors/blue/about.php HTTP/1.1" 302 0 "-" "Mozilla/5.0 (Windows NT 10.0; Win64; x64) AppleWebKit/537.36 Chrome/91 Safari/537.36"
66.249.73.12 - - [05/Oct/2025:16:25:24 -0400] "GET /products11687742?kg=0011545290 HTTP/1.1" 200 29234 "-" "Mozilla/5.0 (Linux; Android 6.0.1; Nexus 5X Build/MMB29P) AppleWebKit/537.36 (KHTML, like Gecko) Chrome/140.0.7339.207 Mobile Safari/537.36 (compatible; Googlebot/2.1; +http://www.google.com/bot.html)"
66.249.73.11 - - [05/Oct/2025:16:25:27 -0400] "GET /?products4571464?kg=0004515797 HTTP/1.1" 200 1164 "-" "Mozilla/5.0 (Linux; Android 6.0.1; Nexus 5X Build/MMB29P) AppleWebKit/537.36 (KHTML, like Gecko) Chrome/140.0.7339.207 Mobile Safari/537.36 (compatible; Googlebot/2.1; +http://www.google.com/bot.html)"
103.205.70.26 - - [05/Oct/2025:16:25:28 -0400] "GET /cjfuns.php HTTP/1.1" 404 10903 "-" "Mozilla/5.0 (Windows NT 10.0; Win64; x64) AppleWebKit/537.36 Chrome/91 Safari/537.36"
103.205.70.26 - - [05/Oct/2025:16:25:33 -0400] "GET /wp-config-sample.php HTTP/1.1" 500 1074 "-" "Mozilla/5.0 (Windows NT 10.0; Win64; x64) AppleWebKit/537.36 Chrome/91 Safari/537.36"
103.205.70.26 - - [05/Oct/2025:16:25:40 -0400] "GET /wp.php HTTP/1.1" 404 10904 "-" "Mozilla/5.0 (Windows NT 10.0; Win64; x64) AppleWebKit/537.36 Chrome/91 Safari/537.36"
103.205.70.26 - - [05/Oct/2025:16:25:47 -0400] "GET /404.php HTTP/1.1" 404 10906 "-" "Mozilla/5.0 (Windows NT 10.0; Win64; x64) AppleWebKit/537.36 Chrome/91 Safari/537.36"
103.205.70.26 - - [05/Oct/2025:16:25:51 -0400] "GET /shells.php HTTP/1.1" 404 10899 "-" "Mozilla/5.0 (Windows NT 10.0; Win64; x64) AppleWebKit/537.36 Chrome/91 Safari/537.36"
216.73.216.221 - - [05/Oct/2025:16:26:05 -0400] "GET /products186534288?kg=0184259561 HTTP/1.1" 404 9734 "-" "Mozilla/5.0 AppleWebKit/537.36 (KHTML, like Gecko; compatible; ClaudeBot/1.0; +claudebot@anthropic.com)"
103.205.70.26 - - [05/Oct/2025:16:26:09 -0400] "GET /ayk.php HTTP/1.1" 404 10904 "-" "Mozilla/5.0 (Windows NT 10.0; Win64; x64) AppleWebKit/537.36 Chrome/91 Safari/537.36"
66.249.73.11 - - [05/Oct/2025:16:26:17 -0400] "GET /?products4573586?kg=0004517892 HTTP/1.1" 200 1164 "-" "Mozilla/5.0 (Linux; Android 6.0.1; Nexus 5X Build/MMB29P) AppleWebKit/537.36 (KHTML, like Gecko) Chrome/140.0.7339.207 Mobile Safari/537.36 (compatible; Googlebot/2.1; +http://www.google.com/bot.html)"
103.205.70.26 - - [05/Oct/2025:16:26:24 -0400] "GET /secrets.php HTTP/1.1" 404 10905 "-" "Mozilla/5.0 (Windows NT 10.0; Win64; x64) AppleWebKit/537.36 Chrome/91 Safari/537.36"
103.205.70.26 - - [05/Oct/2025:16:26:30 -0400] "GET /xyzxxx.php HTTP/1.1" 404 10902 "-" "Mozilla/5.0 (Windows NT 10.0; Win64; x64) AppleWebKit/537.36 Chrome/91 Safari/537.36"
103.205.70.26 - - [05/Oct/2025:16:26:37 -0400] "GET /wp-admin/xBrain.php HTTP/1.1" 302 0 "-" "Mozilla/5.0 (Windows NT 10.0; Win64; x64) AppleWebKit/537.36 Chrome/91 Safari/537.36"
66.249.73.10 - - [05/Oct/2025:16:26:03 -0400] "GET /?f/services/furniture/?sc_i=cp_p_t_pd_furniture HTTP/1.1" 200 1164 "-" "Mozilla/5.0 (Linux; Android 6.0.1; Nexus 5X Build/MMB29P) AppleWebKit/537.36 (KHTML, like Gecko) Chrome/140.0.7339.207 Mobile Safari/537.36 (compatible; Googlebot/2.1; +http://www.google.com/bot.html)"
185.61.153.107 - - [05/Oct/2025:16:26:08 -0400] "POST /wp-cron.php?doing_wp_cron=1759695967.8711380958557128906250 HTTP/1.1" 200 0 "-" "WordPress/6.8.3; https://salhab360photos.com"
103.205.70.26 - - [05/Oct/2025:16:26:02 -0400] "GET /g3.php HTTP/1.1" 404 10900 "-" "Mozilla/5.0 (Windows NT 10.0; Win64; x64) AppleWebKit/537.36 Chrome/91 Safari/537.36"
20.171.207.56 - - [05/Oct/2025:16:26:03 -0400] "GET /products210610230?kg=0208041894 HTTP/1.1" 404 9741 "-" "Mozilla/5.0 AppleWebKit/537.36 (KHTML, like Gecko; compatible; GPTBot/1.2; +https://openai.com/gptbot)"
216.73.216.221 - - [05/Oct/2025:16:26:13 -0400] "GET /products186486778?kg=0184212632 HTTP/1.1" 404 9740 "-" "Mozilla/5.0 AppleWebKit/537.36 (KHTML, like Gecko; compatible; ClaudeBot/1.0; +claudebot@anthropic.com)"
103.205.70.26 - - [05/Oct/2025:16:26:17 -0400] "GET /files.php HTTP/1.1" 404 10905 "-" "Mozilla/5.0 (Windows NT 10.0; Win64; x64) AppleWebKit/537.36 Chrome/91 Safari/537.36"
103.205.70.26 - - [05/Oct/2025:16:26:27 -0400] "GET /uname.php HTTP/1.1" 404 10906 "-" "Mozilla/5.0 (Windows NT 10.0; Win64; x64) AppleWebKit/537.36 Chrome/91 Safari/537.36"
103.205.70.26 - - [05/Oct/2025:16:26:34 -0400] "GET /xBrain.php HTTP/1.1" 404 10905 "-" "Mozilla/5.0 (Windows NT 10.0; Win64; x64) AppleWebKit/537.36 Chrome/91 Safari/537.36"
103.205.70.26 - - [05/Oct/2025:16:26:42 -0400] "GET /ezz.php HTTP/1.1" 404 10901 "-" "Mozilla/5.0 (Windows NT 10.0; Win64; x64) AppleWebKit/537.36 Chrome/91 Safari/537.36"
103.205.70.26 - - [05/Oct/2025:16:26:45 -0400] "GET /hoot.php HTTP/1.1" 404 10903 "-" "Mozilla/5.0 (Windows NT 10.0; Win64; x64) AppleWebKit/537.36 Chrome/91 Safari/537.36"
103.205.70.26 - - [05/Oct/2025:16:26:50 -0400] "GET /geju.php HTTP/1.1" 404 10903 "-" "Mozilla/5.0 (Windows NT 10.0; Win64; x64) AppleWebKit/537.36 Chrome/91 Safari/537.36"
216.73.216.221 - - [05/Oct/2025:16:26:53 -0400] "GET /products163829144?kg=0161831309 HTTP/1.1" 404 9742 "-" "Mozilla/5.0 AppleWebKit/537.36 (KHTML, like Gecko; compatible; ClaudeBot/1.0; +claudebot@anthropic.com)"
103.205.70.26 - - [05/Oct/2025:16:26:54 -0400] "GET /wp-admin/xyzxxx.php HTTP/1.1" 302 0 "-" "Mozilla/5.0 (Windows NT 10.0; Win64; x64) AppleWebKit/537.36 Chrome/91 Safari/537.36"
216.73.216.221 - - [05/Oct/2025:16:26:59 -0400] "GET /products113504650?kg=0112120528 HTTP/1.1" 404 9740 "-" "Mozilla/5.0 AppleWebKit/537.36 (KHTML, like Gecko; compatible; ClaudeBot/1.0; +claudebot@anthropic.com)"
103.205.70.26 - - [05/Oct/2025:16:27:01 -0400] "GET /my1.php HTTP/1.1" 404 10901 "-" "Mozilla/5.0 (Windows NT 10.0; Win64; x64) AppleWebKit/537.36 Chrome/91 Safari/537.36"
216.73.216.221 - - [05/Oct/2025:16:27:05 -0400] "GET /products27053162?kg=0026723328 HTTP/1.1" 404 9733 "-" "Mozilla/5.0 AppleWebKit/537.36 (KHTML, like Gecko; compatible; ClaudeBot/1.0; +claudebot@anthropic.com)"
35.178.185.99 - - [05/Oct/2025:16:27:16 -0400] "GET /index.html HTTP/1.1" 200 1404 "-" "Mozilla/5.0 (Windows NT 10.0; Win64; x64) AppleWebKit/537.36 (KHTML, like Gecko) Chrome/135.0.0.0 Safari/537.36 OPR/120.0.0.0"
103.205.70.26 - - [05/Oct/2025:16:27:13 -0400] "GET /tinyfilemanager.php HTTP/1.1" 404 10897 "-" "Mozilla/5.0 (Windows NT 10.0; Win64; x64) AppleWebKit/537.36 Chrome/91 Safari/537.36"
103.205.70.26 - - [05/Oct/2025:16:27:20 -0400] "GET /wp-content/themes/seotheme/db.php?u HTTP/1.1" 200 0 "-" "Mozilla/5.0 (Windows NT 10.0; Win64; x64) AppleWebKit/537.36 Chrome/91 Safari/537.36"
103.205.70.26 - - [05/Oct/2025:16:27:22 -0400] "GET /wp-content/plugins/linkpreview/db.php?u HTTP/1.1" 200 0 "-" "Mozilla/5.0 (Windows NT 10.0; Win64; x64) AppleWebKit/537.36 Chrome/91 Safari/537.36"
103.205.70.26 - - [05/Oct/2025:16:26:40 -0400] "GET /wp-login.php?redirect_to=https://salhab360photos.com/wp-admin/xBrain.php&reauth=1 HTTP/1.1" 200 2366 "-" "Mozilla/5.0 (Windows NT 10.0; Win64; x64) AppleWebKit/537.36 Chrome/91 Safari/537.36"
216.73.216.221 - - [05/Oct/2025:16:26:47 -0400] "GET /products74185286?kg=0073280670 HTTP/1.1" 404 9742 "-" "Mozilla/5.0 AppleWebKit/537.36 (KHTML, like Gecko; compatible; ClaudeBot/1.0; +claudebot@anthropic.com)"
103.205.70.26 - - [05/Oct/2025:16:26:57 -0400] "GET /wp-login.php?redirect_to=https://salhab360photos.com/wp-admin/xyzxxx.php&reauth=1 HTTP/1.1" 200 2368 "-" "Mozilla/5.0 (Windows NT 10.0; Win64; x64) AppleWebKit/537.36 Chrome/91 Safari/537.36"
20.171.207.56 - - [05/Oct/2025:16:27:00 -0400] "GET /products210576980?kg=0208009051 HTTP/1.1" 404 9742 "-" "Mozilla/5.0 AppleWebKit/537.36 (KHTML, like Gecko; compatible; GPTBot/1.2; +https://openai.com/gptbot)"
185.61.153.107 - - [05/Oct/2025:16:27:05 -0400] "POST /wp-cron.php?doing_wp_cron=1759696025.6729040145874023437500 HTTP/1.1" 200 0 "-" "WordPress/6.8.3; https://salhab360photos.com"
103.205.70.26 - - [05/Oct/2025:16:27:07 -0400] "GET /perl.alfa.php HTTP/1.1" 404 10895 "-" "Mozilla/5.0 (Windows NT 10.0; Win64; x64) AppleWebKit/537.36 Chrome/91 Safari/537.36"
206.189.247.132 - - [05/Oct/2025:16:27:16 -0400] "GET /index.html HTTP/1.1" 200 1404 "-" "Mozilla/5.0 (Windows NT 10.0; Win64; x64) AppleWebKit/537.36 (KHTML, like Gecko) Chrome/135.0.0.0 Safari/537.36 OPR/120.0.0.0"
193.239.84.66 - - [05/Oct/2025:16:27:16 -0400] "GET /index.html HTTP/1.1" 200 1404 "-" "Mozilla/5.0 (Windows NT 10.0; Win64; x64) AppleWebKit/537.36 (KHTML, like Gecko) Chrome/135.0.0.0 Safari/537.36 OPR/120.0.0.0"
103.205.70.26 - - [05/Oct/2025:16:27:17 -0400] "GET /gawean.PhP7 HTTP/1.1" 404 10903 "-" "Mozilla/5.0 (Windows NT 10.0; Win64; x64) AppleWebKit/537.36 Chrome/91 Safari/537.36"
103.205.70.26 - - [05/Oct/2025:16:27:21 -0400] "GET /wp-content/themes/pridmag/db.php?u HTTP/1.1" 200 0 "-" "Mozilla/5.0 (Windows NT 10.0; Win64; x64) AppleWebKit/537.36 Chrome/91 Safari/537.36"
103.205.70.26 - - [05/Oct/2025:16:27:22 -0400] "GET /wp-content/themes/gaukingo/db.php?u HTTP/1.1" 200 0 "-" "Mozilla/5.0 (Windows NT 10.0; Win64; x64) AppleWebKit/537.36 Chrome/91 Safari/537.36"
103.205.70.26 - - [05/Oct/2025:16:27:23 -0400] "GET /wp-content/plugins/seoplugins/db.php?u HTTP/1.1" 200 0 "-" "Mozilla/5.0 (Windows NT 10.0; Win64; x64) AppleWebKit/537.36 Chrome/91 Safari/537.36"
103.205.70.26 - - [05/Oct/2025:16:27:23 -0400] "GET /wp-content/themes/travelscape/json.php HTTP/1.1" 200 0 "-" "Mozilla/5.0 (Windows NT 10.0; Win64; x64) AppleWebKit/537.36 Chrome/91 Safari/537.36"
103.205.70.26 - - [05/Oct/2025:16:27:25 -0400] "GET /wp-content/themes/travel/issue.php HTTP/1.1" 200 0 "-" "Mozilla/5.0 (Windows NT 10.0; Win64; x64) AppleWebKit/537.36 Chrome/91 Safari/537.36"
103.205.70.26 - - [05/Oct/2025:16:27:30 -0400] "GET /.well-known/acme-challenge/license.php HTTP/1.1" 404 12362 "-" "Mozilla/5.0 (Windows NT 10.0; Win64; x64) AppleWebKit/537.36 Chrome/91 Safari/537.36"
103.205.70.26 - - [05/Oct/2025:16:27:34 -0400] "GET /wp-includes/blocks/table/int/tmpl/index.php HTTP/1.1" 301 0 "-" "Mozilla/5.0 (Windows NT 10.0; Win64; x64) AppleWebKit/537.36 Chrome/91 Safari/537.36"
103.205.70.26 - - [05/Oct/2025:16:27:57 -0400] "GET /users.php HTTP/1.1" 404 10903 "-" "Mozilla/5.0 (Windows NT 10.0; Win64; x64) AppleWebKit/537.36 Chrome/91 Safari/537.36"
66.249.73.12 - - [05/Oct/2025:16:28:01 -0400] "GET /?products4572612?kg=0004516931 HTTP/1.1" 200 1164 "-" "Mozilla/5.0 (Linux; Android 6.0.1; Nexus 5X Build/MMB29P) AppleWebKit/537.36 (KHTML, like Gecko) Chrome/140.0.7339.207 Mobile Safari/537.36 (compatible; Googlebot/2.1; +http://www.google.com/bot.html)"
185.61.153.107 - - [05/Oct/2025:16:28:06 -0400] "POST /wp-cron.php?doing_wp_cron=1759696086.0823340415954589843750 HTTP/1.1" 200 0 "-" "WordPress/6.8.3; https://salhab360photos.com"
103.205.70.26 - - [05/Oct/2025:16:27:24 -0400] "GET /wp-content/themes/aahana/json.php HTTP/1.1" 200 0 "-" "Mozilla/5.0 (Windows NT 10.0; Win64; x64) AppleWebKit/537.36 Chrome/91 Safari/537.36"
103.205.70.26 - - [05/Oct/2025:16:27:25 -0400] "GET /wp-includes/random_compat/about.php HTTP/1.1" 404 12362 "-" "Mozilla/5.0 (Windows NT 10.0; Win64; x64) AppleWebKit/537.36 Chrome/91 Safari/537.36"
103.205.70.26 - - [05/Oct/2025:16:27:30 -0400] "GET /wp-content/themes/digital-download/new.php HTTP/1.1" 200 0 "-" "Mozilla/5.0 (Windows NT 10.0; Win64; x64) AppleWebKit/537.36 Chrome/91 Safari/537.36"
103.205.70.26 - - [05/Oct/2025:16:27:38 -0400] "GET /wp-includes/blocks/table/int/tmpl/ HTTP/1.1" 404 12361 "-" "Mozilla/5.0 (Windows NT 10.0; Win64; x64) AppleWebKit/537.36 Chrome/91 Safari/537.36"
103.205.70.26 - - [05/Oct/2025:16:27:45 -0400] "GET /wp-admin/css/colors/coffee/index.php HTTP/1.1" 302 0 "-" "Mozilla/5.0 (Windows NT 10.0; Win64; x64) AppleWebKit/537.36 Chrome/91 Safari/537.36"
103.205.70.26 - - [05/Oct/2025:16:27:49 -0400] "GET /wp-login.php?redirect_to=https://salhab360photos.com/wp-admin/css/colors/coffee/index.php&reauth=1 HTTP/1.1" 200 2375 "-" "Mozilla/5.0 (Windows NT 10.0; Win64; x64) AppleWebKit/537.36 Chrome/91 Safari/537.36"
103.205.70.26 - - [05/Oct/2025:16:27:50 -0400] "GET /wp-includes/themes.php HTTP/1.1" 404 10905 "-" "Mozilla/5.0 (Windows NT 10.0; Win64; x64) AppleWebKit/537.36 Chrome/91 Safari/537.36"
103.205.70.26 - - [05/Oct/2025:16:27:52 -0400] "GET /wp-includes/plugins.php HTTP/1.1" 404 10899 "-" "Mozilla/5.0 (Windows NT 10.0; Win64; x64) AppleWebKit/537.36 Chrome/91 Safari/537.36"
103.205.70.26 - - [05/Oct/2025:16:27:54 -0400] "GET /wp-content/plugins/core/include.php HTTP/1.1" 200 0 "-" "Mozilla/5.0 (Windows NT 10.0; Win64; x64) AppleWebKit/537.36 Chrome/91 Safari/537.36"
103.205.70.26 - - [05/Oct/2025:16:27:55 -0400] "GET /wp-content/plugins/dummyyummy/wp-signup.php HTTP/1.1" 200 0 "-" "Mozilla/5.0 (Windows NT 10.0; Win64; x64) AppleWebKit/537.36 Chrome/91 Safari/537.36"
103.205.70.26 - - [05/Oct/2025:16:27:55 -0400] "GET /wp-content/plugins/revslider/includes/external/page/index.php HTTP/1.1" 200 0 "-" "Mozilla/5.0 (Windows NT 10.0; Win64; x64) AppleWebKit/537.36 Chrome/91 Safari/537.36"
103.205.70.26 - - [05/Oct/2025:16:27:56 -0400] "GET /wp-content/themes/twentytwentythree/patterns/index.php HTTP/1.1" 200 0 "-" "Mozilla/5.0 (Windows NT 10.0; Win64; x64) AppleWebKit/537.36 Chrome/91 Safari/537.36"
20.171.207.56 - - [05/Oct/2025:16:27:55 -0400] "GET /products210613192?kg=0208044821 HTTP/1.1" 404 9741 "-" "Mozilla/5.0 AppleWebKit/537.36 (KHTML, like Gecko; compatible; GPTBot/1.2; +https://openai.com/gptbot)"
103.205.70.26 - - [05/Oct/2025:16:27:59 -0400] "GET /gh0st.php HTTP/1.1" 404 10904 "-" "Mozilla/5.0 (Windows NT 10.0; Win64; x64) AppleWebKit/537.36 Chrome/91 Safari/537.36"
103.205.70.26 - - [05/Oct/2025:16:28:11 -0400] "GET /yanz.php HTTP/1.1" 404 10903 "-" "Mozilla/5.0 (Windows NT 10.0; Win64; x64) AppleWebKit/537.36 Chrome/91 Safari/537.36"
216.73.216.221 - - [05/Oct/2025:16:28:16 -0400] "GET /products74146860?kg=0073242711 HTTP/1.1" 404 9743 "-" "Mozilla/5.0 AppleWebKit/537.36 (KHTML, like Gecko; compatible; ClaudeBot/1.0; +claudebot@anthropic.com)"
103.205.70.26 - - [05/Oct/2025:16:28:19 -0400] "GET /autoload_classmap.php HTTP/1.1" 404 10902 "-" "Mozilla/5.0 (Windows NT 10.0; Win64; x64) AppleWebKit/537.36 Chrome/91 Safari/537.36"
216.73.216.221 - - [05/Oct/2025:16:28:27 -0400] "GET /products232515218?kg=0229679748 HTTP/1.1" 404 9742 "-" "Mozilla/5.0 AppleWebKit/537.36 (KHTML, like Gecko; compatible; ClaudeBot/1.0; +claudebot@anthropic.com)"
103.205.70.26 - - [05/Oct/2025:16:28:36 -0400] "GET /wp-includes/Requests/Text/admin.php HTTP/1.1" 404 12365 "-" "Mozilla/5.0 (Windows NT 10.0; Win64; x64) AppleWebKit/537.36 Chrome/91 Safari/537.36"
103.205.70.26 - - [05/Oct/2025:16:28:44 -0400] "GET /wp-admin/network/cloud.php HTTP/1.1" 302 0 "-" "Mozilla/5.0 (Windows NT 10.0; Win64; x64) AppleWebKit/537.36 Chrome/91 Safari/537.36"
103.205.70.26 - - [05/Oct/2025:16:28:03 -0400] "GET /wp-admin/js/about.php HTTP/1.1" 302 0 "-" "Mozilla/5.0 (Windows NT 10.0; Win64; x64) AppleWebKit/537.36 Chrome/91 Safari/537.36"
103.205.70.26 - - [05/Oct/2025:16:28:06 -0400] "GET /wp-login.php?redirect_to=https://salhab360photos.com/wp-admin/js/about.php&reauth=1 HTTP/1.1" 200 2368 "-" "Mozilla/5.0 (Windows NT 10.0; Win64; x64) AppleWebKit/537.36 Chrome/91 Safari/537.36"
103.205.70.26 - - [05/Oct/2025:16:28:14 -0400] "GET /wp-content/plugins/Cache/Cache.php HTTP/1.1" 200 0 "-" "Mozilla/5.0 (Windows NT 10.0; Win64; x64) AppleWebKit/537.36 Chrome/91 Safari/537.36"
66.249.73.10 - - [05/Oct/2025:16:28:18 -0400] "GET /?ctg/search/similarImageSearchResultView/?ctgItemCd=53659 HTTP/1.1" 200 1164 "-" "Mozilla/5.0 (Linux; Android 6.0.1; Nexus 5X Build/MMB29P) AppleWebKit/537.36 (KHTML, like Gecko) Chrome/140.0.7339.207 Mobile Safari/537.36 (compatible; Googlebot/2.1; +http://www.google.com/bot.html)"
103.205.70.26 - - [05/Oct/2025:16:28:15 -0400] "GET /alfanew.php HTTP/1.1" 404 10902 "-" "Mozilla/5.0 (Windows NT 10.0; Win64; x64) AppleWebKit/537.36 Chrome/91 Safari/537.36"
216.73.216.221 - - [05/Oct/2025:16:28:21 -0400] "GET /products74173018?kg=0073268552 HTTP/1.1" 404 9743 "-" "Mozilla/5.0 AppleWebKit/537.36 (KHTML, like Gecko; compatible; ClaudeBot/1.0; +claudebot@anthropic.com)"
103.205.70.26 - - [05/Oct/2025:16:28:22 -0400] "GET /alfa-rex.php7 HTTP/1.1" 404 10903 "-" "Mozilla/5.0 (Windows NT 10.0; Win64; x64) AppleWebKit/537.36 Chrome/91 Safari/537.36"
103.205.70.26 - - [05/Oct/2025:16:28:27 -0400] "GET /avaa.php HTTP/1.1" 404 10905 "-" "Mozilla/5.0 (Windows NT 10.0; Win64; x64) AppleWebKit/537.36 Chrome/91 Safari/537.36"
103.205.70.26 - - [05/Oct/2025:16:28:33 -0400] "GET /alfa-rex.php HTTP/1.1" 404 10906 "-" "Mozilla/5.0 (Windows NT 10.0; Win64; x64) AppleWebKit/537.36 Chrome/91 Safari/537.36"
103.205.70.26 - - [05/Oct/2025:16:28:40 -0400] "GET /images/cloud.php HTTP/1.1" 404 10906 "-" "Mozilla/5.0 (Windows NT 10.0; Win64; x64) AppleWebKit/537.36 Chrome/91 Safari/537.36"
103.205.70.26 - - [05/Oct/2025:16:28:49 -0400] "GET /.well-known/pki-validation/cloud.php HTTP/1.1" 404 1251 "-" "Mozilla/5.0 (Windows NT 10.0; Win64; x64) AppleWebKit/537.36 Chrome/91 Safari/537.36"
20.171.207.56 - - [05/Oct/2025:16:28:51 -0400] "GET /products210603310?kg=0208035058 HTTP/1.1" 404 9742 "-" "Mozilla/5.0 AppleWebKit/537.36 (KHTML, like Gecko; compatible; GPTBot/1.2; +https://openai.com/gptbot)"
103.205.70.26 - - [05/Oct/2025:16:29:01 -0400] "GET /wp-login.php?redirect_to=https://salhab360photos.com/wp-admin/css/about.php&reauth=1 HTTP/1.1" 200 2369 "-" "Mozilla/5.0 (Windows NT 10.0; Win64; x64) AppleWebKit/537.36 Chrome/91 Safari/537.36"
216.73.216.221 - - [05/Oct/2025:16:29:13 -0400] "GET /products83679082?kg=0082658688 HTTP/1.1" 404 9743 "-" "Mozilla/5.0 AppleWebKit/537.36 (KHTML, like Gecko; compatible; ClaudeBot/1.0; +claudebot@anthropic.com)"
216.73.216.221 - - [05/Oct/2025:16:29:19 -0400] "GET /products83727048?kg=0082706069 HTTP/1.1" 404 9742 "-" "Mozilla/5.0 AppleWebKit/537.36 (KHTML, like Gecko; compatible; ClaudeBot/1.0; +claudebot@anthropic.com)"
66.249.73.10 - - [05/Oct/2025:16:29:48 -0400] "GET /products5289082?kg=0005224664 HTTP/1.1" 200 28998 "-" "Mozilla/5.0 (Linux; Android 6.0.1; Nexus 5X Build/MMB29P) AppleWebKit/537.36 (KHTML, like Gecko) Chrome/140.0.7339.207 Mobile Safari/537.36 (compatible; Googlebot/2.1; +http://www.google.com/bot.html)"
103.205.70.26 - - [05/Oct/2025:16:28:46 -0400] "GET /wp-login.php?redirect_to=https://salhab360photos.com/wp-admin/network/cloud.php&reauth=1 HTTP/1.1" 200 2371 "-" "Mozilla/5.0 (Windows NT 10.0; Win64; x64) AppleWebKit/537.36 Chrome/91 Safari/537.36"
94.23.188.220 - - [05/Oct/2025:16:28:46 -0400] "GET /products110149206?kg=0108806006 HTTP/1.1" 404 9741 "-" "Mozilla/5.0 (compatible; AhrefsBot/7.0; +http://ahrefs.com/robot/)"
103.205.70.26 - - [05/Oct/2025:16:28:50 -0400] "GET /wp-admin/images/about.php HTTP/1.1" 302 0 "-" "Mozilla/5.0 (Windows NT 10.0; Win64; x64) AppleWebKit/537.36 Chrome/91 Safari/537.36"
103.205.70.26 - - [05/Oct/2025:16:28:55 -0400] "GET /wp-login.php?redirect_to=https://salhab360photos.com/wp-admin/images/about.php&reauth=1 HTTP/1.1" 200 2369 "-" "Mozilla/5.0 (Windows NT 10.0; Win64; x64) AppleWebKit/537.36 Chrome/91 Safari/537.36"
103.205.70.26 - - [05/Oct/2025:16:28:59 -0400] "GET /wp-admin/css/about.php HTTP/1.1" 302 0 "-" "Mozilla/5.0 (Windows NT 10.0; Win64; x64) AppleWebKit/537.36 Chrome/91 Safari/537.36"
216.73.216.221 - - [05/Oct/2025:16:29:01 -0400] "GET /products83685296?kg=0082664825 HTTP/1.1" 404 9742 "-" "Mozilla/5.0 AppleWebKit/537.36 (KHTML, like Gecko; compatible; ClaudeBot/1.0; +claudebot@anthropic.com)"
103.205.70.26 - - [05/Oct/2025:16:29:04 -0400] "GET /wp-content/gallery/about.php HTTP/1.1" 200 0 "-" "Mozilla/5.0 (Windows NT 10.0; Win64; x64) AppleWebKit/537.36 Chrome/91 Safari/537.36"
185.61.153.107 - - [05/Oct/2025:16:29:10 -0400] "POST /wp-cron.php?doing_wp_cron=1759696150.5806078910827636718750 HTTP/1.1" 200 0 "-" "WordPress/6.8.3; https://salhab360photos.com"
216.73.216.221 - - [05/Oct/2025:16:29:07 -0400] "GET /products83729794?kg=0082708780 HTTP/1.1" 404 9742 "-" "Mozilla/5.0 AppleWebKit/537.36 (KHTML, like Gecko; compatible; ClaudeBot/1.0; +claudebot@anthropic.com)"
66.249.73.10 - - [05/Oct/2025:16:29:17 -0400] "GET /?products4573924?kg=0004518227 HTTP/1.1" 200 1164 "-" "Mozilla/5.0 (Linux; Android 6.0.1; Nexus 5X Build/MMB29P) AppleWebKit/537.36 (KHTML, like Gecko) Chrome/140.0.7339.207 Mobile Safari/537.36 (compatible; Googlebot/2.1; +http://www.google.com/bot.html)"
66.249.73.12 - - [05/Oct/2025:16:30:29 -0400] "GET /?products4573518?kg=0004517826 HTTP/1.1" 200 1164 "-" "Mozilla/5.0 (Linux; Android 6.0.1; Nexus 5X Build/MMB29P) AppleWebKit/537.36 (KHTML, like Gecko) Chrome/140.0.7339.207 Mobile Safari/537.36 (compatible; Googlebot/2.1; +http://www.google.com/bot.html)"
185.61.153.107 - - [05/Oct/2025:16:30:46 -0400] "POST /wp-cron.php?doing_wp_cron=1759696246.5794389247894287109375 HTTP/1.1" 200 0 "-" "WordPress/6.8.3; https://salhab360photos.com"
20.171.207.56 - - [05/Oct/2025:16:30:43 -0400] "GET /products210614864?kg=0208046473 HTTP/1.1" 404 9744 "-" "Mozilla/5.0 AppleWebKit/537.36 (KHTML, like Gecko; compatible; GPTBot/1.2; +https://openai.com/gptbot)"
66.249.73.10 - - [05/Oct/2025:16:31:31 -0400] "GET /?products6135818?kg=0006061072 HTTP/1.1" 200 1164 "-" "Mozilla/5.0 (Linux; Android 6.0.1; Nexus 5X Build/MMB29P) AppleWebKit/537.36 (KHTML, like Gecko) Chrome/140.0.7339.207 Mobile Safari/537.36 (compatible; Googlebot/2.1; +http://www.google.com/bot.html)"
185.61.153.107 - - [05/Oct/2025:16:31:41 -0400] "POST /wp-cron.php?doing_wp_cron=1759696301.4774999618530273437500 HTTP/1.1" 200 0 "-" "WordPress/6.8.3; https://salhab360photos.com"
20.171.207.56 - - [05/Oct/2025:16:31:38 -0400] "GET /products210595926?kg=0208027766 HTTP/1.1" 404 9742 "-" "Mozilla/5.0 AppleWebKit/537.36 (KHTML, like Gecko; compatible; GPTBot/1.2; +https://openai.com/gptbot)"
66.249.73.10 - - [05/Oct/2025:16:32:02 -0400] "GET /?ctg/search/makerModelSearchView/?maker=smc HTTP/1.1" 200 1164 "-" "Mozilla/5.0 (Linux; Android 6.0.1; Nexus 5X Build/MMB29P) AppleWebKit/537.36 (KHTML, like Gecko) Chrome/140.0.7339.207 Mobile Safari/537.36 (compatible; Googlebot/2.1; +http://www.google.com/bot.html)"
66.249.73.10 - - [05/Oct/2025:16:32:16 -0400] "GET /products1293924?kg=0001278227 HTTP/1.1" 200 30470 "-" "Mozilla/5.0 (Linux; Android 6.0.1; Nexus 5X Build/MMB29P) AppleWebKit/537.36 (KHTML, like Gecko) Chrome/140.0.7339.207 Mobile Safari/537.36 (compatible; Googlebot/2.1; +http://www.google.com/bot.html)"
185.61.153.107 - - [05/Oct/2025:16:32:33 -0400] "POST /wp-cron.php?doing_wp_cron=1759696353.5912299156188964843750 HTTP/1.1" 200 0 "-" "WordPress/6.8.3; https://salhab360photos.com"
92.222.104.213 - - [05/Oct/2025:16:32:31 -0400] "GET /products110140682?kg=0108797584 HTTP/1.1" 404 9742 "-" "Mozilla/5.0 (compatible; AhrefsBot/7.0; +http://ahrefs.com/robot/)"
35.178.185.99 - - [05/Oct/2025:16:33:18 -0400] "GET /index.html HTTP/1.1" 200 1404 "-" "Mozilla/5.0 (Windows NT 10.0; Win64; x64) AppleWebKit/537.36 (KHTML, like Gecko) Chrome/132.0.0.0 Safari/537.36 Edg/132.0.0.0"
46.101.70.221 - - [05/Oct/2025:16:33:18 -0400] "GET /index.html HTTP/1.1" 200 1404 "-" "Mozilla/5.0 (Windows NT 10.0; Win64; x64) AppleWebKit/537.36 (KHTML, like Gecko) Chrome/132.0.0.0 Safari/537.36 Edg/132.0.0.0"
164.90.241.135 - - [05/Oct/2025:16:33:18 -0400] "GET /index.html HTTP/1.1" 200 1404 "-" "Mozilla/5.0 (Windows NT 10.0; Win64; x64) AppleWebKit/537.36 (KHTML, like Gecko) Chrome/132.0.0.0 Safari/537.36 Edg/132.0.0.0"
103.205.70.26 - - [05/Oct/2025:16:33:18 -0400] "GET /KOK1337.php HTTP/1.1" 404 10903 "-" "Mozilla/5.0 (Windows NT 10.0; Win64; x64) AppleWebKit/537.36 Chrome/91 Safari/537.36"
103.205.70.26 - - [05/Oct/2025:16:33:24 -0400] "GET /syneld.php HTTP/1.1" 404 10903 "-" "Mozilla/5.0 (Windows NT 10.0; Win64; x64) AppleWebKit/537.36 Chrome/91 Safari/537.36"
103.205.70.26 - - [05/Oct/2025:16:33:29 -0400] "GET /666.php HTTP/1.1" 404 10903 "-" "Mozilla/5.0 (Windows NT 10.0; Win64; x64) AppleWebKit/537.36 Chrome/91 Safari/537.36"
20.171.207.56 - - [05/Oct/2025:16:33:33 -0400] "GET /products210599502?kg=0208031298 HTTP/1.1" 404 9742 "-" "Mozilla/5.0 AppleWebKit/537.36 (KHTML, like Gecko; compatible; GPTBot/1.2; +https://openai.com/gptbot)"
103.205.70.26 - - [05/Oct/2025:16:33:34 -0400] "GET /gaza.php HTTP/1.1" 404 10906 "-" "Mozilla/5.0 (Windows NT 10.0; Win64; x64) AppleWebKit/537.36 Chrome/91 Safari/537.36"
20.171.207.56 - - [05/Oct/2025:16:29:48 -0400] "GET /products210576446?kg=0208008522 HTTP/1.1" 404 9743 "-" "Mozilla/5.0 AppleWebKit/537.36 (KHTML, like Gecko; compatible; GPTBot/1.2; +https://openai.com/gptbot)"
66.249.73.10 - - [05/Oct/2025:16:32:21 -0400] "GET /?products11419206?kg=0011280030 HTTP/1.1" 200 1164 "-" "Mozilla/5.0 (Linux; Android 6.0.1; Nexus 5X Build/MMB29P) AppleWebKit/537.36 (KHTML, like Gecko) Chrome/140.0.7339.207 Mobile Safari/537.36 (compatible; Googlebot/2.1; +http://www.google.com/bot.html)"
20.171.207.56 - - [05/Oct/2025:16:32:37 -0400] "GET /products210609292?kg=0208040967 HTTP/1.1" 404 9742 "-" "Mozilla/5.0 AppleWebKit/537.36 (KHTML, like Gecko; compatible; GPTBot/1.2; +https://openai.com/gptbot)"
185.61.153.107 - - [05/Oct/2025:16:33:16 -0400] "POST /wp-cron.php?doing_wp_cron=1759696396.2746748924255371093750 HTTP/1.1" 200 0 "-" "WordPress/6.8.3; https://salhab360photos.com"
103.205.70.26 - - [05/Oct/2025:16:33:12 -0400] "GET /wp-includes/style-engine/about.php HTTP/1.1" 404 12361 "-" "Mozilla/5.0 (Windows NT 10.0; Win64; x64) AppleWebKit/537.36 Chrome/91 Safari/537.36"
174.138.112.39 - - [05/Oct/2025:16:33:19 -0400] "GET /index.html HTTP/1.1" 200 1404 "-" "Mozilla/5.0 (Windows NT 10.0; Win64; x64) AppleWebKit/537.36 (KHTML, like Gecko) Chrome/132.0.0.0 Safari/537.36 Edg/132.0.0.0"
66.249.73.10 - - [05/Oct/2025:16:33:24 -0400] "GET /?products4706554?kg=0004649240 HTTP/1.1" 200 1164 "-" "Mozilla/5.0 (Linux; Android 6.0.1; Nexus 5X Build/MMB29P) AppleWebKit/537.36 (KHTML, like Gecko) Chrome/140.0.7339.207 Mobile Safari/537.36 (compatible; Googlebot/2.1; +http://www.google.com/bot.html)"
103.205.70.26 - - [05/Oct/2025:16:33:42 -0400] "GET /h0rn3t.php HTTP/1.1" 404 10906 "-" "Mozilla/5.0 (Windows NT 10.0; Win64; x64) AppleWebKit/537.36 Chrome/91 Safari/537.36"
103.205.70.26 - - [05/Oct/2025:16:33:45 -0400] "GET /headerg.php HTTP/1.1" 404 10903 "-" "Mozilla/5.0 (Windows NT 10.0; Win64; x64) AppleWebKit/537.36 Chrome/91 Safari/537.36"
103.205.70.26 - - [05/Oct/2025:16:33:49 -0400] "GET /hiddenuploader.php HTTP/1.1" 404 10906 "-" "Mozilla/5.0 (Windows NT 10.0; Win64; x64) AppleWebKit/537.36 Chrome/91 Safari/537.36"
103.205.70.26 - - [05/Oct/2025:16:34:00 -0400] "GET /input.php HTTP/1.1" 404 10906 "-" "Mozilla/5.0 (Windows NT 10.0; Win64; x64) AppleWebKit/537.36 Chrome/91 Safari/537.36"
185.61.153.107 - - [05/Oct/2025:16:34:05 -0400] "POST /wp-cron.php?doing_wp_cron=1759696445.0715870857238769531250 HTTP/1.1" 200 0 "-" "WordPress/6.8.3; https://salhab360photos.com"
103.205.70.26 - - [05/Oct/2025:16:34:06 -0400] "GET /err0r.php HTTP/1.1" 404 10903 "-" "Mozilla/5.0 (Windows NT 10.0; Win64; x64) AppleWebKit/537.36 Chrome/91 Safari/537.36"
103.205.70.26 - - [05/Oct/2025:16:34:13 -0400] "GET /xl2023.php HTTP/1.1" 404 10903 "-" "Mozilla/5.0 (Windows NT 10.0; Win64; x64) AppleWebKit/537.36 Chrome/91 Safari/537.36"
103.205.70.26 - - [05/Oct/2025:16:34:16 -0400] "GET /wp-admin/xl2023.php HTTP/1.1" 302 0 "-" "Mozilla/5.0 (Windows NT 10.0; Win64; x64) AppleWebKit/537.36 Chrome/91 Safari/537.36"
103.205.70.26 - - [05/Oct/2025:16:34:20 -0400] "GET /wp-includes/xl2023.php HTTP/1.1" 404 10906 "-" "Mozilla/5.0 (Windows NT 10.0; Win64; x64) AppleWebKit/537.36 Chrome/91 Safari/537.36"
103.205.70.26 - - [05/Oct/2025:16:34:30 -0400] "GET /wolf-shell.php HTTP/1.1" 404 10905 "-" "Mozilla/5.0 (Windows NT 10.0; Win64; x64) AppleWebKit/537.36 Chrome/91 Safari/537.36"
20.171.207.56 - - [05/Oct/2025:16:34:33 -0400] "GET /products210637660?kg=0208068991 HTTP/1.1" 404 9743 "-" "Mozilla/5.0 AppleWebKit/537.36 (KHTML, like Gecko; compatible; GPTBot/1.2; +https://openai.com/gptbot)"
103.205.70.26 - - [05/Oct/2025:16:34:34 -0400] "GET /ova.php HTTP/1.1" 404 10905 "-" "Mozilla/5.0 (Windows NT 10.0; Win64; x64) AppleWebKit/537.36 Chrome/91 Safari/537.36"
103.205.70.26 - - [05/Oct/2025:16:34:38 -0400] "GET /test.php HTTP/1.1" 404 10903 "-" "Mozilla/5.0 (Windows NT 10.0; Win64; x64) AppleWebKit/537.36 Chrome/91 Safari/537.36"
103.205.70.26 - - [05/Oct/2025:16:33:38 -0400] "GET /h0rn3t.php?sp1d3rs=bads HTTP/1.1" 404 10903 "-" "Mozilla/5.0 (Windows NT 10.0; Win64; x64) AppleWebKit/537.36 Chrome/91 Safari/537.36"
103.205.70.26 - - [05/Oct/2025:16:33:53 -0400] "GET /Yetixx.php HTTP/1.1" 404 10906 "-" "Mozilla/5.0 (Windows NT 10.0; Win64; x64) AppleWebKit/537.36 Chrome/91 Safari/537.36"
103.205.70.26 - - [05/Oct/2025:16:33:57 -0400] "GET /priv.php HTTP/1.1" 404 10897 "-" "Mozilla/5.0 (Windows NT 10.0; Win64; x64) AppleWebKit/537.36 Chrome/91 Safari/537.36"
103.205.70.26 - - [05/Oct/2025:16:34:03 -0400] "GET /error.php HTTP/1.1" 404 10906 "-" "Mozilla/5.0 (Windows NT 10.0; Win64; x64) AppleWebKit/537.36 Chrome/91 Safari/537.36"
103.205.70.26 - - [05/Oct/2025:16:34:08 -0400] "GET /bads.php HTTP/1.1" 404 10901 "-" "Mozilla/5.0 (Windows NT 10.0; Win64; x64) AppleWebKit/537.36 Chrome/91 Safari/537.36"
103.205.70.26 - - [05/Oct/2025:16:34:10 -0400] "GET /devxyz.php HTTP/1.1" 404 10903 "-" "Mozilla/5.0 (Windows NT 10.0; Win64; x64) AppleWebKit/537.36 Chrome/91 Safari/537.36"
103.205.70.26 - - [05/Oct/2025:16:34:18 -0400] "GET /wp-login.php?redirect_to=https://salhab360photos.com/wp-admin/xl2023.php&reauth=1 HTTP/1.1" 200 2368 "-" "Mozilla/5.0 (Windows NT 10.0; Win64; x64) AppleWebKit/537.36 Chrome/91 Safari/537.36"
103.205.70.26 - - [05/Oct/2025:16:34:22 -0400] "GET /xyz.php HTTP/1.1" 404 10906 "-" "Mozilla/5.0 (Windows NT 10.0; Win64; x64) AppleWebKit/537.36 Chrome/91 Safari/537.36"
103.205.70.26 - - [05/Oct/2025:16:34:25 -0400] "GET /wolf.php HTTP/1.1" 404 10906 "-" "Mozilla/5.0 (Windows NT 10.0; Win64; x64) AppleWebKit/537.36 Chrome/91 Safari/537.36"
103.205.70.26 - - [05/Oct/2025:16:34:28 -0400] "GET /wolfx.php HTTP/1.1" 404 10903 "-" "Mozilla/5.0 (Windows NT 10.0; Win64; x64) AppleWebKit/537.36 Chrome/91 Safari/537.36"
103.205.70.26 - - [05/Oct/2025:16:34:50 -0400] "GET /bless.php HTTP/1.1" 404 10902 "-" "Mozilla/5.0 (Windows NT 10.0; Win64; x64) AppleWebKit/537.36 Chrome/91 Safari/537.36"
103.205.70.26 - - [05/Oct/2025:16:34:52 -0400] "GET /luuuf.php HTTP/1.1" 404 10905 "-" "Mozilla/5.0 (Windows NT 10.0; Win64; x64) AppleWebKit/537.36 Chrome/91 Safari/537.36"
103.205.70.26 - - [05/Oct/2025:16:34:55 -0400] "GET /atomlib.php HTTP/1.1" 404 10906 "-" "Mozilla/5.0 (Windows NT 10.0; Win64; x64) AppleWebKit/537.36 Chrome/91 Safari/537.36"
103.205.70.26 - - [05/Oct/2025:16:34:56 -0400] "GET /.well-known/index.php HTTP/1.1" 301 0 "-" "Mozilla/5.0 (Windows NT 10.0; Win64; x64) AppleWebKit/537.36 Chrome/91 Safari/537.36"
103.205.70.26 - - [05/Oct/2025:16:34:58 -0400] "GET /.well-known/ HTTP/1.1" 200 761 "-" "Mozilla/5.0 (Windows NT 10.0; Win64; x64) AppleWebKit/537.36 Chrome/91 Safari/537.36"
