66.249.73.12 - - [05/Oct/2025:23:01:10 -0400] "GET /products4868828?kg=0004809535 HTTP/1.1" 200 29048 "-" "Mozilla/5.0 (Linux; Android 6.0.1; Nexus 5X Build/MMB29P) AppleWebKit/537.36 (KHTML, like Gecko) Chrome/140.0.7339.207 Mobile Safari/537.36 (compatible; Googlebot/2.1; +http://www.google.com/bot.html)"
185.61.153.107 - - [05/Oct/2025:23:01:14 -0400] "POST /wp-cron.php?doing_wp_cron=1759719674.4747729301452636718750 HTTP/1.1" 200 0 "-" "WordPress/6.8.3; https://salhab360photos.com"
20.171.207.56 - - [05/Oct/2025:23:01:10 -0400] "GET /products210578578?kg=0208010628 HTTP/1.1" 404 9738 "-" "Mozilla/5.0 AppleWebKit/537.36 (KHTML, like Gecko; compatible; GPTBot/1.2; +https://openai.com/gptbot)"
66.249.73.10 - - [05/Oct/2025:23:01:14 -0400] "GET /products4871948?kg=0004812615 HTTP/1.1" 200 29138 "-" "Mozilla/5.0 (Linux; Android 6.0.1; Nexus 5X Build/MMB29P) AppleWebKit/537.36 (KHTML, like Gecko) Chrome/140.0.7339.207 Mobile Safari/537.36 (compatible; Googlebot/2.1; +http://www.google.com/bot.html)"
54.37.118.88 - - [05/Oct/2025:23:01:10 -0400] "GET /products68063198?kg=0067233242 HTTP/1.1" 404 9737 "-" "Mozilla/5.0 (compatible; AhrefsBot/7.0; +http://ahrefs.com/robot/)"
152.42.223.240 - - [05/Oct/2025:23:01:11 -0400] "GET /uploads/upload_example.php HTTP/1.1" 404 10902 "-" "python-httpx/0.25.2"
216.73.216.221 - - [05/Oct/2025:23:01:25 -0400] "GET /products80651710?kg=0079668234 HTTP/1.1" 404 9740 "-" "Mozilla/5.0 AppleWebKit/537.36 (KHTML, like Gecko; compatible; ClaudeBot/1.0; +claudebot@anthropic.com)"
152.42.223.240 - - [05/Oct/2025:23:01:31 -0400] "GET /updates.php HTTP/1.1" 404 10905 "-" "python-httpx/0.25.2"
152.42.223.240 - - [05/Oct/2025:23:01:48 -0400] "GET /radio.php HTTP/1.1" 404 10900 "-" "python-httpx/0.25.2"
216.73.216.221 - - [05/Oct/2025:23:01:52 -0400] "GET /products65780560?kg=0064978441 HTTP/1.1" 404 9736 "-" "Mozilla/5.0 AppleWebKit/537.36 (KHTML, like Gecko; compatible; ClaudeBot/1.0; +claudebot@anthropic.com)"
185.61.153.107 - - [05/Oct/2025:23:02:16 -0400] "POST /wp-cron.php?doing_wp_cron=1759719736.7718849182128906250000 HTTP/1.1" 200 0 "-" "WordPress/6.8.3; https://salhab360photos.com"
152.42.223.240 - - [05/Oct/2025:23:02:20 -0400] "GET /cong.php HTTP/1.1" 404 10903 "-" "python-httpx/0.25.2"
152.42.223.240 - - [05/Oct/2025:23:02:33 -0400] "GET /wp-includes/Text/index.php HTTP/1.1" 301 0 "-" "python-httpx/0.25.2"
152.42.223.240 - - [05/Oct/2025:23:02:41 -0400] "GET /wp-includes/Text/ HTTP/1.1" 200 875 "-" "python-httpx/0.25.2"
216.73.216.221 - - [05/Oct/2025:23:02:42 -0400] "GET /products186495880?kg=0184221621 HTTP/1.1" 404 9737 "-" "Mozilla/5.0 AppleWebKit/537.36 (KHTML, like Gecko; compatible; ClaudeBot/1.0; +claudebot@anthropic.com)"
18.170.223.88 - - [05/Oct/2025:23:02:46 -0400] "GET /index.html HTTP/1.1" 200 1404 "-" "Mozilla/5.0 (Windows NT 10.0; Win64; x64) AppleWebKit/537.36 (KHTML, like Gecko) Chrome/135.0.0.0 Safari/537.36 OPR/120.0.0.0"
66.249.73.11 - - [05/Oct/2025:23:03:01 -0400] "GET /products4871912?kg=0004812581 HTTP/1.1" 200 29012 "-" "Mozilla/5.0 (Linux; Android 6.0.1; Nexus 5X Build/MMB29P) AppleWebKit/537.36 (KHTML, like Gecko) Chrome/140.0.7339.207 Mobile Safari/537.36 (compatible; Googlebot/2.1; +http://www.google.com/bot.html)"
66.249.73.10 - - [05/Oct/2025:23:03:12 -0400] "GET /products5220858?kg=0005157272 HTTP/1.1" 200 28740 "-" "Mozilla/5.0 (Linux; Android 6.0.1; Nexus 5X Build/MMB29P) AppleWebKit/537.36 (KHTML, like Gecko) Chrome/140.0.7339.207 Mobile Safari/537.36 (compatible; Googlebot/2.1; +http://www.google.com/bot.html)"
185.61.153.107 - - [05/Oct/2025:23:03:15 -0400] "POST /wp-cron.php?doing_wp_cron=1759719795.1773140430450439453125 HTTP/1.1" 200 0 "-" "WordPress/6.8.3; https://salhab360photos.com"
216.73.216.221 - - [05/Oct/2025:23:03:15 -0400] "GET /products80675290?kg=0079691528 HTTP/1.1" 404 9738 "-" "Mozilla/5.0 AppleWebKit/537.36 (KHTML, like Gecko; compatible; ClaudeBot/1.0; +claudebot@anthropic.com)"
20.171.207.56 - - [05/Oct/2025:23:03:16 -0400] "GET /products210610690?kg=0208042348 HTTP/1.1" 404 9737 "-" "Mozilla/5.0 AppleWebKit/537.36 (KHTML, like Gecko; compatible; GPTBot/1.2; +https://openai.com/gptbot)"
152.42.223.240 - - [05/Oct/2025:23:03:22 -0400] "GET /wp-video.php HTTP/1.1" 404 10905 "-" "python-httpx/0.25.2"
152.42.223.240 - - [05/Oct/2025:23:03:48 -0400] "GET /class-wp-http-requests-hooks.php HTTP/1.1" 404 10903 "-" "python-httpx/0.25.2"
185.61.153.107 - - [05/Oct/2025:23:05:24 -0400] "POST /wp-cron.php?doing_wp_cron=1759719924.9755849838256835937500 HTTP/1.1" 200 0 "-" "WordPress/6.8.3; https://salhab360photos.com"
152.42.223.240 - - [05/Oct/2025:23:05:36 -0400] "GET /wp3.php HTTP/1.1" 404 10903 "-" "python-httpx/0.25.2"
152.42.223.240 - - [05/Oct/2025:23:05:52 -0400] "GET /wp4.php HTTP/1.1" 404 10905 "-" "python-httpx/0.25.2"
152.42.223.240 - - [05/Oct/2025:23:02:04 -0400] "GET /leafmailer2.8.php HTTP/1.1" 404 10898 "-" "python-httpx/0.25.2"
216.73.216.221 - - [05/Oct/2025:23:02:07 -0400] "GET /products80669586?kg=0079685892 HTTP/1.1" 404 9729 "-" "Mozilla/5.0 AppleWebKit/537.36 (KHTML, like Gecko; compatible; ClaudeBot/1.0; +claudebot@anthropic.com)"
20.171.207.56 - - [05/Oct/2025:23:02:13 -0400] "GET /products210622540?kg=0208054055 HTTP/1.1" 404 9728 "-" "Mozilla/5.0 AppleWebKit/537.36 (KHTML, like Gecko; compatible; GPTBot/1.2; +https://openai.com/gptbot)"
206.189.247.132 - - [05/Oct/2025:23:02:46 -0400] "GET /index.html HTTP/1.1" 200 1404 "-" "Mozilla/5.0 (Windows NT 10.0; Win64; x64) AppleWebKit/537.36 (KHTML, like Gecko) Chrome/135.0.0.0 Safari/537.36 OPR/120.0.0.0"
45.133.172.203 - - [05/Oct/2025:23:02:47 -0400] "GET /index.html HTTP/1.1" 200 1404 "-" "Mozilla/5.0 (Windows NT 10.0; Win64; x64) AppleWebKit/537.36 (KHTML, like Gecko) Chrome/135.0.0.0 Safari/537.36 OPR/120.0.0.0"
152.42.223.240 - - [05/Oct/2025:23:02:53 -0400] "GET /wp-ahsera.php HTTP/1.1" 404 10904 "-" "python-httpx/0.25.2"
152.42.223.240 - - [05/Oct/2025:23:03:06 -0400] "GET /wp-easy.php HTTP/1.1" 404 10902 "-" "python-httpx/0.25.2"
66.249.73.10 - - [05/Oct/2025:23:03:11 -0400] "GET /products4869866?kg=0004810560 HTTP/1.1" 200 29176 "-" "Mozilla/5.0 (Linux; Android 6.0.1; Nexus 5X Build/MMB29P) AppleWebKit/537.36 (KHTML, like Gecko) Chrome/140.0.7339.207 Mobile Safari/537.36 (compatible; Googlebot/2.1; +http://www.google.com/bot.html)"
216.73.216.221 - - [05/Oct/2025:23:03:11 -0400] "GET /products80631452?kg=0079648223 HTTP/1.1" 404 9739 "-" "Mozilla/5.0 AppleWebKit/537.36 (KHTML, like Gecko; compatible; ClaudeBot/1.0; +claudebot@anthropic.com)"
152.42.223.240 - - [05/Oct/2025:23:03:35 -0400] "GET /wso112233.php HTTP/1.1" 404 10905 "-" "python-httpx/0.25.2"
152.42.223.240 - - [05/Oct/2025:23:04:04 -0400] "GET /alfanew.php HTTP/1.1" 404 10905 "-" "python-httpx/0.25.2"
66.249.73.10 - - [05/Oct/2025:23:04:11 -0400] "GET /products4612126?kg=0004555962 HTTP/1.1" 200 31112 "-" "Mozilla/5.0 (Linux; Android 6.0.1; Nexus 5X Build/MMB29P) AppleWebKit/537.36 (KHTML, like Gecko) Chrome/140.0.7339.207 Mobile Safari/537.36 (compatible; Googlebot/2.1; +http://www.google.com/bot.html)"
66.249.73.11 - - [05/Oct/2025:23:04:16 -0400] "GET /products4610486?kg=0004554342 HTTP/1.1" 200 29203 "-" "Mozilla/5.0 (Linux; Android 6.0.1; Nexus 5X Build/MMB29P) AppleWebKit/537.36 (KHTML, like Gecko) Chrome/140.0.7339.207 Mobile Safari/537.36 (compatible; Googlebot/2.1; +http://www.google.com/bot.html)"
185.61.153.107 - - [05/Oct/2025:23:04:27 -0400] "POST /wp-cron.php?doing_wp_cron=1759719867.2735989093780517578125 HTTP/1.1" 200 0 "-" "WordPress/6.8.3; https://salhab360photos.com"
152.42.223.240 - - [05/Oct/2025:23:04:20 -0400] "GET /fw.php HTTP/1.1" 404 10901 "-" "python-httpx/0.25.2"
20.171.207.56 - - [05/Oct/2025:23:04:21 -0400] "GET /products210633486?kg=0208064866 HTTP/1.1" 404 9739 "-" "Mozilla/5.0 AppleWebKit/537.36 (KHTML, like Gecko; compatible; GPTBot/1.2; +https://openai.com/gptbot)"
152.42.223.240 - - [05/Oct/2025:23:04:39 -0400] "GET /class-envato-market-api.php HTTP/1.1" 404 10905 "-" "python-httpx/0.25.2"
152.42.223.240 - - [05/Oct/2025:23:04:53 -0400] "GET /alfa-ioxi.php HTTP/1.1" 404 10905 "-" "python-httpx/0.25.2"
152.42.223.240 - - [05/Oct/2025:23:05:07 -0400] "GET /wp1.php HTTP/1.1" 404 10899 "-" "python-httpx/0.25.2"
152.42.223.240 - - [05/Oct/2025:23:05:23 -0400] "GET /wp2.php HTTP/1.1" 404 10902 "-" "python-httpx/0.25.2"
20.171.207.56 - - [05/Oct/2025:23:05:26 -0400] "GET /products210588382?kg=0208020314 HTTP/1.1" 404 9729 "-" "Mozilla/5.0 AppleWebKit/537.36 (KHTML, like Gecko; compatible; GPTBot/1.2; +https://openai.com/gptbot)"
176.31.139.26 - - [05/Oct/2025:23:05:30 -0400] "GET /products68013096?kg=0067183749 HTTP/1.1" 404 9737 "-" "Mozilla/5.0 (compatible; AhrefsBot/7.0; +http://ahrefs.com/robot/)"
152.42.223.240 - - [05/Oct/2025:23:06:06 -0400] "GET /wp5.php HTTP/1.1" 404 10901 "-" "python-httpx/0.25.2"
185.61.153.107 - - [05/Oct/2025:23:06:24 -0400] "POST /wp-cron.php?doing_wp_cron=1759719983.9721820354461669921875 HTTP/1.1" 200 0 "-" "WordPress/6.8.3; https://salhab360photos.com"
152.42.223.240 - - [05/Oct/2025:23:06:20 -0400] "GET /wp-23.php HTTP/1.1" 404 10903 "-" "python-httpx/0.25.2"
66.249.73.11 - - [05/Oct/2025:23:06:25 -0400] "GET /products14745732?kg=0014565987 HTTP/1.1" 200 29697 "-" "Mozilla/5.0 (Linux; Android 6.0.1; Nexus 5X Build/MMB29P) AppleWebKit/537.36 (KHTML, like Gecko) Chrome/140.0.7339.207 Mobile Safari/537.36 (compatible; Googlebot/2.1; +http://www.google.com/bot.html)"
66.249.73.11 - - [05/Oct/2025:23:07:10 -0400] "GET /?products970420?kg=0000958667 HTTP/1.1" 200 1164 "-" "Mozilla/5.0 (Linux; Android 6.0.1; Nexus 5X Build/MMB29P) AppleWebKit/537.36 (KHTML, like Gecko) Chrome/140.0.7339.207 Mobile Safari/537.36 (compatible; Googlebot/2.1; +http://www.google.com/bot.html)"
152.42.223.240 - - [05/Oct/2025:23:07:18 -0400] "GET /3index.php HTTP/1.1" 404 10902 "-" "python-httpx/0.25.2"
20.171.207.56 - - [05/Oct/2025:23:07:28 -0400] "GET /products210626266?kg=0208057736 HTTP/1.1" 404 9739 "-" "Mozilla/5.0 AppleWebKit/537.36 (KHTML, like Gecko; compatible; GPTBot/1.2; +https://openai.com/gptbot)"
152.42.223.240 - - [05/Oct/2025:23:07:31 -0400] "GET /wp_wrong_datlib.php HTTP/1.1" 404 10897 "-" "python-httpx/0.25.2"
20.171.207.56 - - [05/Oct/2025:23:07:34 -0400] "GET /products210649194?kg=0208080384 HTTP/1.1" 404 9739 "-" "Mozilla/5.0 AppleWebKit/537.36 (KHTML, like Gecko; compatible; GPTBot/1.2; +https://openai.com/gptbot)"
66.249.73.12 - - [05/Oct/2025:23:08:11 -0400] "GET /products4612368?kg=0004556201 HTTP/1.1" 200 29408 "-" "Mozilla/5.0 (Linux; Android 6.0.1; Nexus 5X Build/MMB29P) AppleWebKit/537.36 (KHTML, like Gecko) Chrome/140.0.7339.207 Mobile Safari/537.36 (compatible; Googlebot/2.1; +http://www.google.com/bot.html)"
185.61.153.107 - - [05/Oct/2025:23:08:22 -0400] "POST /wp-cron.php?doing_wp_cron=1759720102.1748909950256347656250 HTTP/1.1" 200 0 "-" "WordPress/6.8.3; https://salhab360photos.com"
152.42.223.240 - - [05/Oct/2025:23:08:33 -0400] "GET /stindex.php HTTP/1.1" 404 10904 "-" "python-httpx/0.25.2"
20.171.207.56 - - [05/Oct/2025:23:08:40 -0400] "GET /products210632138?kg=0208063536 HTTP/1.1" 404 9738 "-" "Mozilla/5.0 AppleWebKit/537.36 (KHTML, like Gecko; compatible; GPTBot/1.2; +https://openai.com/gptbot)"
66.249.73.10 - - [05/Oct/2025:23:09:18 -0400] "GET /products4611808?kg=0004555649 HTTP/1.1" 200 29741 "-" "Mozilla/5.0 (Linux; Android 6.0.1; Nexus 5X Build/MMB29P) AppleWebKit/537.36 (KHTML, like Gecko) Chrome/140.0.7339.207 Mobile Safari/537.36 (compatible; Googlebot/2.1; +http://www.google.com/bot.html)"
185.61.153.107 - - [05/Oct/2025:23:09:19 -0400] "POST /wp-cron.php?doing_wp_cron=1759720159.8726410865783691406250 HTTP/1.1" 200 0 "-" "WordPress/6.8.3; https://salhab360photos.com"
43.166.246.180 - - [05/Oct/2025:23:09:32 -0400] "GET / HTTP/1.1" 200 1404 "http://salhab360photos.com" "Mozilla/5.0 (iPhone; CPU iPhone OS 13_2_3 like Mac OS X) AppleWebKit/605.1.15 (KHTML, like Gecko) Version/13.0.3 Mobile/15E148 Safari/604.1"
152.42.223.240 - - [05/Oct/2025:23:10:06 -0400] "GET /fw.php HTTP/1.1" 404 10895 "-" "python-httpx/0.25.2"
185.61.153.107 - - [05/Oct/2025:23:10:24 -0400] "POST /wp-cron.php?doing_wp_cron=1759720224.7809879779815673828125 HTTP/1.1" 200 0 "-" "WordPress/6.8.3; https://salhab360photos.com"
20.171.207.56 - - [05/Oct/2025:23:10:46 -0400] "GET /products210589074?kg=0208020996 HTTP/1.1" 404 9737 "-" "Mozilla/5.0 AppleWebKit/537.36 (KHTML, like Gecko; compatible; GPTBot/1.2; +https://openai.com/gptbot)"
152.42.223.240 - - [05/Oct/2025:23:10:52 -0400] "GET /1.php HTTP/1.1" 404 10897 "-" "python-httpx/0.25.2"
185.61.153.107 - - [05/Oct/2025:23:11:12 -0400] "POST /wp-cron.php?doing_wp_cron=1759720272.0716240406036376953125 HTTP/1.1" 200 0 "-" "WordPress/6.8.3; https://salhab360photos.com"
152.42.223.240 - - [05/Oct/2025:23:06:36 -0400] "GET /1index.php HTTP/1.1" 404 10899 "-" "python-httpx/0.25.2"
152.42.223.240 - - [05/Oct/2025:23:06:50 -0400] "GET /11index.php HTTP/1.1" 404 10899 "-" "python-httpx/0.25.2"
152.42.223.240 - - [05/Oct/2025:23:07:05 -0400] "GET /2index.php HTTP/1.1" 404 10905 "-" "python-httpx/0.25.2"
185.61.153.107 - - [05/Oct/2025:23:07:21 -0400] "POST /wp-cron.php?doing_wp_cron=1759720041.6748449802398681640625 HTTP/1.1" 200 0 "-" "WordPress/6.8.3; https://salhab360photos.com"
152.42.223.240 - - [05/Oct/2025:23:07:48 -0400] "GET /wp-adminincludesclass-wp-media-list-data.php HTTP/1.1" 404 10905 "-" "python-httpx/0.25.2"
152.42.223.240 - - [05/Oct/2025:23:08:02 -0400] "GET /wso.php HTTP/1.1" 404 10903 "-" "python-httpx/0.25.2"
152.42.223.240 - - [05/Oct/2025:23:08:18 -0400] "GET /doc.php HTTP/1.1" 404 10903 "-" "python-httpx/0.25.2"
152.42.223.240 - - [05/Oct/2025:23:08:47 -0400] "GET /alwso.php HTTP/1.1" 404 10906 "-" "python-httpx/0.25.2"
152.42.223.240 - - [05/Oct/2025:23:09:02 -0400] "GET /ups.php HTTP/1.1" 404 10902 "-" "python-httpx/0.25.2"
152.42.223.240 - - [05/Oct/2025:23:09:16 -0400] "GET /media-admin.php HTTP/1.1" 404 10904 "-" "python-httpx/0.25.2"
152.42.223.240 - - [05/Oct/2025:23:09:31 -0400] "GET /sym.php HTTP/1.1" 404 10905 "-" "python-httpx/0.25.2"
20.171.207.56 - - [05/Oct/2025:23:09:44 -0400] "GET /products210588714?kg=0208020640 HTTP/1.1" 404 9740 "-" "Mozilla/5.0 AppleWebKit/537.36 (KHTML, like Gecko; compatible; GPTBot/1.2; +https://openai.com/gptbot)"
152.42.223.240 - - [05/Oct/2025:23:09:49 -0400] "GET /sym403.php HTTP/1.1" 404 10906 "-" "python-httpx/0.25.2"
51.68.247.204 - - [05/Oct/2025:23:09:59 -0400] "GET /products6083826?kg=0006009716 HTTP/1.1" 404 9739 "-" "Mozilla/5.0 (compatible; AhrefsBot/7.0; +http://ahrefs.com/robot/)"
152.42.223.240 - - [05/Oct/2025:23:10:22 -0400] "GET /symlink.php HTTP/1.1" 404 10905 "-" "python-httpx/0.25.2"
152.42.223.240 - - [05/Oct/2025:23:10:36 -0400] "GET /shell.php HTTP/1.1" 404 10903 "-" "python-httpx/0.25.2"
152.42.223.240 - - [05/Oct/2025:23:11:06 -0400] "GET /data.php HTTP/1.1" 404 10905 "-" "python-httpx/0.25.2"
20.171.207.56 - - [05/Oct/2025:23:11:49 -0400] "GET /products210588788?kg=0208020715 HTTP/1.1" 404 9736 "-" "Mozilla/5.0 AppleWebKit/537.36 (KHTML, like Gecko; compatible; GPTBot/1.2; +https://openai.com/gptbot)"
185.61.153.107 - - [05/Oct/2025:23:12:15 -0400] "POST /wp-cron.php?doing_wp_cron=1759720335.5803139209747314453125 HTTP/1.1" 200 0 "-" "WordPress/6.8.3; https://salhab360photos.com"
66.249.73.10 - - [05/Oct/2025:23:12:15 -0400] "GET /products4611844?kg=0004555683 HTTP/1.1" 200 29786 "-" "Mozilla/5.0 (Linux; Android 6.0.1; Nexus 5X Build/MMB29P) AppleWebKit/537.36 (KHTML, like Gecko) Chrome/140.0.7339.207 Mobile Safari/537.36 (compatible; Googlebot/2.1; +http://www.google.com/bot.html)"
66.249.73.10 - - [05/Oct/2025:23:12:25 -0400] "GET /products5222904?kg=0005159293 HTTP/1.1" 200 29153 "-" "Mozilla/5.0 (Linux; Android 6.0.1; Nexus 5X Build/MMB29P) AppleWebKit/537.36 (KHTML, like Gecko) Chrome/140.0.7339.207 Mobile Safari/537.36 (compatible; Googlebot/2.1; +http://www.google.com/bot.html)"
152.42.223.240 - - [05/Oct/2025:23:12:44 -0400] "GET /a.php HTTP/1.1" 404 10898 "-" "python-httpx/0.25.2"
20.171.207.56 - - [05/Oct/2025:23:12:55 -0400] "GET /products210622084?kg=0208053603 HTTP/1.1" 404 9741 "-" "Mozilla/5.0 AppleWebKit/537.36 (KHTML, like Gecko; compatible; GPTBot/1.2; +https://openai.com/gptbot)"
152.42.223.240 - - [05/Oct/2025:23:13:02 -0400] "GET /old-index.php HTTP/1.1" 404 10906 "-" "python-httpx/0.25.2"
66.249.73.12 - - [05/Oct/2025:23:13:20 -0400] "GET /products5222830?kg=0005159218 HTTP/1.1" 200 28893 "-" "Mozilla/5.0 (Linux; Android 6.0.1; Nexus 5X Build/MMB29P) AppleWebKit/537.36 (KHTML, like Gecko) Chrome/140.0.7339.207 Mobile Safari/537.36 (compatible; Googlebot/2.1; +http://www.google.com/bot.html)"
152.42.223.240 - - [05/Oct/2025:23:13:22 -0400] "GET /FoxWSO.php HTTP/1.1" 404 10905 "-" "python-httpx/0.25.2"
66.249.73.10 - - [05/Oct/2025:23:13:30 -0400] "GET /?products14406216?kg=0014230613 HTTP/1.1" 200 1164 "-" "Mozilla/5.0 (Linux; Android 6.0.1; Nexus 5X Build/MMB29P) AppleWebKit/537.36 (KHTML, like Gecko) Chrome/140.0.7339.207 Mobile Safari/537.36 (compatible; GoogleOther)"
152.42.223.240 - - [05/Oct/2025:23:13:35 -0400] "GET /x.php HTTP/1.1" 503 854 "-" "python-httpx/0.25.2"
20.171.207.56 - - [05/Oct/2025:23:13:58 -0400] "GET /products210582678?kg=0208014678 HTTP/1.1" 404 9739 "-" "Mozilla/5.0 AppleWebKit/537.36 (KHTML, like Gecko; compatible; GPTBot/1.2; +https://openai.com/gptbot)"
152.42.223.240 - - [05/Oct/2025:23:14:06 -0400] "GET /mini.php HTTP/1.1" 404 10902 "-" "python-httpx/0.25.2"
185.61.153.107 - - [05/Oct/2025:23:14:21 -0400] "POST /wp-cron.php?doing_wp_cron=1759720461.9898250102996826171875 HTTP/1.1" 200 0 "-" "WordPress/6.8.3; https://salhab360photos.com"
152.42.223.240 - - [05/Oct/2025:23:14:20 -0400] "GET /imagesvuln.php HTTP/1.1" 404 10896 "-" "python-httpx/0.25.2"
92.222.108.126 - - [05/Oct/2025:23:14:36 -0400] "GET /products51905230?kg=0051272322 HTTP/1.1" 404 9738 "-" "Mozilla/5.0 (compatible; AhrefsBot/7.0; +http://ahrefs.com/robot/)"
152.42.223.240 - - [05/Oct/2025:23:14:38 -0400] "GET /wp-admin/options.php HTTP/1.1" 302 0 "-" "python-httpx/0.25.2"
152.42.223.240 - - [05/Oct/2025:23:14:49 -0400] "GET /wp-login.php?redirect_to=https%3A%2F%2Fsalhab360photos.com%2Fwp-admin%2Foptions.php&reauth=1 HTTP/1.1" 200 2367 "-" "python-httpx/0.25.2"
66.249.73.12 - - [05/Oct/2025:23:15:00 -0400] "GET /products4610236?kg=0004554095 HTTP/1.1" 200 29175 "-" "Mozilla/5.0 (Linux; Android 6.0.1; Nexus 5X Build/MMB29P) AppleWebKit/537.36 (KHTML, like Gecko) Chrome/140.0.7339.207 Mobile Safari/537.36 (compatible; Googlebot/2.1; +http://www.google.com/bot.html)"
20.171.207.56 - - [05/Oct/2025:23:15:01 -0400] "GET /products210628762?kg=0208060200 HTTP/1.1" 404 9737 "-" "Mozilla/5.0 AppleWebKit/537.36 (KHTML, like Gecko; compatible; GPTBot/1.2; +https://openai.com/gptbot)"
152.42.223.240 - - [05/Oct/2025:23:15:06 -0400] "GET /edit-form.php HTTP/1.1" 404 10899 "-" "python-httpx/0.25.2"
66.249.73.11 - - [05/Oct/2025:23:15:10 -0400] "GET /products4612300?kg=0004556135 HTTP/1.1" 200 29415 "-" "Mozilla/5.0 (Linux; Android 6.0.1; Nexus 5X Build/MMB29P) AppleWebKit/537.36 (KHTML, like Gecko) Chrome/140.0.7339.207 Mobile Safari/537.36 (compatible; Googlebot/2.1; +http://www.google.com/bot.html)"
66.249.73.10 - - [05/Oct/2025:23:15:22 -0400] "GET /products5222630?kg=0005159022 HTTP/1.1" 200 29151 "-" "Mozilla/5.0 (Linux; Android 6.0.1; Nexus 5X Build/MMB29P) AppleWebKit/537.36 (KHTML, like Gecko) Chrome/140.0.7339.207 Mobile Safari/537.36 (compatible; Googlebot/2.1; +http://www.google.com/bot.html)"
152.42.223.240 - - [05/Oct/2025:23:15:38 -0400] "GET /m.php HTTP/1.1" 404 10906 "-" "python-httpx/0.25.2"
66.249.73.10 - - [05/Oct/2025:23:11:26 -0400] "GET /products4610860?kg=0004554711 HTTP/1.1" 200 30401 "-" "Mozilla/5.0 (Linux; Android 6.0.1; Nexus 5X Build/MMB29P) AppleWebKit/537.36 (KHTML, like Gecko) Chrome/140.0.7339.207 Mobile Safari/537.36 (compatible; Googlebot/2.1; +http://www.google.com/bot.html)"
152.42.223.240 - - [05/Oct/2025:23:11:24 -0400] "GET /wp-blog.php HTTP/1.1" 404 10903 "-" "python-httpx/0.25.2"
152.42.223.240 - - [05/Oct/2025:23:11:40 -0400] "GET /b.php HTTP/1.1" 404 10905 "-" "python-httpx/0.25.2"
152.42.223.240 - - [05/Oct/2025:23:11:56 -0400] "GET /c.php HTTP/1.1" 404 10902 "-" "python-httpx/0.25.2"
66.249.73.11 - - [05/Oct/2025:23:12:07 -0400] "GET /products5221924?kg=0005158323 HTTP/1.1" 200 28877 "-" "Mozilla/5.0 (Linux; Android 6.0.1; Nexus 5X Build/MMB29P) AppleWebKit/537.36 (KHTML, like Gecko) Chrome/140.0.7339.207 Mobile Safari/537.36 (compatible; Googlebot/2.1; +http://www.google.com/bot.html)"
152.42.223.240 - - [05/Oct/2025:23:12:13 -0400] "GET /shx.php HTTP/1.1" 404 10898 "-" "python-httpx/0.25.2"
152.42.223.240 - - [05/Oct/2025:23:12:27 -0400] "GET /alfa.php HTTP/1.1" 404 10905 "-" "python-httpx/0.25.2"
185.61.153.107 - - [05/Oct/2025:23:13:22 -0400] "POST /wp-cron.php?doing_wp_cron=1759720402.7868568897247314453125 HTTP/1.1" 200 0 "-" "WordPress/6.8.3; https://salhab360photos.com"
152.42.223.240 - - [05/Oct/2025:23:13:52 -0400] "GET /403.php HTTP/1.1" 404 10899 "-" "python-httpx/0.25.2"
185.61.153.107 - - [05/Oct/2025:23:15:25 -0400] "POST /wp-cron.php?doing_wp_cron=1759720525.0063419342041015625000 HTTP/1.1" 200 0 "-" "WordPress/6.8.3; https://salhab360photos.com"
152.42.223.240 - - [05/Oct/2025:23:15:24 -0400] "GET /wikindex.php HTTP/1.1" 404 10903 "-" "python-httpx/0.25.2"
66.249.73.10 - - [05/Oct/2025:23:15:35 -0400] "GET /products1124142?kg=0001110514 HTTP/1.1" 200 29222 "-" "Mozilla/5.0 (Linux; Android 6.0.1; Nexus 5X Build/MMB29P) AppleWebKit/537.36 (KHTML, like Gecko) Chrome/140.0.7339.207 Mobile Safari/537.36 (compatible; Googlebot/2.1; +http://www.google.com/bot.html)"
66.249.73.10 - - [05/Oct/2025:23:15:49 -0400] "GET /products5220576?kg=0005156993 HTTP/1.1" 200 28758 "-" "Mozilla/5.0 (Linux; Android 6.0.1; Nexus 5X Build/MMB29P) AppleWebKit/537.36 (KHTML, like Gecko) Chrome/140.0.7339.207 Mobile Safari/537.36 (compatible; Googlebot/2.1; +http://www.google.com/bot.html)"
66.249.73.10 - - [05/Oct/2025:23:15:50 -0400] "GET /products2132492?kg=0002106567 HTTP/1.1" 200 30742 "-" "Mozilla/5.0 (Linux; Android 6.0.1; Nexus 5X Build/MMB29P) AppleWebKit/537.36 (KHTML, like Gecko) Chrome/140.0.7339.207 Mobile Safari/537.36 (compatible; Googlebot/2.1; +http://www.google.com/bot.html)"
152.42.223.240 - - [05/Oct/2025:23:15:53 -0400] "GET /0byte.php HTTP/1.1" 404 10905 "-" "python-httpx/0.25.2"
20.171.207.56 - - [05/Oct/2025:23:16:04 -0400] "GET /products210578018?kg=0208010076 HTTP/1.1" 404 9739 "-" "Mozilla/5.0 AppleWebKit/537.36 (KHTML, like Gecko; compatible; GPTBot/1.2; +https://openai.com/gptbot)"
152.42.223.240 - - [05/Oct/2025:23:16:08 -0400] "GET /xx.php HTTP/1.1" 404 10899 "-" "python-httpx/0.25.2"
66.249.73.12 - - [05/Oct/2025:23:16:09 -0400] "GET /products4610496?kg=0004554353 HTTP/1.1" 200 29131 "-" "Mozilla/5.0 (Linux; Android 6.0.1; Nexus 5X Build/MMB29P) AppleWebKit/537.36 (KHTML, like Gecko) Chrome/140.0.7339.207 Mobile Safari/537.36 (compatible; Googlebot/2.1; +http://www.google.com/bot.html)"
66.249.73.12 - - [05/Oct/2025:23:16:10 -0400] "GET /products4610942?kg=0004554794 HTTP/1.1" 200 30221 "-" "Mozilla/5.0 (Linux; Android 6.0.1; Nexus 5X Build/MMB29P) AppleWebKit/537.36 (KHTML, like Gecko) Chrome/140.0.7339.207 Mobile Safari/537.36 (compatible; Googlebot/2.1; +http://www.google.com/bot.html)"
66.249.73.12 - - [05/Oct/2025:23:16:11 -0400] "GET /products4611110?kg=0004554958 HTTP/1.1" 200 29170 "-" "Mozilla/5.0 (Linux; Android 6.0.1; Nexus 5X Build/MMB29P) AppleWebKit/537.36 (KHTML, like Gecko) Chrome/140.0.7339.207 Mobile Safari/537.36 (compatible; Googlebot/2.1; +http://www.google.com/bot.html)"
152.42.223.240 - - [05/Oct/2025:23:16:41 -0400] "GET /wp.php HTTP/1.1" 404 10902 "-" "python-httpx/0.25.2"
152.42.223.240 - - [05/Oct/2025:23:16:56 -0400] "GET /wp-wso.php HTTP/1.1" 404 10904 "-" "python-httpx/0.25.2"
20.171.207.56 - - [05/Oct/2025:23:17:05 -0400] "GET /products210592432?kg=0208024313 HTTP/1.1" 404 9739 "-" "Mozilla/5.0 AppleWebKit/537.36 (KHTML, like Gecko; compatible; GPTBot/1.2; +https://openai.com/gptbot)"
152.42.223.240 - - [05/Oct/2025:23:17:12 -0400] "GET /qindex.php HTTP/1.1" 404 10905 "-" "python-httpx/0.25.2"
66.249.73.10 - - [05/Oct/2025:23:17:17 -0400] "GET /products4612090?kg=0004555928 HTTP/1.1" 200 29315 "-" "Mozilla/5.0 (Linux; Android 6.0.1; Nexus 5X Build/MMB29P) AppleWebKit/537.36 (KHTML, like Gecko) Chrome/140.0.7339.207 Mobile Safari/537.36 (compatible; Googlebot/2.1; +http://www.google.com/bot.html)"
185.61.153.107 - - [05/Oct/2025:23:17:29 -0400] "POST /wp-cron.php?doing_wp_cron=1759720649.3629910945892333984375 HTTP/1.1" 200 0 "-" "WordPress/6.8.3; https://salhab360photos.com"
152.42.223.240 - - [05/Oct/2025:23:17:28 -0400] "GET /priv8.php HTTP/1.1" 404 10905 "-" "python-httpx/0.25.2"
152.42.223.240 - - [05/Oct/2025:23:18:08 -0400] "GET /xleet.php HTTP/1.1" 404 10902 "-" "python-httpx/0.25.2"
66.249.73.11 - - [05/Oct/2025:23:18:16 -0400] "GET /products5223778?kg=0005160156 HTTP/1.1" 200 28996 "-" "Mozilla/5.0 (Linux; Android 6.0.1; Nexus 5X Build/MMB29P) AppleWebKit/537.36 (KHTML, like Gecko) Chrome/140.0.7339.207 Mobile Safari/537.36 (compatible; Googlebot/2.1; +http://www.google.com/bot.html)"
185.61.153.107 - - [05/Oct/2025:23:18:25 -0400] "POST /wp-cron.php?doing_wp_cron=1759720705.5821800231933593750000 HTTP/1.1" 200 0 "-" "WordPress/6.8.3; https://salhab360photos.com"
66.249.73.10 - - [05/Oct/2025:23:18:26 -0400] "GET /products5223528?kg=0005159909 HTTP/1.1" 200 28834 "-" "Mozilla/5.0 (Linux; Android 6.0.1; Nexus 5X Build/MMB29P) AppleWebKit/537.36 (KHTML, like Gecko) Chrome/140.0.7339.207 Mobile Safari/537.36 (compatible; Googlebot/2.1; +http://www.google.com/bot.html)"
66.249.73.10 - - [05/Oct/2025:23:16:25 -0400] "GET /products4611676?kg=0004555519 HTTP/1.1" 200 29267 "-" "Mozilla/5.0 (Linux; Android 6.0.1; Nexus 5X Build/MMB29P) AppleWebKit/537.36 (KHTML, like Gecko) Chrome/140.0.7339.207 Mobile Safari/537.36 (compatible; Googlebot/2.1; +http://www.google.com/bot.html)"
185.61.153.107 - - [05/Oct/2025:23:16:26 -0400] "POST /wp-cron.php?doing_wp_cron=1759720586.2088210582733154296875 HTTP/1.1" 200 0 "-" "WordPress/6.8.3; https://salhab360photos.com"
152.42.223.240 - - [05/Oct/2025:23:16:25 -0400] "GET /new-index.php HTTP/1.1" 404 10902 "-" "python-httpx/0.25.2"
66.249.73.10 - - [05/Oct/2025:23:16:59 -0400] "GET /products5223354?kg=0005159736 HTTP/1.1" 200 30099 "-" "Mozilla/5.0 (Linux; Android 6.0.1; Nexus 5X Build/MMB29P) AppleWebKit/537.36 (KHTML, like Gecko) Chrome/140.0.7339.207 Mobile Safari/537.36 (compatible; Googlebot/2.1; +http://www.google.com/bot.html)"
152.42.223.240 - - [05/Oct/2025:23:17:46 -0400] "GET /minimo.php HTTP/1.1" 404 10905 "-" "python-httpx/0.25.2"
66.249.73.10 - - [05/Oct/2025:23:18:02 -0400] "GET /products4612532?kg=0004556363 HTTP/1.1" 200 29555 "-" "Mozilla/5.0 (Linux; Android 6.0.1; Nexus 5X Build/MMB29P) AppleWebKit/537.36 (KHTML, like Gecko) Chrome/140.0.7339.207 Mobile Safari/537.36 (compatible; Googlebot/2.1; +http://www.google.com/bot.html)"
20.171.207.56 - - [05/Oct/2025:23:18:07 -0400] "GET /products210649012?kg=0208080203 HTTP/1.1" 404 9738 "-" "Mozilla/5.0 AppleWebKit/537.36 (KHTML, like Gecko; compatible; GPTBot/1.2; +https://openai.com/gptbot)"
152.42.223.240 - - [05/Oct/2025:23:18:24 -0400] "GET /V3.php HTTP/1.1" 404 10903 "-" "python-httpx/0.25.2"
66.249.73.10 - - [05/Oct/2025:23:18:24 -0400] "GET /products5223364?kg=0005159747 HTTP/1.1" 200 28991 "-" "Mozilla/5.0 (Linux; Android 6.0.1; Nexus 5X Build/MMB29P) AppleWebKit/537.36 (KHTML, like Gecko) Chrome/140.0.7339.207 Mobile Safari/537.36 (compatible; Googlebot/2.1; +http://www.google.com/bot.html)"
37.59.204.148 - - [05/Oct/2025:23:18:36 -0400] "GET /products218763162?kg=0216095400 HTTP/1.1" 404 9739 "-" "Mozilla/5.0 (compatible; AhrefsBot/7.0; +http://ahrefs.com/robot/)"
152.42.223.240 - - [05/Oct/2025:23:18:38 -0400] "GET /V5.php HTTP/1.1" 404 10903 "-" "python-httpx/0.25.2"
66.249.73.10 - - [05/Oct/2025:23:19:15 -0400] "GET /products4610778?kg=0004554632 HTTP/1.1" 200 29777 "-" "Mozilla/5.0 (Linux; Android 6.0.1; Nexus 5X Build/MMB29P) AppleWebKit/537.36 (KHTML, like Gecko) Chrome/140.0.7339.207 Mobile Safari/537.36 (compatible; Googlebot/2.1; +http://www.google.com/bot.html)"
185.61.153.107 - - [05/Oct/2025:23:19:33 -0400] "POST /wp-cron.php?doing_wp_cron=1759720773.6739499568939208984375 HTTP/1.1" 200 0 "-" "WordPress/6.8.3; https://salhab360photos.com"
152.42.223.240 - - [05/Oct/2025:23:19:24 -0400] "GET /www.php HTTP/1.1" 404 10905 "-" "python-httpx/0.25.2"
66.249.73.12 - - [05/Oct/2025:23:20:11 -0400] "GET /products4612714?kg=0004556544 HTTP/1.1" 200 28960 "-" "Mozilla/5.0 (Linux; Android 6.0.1; Nexus 5X Build/MMB29P) AppleWebKit/537.36 (KHTML, like Gecko) Chrome/140.0.7339.207 Mobile Safari/537.36 (compatible; Googlebot/2.1; +http://www.google.com/bot.html)"
185.61.153.107 - - [05/Oct/2025:23:20:20 -0400] "POST /wp-cron.php?doing_wp_cron=1759720820.3736948966979980468750 HTTP/1.1" 200 0 "-" "WordPress/6.8.3; https://salhab360photos.com"
66.249.73.11 - - [05/Oct/2025:23:21:13 -0400] "GET /products5222380?kg=0005158775 HTTP/1.1" 200 28933 "-" "Mozilla/5.0 (Linux; Android 6.0.1; Nexus 5X Build/MMB29P) AppleWebKit/537.36 (KHTML, like Gecko) Chrome/140.0.7339.207 Mobile Safari/537.36 (compatible; Googlebot/2.1; +http://www.google.com/bot.html)"
20.171.207.56 - - [05/Oct/2025:23:21:21 -0400] "GET /products210580100?kg=0208012131 HTTP/1.1" 404 9740 "-" "Mozilla/5.0 AppleWebKit/537.36 (KHTML, like Gecko; compatible; GPTBot/1.2; +https://openai.com/gptbot)"
66.249.73.11 - - [05/Oct/2025:23:21:27 -0400] "GET /products5222216?kg=0005158613 HTTP/1.1" 200 28815 "-" "Mozilla/5.0 (Linux; Android 6.0.1; Nexus 5X Build/MMB29P) AppleWebKit/537.36 (KHTML, like Gecko) Chrome/140.0.7339.207 Mobile Safari/537.36 (compatible; Googlebot/2.1; +http://www.google.com/bot.html)"
216.73.216.221 - - [05/Oct/2025:23:21:37 -0400] "GET /products83726132?kg=0082705163 HTTP/1.1" 404 9738 "-" "Mozilla/5.0 AppleWebKit/537.36 (KHTML, like Gecko; compatible; ClaudeBot/1.0; +claudebot@anthropic.com)"
216.73.216.221 - - [05/Oct/2025:23:21:49 -0400] "GET /products83736846?kg=0082715746 HTTP/1.1" 404 9737 "-" "Mozilla/5.0 AppleWebKit/537.36 (KHTML, like Gecko; compatible; ClaudeBot/1.0; +claudebot@anthropic.com)"
216.73.216.221 - - [05/Oct/2025:23:21:55 -0400] "GET /products83719012?kg=0082698131 HTTP/1.1" 404 9739 "-" "Mozilla/5.0 AppleWebKit/537.36 (KHTML, like Gecko; compatible; ClaudeBot/1.0; +claudebot@anthropic.com)"
216.73.216.221 - - [05/Oct/2025:23:22:01 -0400] "GET /products65711602?kg=0064910324 HTTP/1.1" 404 9738 "-" "Mozilla/5.0 AppleWebKit/537.36 (KHTML, like Gecko; compatible; ClaudeBot/1.0; +claudebot@anthropic.com)"
216.73.216.221 - - [05/Oct/2025:23:22:07 -0400] "GET /products186536716?kg=0184261959 HTTP/1.1" 404 9736 "-" "Mozilla/5.0 AppleWebKit/537.36 (KHTML, like Gecko; compatible; ClaudeBot/1.0; +claudebot@anthropic.com)"
216.73.216.221 - - [05/Oct/2025:23:22:10 -0400] "GET /products65766164?kg=0064964219 HTTP/1.1" 404 9730 "-" "Mozilla/5.0 AppleWebKit/537.36 (KHTML, like Gecko; compatible; ClaudeBot/1.0; +claudebot@anthropic.com)"
185.61.153.107 - - [05/Oct/2025:23:22:16 -0400] "POST /wp-cron.php?doing_wp_cron=1759720936.7753930091857910156250 HTTP/1.1" 200 0 "-" "WordPress/6.8.3; https://salhab360photos.com"
216.73.216.221 - - [05/Oct/2025:23:22:13 -0400] "GET /products59429332?kg=0058704667 HTTP/1.1" 404 9737 "-" "Mozilla/5.0 AppleWebKit/537.36 (KHTML, like Gecko; compatible; ClaudeBot/1.0; +claudebot@anthropic.com)"
216.73.216.221 - - [05/Oct/2025:23:22:19 -0400] "GET /products83741602?kg=0082720444 HTTP/1.1" 404 9737 "-" "Mozilla/5.0 AppleWebKit/537.36 (KHTML, like Gecko; compatible; ClaudeBot/1.0; +claudebot@anthropic.com)"
20.171.207.56 - - [05/Oct/2025:23:22:26 -0400] "GET /products210610686?kg=0208042346 HTTP/1.1" 404 9737 "-" "Mozilla/5.0 AppleWebKit/537.36 (KHTML, like Gecko; compatible; GPTBot/1.2; +https://openai.com/gptbot)"
216.73.216.221 - - [05/Oct/2025:23:22:28 -0400] "GET /products65728280?kg=0064926797 HTTP/1.1" 404 9738 "-" "Mozilla/5.0 AppleWebKit/537.36 (KHTML, like Gecko; compatible; ClaudeBot/1.0; +claudebot@anthropic.com)"
216.73.216.221 - - [05/Oct/2025:23:22:34 -0400] "GET /products83691984?kg=0082671433 HTTP/1.1" 404 9737 "-" "Mozilla/5.0 AppleWebKit/537.36 (KHTML, like Gecko; compatible; ClaudeBot/1.0; +claudebot@anthropic.com)"
216.73.216.221 - - [05/Oct/2025:23:22:45 -0400] "GET /products83719918?kg=0082699026 HTTP/1.1" 404 9738 "-" "Mozilla/5.0 AppleWebKit/537.36 (KHTML, like Gecko; compatible; ClaudeBot/1.0; +claudebot@anthropic.com)"
216.73.216.221 - - [05/Oct/2025:23:22:52 -0400] "GET /products83737794?kg=0082716684 HTTP/1.1" 404 9738 "-" "Mozilla/5.0 AppleWebKit/537.36 (KHTML, like Gecko; compatible; ClaudeBot/1.0; +claudebot@anthropic.com)"
66.249.73.11 - - [05/Oct/2025:23:23:01 -0400] "GET /products5222448?kg=0005158841 HTTP/1.1" 200 28697 "-" "Mozilla/5.0 (Linux; Android 6.0.1; Nexus 5X Build/MMB29P) AppleWebKit/537.36 (KHTML, like Gecko) Chrome/140.0.7339.207 Mobile Safari/537.36 (compatible; Googlebot/2.1; +http://www.google.com/bot.html)"
216.73.216.221 - - [05/Oct/2025:23:23:09 -0400] "GET /products65756124?kg=0064954303 HTTP/1.1" 404 9730 "-" "Mozilla/5.0 AppleWebKit/537.36 (KHTML, like Gecko; compatible; ClaudeBot/1.0; +claudebot@anthropic.com)"
54.37.118.71 - - [05/Oct/2025:23:23:10 -0400] "GET /products218760124?kg=0216092399 HTTP/1.1" 404 9737 "-" "Mozilla/5.0 (compatible; AhrefsBot/7.0; +http://ahrefs.com/robot/)"
152.42.223.240 - - [05/Oct/2025:23:18:53 -0400] "GET /404.php HTTP/1.1" 404 10903 "-" "python-httpx/0.25.2"
152.42.223.240 - - [05/Oct/2025:23:19:08 -0400] "GET /up.php HTTP/1.1" 404 10903 "-" "python-httpx/0.25.2"
20.171.207.56 - - [05/Oct/2025:23:19:11 -0400] "GET /products210580182?kg=0208012214 HTTP/1.1" 404 9739 "-" "Mozilla/5.0 AppleWebKit/537.36 (KHTML, like Gecko; compatible; GPTBot/1.2; +https://openai.com/gptbot)"
66.249.73.10 - - [05/Oct/2025:23:20:19 -0400] "GET /products5221068?kg=0005157479 HTTP/1.1" 200 28798 "-" "Mozilla/5.0 (Linux; Android 6.0.1; Nexus 5X Build/MMB29P) AppleWebKit/537.36 (KHTML, like Gecko) Chrome/140.0.7339.207 Mobile Safari/537.36 (compatible; Googlebot/2.1; +http://www.google.com/bot.html)"
20.171.207.56 - - [05/Oct/2025:23:20:17 -0400] "GET /products210631678?kg=0208063082 HTTP/1.1" 404 9738 "-" "Mozilla/5.0 AppleWebKit/537.36 (KHTML, like Gecko; compatible; GPTBot/1.2; +https://openai.com/gptbot)"
185.61.153.107 - - [05/Oct/2025:23:21:22 -0400] "POST /wp-cron.php?doing_wp_cron=1759720882.6706120967864990234375 HTTP/1.1" 200 0 "-" "WordPress/6.8.3; https://salhab360photos.com"
66.249.73.11 - - [05/Oct/2025:23:21:28 -0400] "GET /products5221482?kg=0005157888 HTTP/1.1" 200 28962 "-" "Mozilla/5.0 (Linux; Android 6.0.1; Nexus 5X Build/MMB29P) AppleWebKit/537.36 (KHTML, like Gecko) Chrome/140.0.7339.207 Mobile Safari/537.36 (compatible; Googlebot/2.1; +http://www.google.com/bot.html)"
43.173.175.56 - - [05/Oct/2025:23:21:27 -0400] "GET /video-post-format-youtube-video/ HTTP/1.1" 200 18709 "-" "Mozilla/5.0 (Windows NT 10.0; Win64; x64) AppleWebKit/537.36 (KHTML, like Gecko) Chrome/105.0.0.0 Safari/537.3"
216.73.216.221 - - [05/Oct/2025:23:21:31 -0400] "GET /robots.txt HTTP/1.1" 200 84 "-" "Mozilla/5.0 AppleWebKit/537.36 (KHTML, like Gecko; compatible; ClaudeBot/1.0; +claudebot@anthropic.com)"
216.73.216.221 - - [05/Oct/2025:23:21:31 -0400] "GET /products83695550?kg=0082674954 HTTP/1.1" 404 9738 "-" "Mozilla/5.0 AppleWebKit/537.36 (KHTML, like Gecko; compatible; ClaudeBot/1.0; +claudebot@anthropic.com)"
216.73.216.221 - - [05/Oct/2025:23:21:43 -0400] "GET /products186530534?kg=0184255854 HTTP/1.1" 404 9738 "-" "Mozilla/5.0 AppleWebKit/537.36 (KHTML, like Gecko; compatible; ClaudeBot/1.0; +claudebot@anthropic.com)"
216.73.216.221 - - [05/Oct/2025:23:21:46 -0400] "GET /products59458482?kg=0058733460 HTTP/1.1" 404 9740 "-" "Mozilla/5.0 AppleWebKit/537.36 (KHTML, like Gecko; compatible; ClaudeBot/1.0; +claudebot@anthropic.com)"
216.73.216.221 - - [05/Oct/2025:23:22:22 -0400] "GET /products83739598?kg=0082718466 HTTP/1.1" 404 9738 "-" "Mozilla/5.0 AppleWebKit/537.36 (KHTML, like Gecko; compatible; ClaudeBot/1.0; +claudebot@anthropic.com)"
216.73.216.221 - - [05/Oct/2025:23:22:39 -0400] "GET /products83734132?kg=0082713067 HTTP/1.1" 404 9736 "-" "Mozilla/5.0 AppleWebKit/537.36 (KHTML, like Gecko; compatible; ClaudeBot/1.0; +claudebot@anthropic.com)"
66.249.73.10 - - [05/Oct/2025:23:23:00 -0400] "GET /products4610072?kg=0004553933 HTTP/1.1" 200 29308 "-" "Mozilla/5.0 (Linux; Android 6.0.1; Nexus 5X Build/MMB29P) AppleWebKit/537.36 (KHTML, like Gecko) Chrome/140.0.7339.207 Mobile Safari/537.36 (compatible; Googlebot/2.1; +http://www.google.com/bot.html)"
216.73.216.221 - - [05/Oct/2025:23:23:00 -0400] "GET /products186546278?kg=0184271406 HTTP/1.1" 404 9740 "-" "Mozilla/5.0 AppleWebKit/537.36 (KHTML, like Gecko; compatible; ClaudeBot/1.0; +claudebot@anthropic.com)"
185.61.153.107 - - [05/Oct/2025:23:23:14 -0400] "POST /wp-cron.php?doing_wp_cron=1759720994.1715350151062011718750 HTTP/1.1" 200 0 "-" "WordPress/6.8.3; https://salhab360photos.com"
216.73.216.221 - - [05/Oct/2025:23:23:19 -0400] "GET /products65715902?kg=0064914570 HTTP/1.1" 404 9738 "-" "Mozilla/5.0 AppleWebKit/537.36 (KHTML, like Gecko; compatible; ClaudeBot/1.0; +claudebot@anthropic.com)"
216.73.216.221 - - [05/Oct/2025:23:24:09 -0400] "GET /products65739564?kg=0064937943 HTTP/1.1" 404 9738 "-" "Mozilla/5.0 AppleWebKit/537.36 (KHTML, like Gecko; compatible; ClaudeBot/1.0; +claudebot@anthropic.com)"
216.73.216.221 - - [05/Oct/2025:23:24:24 -0400] "GET /products186473366?kg=0184199382 HTTP/1.1" 404 9739 "-" "Mozilla/5.0 AppleWebKit/537.36 (KHTML, like Gecko; compatible; ClaudeBot/1.0; +claudebot@anthropic.com)"
20.171.207.56 - - [05/Oct/2025:23:24:28 -0400] "GET /products210647258?kg=0208078472 HTTP/1.1" 404 9737 "-" "Mozilla/5.0 AppleWebKit/537.36 (KHTML, like Gecko; compatible; GPTBot/1.2; +https://openai.com/gptbot)"
66.249.73.10 - - [05/Oct/2025:23:24:35 -0400] "GET /ctg/apiAllLCate/ HTTP/1.1" 200 29165 "https://salhab360photos.com/products6547008?kg=0006467249" "Mozilla/5.0 (Linux; Android 6.0.1; Nexus 5X Build/MMB29P) AppleWebKit/537.36 (KHTML, like Gecko) Chrome/139.0.7258.127 Mobile Safari/537.36 (compatible; Googlebot/2.1; +http://www.google.com/bot.html)"
216.73.216.221 - - [05/Oct/2025:23:24:40 -0400] "GET /products59447572?kg=0058722683 HTTP/1.1" 404 9739 "-" "Mozilla/5.0 AppleWebKit/537.36 (KHTML, like Gecko; compatible; ClaudeBot/1.0; +claudebot@anthropic.com)"
216.73.216.221 - - [05/Oct/2025:23:24:57 -0400] "GET /products186513920?kg=0184239441 HTTP/1.1" 404 9737 "-" "Mozilla/5.0 AppleWebKit/537.36 (KHTML, like Gecko; compatible; ClaudeBot/1.0; +claudebot@anthropic.com)"
216.73.216.221 - - [05/Oct/2025:23:25:15 -0400] "GET /products83679642?kg=0082659240 HTTP/1.1" 404 9737 "-" "Mozilla/5.0 AppleWebKit/537.36 (KHTML, like Gecko; compatible; ClaudeBot/1.0; +claudebot@anthropic.com)"
20.171.207.56 - - [05/Oct/2025:23:25:46 -0400] "GET /products210632302?kg=0208063698 HTTP/1.1" 404 9738 "-" "Mozilla/5.0 AppleWebKit/537.36 (KHTML, like Gecko; compatible; GPTBot/1.2; +https://openai.com/gptbot)"
216.73.216.221 - - [05/Oct/2025:23:25:54 -0400] "GET /products83723672?kg=0082702733 HTTP/1.1" 404 9740 "-" "Mozilla/5.0 AppleWebKit/537.36 (KHTML, like Gecko; compatible; ClaudeBot/1.0; +claudebot@anthropic.com)"
185.61.153.107 - - [05/Oct/2025:23:26:20 -0400] "POST /wp-cron.php?doing_wp_cron=1759721180.1743090152740478515625 HTTP/1.1" 200 0 "-" "WordPress/6.8.3; https://salhab360photos.com"
66.249.73.10 - - [05/Oct/2025:23:26:19 -0400] "GET /products5220894?kg=0005157306 HTTP/1.1" 200 28679 "-" "Mozilla/5.0 (Linux; Android 6.0.1; Nexus 5X Build/MMB29P) AppleWebKit/537.36 (KHTML, like Gecko) Chrome/140.0.7339.207 Mobile Safari/537.36 (compatible; Googlebot/2.1; +http://www.google.com/bot.html)"
216.73.216.221 - - [05/Oct/2025:23:26:15 -0400] "GET /products83712902?kg=0082692094 HTTP/1.1" 404 9738 "-" "Mozilla/5.0 AppleWebKit/537.36 (KHTML, like Gecko; compatible; ClaudeBot/1.0; +claudebot@anthropic.com)"
216.73.216.221 - - [05/Oct/2025:23:26:37 -0400] "GET /products83743648?kg=0082722465 HTTP/1.1" 404 9739 "-" "Mozilla/5.0 AppleWebKit/537.36 (KHTML, like Gecko; compatible; ClaudeBot/1.0; +claudebot@anthropic.com)"
216.73.216.221 - - [05/Oct/2025:23:26:46 -0400] "GET /sitemap.xml HTTP/1.1" 200 6008 "-" "Mozilla/5.0 AppleWebKit/537.36 (KHTML, like Gecko; compatible; ClaudeBot/1.0; +claudebot@anthropic.com)"
216.73.216.221 - - [05/Oct/2025:23:27:00 -0400] "GET /products59413752?kg=0058689277 HTTP/1.1" 404 9740 "-" "Mozilla/5.0 AppleWebKit/537.36 (KHTML, like Gecko; compatible; ClaudeBot/1.0; +claudebot@anthropic.com)"
66.249.73.10 - - [05/Oct/2025:23:27:18 -0400] "GET /products220412?kg=0000217807 HTTP/1.1" 200 29265 "-" "Mozilla/5.0 (Linux; Android 6.0.1; Nexus 5X Build/MMB29P) AppleWebKit/537.36 (KHTML, like Gecko) Chrome/140.0.7339.207 Mobile Safari/537.36 (compatible; Googlebot/2.1; +http://www.google.com/bot.html)"
216.73.216.221 - - [05/Oct/2025:23:27:24 -0400] "GET /products186491046?kg=0184216846 HTTP/1.1" 404 9739 "-" "Mozilla/5.0 AppleWebKit/537.36 (KHTML, like Gecko; compatible; ClaudeBot/1.0; +claudebot@anthropic.com)"
216.73.216.221 - - [05/Oct/2025:23:27:32 -0400] "GET /products83711012?kg=0082690227 HTTP/1.1" 404 9739 "-" "Mozilla/5.0 AppleWebKit/537.36 (KHTML, like Gecko; compatible; ClaudeBot/1.0; +claudebot@anthropic.com)"
20.171.207.56 - - [05/Oct/2025:23:23:26 -0400] "GET /products210632370?kg=0208063764 HTTP/1.1" 404 9738 "-" "Mozilla/5.0 AppleWebKit/537.36 (KHTML, like Gecko; compatible; GPTBot/1.2; +https://openai.com/gptbot)"
216.73.216.221 - - [05/Oct/2025:23:23:30 -0400] "GET /products186496126?kg=0184221866 HTTP/1.1" 404 9739 "-" "Mozilla/5.0 AppleWebKit/537.36 (KHTML, like Gecko; compatible; ClaudeBot/1.0; +claudebot@anthropic.com)"
216.73.216.221 - - [05/Oct/2025:23:23:42 -0400] "GET /products186477184?kg=0184203153 HTTP/1.1" 404 9738 "-" "Mozilla/5.0 AppleWebKit/537.36 (KHTML, like Gecko; compatible; ClaudeBot/1.0; +claudebot@anthropic.com)"
216.73.216.221 - - [05/Oct/2025:23:23:55 -0400] "GET /products83726674?kg=0082705700 HTTP/1.1" 404 9739 "-" "Mozilla/5.0 AppleWebKit/537.36 (KHTML, like Gecko; compatible; ClaudeBot/1.0; +claudebot@anthropic.com)"
185.61.153.107 - - [05/Oct/2025:23:24:27 -0400] "POST /wp-cron.php?doing_wp_cron=1759721067.8733789920806884765625 HTTP/1.1" 200 0 "-" "WordPress/6.8.3; https://salhab360photos.com"
66.249.73.11 - - [05/Oct/2025:23:24:28 -0400] "GET /products6547008?kg=0006467249 HTTP/1.1" 200 29403 "-" "Mozilla/5.0 (Linux; Android 6.0.1; Nexus 5X Build/MMB29P) AppleWebKit/537.36 (KHTML, like Gecko) Chrome/140.0.7339.207 Mobile Safari/537.36 (compatible; GoogleOther)"
66.249.73.12 - - [05/Oct/2025:23:25:15 -0400] "GET /?products14076006?kg=0013904430 HTTP/1.1" 200 1164 "-" "Mozilla/5.0 (Linux; Android 6.0.1; Nexus 5X Build/MMB29P) AppleWebKit/537.36 (KHTML, like Gecko) Chrome/140.0.7339.207 Mobile Safari/537.36 (compatible; Googlebot/2.1; +http://www.google.com/bot.html)"
185.61.153.107 - - [05/Oct/2025:23:25:20 -0400] "POST /wp-cron.php?doing_wp_cron=1759721119.9725999832153320312500 HTTP/1.1" 200 0 "-" "WordPress/6.8.3; https://salhab360photos.com"
216.73.216.221 - - [05/Oct/2025:23:25:34 -0400] "GET /products83724784?kg=0082703833 HTTP/1.1" 404 9731 "-" "Mozilla/5.0 AppleWebKit/537.36 (KHTML, like Gecko; compatible; ClaudeBot/1.0; +claudebot@anthropic.com)"
66.249.73.12 - - [05/Oct/2025:23:26:02 -0400] "GET /products4610696?kg=0004554549 HTTP/1.1" 200 29175 "-" "Mozilla/5.0 (Linux; Android 6.0.1; Nexus 5X Build/MMB29P) AppleWebKit/537.36 (KHTML, like Gecko) Chrome/140.0.7339.207 Mobile Safari/537.36 (compatible; Googlebot/2.1; +http://www.google.com/bot.html)"
216.73.216.221 - - [05/Oct/2025:23:26:05 -0400] "GET /products236407112?kg=0233524181 HTTP/1.1" 404 9739 "-" "Mozilla/5.0 AppleWebKit/537.36 (KHTML, like Gecko; compatible; ClaudeBot/1.0; +claudebot@anthropic.com)"
66.249.73.10 - - [05/Oct/2025:23:26:15 -0400] "GET /products5220776?kg=0005157189 HTTP/1.1" 200 28842 "-" "Mozilla/5.0 (Linux; Android 6.0.1; Nexus 5X Build/MMB29P) AppleWebKit/537.36 (KHTML, like Gecko) Chrome/140.0.7339.207 Mobile Safari/537.36 (compatible; Googlebot/2.1; +http://www.google.com/bot.html)"
66.249.73.10 - - [05/Oct/2025:23:26:38 -0400] "GET /?products14240334?kg=0014066754 HTTP/1.1" 200 1164 "-" "Mozilla/5.0 (Linux; Android 6.0.1; Nexus 5X Build/MMB29P) AppleWebKit/537.36 (KHTML, like Gecko) Chrome/140.0.7339.207 Mobile Safari/537.36 (compatible; Googlebot/2.1; +http://www.google.com/bot.html)"
20.171.207.56 - - [05/Oct/2025:23:26:30 -0400] "GET /products210621018?kg=0208052552 HTTP/1.1" 404 9738 "-" "Mozilla/5.0 AppleWebKit/537.36 (KHTML, like Gecko; compatible; GPTBot/1.2; +https://openai.com/gptbot)"
66.249.73.10 - - [05/Oct/2025:23:27:21 -0400] "GET /products5221136?kg=0005157545 HTTP/1.1" 200 28684 "-" "Mozilla/5.0 (Linux; Android 6.0.1; Nexus 5X Build/MMB29P) AppleWebKit/537.36 (KHTML, like Gecko) Chrome/140.0.7339.207 Mobile Safari/537.36 (compatible; Googlebot/2.1; +http://www.google.com/bot.html)"
185.61.153.107 - - [05/Oct/2025:23:27:27 -0400] "POST /wp-cron.php?doing_wp_cron=1759721247.4724550247192382812500 HTTP/1.1" 200 0 "-" "WordPress/6.8.3; https://salhab360photos.com"
54.37.118.71 - - [05/Oct/2025:23:27:50 -0400] "GET /products214135538?kg=0211524212 HTTP/1.1" 404 9738 "-" "Mozilla/5.0 (compatible; AhrefsBot/7.0; +http://ahrefs.com/robot/)"
66.249.73.11 - - [05/Oct/2025:23:28:13 -0400] "GET /products5221318?kg=0005157726 HTTP/1.1" 200 28809 "-" "Mozilla/5.0 (Linux; Android 6.0.1; Nexus 5X Build/MMB29P) AppleWebKit/537.36 (KHTML, like Gecko) Chrome/140.0.7339.207 Mobile Safari/537.36 (compatible; Googlebot/2.1; +http://www.google.com/bot.html)"
66.249.73.11 - - [05/Oct/2025:23:28:17 -0400] "GET /products5219878?kg=0005156302 HTTP/1.1" 200 29662 "-" "Mozilla/5.0 (Linux; Android 6.0.1; Nexus 5X Build/MMB29P) AppleWebKit/537.36 (KHTML, like Gecko) Chrome/140.0.7339.207 Mobile Safari/537.36 (compatible; Googlebot/2.1; +http://www.google.com/bot.html)"
20.171.207.56 - - [05/Oct/2025:23:28:33 -0400] "GET /products210586054?kg=0208018014 HTTP/1.1" 404 9739 "-" "Mozilla/5.0 AppleWebKit/537.36 (KHTML, like Gecko; compatible; GPTBot/1.2; +https://openai.com/gptbot)"
216.73.216.221 - - [05/Oct/2025:23:28:57 -0400] "GET /products59414494?kg=0058690010 HTTP/1.1" 404 9739 "-" "Mozilla/5.0 AppleWebKit/537.36 (KHTML, like Gecko; compatible; ClaudeBot/1.0; +claudebot@anthropic.com)"
66.249.73.12 - - [05/Oct/2025:23:29:25 -0400] "GET /products5222940?kg=0005159327 HTTP/1.1" 200 30890 "-" "Mozilla/5.0 (Linux; Android 6.0.1; Nexus 5X Build/MMB29P) AppleWebKit/537.36 (KHTML, like Gecko) Chrome/140.0.7339.207 Mobile Safari/537.36 (compatible; Googlebot/2.1; +http://www.google.com/bot.html)"
18.130.75.118 - - [05/Oct/2025:23:29:28 -0400] "GET /index.html HTTP/1.1" 200 1404 "-" "Mozilla/5.0 (Windows NT 10.0; Win64; x64) AppleWebKit/537.36 (KHTML, like Gecko) Chrome/132.0.0.0 Safari/537.36 Edg/132.0.0.0"
164.90.241.135 - - [05/Oct/2025:23:29:28 -0400] "GET /index.html HTTP/1.1" 200 1404 "-" "Mozilla/5.0 (Windows NT 10.0; Win64; x64) AppleWebKit/537.36 (KHTML, like Gecko) Chrome/132.0.0.0 Safari/537.36 Edg/132.0.0.0"
46.101.70.221 - - [05/Oct/2025:23:29:28 -0400] "GET /index.html HTTP/1.1" 200 1404 "-" "Mozilla/5.0 (Windows NT 10.0; Win64; x64) AppleWebKit/537.36 (KHTML, like Gecko) Chrome/132.0.0.0 Safari/537.36 Edg/132.0.0.0"
216.73.216.221 - - [05/Oct/2025:23:29:56 -0400] "GET /products65766752?kg=0064964801 HTTP/1.1" 404 9728 "-" "Mozilla/5.0 AppleWebKit/537.36 (KHTML, like Gecko; compatible; ClaudeBot/1.0; +claudebot@anthropic.com)"
185.61.153.107 - - [05/Oct/2025:23:30:26 -0400] "POST /wp-cron.php?doing_wp_cron=1759721426.6759440898895263671875 HTTP/1.1" 200 0 "-" "WordPress/6.8.3; https://salhab360photos.com"
216.73.216.221 - - [05/Oct/2025:23:30:22 -0400] "GET /products186533322?kg=0184258608 HTTP/1.1" 404 9737 "-" "Mozilla/5.0 AppleWebKit/537.36 (KHTML, like Gecko; compatible; ClaudeBot/1.0; +claudebot@anthropic.com)"
20.171.207.56 - - [05/Oct/2025:23:30:37 -0400] "GET /products210591052?kg=0208022951 HTTP/1.1" 404 9738 "-" "Mozilla/5.0 AppleWebKit/537.36 (KHTML, like Gecko; compatible; GPTBot/1.2; +https://openai.com/gptbot)"
216.73.216.221 - - [05/Oct/2025:23:30:50 -0400] "GET /products83684440?kg=0082663981 HTTP/1.1" 404 9738 "-" "Mozilla/5.0 AppleWebKit/537.36 (KHTML, like Gecko; compatible; ClaudeBot/1.0; +claudebot@anthropic.com)"
66.249.73.11 - - [05/Oct/2025:23:30:57 -0400] "GET /products2300510?kg=0002272538 HTTP/1.1" 200 29280 "-" "Mozilla/5.0 (Linux; Android 6.0.1; Nexus 5X Build/MMB29P) AppleWebKit/537.36 (KHTML, like Gecko) Chrome/140.0.7339.207 Mobile Safari/537.36 (compatible; Googlebot/2.1; +http://www.google.com/bot.html)"
185.61.153.107 - - [05/Oct/2025:23:31:22 -0400] "POST /wp-cron.php?doing_wp_cron=1759721482.6750459671020507812500 HTTP/1.1" 200 0 "-" "WordPress/6.8.3; https://salhab360photos.com"
216.73.216.221 - - [05/Oct/2025:23:31:18 -0400] "GET /products65776550?kg=0064974478 HTTP/1.1" 404 9739 "-" "Mozilla/5.0 AppleWebKit/537.36 (KHTML, like Gecko; compatible; ClaudeBot/1.0; +claudebot@anthropic.com)"
20.171.207.56 - - [05/Oct/2025:23:31:40 -0400] "GET /products210632412?kg=0208063807 HTTP/1.1" 404 9739 "-" "Mozilla/5.0 AppleWebKit/537.36 (KHTML, like Gecko; compatible; GPTBot/1.2; +https://openai.com/gptbot)"
20.171.207.56 - - [05/Oct/2025:23:27:32 -0400] "GET /products210580806?kg=0208012830 HTTP/1.1" 404 9739 "-" "Mozilla/5.0 AppleWebKit/537.36 (KHTML, like Gecko; compatible; GPTBot/1.2; +https://openai.com/gptbot)"
66.249.73.11 - - [05/Oct/2025:23:27:48 -0400] "GET /products5222740?kg=0005159131 HTTP/1.1" 200 30058 "-" "Mozilla/5.0 (Linux; Android 6.0.1; Nexus 5X Build/MMB29P) AppleWebKit/537.36 (KHTML, like Gecko) Chrome/140.0.7339.207 Mobile Safari/537.36 (compatible; Googlebot/2.1; +http://www.google.com/bot.html)"
