216.73.216.221 - - [06/Oct/2025:00:01:56 -0400] "GET /products46014628?kg=0045453555 HTTP/1.1" 404 9736 "-" "Mozilla/5.0 AppleWebKit/537.36 (KHTML, like Gecko; compatible; ClaudeBot/1.0; +claudebot@anthropic.com)"
216.73.216.221 - - [06/Oct/2025:00:02:06 -0400] "GET /products46043282?kg=0045481860 HTTP/1.1" 404 9729 "-" "Mozilla/5.0 AppleWebKit/537.36 (KHTML, like Gecko; compatible; ClaudeBot/1.0; +claudebot@anthropic.com)"
216.73.216.221 - - [06/Oct/2025:00:02:16 -0400] "GET /products46024094?kg=0045462906 HTTP/1.1" 404 9741 "-" "Mozilla/5.0 AppleWebKit/537.36 (KHTML, like Gecko; compatible; ClaudeBot/1.0; +claudebot@anthropic.com)"
216.73.216.221 - - [06/Oct/2025:00:02:21 -0400] "GET /products46014004?kg=0045452939 HTTP/1.1" 404 9737 "-" "Mozilla/5.0 AppleWebKit/537.36 (KHTML, like Gecko; compatible; ClaudeBot/1.0; +claudebot@anthropic.com)"
66.249.73.11 - - [06/Oct/2025:00:02:27 -0400] "GET /products4202914?kg=0004151740 HTTP/1.1" 200 28948 "-" "Mozilla/5.0 (Linux; Android 6.0.1; Nexus 5X Build/MMB29P) AppleWebKit/537.36 (KHTML, like Gecko) Chrome/140.0.7339.207 Mobile Safari/537.36 (compatible; Googlebot/2.1; +http://www.google.com/bot.html)"
66.249.73.12 - - [06/Oct/2025:00:02:29 -0400] "GET /products4202746?kg=0004151576 HTTP/1.1" 200 29198 "-" "Mozilla/5.0 (Linux; Android 6.0.1; Nexus 5X Build/MMB29P) AppleWebKit/537.36 (KHTML, like Gecko) Chrome/140.0.7339.207 Mobile Safari/537.36 (compatible; Googlebot/2.1; +http://www.google.com/bot.html)"
66.249.73.10 - - [06/Oct/2025:00:02:34 -0400] "GET /products4203648?kg=0004152465 HTTP/1.1" 200 29044 "-" "Mozilla/5.0 (Linux; Android 6.0.1; Nexus 5X Build/MMB29P) AppleWebKit/537.36 (KHTML, like Gecko) Chrome/140.0.7339.207 Mobile Safari/537.36 (compatible; Googlebot/2.1; +http://www.google.com/bot.html)"
216.73.216.221 - - [06/Oct/2025:00:02:31 -0400] "GET /products225115538?kg=0222370308 HTTP/1.1" 404 9736 "-" "Mozilla/5.0 AppleWebKit/537.36 (KHTML, like Gecko; compatible; ClaudeBot/1.0; +claudebot@anthropic.com)"
216.73.216.221 - - [06/Oct/2025:00:02:46 -0400] "GET /products46048704?kg=0045487217 HTTP/1.1" 404 9738 "-" "Mozilla/5.0 AppleWebKit/537.36 (KHTML, like Gecko; compatible; ClaudeBot/1.0; +claudebot@anthropic.com)"
66.249.73.10 - - [05/Oct/2025:23:53:40 -0400] "GET /?products14577518?kg=0014399826 HTTP/1.1" 200 1164 "-" "Mozilla/5.0 (Linux; Android 6.0.1; Nexus 5X Build/MMB29P) AppleWebKit/537.36 (KHTML, like Gecko) Chrome/140.0.7339.207 Mobile Safari/537.36 (compatible; Googlebot/2.1; +http://www.google.com/bot.html)"
185.61.153.107 - - [05/Oct/2025:23:54:40 -0400] "POST /wp-cron.php?doing_wp_cron=1759722880.2744710445404052734375 HTTP/1.1" 200 0 "-" "WordPress/6.8.3; https://salhab360photos.com"
66.249.73.10 - - [05/Oct/2025:23:54:48 -0400] "GET /products4744898?kg=0004687116 HTTP/1.1" 200 29051 "-" "Mozilla/5.0 (Linux; Android 6.0.1; Nexus 5X Build/MMB29P) AppleWebKit/537.36 (KHTML, like Gecko) Chrome/140.0.7339.207 Mobile Safari/537.36 (compatible; Googlebot/2.1; +http://www.google.com/bot.html)"
66.249.73.10 - - [05/Oct/2025:23:54:55 -0400] "GET /?products4471128?kg=0004416685 HTTP/1.1" 200 1164 "-" "Mozilla/5.0 (Linux; Android 6.0.1; Nexus 5X Build/MMB29P) AppleWebKit/537.36 (KHTML, like Gecko) Chrome/140.0.7339.207 Mobile Safari/537.36 (compatible; Googlebot/2.1; +http://www.google.com/bot.html)"
185.61.153.107 - - [05/Oct/2025:23:55:23 -0400] "POST /wp-cron.php?doing_wp_cron=1759722923.8757970333099365234375 HTTP/1.1" 200 0 "-" "WordPress/6.8.3; https://salhab360photos.com"
51.68.247.206 - - [05/Oct/2025:23:55:19 -0400] "GET /products158872244?kg=0156934859 HTTP/1.1" 404 9739 "-" "Mozilla/5.0 (compatible; AhrefsBot/7.0; +http://ahrefs.com/robot/)"
185.61.153.107 - - [05/Oct/2025:23:56:17 -0400] "POST /wp-cron.php?doing_wp_cron=1759722977.3710169792175292968750 HTTP/1.1" 200 0 "-" "WordPress/6.8.3; https://salhab360photos.com"
20.171.207.56 - - [05/Oct/2025:23:57:48 -0400] "GET /products210630808?kg=0208062221 HTTP/1.1" 404 9739 "-" "Mozilla/5.0 AppleWebKit/537.36 (KHTML, like Gecko; compatible; GPTBot/1.2; +https://openai.com/gptbot)"
66.249.73.10 - - [05/Oct/2025:23:58:11 -0400] "GET /products4202222?kg=0004151058 HTTP/1.1" 200 29324 "-" "Mozilla/5.0 (Linux; Android 6.0.1; Nexus 5X Build/MMB29P) AppleWebKit/537.36 (KHTML, like Gecko) Chrome/140.0.7339.207 Mobile Safari/537.36 (compatible; Googlebot/2.1; +http://www.google.com/bot.html)"
216.73.216.221 - - [05/Oct/2025:23:58:22 -0400] "GET /products188474340?kg=0186175955 HTTP/1.1" 404 9737 "-" "Mozilla/5.0 AppleWebKit/537.36 (KHTML, like Gecko; compatible; ClaudeBot/1.0; +claudebot@anthropic.com)"
66.249.73.10 - - [05/Oct/2025:23:58:39 -0400] "GET /products2464678?kg=0002434702 HTTP/1.1" 200 32548 "-" "Mozilla/5.0 (Linux; Android 6.0.1; Nexus 5X Build/MMB29P) AppleWebKit/537.36 (KHTML, like Gecko) Chrome/140.0.7339.207 Mobile Safari/537.36 (compatible; Googlebot/2.1; +http://www.google.com/bot.html)"
216.73.216.221 - - [05/Oct/2025:23:58:54 -0400] "GET /products46021316?kg=0045460163 HTTP/1.1" 404 9738 "-" "Mozilla/5.0 AppleWebKit/537.36 (KHTML, like Gecko; compatible; ClaudeBot/1.0; +claudebot@anthropic.com)"
185.61.153.107 - - [05/Oct/2025:23:59:58 -0400] "POST /wp-cron.php?doing_wp_cron=1759723197.9734940528869628906250 HTTP/1.1" 200 0 "-" "WordPress/6.8.3; https://salhab360photos.com"
20.171.207.56 - - [05/Oct/2025:23:59:53 -0400] "GET /products210588514?kg=0208020444 HTTP/1.1" 404 9738 "-" "Mozilla/5.0 AppleWebKit/537.36 (KHTML, like Gecko; compatible; GPTBot/1.2; +https://openai.com/gptbot)"
20.171.207.56 - - [05/Oct/2025:23:58:49 -0400] "GET /products210649030?kg=0208080222 HTTP/1.1" 404 9738 "-" "Mozilla/5.0 AppleWebKit/537.36 (KHTML, like Gecko; compatible; GPTBot/1.2; +https://openai.com/gptbot)"
66.249.73.11 - - [05/Oct/2025:23:59:16 -0400] "GET /products4202332?kg=0004151167 HTTP/1.1" 200 29041 "-" "Mozilla/5.0 (Linux; Android 6.0.1; Nexus 5X Build/MMB29P) AppleWebKit/537.36 (KHTML, like Gecko) Chrome/140.0.7339.207 Mobile Safari/537.36 (compatible; Googlebot/2.1; +http://www.google.com/bot.html)"
51.75.236.148 - - [06/Oct/2025:00:00:01 -0400] "GET /products140643206?kg=0138928126 HTTP/1.1" 404 9728 "-" "Mozilla/5.0 (compatible; AhrefsBot/7.0; +http://ahrefs.com/robot/)"
216.73.216.221 - - [06/Oct/2025:00:02:55 -0400] "GET /products62184864?kg=0061426593 HTTP/1.1" 404 9741 "-" "Mozilla/5.0 AppleWebKit/537.36 (KHTML, like Gecko; compatible; ClaudeBot/1.0; +claudebot@anthropic.com)"
66.249.73.10 - - [06/Oct/2025:00:03:16 -0400] "GET /products4204094?kg=0004152906 HTTP/1.1" 200 29071 "-" "Mozilla/5.0 (Linux; Android 6.0.1; Nexus 5X Build/MMB29P) AppleWebKit/537.36 (KHTML, like Gecko) Chrome/140.0.7339.207 Mobile Safari/537.36 (compatible; Googlebot/2.1; +http://www.google.com/bot.html)"
185.61.153.107 - - [06/Oct/2025:00:03:27 -0400] "POST /wp-cron.php?doing_wp_cron=1759723407.3709840774536132812500 HTTP/1.1" 200 0 "-" "WordPress/6.8.3; https://salhab360photos.com"
216.73.216.221 - - [06/Oct/2025:00:03:36 -0400] "GET /products188502634?kg=0186203904 HTTP/1.1" 404 9736 "-" "Mozilla/5.0 AppleWebKit/537.36 (KHTML, like Gecko; compatible; ClaudeBot/1.0; +claudebot@anthropic.com)"
66.249.73.11 - - [06/Oct/2025:00:03:47 -0400] "GET /products4203206?kg=0004152030 HTTP/1.1" 200 28979 "-" "Mozilla/5.0 (Linux; Android 6.0.1; Nexus 5X Build/MMB29P) AppleWebKit/537.36 (KHTML, like Gecko) Chrome/140.0.7339.207 Mobile Safari/537.36 (compatible; Googlebot/2.1; +http://www.google.com/bot.html)"
216.73.216.221 - - [06/Oct/2025:00:03:49 -0400] "GET /products46019088?kg=0045457961 HTTP/1.1" 404 9738 "-" "Mozilla/5.0 AppleWebKit/537.36 (KHTML, like Gecko; compatible; ClaudeBot/1.0; +claudebot@anthropic.com)"
216.73.216.221 - - [06/Oct/2025:00:04:34 -0400] "GET /products45985554?kg=0045424836 HTTP/1.1" 404 9739 "-" "Mozilla/5.0 AppleWebKit/537.36 (KHTML, like Gecko; compatible; ClaudeBot/1.0; +claudebot@anthropic.com)"
216.73.216.221 - - [06/Oct/2025:00:04:51 -0400] "GET /products46036326?kg=0045474990 HTTP/1.1" 404 9739 "-" "Mozilla/5.0 AppleWebKit/537.36 (KHTML, like Gecko; compatible; ClaudeBot/1.0; +claudebot@anthropic.com)"
45.133.172.203 - - [06/Oct/2025:00:05:09 -0400] "GET /index.html HTTP/1.1" 200 1404 "-" "Mozilla/5.0 (Windows NT 10.0; Win64; x64) AppleWebKit/537.36 (KHTML, like Gecko) Chrome/135.0.0.0 Safari/537.36 OPR/120.0.0.0"
185.61.153.107 - - [06/Oct/2025:00:05:31 -0400] "POST /wp-cron.php?doing_wp_cron=1759723530.9780099391937255859375 HTTP/1.1" 200 0 "-" "WordPress/6.8.3; https://salhab360photos.com"
216.73.216.221 - - [06/Oct/2025:00:05:28 -0400] "GET /products188504930?kg=0186206172 HTTP/1.1" 404 9737 "-" "Mozilla/5.0 AppleWebKit/537.36 (KHTML, like Gecko; compatible; ClaudeBot/1.0; +claudebot@anthropic.com)"
216.73.216.221 - - [06/Oct/2025:00:03:05 -0400] "GET /products188469616?kg=0186171289 HTTP/1.1" 404 9739 "-" "Mozilla/5.0 AppleWebKit/537.36 (KHTML, like Gecko; compatible; ClaudeBot/1.0; +claudebot@anthropic.com)"
216.73.216.221 - - [06/Oct/2025:00:03:16 -0400] "GET /products45983882?kg=0045423184 HTTP/1.1" 200 0 "-" "Mozilla/5.0 AppleWebKit/537.36 (KHTML, like Gecko; compatible; ClaudeBot/1.0; +claudebot@anthropic.com)"
152.42.223.240 - - [06/Oct/2025:00:03:56 -0400] "GET /wp-includes/ HTTP/1.1" 200 9073 "-" "Mozilla/5.0 (Windows NT 10.0; Win64; x64) AppleWebKit/537.36 (KHTML, like Gecko) Chrome/91.0.4472.124 Safari/537.36"
66.249.73.10 - - [06/Oct/2025:00:03:58 -0400] "GET /products4201352?kg=0004150197 HTTP/1.1" 200 30953 "-" "Mozilla/5.0 (Linux; Android 6.0.1; Nexus 5X Build/MMB29P) AppleWebKit/537.36 (KHTML, like Gecko) Chrome/140.0.7339.207 Mobile Safari/537.36 (compatible; Googlebot/2.1; +http://www.google.com/bot.html)"
66.249.73.10 - - [06/Oct/2025:00:04:01 -0400] "GET /products4203894?kg=0004152710 HTTP/1.1" 200 28990 "-" "Mozilla/5.0 (Linux; Android 6.0.1; Nexus 5X Build/MMB29P) AppleWebKit/537.36 (KHTML, like Gecko) Chrome/140.0.7339.207 Mobile Safari/537.36 (compatible; Googlebot/2.1; +http://www.google.com/bot.html)"
216.73.216.221 - - [06/Oct/2025:00:04:03 -0400] "GET /products45987040?kg=0045426305 HTTP/1.1" 404 9737 "-" "Mozilla/5.0 AppleWebKit/537.36 (KHTML, like Gecko; compatible; ClaudeBot/1.0; +claudebot@anthropic.com)"
152.42.223.240 - - [06/Oct/2025:00:04:17 -0400] "GET /wp-content/uploads/ HTTP/1.1" 200 1025 "-" "Mozilla/5.0 (Windows NT 10.0; Win64; x64) AppleWebKit/537.36 (KHTML, like Gecko) Chrome/91.0.4472.124 Safari/537.36"
185.61.153.107 - - [06/Oct/2025:00:04:21 -0400] "POST /wp-cron.php?doing_wp_cron=1759723461.3724350929260253906250 HTTP/1.1" 200 0 "-" "WordPress/6.8.3; https://salhab360photos.com"
216.73.216.221 - - [06/Oct/2025:00:04:18 -0400] "GET /products46018528?kg=0045457409 HTTP/1.1" 404 9736 "-" "Mozilla/5.0 AppleWebKit/537.36 (KHTML, like Gecko; compatible; ClaudeBot/1.0; +claudebot@anthropic.com)"
152.42.223.240 - - [06/Oct/2025:00:04:40 -0400] "GET /wp-content/plugins/ HTTP/1.1" 403 1242 "-" "Mozilla/5.0 (Windows NT 10.0; Win64; x64) AppleWebKit/537.36 (KHTML, like Gecko) Chrome/91.0.4472.124 Safari/537.36"
54.37.118.71 - - [06/Oct/2025:00:04:50 -0400] "GET /products120867668?kg=0119393755 HTTP/1.1" 404 9737 "-" "Mozilla/5.0 (compatible; AhrefsBot/7.0; +http://ahrefs.com/robot/)"
18.130.75.118 - - [06/Oct/2025:00:05:09 -0400] "GET /index.html HTTP/1.1" 200 1404 "-" "Mozilla/5.0 (Windows NT 10.0; Win64; x64) AppleWebKit/537.36 (KHTML, like Gecko) Chrome/135.0.0.0 Safari/537.36 OPR/120.0.0.0"
206.189.247.132 - - [06/Oct/2025:00:05:09 -0400] "GET /index.html HTTP/1.1" 200 1404 "-" "Mozilla/5.0 (Windows NT 10.0; Win64; x64) AppleWebKit/537.36 (KHTML, like Gecko) Chrome/135.0.0.0 Safari/537.36 OPR/120.0.0.0"
216.73.216.221 - - [06/Oct/2025:00:05:09 -0400] "GET /products46016592?kg=0045455497 HTTP/1.1" 404 9738 "-" "Mozilla/5.0 AppleWebKit/537.36 (KHTML, like Gecko; compatible; ClaudeBot/1.0; +claudebot@anthropic.com)"
66.249.73.11 - - [06/Oct/2025:00:05:17 -0400] "GET /products4201434?kg=0004150280 HTTP/1.1" 200 28955 "-" "Mozilla/5.0 (Linux; Android 6.0.1; Nexus 5X Build/MMB29P) AppleWebKit/537.36 (KHTML, like Gecko) Chrome/140.0.7339.207 Mobile Safari/537.36 (compatible; Googlebot/2.1; +http://www.google.com/bot.html)"
152.42.223.240 - - [06/Oct/2025:00:05:36 -0400] "GET /assets/ HTTP/1.1" 404 9737 "-" "Mozilla/5.0 (Windows NT 10.0; Win64; x64) AppleWebKit/537.36 (KHTML, like Gecko) Chrome/91.0.4472.124 Safari/537.36"
66.249.73.11 - - [06/Oct/2025:00:05:49 -0400] "GET /products1056902?kg=0001044094 HTTP/1.1" 200 31008 "-" "Mozilla/5.0 (Linux; Android 6.0.1; Nexus 5X Build/MMB29P) AppleWebKit/537.36 (KHTML, like Gecko) Chrome/140.0.7339.207 Mobile Safari/537.36 (compatible; Googlebot/2.1; +http://www.google.com/bot.html)"
216.73.216.221 - - [06/Oct/2025:00:05:48 -0400] "GET /products45983422?kg=0045422730 HTTP/1.1" 404 9738 "-" "Mozilla/5.0 AppleWebKit/537.36 (KHTML, like Gecko; compatible; ClaudeBot/1.0; +claudebot@anthropic.com)"
152.42.223.240 - - [06/Oct/2025:00:05:50 -0400] "GET /test/ HTTP/1.1" 404 9739 "-" "Mozilla/5.0 (Windows NT 10.0; Win64; x64) AppleWebKit/537.36 (KHTML, like Gecko) Chrome/91.0.4472.124 Safari/537.36"
66.249.73.11 - - [06/Oct/2025:00:06:12 -0400] "GET /products4204268?kg=0004153079 HTTP/1.1" 200 29242 "-" "Mozilla/5.0 (Linux; Android 6.0.1; Nexus 5X Build/MMB29P) AppleWebKit/537.36 (KHTML, like Gecko) Chrome/140.0.7339.207 Mobile Safari/537.36 (compatible; Googlebot/2.1; +http://www.google.com/bot.html)"
216.73.216.221 - - [06/Oct/2025:00:06:09 -0400] "GET /products45984406?kg=0045423702 HTTP/1.1" 404 9740 "-" "Mozilla/5.0 AppleWebKit/537.36 (KHTML, like Gecko; compatible; ClaudeBot/1.0; +claudebot@anthropic.com)"
152.42.223.240 - - [06/Oct/2025:00:06:09 -0400] "GET /img/ HTTP/1.1" 200 11112 "-" "Mozilla/5.0 (Windows NT 10.0; Win64; x64) AppleWebKit/537.36 (KHTML, like Gecko) Chrome/91.0.4472.124 Safari/537.36"
66.249.73.11 - - [06/Oct/2025:00:07:05 -0400] "GET /?products7453554?kg=0007362740 HTTP/1.1" 200 1164 "-" "Mozilla/5.0 (Linux; Android 6.0.1; Nexus 5X Build/MMB29P) AppleWebKit/537.36 (KHTML, like Gecko) Chrome/140.0.7339.207 Mobile Safari/537.36 (compatible; GoogleOther)"
66.249.73.11 - - [06/Oct/2025:00:07:08 -0400] "GET /products4204718?kg=0004153522 HTTP/1.1" 200 29122 "-" "Mozilla/5.0 (Linux; Android 6.0.1; Nexus 5X Build/MMB29P) AppleWebKit/537.36 (KHTML, like Gecko) Chrome/140.0.7339.207 Mobile Safari/537.36 (compatible; Googlebot/2.1; +http://www.google.com/bot.html)"
152.42.223.240 - - [06/Oct/2025:00:07:15 -0400] "GET /wp-admin/css/ HTTP/1.1" 200 3138 "-" "Mozilla/5.0 (Windows NT 10.0; Win64; x64) AppleWebKit/537.36 (KHTML, like Gecko) Chrome/91.0.4472.124 Safari/537.36"
66.249.73.11 - - [06/Oct/2025:00:07:18 -0400] "GET /products4997166?kg=0004936306 HTTP/1.1" 200 29245 "-" "Mozilla/5.0 (Linux; Android 6.0.1; Nexus 5X Build/MMB29P) AppleWebKit/537.36 (KHTML, like Gecko) Chrome/140.0.7339.207 Mobile Safari/537.36 (compatible; Googlebot/2.1; +http://www.google.com/bot.html)"
185.61.153.107 - - [06/Oct/2025:00:07:22 -0400] "POST /wp-cron.php?doing_wp_cron=1759723642.4740419387817382812500 HTTP/1.1" 200 0 "-" "WordPress/6.8.3; https://salhab360photos.com"
216.73.216.221 - - [06/Oct/2025:00:07:18 -0400] "GET /products225064826?kg=0222320216 HTTP/1.1" 404 9736 "-" "Mozilla/5.0 AppleWebKit/537.36 (KHTML, like Gecko; compatible; ClaudeBot/1.0; +claudebot@anthropic.com)"
152.42.223.240 - - [06/Oct/2025:00:07:38 -0400] "GET /wp-content/themes/ HTTP/1.1" 403 1242 "-" "Mozilla/5.0 (Windows NT 10.0; Win64; x64) AppleWebKit/537.36 (KHTML, like Gecko) Chrome/91.0.4472.124 Safari/537.36"
216.73.216.221 - - [06/Oct/2025:00:07:43 -0400] "GET /products46004656?kg=0045443705 HTTP/1.1" 404 9739 "-" "Mozilla/5.0 AppleWebKit/537.36 (KHTML, like Gecko; compatible; ClaudeBot/1.0; +claudebot@anthropic.com)"
216.73.216.221 - - [06/Oct/2025:00:07:52 -0400] "GET /products46025940?kg=0045464731 HTTP/1.1" 404 9738 "-" "Mozilla/5.0 AppleWebKit/537.36 (KHTML, like Gecko; compatible; ClaudeBot/1.0; +claudebot@anthropic.com)"
152.42.223.240 - - [06/Oct/2025:00:07:55 -0400] "GET /wp-admin/ HTTP/1.1" 302 0 "-" "Mozilla/5.0 (Windows NT 10.0; Win64; x64) AppleWebKit/537.36 (KHTML, like Gecko) Chrome/91.0.4472.124 Safari/537.36"
152.42.223.240 - - [06/Oct/2025:00:08:00 -0400] "GET /wp-login.php?redirect_to=https%3A%2F%2Fsalhab360photos.com%2Fwp-admin%2F&reauth=1 HTTP/1.1" 200 2095 "-" "Mozilla/5.0 (Windows NT 10.0; Win64; x64) AppleWebKit/537.36 (KHTML, like Gecko) Chrome/91.0.4472.124 Safari/537.36"
66.249.73.10 - - [06/Oct/2025:00:06:11 -0400] "GET /products4202040?kg=0004150877 HTTP/1.1" 200 29054 "-" "Mozilla/5.0 (Linux; Android 6.0.1; Nexus 5X Build/MMB29P) AppleWebKit/537.36 (KHTML, like Gecko) Chrome/140.0.7339.207 Mobile Safari/537.36 (compatible; Googlebot/2.1; +http://www.google.com/bot.html)"
66.249.73.11 - - [06/Oct/2025:00:06:16 -0400] "GET /products4202664?kg=0004151493 HTTP/1.1" 200 28795 "-" "Mozilla/5.0 (Linux; Android 6.0.1; Nexus 5X Build/MMB29P) AppleWebKit/537.36 (KHTML, like Gecko) Chrome/140.0.7339.207 Mobile Safari/537.36 (compatible; Googlebot/2.1; +http://www.google.com/bot.html)"
152.42.223.240 - - [06/Oct/2025:00:06:33 -0400] "GET /wp-content/mu-plugins/ HTTP/1.1" 200 0 "-" "Mozilla/5.0 (Windows NT 10.0; Win64; x64) AppleWebKit/537.36 (KHTML, like Gecko) Chrome/91.0.4472.124 Safari/537.36"
185.61.153.107 - - [06/Oct/2025:00:06:34 -0400] "POST /wp-cron.php?doing_wp_cron=1759723594.7771959304809570312500 HTTP/1.1" 200 0 "-" "WordPress/6.8.3; https://salhab360photos.com"
216.73.216.221 - - [06/Oct/2025:00:06:31 -0400] "GET /products62134730?kg=0061377072 HTTP/1.1" 404 9737 "-" "Mozilla/5.0 AppleWebKit/537.36 (KHTML, like Gecko; compatible; ClaudeBot/1.0; +claudebot@anthropic.com)"
152.42.223.240 - - [06/Oct/2025:00:06:49 -0400] "GET /components/ HTTP/1.1" 404 9740 "-" "Mozilla/5.0 (Windows NT 10.0; Win64; x64) AppleWebKit/537.36 (KHTML, like Gecko) Chrome/91.0.4472.124 Safari/537.36"
216.73.216.221 - - [06/Oct/2025:00:06:54 -0400] "GET /products62129464?kg=0061371869 HTTP/1.1" 404 9739 "-" "Mozilla/5.0 AppleWebKit/537.36 (KHTML, like Gecko; compatible; ClaudeBot/1.0; +claudebot@anthropic.com)"
152.42.223.240 - - [06/Oct/2025:00:07:09 -0400] "GET /wp-includes/js/ HTTP/1.1" 200 3948 "-" "Mozilla/5.0 (Windows NT 10.0; Win64; x64) AppleWebKit/537.36 (KHTML, like Gecko) Chrome/91.0.4472.124 Safari/537.36"
66.249.73.10 - - [06/Oct/2025:00:07:17 -0400] "GET /products4203480?kg=0004152301 HTTP/1.1" 200 31141 "-" "Mozilla/5.0 (Linux; Android 6.0.1; Nexus 5X Build/MMB29P) AppleWebKit/537.36 (KHTML, like Gecko) Chrome/140.0.7339.207 Mobile Safari/537.36 (compatible; Googlebot/2.1; +http://www.google.com/bot.html)"
152.42.223.240 - - [06/Oct/2025:00:07:31 -0400] "GET /wp-content/ HTTP/1.1" 200 0 "-" "Mozilla/5.0 (Windows NT 10.0; Win64; x64) AppleWebKit/537.36 (KHTML, like Gecko) Chrome/91.0.4472.124 Safari/537.36"
152.42.223.240 - - [06/Oct/2025:00:07:47 -0400] "GET /wp-admin/includes/ HTTP/1.1" 200 4517 "-" "Mozilla/5.0 (Windows NT 10.0; Win64; x64) AppleWebKit/537.36 (KHTML, like Gecko) Chrome/91.0.4472.124 Safari/537.36"
66.249.73.10 - - [06/Oct/2025:00:08:01 -0400] "GET /products4203644?kg=0004152463 HTTP/1.1" 200 28961 "-" "Mozilla/5.0 (Linux; Android 6.0.1; Nexus 5X Build/MMB29P) AppleWebKit/537.36 (KHTML, like Gecko) Chrome/140.0.7339.207 Mobile Safari/537.36 (compatible; Googlebot/2.1; +http://www.google.com/bot.html)"
152.42.223.240 - - [06/Oct/2025:00:08:12 -0400] "GET /.well-known/ HTTP/1.1" 200 618 "-" "Mozilla/5.0 (Windows NT 10.0; Win64; x64) AppleWebKit/537.36 (KHTML, like Gecko) Chrome/91.0.4472.124 Safari/537.36"
185.61.153.107 - - [06/Oct/2025:00:08:22 -0400] "POST /wp-cron.php?doing_wp_cron=1759723702.3725049495697021484375 HTTP/1.1" 200 0 "-" "WordPress/6.8.3; https://salhab360photos.com"
152.42.223.240 - - [06/Oct/2025:00:08:18 -0400] "GET /uploads/ HTTP/1.1" 404 9738 "-" "Mozilla/5.0 (Windows NT 10.0; Win64; x64) AppleWebKit/537.36 (KHTML, like Gecko) Chrome/91.0.4472.124 Safari/537.36"
216.73.216.221 - - [06/Oct/2025:00:08:31 -0400] "GET /products225058434?kg=0222313900 HTTP/1.1" 404 9736 "-" "Mozilla/5.0 AppleWebKit/537.36 (KHTML, like Gecko; compatible; ClaudeBot/1.0; +claudebot@anthropic.com)"
152.42.223.240 - - [06/Oct/2025:00:08:40 -0400] "GET /home/ HTTP/1.1" 301 0 "-" "Mozilla/5.0 (Windows NT 10.0; Win64; x64) AppleWebKit/537.36 (KHTML, like Gecko) Chrome/91.0.4472.124 Safari/537.36"
152.42.223.240 - - [06/Oct/2025:00:08:49 -0400] "GET /files/ HTTP/1.1" 404 9738 "-" "Mozilla/5.0 (Windows NT 10.0; Win64; x64) AppleWebKit/537.36 (KHTML, like Gecko) Chrome/91.0.4472.124 Safari/537.36"
216.73.216.221 - - [06/Oct/2025:00:08:58 -0400] "GET /products46040426?kg=0045479040 HTTP/1.1" 404 9730 "-" "Mozilla/5.0 AppleWebKit/537.36 (KHTML, like Gecko; compatible; ClaudeBot/1.0; +claudebot@anthropic.com)"
152.42.223.240 - - [06/Oct/2025:00:09:04 -0400] "GET /wp-login.php?redirect_to=https%3A%2F%2Fsalhab360photos.com%2Fwp-admin%2F&reauth=1 HTTP/1.1" 200 2095 "-" "Mozilla/5.0 (Windows NT 10.0; Win64; x64) AppleWebKit/537.36 (KHTML, like Gecko) Chrome/91.0.4472.124 Safari/537.36"
185.61.153.107 - - [06/Oct/2025:00:09:18 -0400] "POST /wp-cron.php?doing_wp_cron=1759723757.9763479232788085937500 HTTP/1.1" 200 0 "-" "WordPress/6.8.3; https://salhab360photos.com"
152.42.223.240 - - [06/Oct/2025:00:09:20 -0400] "GET /wp-content/ HTTP/1.1" 200 0 "-" "Mozilla/5.0 (Windows NT 10.0; Win64; x64) AppleWebKit/537.36 (KHTML, like Gecko) Chrome/91.0.4472.124 Safari/537.36"
66.249.73.10 - - [06/Oct/2025:00:09:26 -0400] "GET /categories/11260518 HTTP/1.1" 200 29094 "-" "Mozilla/5.0 (Linux; Android 6.0.1; Nexus 5X Build/MMB29P) AppleWebKit/537.36 (KHTML, like Gecko) Chrome/140.0.7339.207 Mobile Safari/537.36 (compatible; GoogleOther)"
152.42.223.240 - - [06/Oct/2025:00:09:22 -0400] "GET /wp-json/ HTTP/1.1" 200 237554 "-" "Mozilla/5.0 (Windows NT 10.0; Win64; x64) AppleWebKit/537.36 (KHTML, like Gecko) Chrome/91.0.4472.124 Safari/537.36"
152.42.223.240 - - [06/Oct/2025:00:09:42 -0400] "GET /_wp-admin/ HTTP/1.1" 404 9740 "-" "Mozilla/5.0 (Windows NT 10.0; Win64; x64) AppleWebKit/537.36 (KHTML, like Gecko) Chrome/91.0.4472.124 Safari/537.36"
152.42.223.240 - - [06/Oct/2025:00:09:51 -0400] "GET /_wp-includes/ HTTP/1.1" 404 9738 "-" "Mozilla/5.0 (Windows NT 10.0; Win64; x64) AppleWebKit/537.36 (KHTML, like Gecko) Chrome/91.0.4472.124 Safari/537.36"
185.61.153.107 - - [06/Oct/2025:00:10:17 -0400] "POST /wp-cron.php?doing_wp_cron=1759723817.5714240074157714843750 HTTP/1.1" 200 0 "-" "WordPress/6.8.3; https://salhab360photos.com"
34.196.114.170 - - [06/Oct/2025:00:10:10 -0400] "GET /slider-gallery-example-2-2/ HTTP/1.1" 200 14469 "-" "Mozilla/5.0 AppleWebKit/537.36 (KHTML, like Gecko; compatible; Amazonbot/0.1; +https://developer.amazon.com/support/amazonbot) Chrome/119.0.6045.214 Safari/537.36"
152.42.223.240 - - [06/Oct/2025:00:10:28 -0400] "GET /about/ HTTP/1.1" 301 0 "-" "Mozilla/5.0 (Windows NT 10.0; Win64; x64) AppleWebKit/537.36 (KHTML, like Gecko) Chrome/91.0.4472.124 Safari/537.36"
216.73.216.221 - - [06/Oct/2025:00:10:46 -0400] "GET /products11499238?kg=0011359086 HTTP/1.1" 404 9740 "-" "Mozilla/5.0 AppleWebKit/537.36 (KHTML, like Gecko; compatible; ClaudeBot/1.0; +claudebot@anthropic.com)"
185.61.153.107 - - [06/Oct/2025:00:11:02 -0400] "POST /wp-cron.php?doing_wp_cron=1759723862.4746999740600585937500 HTTP/1.1" 200 0 "-" "WordPress/6.8.3; https://salhab360photos.com"
152.42.223.240 - - [06/Oct/2025:00:10:58 -0400] "GET /promo/ HTTP/1.1" 404 9740 "-" "Mozilla/5.0 (Windows NT 10.0; Win64; x64) AppleWebKit/537.36 (KHTML, like Gecko) Chrome/91.0.4472.124 Safari/537.36"
185.61.153.107 - - [06/Oct/2025:00:11:29 -0400] "POST /wp-cron.php?doing_wp_cron=1759723888.9752650260925292968750 HTTP/1.1" 200 0 "-" "WordPress/6.8.3; https://salhab360photos.com"
152.42.223.240 - - [06/Oct/2025:00:11:26 -0400] "GET /admin/controller/ HTTP/1.1" 404 9739 "-" "Mozilla/5.0 (Windows NT 10.0; Win64; x64) AppleWebKit/537.36 (KHTML, like Gecko) Chrome/91.0.4472.124 Safari/537.36"
152.42.223.240 - - [06/Oct/2025:00:11:39 -0400] "GET /sites/default/ HTTP/1.1" 404 9729 "-" "Mozilla/5.0 (Windows NT 10.0; Win64; x64) AppleWebKit/537.36 (KHTML, like Gecko) Chrome/91.0.4472.124 Safari/537.36"
216.73.216.221 - - [06/Oct/2025:00:11:42 -0400] "GET /products146051562?kg=0144270528 HTTP/1.1" 404 9738 "-" "Mozilla/5.0 AppleWebKit/537.36 (KHTML, like Gecko; compatible; ClaudeBot/1.0; +claudebot@anthropic.com)"
216.73.216.221 - - [06/Oct/2025:00:08:17 -0400] "GET /products188485286?kg=0186186766 HTTP/1.1" 404 9739 "-" "Mozilla/5.0 AppleWebKit/537.36 (KHTML, like Gecko; compatible; ClaudeBot/1.0; +claudebot@anthropic.com)"
152.42.223.240 - - [06/Oct/2025:00:08:30 -0400] "GET /upload/ HTTP/1.1" 404 9739 "-" "Mozilla/5.0 (Windows NT 10.0; Win64; x64) AppleWebKit/537.36 (KHTML, like Gecko) Chrome/91.0.4472.124 Safari/537.36"
66.249.73.11 - - [06/Oct/2025:00:08:35 -0400] "GET /products4201766?kg=0004150606 HTTP/1.1" 200 29149 "-" "Mozilla/5.0 (Linux; Android 6.0.1; Nexus 5X Build/MMB29P) AppleWebKit/537.36 (KHTML, like Gecko) Chrome/140.0.7339.207 Mobile Safari/537.36 (compatible; Googlebot/2.1; +http://www.google.com/bot.html)"
152.42.223.240 - - [06/Oct/2025:00:08:44 -0400] "GET / HTTP/1.1" 200 1164 "-" "Mozilla/5.0 (Windows NT 10.0; Win64; x64) AppleWebKit/537.36 (KHTML, like Gecko) Chrome/91.0.4472.124 Safari/537.36"
152.42.223.240 - - [06/Oct/2025:00:09:02 -0400] "GET /wp-admin/ HTTP/1.1" 302 0 "-" "Mozilla/5.0 (Windows NT 10.0; Win64; x64) AppleWebKit/537.36 (KHTML, like Gecko) Chrome/91.0.4472.124 Safari/537.36"
152.42.223.240 - - [06/Oct/2025:00:09:14 -0400] "GET /wp-includes/ HTTP/1.1" 200 9066 "-" "Mozilla/5.0 (Windows NT 10.0; Win64; x64) AppleWebKit/537.36 (KHTML, like Gecko) Chrome/91.0.4472.124 Safari/537.36"
66.249.73.12 - - [06/Oct/2025:00:09:18 -0400] "GET /products4204828?kg=0004153631 HTTP/1.1" 200 29077 "-" "Mozilla/5.0 (Linux; Android 6.0.1; Nexus 5X Build/MMB29P) AppleWebKit/537.36 (KHTML, like Gecko) Chrome/140.0.7339.207 Mobile Safari/537.36 (compatible; Googlebot/2.1; +http://www.google.com/bot.html)"
54.37.118.86 - - [06/Oct/2025:00:09:13 -0400] "GET /products120867134?kg=0119393226 HTTP/1.1" 404 9739 "-" "Mozilla/5.0 (compatible; AhrefsBot/7.0; +http://ahrefs.com/robot/)"
216.73.216.221 - - [06/Oct/2025:00:09:26 -0400] "GET /products225057742?kg=0222313218 HTTP/1.1" 404 9738 "-" "Mozilla/5.0 AppleWebKit/537.36 (KHTML, like Gecko; compatible; ClaudeBot/1.0; +claudebot@anthropic.com)"
216.73.216.221 - - [06/Oct/2025:00:09:55 -0400] "GET /products46010528?kg=0045449505 HTTP/1.1" 404 9741 "-" "Mozilla/5.0 AppleWebKit/537.36 (KHTML, like Gecko; compatible; ClaudeBot/1.0; +claudebot@anthropic.com)"
152.42.223.240 - - [06/Oct/2025:00:10:03 -0400] "GET /_wp-content/ HTTP/1.1" 404 9738 "-" "Mozilla/5.0 (Windows NT 10.0; Win64; x64) AppleWebKit/537.36 (KHTML, like Gecko) Chrome/91.0.4472.124 Safari/537.36"
216.73.216.221 - - [06/Oct/2025:00:10:25 -0400] "GET /products62157768?kg=0061399829 HTTP/1.1" 404 9738 "-" "Mozilla/5.0 AppleWebKit/537.36 (KHTML, like Gecko; compatible; ClaudeBot/1.0; +claudebot@anthropic.com)"
152.42.223.240 - - [06/Oct/2025:00:10:34 -0400] "GET /about-me/ HTTP/1.1" 200 14326 "-" "Mozilla/5.0 (Windows NT 10.0; Win64; x64) AppleWebKit/537.36 (KHTML, like Gecko) Chrome/91.0.4472.124 Safari/537.36"
66.249.73.11 - - [06/Oct/2025:00:10:38 -0400] "GET /?products14240740?kg=0014067155 HTTP/1.1" 200 1164 "-" "Mozilla/5.0 (Linux; Android 6.0.1; Nexus 5X Build/MMB29P) AppleWebKit/537.36 (KHTML, like Gecko) Chrome/140.0.7339.207 Mobile Safari/537.36 (compatible; Googlebot/2.1; +http://www.google.com/bot.html)"
66.249.73.10 - - [06/Oct/2025:00:11:00 -0400] "GET /products4202500?kg=0004151331 HTTP/1.1" 200 29047 "-" "Mozilla/5.0 (Linux; Android 6.0.1; Nexus 5X Build/MMB29P) AppleWebKit/537.36 (KHTML, like Gecko) Chrome/140.0.7339.207 Mobile Safari/537.36 (compatible; Googlebot/2.1; +http://www.google.com/bot.html)"
152.42.223.240 - - [06/Oct/2025:00:11:47 -0400] "GET /sites/ HTTP/1.1" 404 9737 "-" "Mozilla/5.0 (Windows NT 10.0; Win64; x64) AppleWebKit/537.36 (KHTML, like Gecko) Chrome/91.0.4472.124 Safari/537.36"
66.249.73.10 - - [06/Oct/2025:00:11:53 -0400] "GET /products14576274?kg=0014398596 HTTP/1.1" 200 28652 "-" "Mozilla/5.0 (Linux; Android 6.0.1; Nexus 5X Build/MMB29P) AppleWebKit/537.36 (KHTML, like Gecko) Chrome/140.0.7339.207 Mobile Safari/537.36 (compatible; Googlebot/2.1; +http://www.google.com/bot.html)"
152.42.223.240 - - [06/Oct/2025:00:12:08 -0400] "GET /stripe/ HTTP/1.1" 404 9737 "-" "Mozilla/5.0 (Windows NT 10.0; Win64; x64) AppleWebKit/537.36 (KHTML, like Gecko) Chrome/91.0.4472.124 Safari/537.36"
216.73.216.221 - - [06/Oct/2025:00:12:12 -0400] "GET /products83821962?kg=0082799824 HTTP/1.1" 404 9737 "-" "Mozilla/5.0 AppleWebKit/537.36 (KHTML, like Gecko; compatible; ClaudeBot/1.0; +claudebot@anthropic.com)"
152.42.223.240 - - [06/Oct/2025:00:12:17 -0400] "GET /testing/ HTTP/1.1" 404 9738 "-" "Mozilla/5.0 (Windows NT 10.0; Win64; x64) AppleWebKit/537.36 (KHTML, like Gecko) Chrome/91.0.4472.124 Safari/537.36"
152.42.223.240 - - [06/Oct/2025:00:12:30 -0400] "GET /git/ HTTP/1.1" 404 9738 "-" "Mozilla/5.0 (Windows NT 10.0; Win64; x64) AppleWebKit/537.36 (KHTML, like Gecko) Chrome/91.0.4472.124 Safari/537.36"
216.73.216.221 - - [06/Oct/2025:00:12:44 -0400] "GET /products55901454?kg=0055219810 HTTP/1.1" 404 9738 "-" "Mozilla/5.0 AppleWebKit/537.36 (KHTML, like Gecko; compatible; ClaudeBot/1.0; +claudebot@anthropic.com)"
152.42.223.240 - - [06/Oct/2025:00:12:55 -0400] "GET /streamhub/ HTTP/1.1" 404 9739 "-" "Mozilla/5.0 (Windows NT 10.0; Win64; x64) AppleWebKit/537.36 (KHTML, like Gecko) Chrome/91.0.4472.124 Safari/537.36"
66.249.73.12 - - [06/Oct/2025:00:13:05 -0400] "GET /products14576612?kg=0014398931 HTTP/1.1" 200 28796 "-" "Mozilla/5.0 (Linux; Android 6.0.1; Nexus 5X Build/MMB29P) AppleWebKit/537.36 (KHTML, like Gecko) Chrome/140.0.7339.207 Mobile Safari/537.36 (compatible; Googlebot/2.1; +http://www.google.com/bot.html)"
185.61.153.107 - - [06/Oct/2025:00:13:16 -0400] "POST /wp-cron.php?doing_wp_cron=1759723996.7721319198608398437500 HTTP/1.1" 200 0 "-" "WordPress/6.8.3; https://salhab360photos.com"
152.42.223.240 - - [06/Oct/2025:00:13:13 -0400] "GET /gst_system/ HTTP/1.1" 404 9729 "-" "Mozilla/5.0 (Windows NT 10.0; Win64; x64) AppleWebKit/537.36 (KHTML, like Gecko) Chrome/91.0.4472.124 Safari/537.36"
152.42.223.240 - - [06/Oct/2025:00:13:21 -0400] "GET /ticket/ HTTP/1.1" 404 9738 "-" "Mozilla/5.0 (Windows NT 10.0; Win64; x64) AppleWebKit/537.36 (KHTML, like Gecko) Chrome/91.0.4472.124 Safari/537.36"
152.42.223.240 - - [06/Oct/2025:00:13:43 -0400] "GET /wszool/ HTTP/1.1" 404 9739 "-" "Mozilla/5.0 (Windows NT 10.0; Win64; x64) AppleWebKit/537.36 (KHTML, like Gecko) Chrome/91.0.4472.124 Safari/537.36"
152.42.223.240 - - [06/Oct/2025:00:13:49 -0400] "GET /stockapi/ HTTP/1.1" 404 9739 "-" "Mozilla/5.0 (Windows NT 10.0; Win64; x64) AppleWebKit/537.36 (KHTML, like Gecko) Chrome/91.0.4472.124 Safari/537.36"
94.23.188.215 - - [06/Oct/2025:00:13:52 -0400] "GET /products120838234?kg=0119364680 HTTP/1.1" 404 9738 "-" "Mozilla/5.0 (compatible; AhrefsBot/7.0; +http://ahrefs.com/robot/)"
152.42.223.240 - - [06/Oct/2025:00:14:04 -0400] "GET /xipada/ HTTP/1.1" 404 9739 "-" "Mozilla/5.0 (Windows NT 10.0; Win64; x64) AppleWebKit/537.36 (KHTML, like Gecko) Chrome/91.0.4472.124 Safari/537.36"
152.42.223.240 - - [06/Oct/2025:00:14:10 -0400] "GET /live/ HTTP/1.1" 404 9739 "-" "Mozilla/5.0 (Windows NT 10.0; Win64; x64) AppleWebKit/537.36 (KHTML, like Gecko) Chrome/91.0.4472.124 Safari/537.36"
185.61.153.107 - - [06/Oct/2025:00:14:18 -0400] "POST /wp-cron.php?doing_wp_cron=1759724058.9724578857421875000000 HTTP/1.1" 200 0 "-" "WordPress/6.8.3; https://salhab360photos.com"
152.42.223.240 - - [06/Oct/2025:00:14:15 -0400] "GET /straighttalk/ HTTP/1.1" 404 9739 "-" "Mozilla/5.0 (Windows NT 10.0; Win64; x64) AppleWebKit/537.36 (KHTML, like Gecko) Chrome/91.0.4472.124 Safari/537.36"
152.42.223.240 - - [06/Oct/2025:00:14:21 -0400] "GET /yiiold/ HTTP/1.1" 404 9730 "-" "Mozilla/5.0 (Windows NT 10.0; Win64; x64) AppleWebKit/537.36 (KHTML, like Gecko) Chrome/91.0.4472.124 Safari/537.36"
152.42.223.240 - - [06/Oct/2025:00:14:26 -0400] "GET /sonvuhong/ HTTP/1.1" 404 9739 "-" "Mozilla/5.0 (Windows NT 10.0; Win64; x64) AppleWebKit/537.36 (KHTML, like Gecko) Chrome/91.0.4472.124 Safari/537.36"
152.42.223.240 - - [06/Oct/2025:00:11:55 -0400] "GET /vendor/ HTTP/1.1" 404 9741 "-" "Mozilla/5.0 (Windows NT 10.0; Win64; x64) AppleWebKit/537.36 (KHTML, like Gecko) Chrome/91.0.4472.124 Safari/537.36"
152.42.223.240 - - [06/Oct/2025:00:12:01 -0400] "GET /_inc/ HTTP/1.1" 404 9737 "-" "Mozilla/5.0 (Windows NT 10.0; Win64; x64) AppleWebKit/537.36 (KHTML, like Gecko) Chrome/91.0.4472.124 Safari/537.36"
185.61.153.107 - - [06/Oct/2025:00:12:15 -0400] "POST /wp-cron.php?doing_wp_cron=1759723935.5746109485626220703125 HTTP/1.1" 200 0 "-" "WordPress/6.8.3; https://salhab360photos.com"
152.42.223.240 - - [06/Oct/2025:00:12:40 -0400] "GET /teacher/ HTTP/1.1" 404 9738 "-" "Mozilla/5.0 (Windows NT 10.0; Win64; x64) AppleWebKit/537.36 (KHTML, like Gecko) Chrome/91.0.4472.124 Safari/537.36"
152.42.223.240 - - [06/Oct/2025:00:13:03 -0400] "GET /bk/ HTTP/1.1" 404 9738 "-" "Mozilla/5.0 (Windows NT 10.0; Win64; x64) AppleWebKit/537.36 (KHTML, like Gecko) Chrome/91.0.4472.124 Safari/537.36"
66.249.73.10 - - [06/Oct/2025:00:13:10 -0400] "GET /products4201316?kg=0004150163 HTTP/1.1" 200 28969 "-" "Mozilla/5.0 (Linux; Android 6.0.1; Nexus 5X Build/MMB29P) AppleWebKit/537.36 (KHTML, like Gecko) Chrome/140.0.7339.207 Mobile Safari/537.36 (compatible; Googlebot/2.1; +http://www.google.com/bot.html)"
152.42.223.240 - - [06/Oct/2025:00:13:31 -0400] "GET /administrator/templates/ HTTP/1.1" 404 9730 "-" "Mozilla/5.0 (Windows NT 10.0; Win64; x64) AppleWebKit/537.36 (KHTML, like Gecko) Chrome/91.0.4472.124 Safari/537.36"
152.42.223.240 - - [06/Oct/2025:00:13:37 -0400] "GET /lab/ HTTP/1.1" 404 9739 "-" "Mozilla/5.0 (Windows NT 10.0; Win64; x64) AppleWebKit/537.36 (KHTML, like Gecko) Chrome/91.0.4472.124 Safari/537.36"
152.42.223.240 - - [06/Oct/2025:00:13:54 -0400] "GET /labs/ HTTP/1.1" 404 9738 "-" "Mozilla/5.0 (Windows NT 10.0; Win64; x64) AppleWebKit/537.36 (KHTML, like Gecko) Chrome/91.0.4472.124 Safari/537.36"
152.42.223.240 - - [06/Oct/2025:00:14:00 -0400] "GET /www/ HTTP/1.1" 404 9738 "-" "Mozilla/5.0 (Windows NT 10.0; Win64; x64) AppleWebKit/537.36 (KHTML, like Gecko) Chrome/91.0.4472.124 Safari/537.36"
152.42.223.240 - - [06/Oct/2025:00:14:32 -0400] "GET /socios/ HTTP/1.1" 404 9739 "-" "Mozilla/5.0 (Windows NT 10.0; Win64; x64) AppleWebKit/537.36 (KHTML, like Gecko) Chrome/91.0.4472.124 Safari/537.36"
152.42.223.240 - - [06/Oct/2025:00:14:38 -0400] "GET /spartacus/ HTTP/1.1" 404 9739 "-" "Mozilla/5.0 (Windows NT 10.0; Win64; x64) AppleWebKit/537.36 (KHTML, like Gecko) Chrome/91.0.4472.124 Safari/537.36"
66.249.73.10 - - [06/Oct/2025:00:14:48 -0400] "GET /products4204354?kg=0004153164 HTTP/1.1" 200 29149 "-" "Mozilla/5.0 (Linux; Android 6.0.1; Nexus 5X Build/MMB29P) AppleWebKit/537.36 (KHTML, like Gecko) Chrome/140.0.7339.207 Mobile Safari/537.36 (compatible; Googlebot/2.1; +http://www.google.com/bot.html)"
152.42.223.240 - - [06/Oct/2025:00:14:54 -0400] "GET /soporte/ HTTP/1.1" 404 9739 "-" "Mozilla/5.0 (Windows NT 10.0; Win64; x64) AppleWebKit/537.36 (KHTML, like Gecko) Chrome/91.0.4472.124 Safari/537.36"
66.249.73.11 - - [06/Oct/2025:00:15:01 -0400] "GET /products4203024?kg=0004151849 HTTP/1.1" 200 29014 "-" "Mozilla/5.0 (Linux; Android 6.0.1; Nexus 5X Build/MMB29P) AppleWebKit/537.36 (KHTML, like Gecko) Chrome/140.0.7339.207 Mobile Safari/537.36 (compatible; Googlebot/2.1; +http://www.google.com/bot.html)"
185.61.153.107 - - [06/Oct/2025:00:15:15 -0400] "POST /wp-cron.php?doing_wp_cron=1759724115.0768709182739257812500 HTTP/1.1" 200 0 "-" "WordPress/6.8.3; https://salhab360photos.com"
152.42.223.240 - - [06/Oct/2025:00:15:11 -0400] "GET /mantis/ HTTP/1.1" 404 9737 "-" "Mozilla/5.0 (Windows NT 10.0; Win64; x64) AppleWebKit/537.36 (KHTML, like Gecko) Chrome/91.0.4472.124 Safari/537.36"
152.42.223.240 - - [06/Oct/2025:00:15:23 -0400] "GET /snippets/ HTTP/1.1" 404 9739 "-" "Mozilla/5.0 (Windows NT 10.0; Win64; x64) AppleWebKit/537.36 (KHTML, like Gecko) Chrome/91.0.4472.124 Safari/537.36"
152.42.223.240 - - [06/Oct/2025:00:14:44 -0400] "GET /spd/ HTTP/1.1" 404 9738 "-" "Mozilla/5.0 (Windows NT 10.0; Win64; x64) AppleWebKit/537.36 (KHTML, like Gecko) Chrome/91.0.4472.124 Safari/537.36"
152.42.223.240 - - [06/Oct/2025:00:14:49 -0400] "GET /splurbAPI/ HTTP/1.1" 404 9738 "-" "Mozilla/5.0 (Windows NT 10.0; Win64; x64) AppleWebKit/537.36 (KHTML, like Gecko) Chrome/91.0.4472.124 Safari/537.36"
66.249.73.10 - - [06/Oct/2025:00:14:59 -0400] "GET /products4201598?kg=0004150442 HTTP/1.1" 200 28865 "-" "Mozilla/5.0 (Linux; Android 6.0.1; Nexus 5X Build/MMB29P) AppleWebKit/537.36 (KHTML, like Gecko) Chrome/140.0.7339.207 Mobile Safari/537.36 (compatible; Googlebot/2.1; +http://www.google.com/bot.html)"
152.42.223.240 - - [06/Oct/2025:00:15:03 -0400] "GET /soporte_18/ HTTP/1.1" 404 9738 "-" "Mozilla/5.0 (Windows NT 10.0; Win64; x64) AppleWebKit/537.36 (KHTML, like Gecko) Chrome/91.0.4472.124 Safari/537.36"
66.249.73.10 - - [06/Oct/2025:00:15:10 -0400] "GET /products4204104?kg=0004152917 HTTP/1.1" 200 29171 "-" "Mozilla/5.0 (Linux; Android 6.0.1; Nexus 5X Build/MMB29P) AppleWebKit/537.36 (KHTML, like Gecko) Chrome/140.0.7339.207 Mobile Safari/537.36 (compatible; Googlebot/2.1; +http://www.google.com/bot.html)"
185.61.153.107 - - [06/Oct/2025:00:15:37 -0400] "POST /wp-cron.php?doing_wp_cron=1759724137.5945711135864257812500 HTTP/1.1" 200 0 "-" "WordPress/6.8.3; https://salhab360photos.com"
152.42.223.240 - - [06/Oct/2025:00:15:41 -0400] "GET /skinning-api/ HTTP/1.1" 404 9729 "-" "Mozilla/5.0 (Windows NT 10.0; Win64; x64) AppleWebKit/537.36 (KHTML, like Gecko) Chrome/91.0.4472.124 Safari/537.36"
152.42.223.240 - - [06/Oct/2025:00:15:50 -0400] "GET /marketing/ HTTP/1.1" 404 9738 "-" "Mozilla/5.0 (Windows NT 10.0; Win64; x64) AppleWebKit/537.36 (KHTML, like Gecko) Chrome/91.0.4472.124 Safari/537.36"
185.61.153.107 - - [06/Oct/2025:00:16:22 -0400] "POST /wp-cron.php?doing_wp_cron=1759724182.4762411117553710937500 HTTP/1.1" 200 0 "-" "WordPress/6.8.3; https://salhab360photos.com"
152.42.223.240 - - [06/Oct/2025:00:16:19 -0400] "GET /sitemaps/ HTTP/1.1" 404 9738 "-" "Mozilla/5.0 (Windows NT 10.0; Win64; x64) AppleWebKit/537.36 (KHTML, like Gecko) Chrome/91.0.4472.124 Safari/537.36"
66.249.73.12 - - [06/Oct/2025:00:16:24 -0400] "GET /products4204554?kg=0004153360 HTTP/1.1" 200 29117 "-" "Mozilla/5.0 (Linux; Android 6.0.1; Nexus 5X Build/MMB29P) AppleWebKit/537.36 (KHTML, like Gecko) Chrome/140.0.7339.207 Mobile Safari/537.36 (compatible; Googlebot/2.1; +http://www.google.com/bot.html)"
152.42.223.240 - - [06/Oct/2025:00:16:29 -0400] "GET /skck_sidoarjo_code/ HTTP/1.1" 404 9740 "-" "Mozilla/5.0 (Windows NT 10.0; Win64; x64) AppleWebKit/537.36 (KHTML, like Gecko) Chrome/91.0.4472.124 Safari/537.36"
152.42.223.240 - - [06/Oct/2025:00:16:35 -0400] "GET /mbdlms/ HTTP/1.1" 404 9739 "-" "Mozilla/5.0 (Windows NT 10.0; Win64; x64) AppleWebKit/537.36 (KHTML, like Gecko) Chrome/91.0.4472.124 Safari/537.36"
152.42.223.240 - - [06/Oct/2025:00:16:43 -0400] "GET /med-decision/ HTTP/1.1" 404 9739 "-" "Mozilla/5.0 (Windows NT 10.0; Win64; x64) AppleWebKit/537.36 (KHTML, like Gecko) Chrome/91.0.4472.124 Safari/537.36"
152.42.223.240 - - [06/Oct/2025:00:16:48 -0400] "GET /gst/ HTTP/1.1" 404 9737 "-" "Mozilla/5.0 (Windows NT 10.0; Win64; x64) AppleWebKit/537.36 (KHTML, like Gecko) Chrome/91.0.4472.124 Safari/537.36"
152.42.223.240 - - [06/Oct/2025:00:16:52 -0400] "GET /messages/ HTTP/1.1" 404 9739 "-" "Mozilla/5.0 (Windows NT 10.0; Win64; x64) AppleWebKit/537.36 (KHTML, like Gecko) Chrome/91.0.4472.124 Safari/537.36"
152.42.223.240 - - [06/Oct/2025:00:16:55 -0400] "GET /login/ HTTP/1.1" 302 0 "-" "Mozilla/5.0 (Windows NT 10.0; Win64; x64) AppleWebKit/537.36 (KHTML, like Gecko) Chrome/91.0.4472.124 Safari/537.36"
152.42.223.240 - - [06/Oct/2025:00:16:57 -0400] "GET /wp-login.php HTTP/1.1" 200 2083 "-" "Mozilla/5.0 (Windows NT 10.0; Win64; x64) AppleWebKit/537.36 (KHTML, like Gecko) Chrome/91.0.4472.124 Safari/537.36"
152.42.223.240 - - [06/Oct/2025:00:15:34 -0400] "GET /mantisbt/ HTTP/1.1" 404 9730 "-" "Mozilla/5.0 (Windows NT 10.0; Win64; x64) AppleWebKit/537.36 (KHTML, like Gecko) Chrome/91.0.4472.124 Safari/537.36"
152.42.223.240 - - [06/Oct/2025:00:16:00 -0400] "GET /market_place/ HTTP/1.1" 404 9737 "-" "Mozilla/5.0 (Windows NT 10.0; Win64; x64) AppleWebKit/537.36 (KHTML, like Gecko) Chrome/91.0.4472.124 Safari/537.36"
152.42.223.240 - - [06/Oct/2025:00:16:06 -0400] "GET /Matrimony/ HTTP/1.1" 404 9737 "-" "Mozilla/5.0 (Windows NT 10.0; Win64; x64) AppleWebKit/537.36 (KHTML, like Gecko) Chrome/91.0.4472.124 Safari/537.36"
66.249.73.11 - - [06/Oct/2025:00:16:26 -0400] "GET /products2464510?kg=0002434538 HTTP/1.1" 200 29112 "-" "Mozilla/5.0 (Linux; Android 6.0.1; Nexus 5X Build/MMB29P) AppleWebKit/537.36 (KHTML, like Gecko) Chrome/140.0.7339.207 Mobile Safari/537.36 (compatible; Googlebot/2.1; +http://www.google.com/bot.html)"
66.249.73.10 - - [06/Oct/2025:00:16:26 -0400] "GET /products4204628?kg=0004153435 HTTP/1.1" 200 30298 "-" "Mozilla/5.0 (Linux; Android 6.0.1; Nexus 5X Build/MMB29P) AppleWebKit/537.36 (KHTML, like Gecko) Chrome/140.0.7339.207 Mobile Safari/537.36 (compatible; Googlebot/2.1; +http://www.google.com/bot.html)"
152.42.223.240 - - [06/Oct/2025:00:17:06 -0400] "GET /hammad/ HTTP/1.1" 404 9738 "-" "Mozilla/5.0 (Windows NT 10.0; Win64; x64) AppleWebKit/537.36 (KHTML, like Gecko) Chrome/91.0.4472.124 Safari/537.36"
185.61.153.107 - - [06/Oct/2025:00:17:17 -0400] "POST /wp-cron.php?doing_wp_cron=1759724237.9410440921783447265625 HTTP/1.1" 200 0 "-" "WordPress/6.8.3; https://salhab360photos.com"
152.42.223.240 - - [06/Oct/2025:00:17:20 -0400] "GET /inf513/ HTTP/1.1" 404 9737 "-" "Mozilla/5.0 (Windows NT 10.0; Win64; x64) AppleWebKit/537.36 (KHTML, like Gecko) Chrome/91.0.4472.124 Safari/537.36"
152.42.223.240 - - [06/Oct/2025:00:17:29 -0400] "GET /school/ HTTP/1.1" 404 9740 "-" "Mozilla/5.0 (Windows NT 10.0; Win64; x64) AppleWebKit/537.36 (KHTML, like Gecko) Chrome/91.0.4472.124 Safari/537.36"
152.42.223.240 - - [06/Oct/2025:00:17:45 -0400] "GET /khabir/ HTTP/1.1" 404 9739 "-" "Mozilla/5.0 (Windows NT 10.0; Win64; x64) AppleWebKit/537.36 (KHTML, like Gecko) Chrome/91.0.4472.124 Safari/537.36"
152.42.223.240 - - [06/Oct/2025:00:17:49 -0400] "GET /jistadx-x/ HTTP/1.1" 404 9737 "-" "Mozilla/5.0 (Windows NT 10.0; Win64; x64) AppleWebKit/537.36 (KHTML, like Gecko) Chrome/91.0.4472.124 Safari/537.36"
152.42.223.240 - - [06/Oct/2025:00:17:56 -0400] "GET /jobs/ HTTP/1.1" 404 9739 "-" "Mozilla/5.0 (Windows NT 10.0; Win64; x64) AppleWebKit/537.36 (KHTML, like Gecko) Chrome/91.0.4472.124 Safari/537.36"
152.42.223.240 - - [06/Oct/2025:00:18:11 -0400] "GET /jendelaku.new/ HTTP/1.1" 404 9739 "-" "Mozilla/5.0 (Windows NT 10.0; Win64; x64) AppleWebKit/537.36 (KHTML, like Gecko) Chrome/91.0.4472.124 Safari/537.36"
152.42.223.240 - - [06/Oct/2025:00:18:19 -0400] "GET /ih2/ HTTP/1.1" 404 9739 "-" "Mozilla/5.0 (Windows NT 10.0; Win64; x64) AppleWebKit/537.36 (KHTML, like Gecko) Chrome/91.0.4472.124 Safari/537.36"
152.42.223.240 - - [06/Oct/2025:00:18:23 -0400] "GET /geral/ HTTP/1.1" 404 9738 "-" "Mozilla/5.0 (Windows NT 10.0; Win64; x64) AppleWebKit/537.36 (KHTML, like Gecko) Chrome/91.0.4472.124 Safari/537.36"
152.42.223.240 - - [06/Oct/2025:00:18:26 -0400] "GET /ifrc-laravel/ HTTP/1.1" 404 9740 "-" "Mozilla/5.0 (Windows NT 10.0; Win64; x64) AppleWebKit/537.36 (KHTML, like Gecko) Chrome/91.0.4472.124 Safari/537.36"
152.42.223.240 - - [06/Oct/2025:00:18:31 -0400] "GET /html/ HTTP/1.1" 404 9739 "-" "Mozilla/5.0 (Windows NT 10.0; Win64; x64) AppleWebKit/537.36 (KHTML, like Gecko) Chrome/91.0.4472.124 Safari/537.36"
152.42.223.240 - - [06/Oct/2025:00:18:42 -0400] "GET /help/ HTTP/1.1" 404 9739 "-" "Mozilla/5.0 (Windows NT 10.0; Win64; x64) AppleWebKit/537.36 (KHTML, like Gecko) Chrome/91.0.4472.124 Safari/537.36"
152.42.223.240 - - [06/Oct/2025:00:18:44 -0400] "GET /game/ HTTP/1.1" 404 9738 "-" "Mozilla/5.0 (Windows NT 10.0; Win64; x64) AppleWebKit/537.36 (KHTML, like Gecko) Chrome/91.0.4472.124 Safari/537.36"
152.42.223.240 - - [06/Oct/2025:00:17:00 -0400] "GET /helpdesk/ HTTP/1.1" 404 9738 "-" "Mozilla/5.0 (Windows NT 10.0; Win64; x64) AppleWebKit/537.36 (KHTML, like Gecko) Chrome/91.0.4472.124 Safari/537.36"
152.42.223.240 - - [06/Oct/2025:00:17:10 -0400] "GET /id/ HTTP/1.1" 404 9738 "-" "Mozilla/5.0 (Windows NT 10.0; Win64; x64) AppleWebKit/537.36 (KHTML, like Gecko) Chrome/91.0.4472.124 Safari/537.36"
152.42.223.240 - - [06/Oct/2025:00:17:17 -0400] "GET /mmdi/ HTTP/1.1" 404 9738 "-" "Mozilla/5.0 (Windows NT 10.0; Win64; x64) AppleWebKit/537.36 (KHTML, like Gecko) Chrome/91.0.4472.124 Safari/537.36"
152.42.223.240 - - [06/Oct/2025:00:17:25 -0400] "GET /Khvorost/ HTTP/1.1" 404 9737 "-" "Mozilla/5.0 (Windows NT 10.0; Win64; x64) AppleWebKit/537.36 (KHTML, like Gecko) Chrome/91.0.4472.124 Safari/537.36"
152.42.223.240 - - [06/Oct/2025:00:17:33 -0400] "GET /html2pdf-master/ HTTP/1.1" 404 9739 "-" "Mozilla/5.0 (Windows NT 10.0; Win64; x64) AppleWebKit/537.36 (KHTML, like Gecko) Chrome/91.0.4472.124 Safari/537.36"
152.42.223.240 - - [06/Oct/2025:00:17:39 -0400] "GET /iscent/ HTTP/1.1" 404 9740 "-" "Mozilla/5.0 (Windows NT 10.0; Win64; x64) AppleWebKit/537.36 (KHTML, like Gecko) Chrome/91.0.4472.124 Safari/537.36"
152.42.223.240 - - [06/Oct/2025:00:17:53 -0400] "GET /jenkins/ HTTP/1.1" 404 9739 "-" "Mozilla/5.0 (Windows NT 10.0; Win64; x64) AppleWebKit/537.36 (KHTML, like Gecko) Chrome/91.0.4472.124 Safari/537.36"
152.42.223.240 - - [06/Oct/2025:00:18:00 -0400] "GET /kemenhub/app HTTP/1.1" 404 9737 "-" "Mozilla/5.0 (Windows NT 10.0; Win64; x64) AppleWebKit/537.36 (KHTML, like Gecko) Chrome/91.0.4472.124 Safari/537.36"
152.42.223.240 - - [06/Oct/2025:00:18:03 -0400] "GET /kemenhub/ HTTP/1.1" 404 9739 "-" "Mozilla/5.0 (Windows NT 10.0; Win64; x64) AppleWebKit/537.36 (KHTML, like Gecko) Chrome/91.0.4472.124 Safari/537.36"
152.42.223.240 - - [06/Oct/2025:00:18:07 -0400] "GET /japanese_school_website/ HTTP/1.1" 404 9739 "-" "Mozilla/5.0 (Windows NT 10.0; Win64; x64) AppleWebKit/537.36 (KHTML, like Gecko) Chrome/91.0.4472.124 Safari/537.36"
66.249.73.11 - - [06/Oct/2025:00:18:10 -0400] "GET /products4202956?kg=0004151783 HTTP/1.1" 200 28964 "-" "Mozilla/5.0 (Linux; Android 6.0.1; Nexus 5X Build/MMB29P) AppleWebKit/537.36 (KHTML, like Gecko) Chrome/140.0.7339.207 Mobile Safari/537.36 (compatible; Googlebot/2.1; +http://www.google.com/bot.html)"
185.61.153.107 - - [06/Oct/2025:00:18:17 -0400] "POST /wp-cron.php?doing_wp_cron=1759724297.1789309978485107421875 HTTP/1.1" 200 0 "-" "WordPress/6.8.3; https://salhab360photos.com"
152.42.223.240 - - [06/Oct/2025:00:18:15 -0400] "GET /ibfv1/ HTTP/1.1" 404 9737 "-" "Mozilla/5.0 (Windows NT 10.0; Win64; x64) AppleWebKit/537.36 (KHTML, like Gecko) Chrome/91.0.4472.124 Safari/537.36"
176.31.139.6 - - [06/Oct/2025:00:18:17 -0400] "GET /products120835364?kg=0119361843 HTTP/1.1" 404 9737 "-" "Mozilla/5.0 (compatible; AhrefsBot/7.0; +http://ahrefs.com/robot/)"
152.42.223.240 - - [06/Oct/2025:00:18:34 -0400] "GET /housingbook/ HTTP/1.1" 404 9736 "-" "Mozilla/5.0 (Windows NT 10.0; Win64; x64) AppleWebKit/537.36 (KHTML, like Gecko) Chrome/91.0.4472.124 Safari/537.36"
152.42.223.240 - - [06/Oct/2025:00:18:39 -0400] "GET /htaccess/ HTTP/1.1" 404 9737 "-" "Mozilla/5.0 (Windows NT 10.0; Win64; x64) AppleWebKit/537.36 (KHTML, like Gecko) Chrome/91.0.4472.124 Safari/537.36"
152.42.223.240 - - [06/Oct/2025:00:18:55 -0400] "GET /_staff/ HTTP/1.1" 404 9739 "-" "Mozilla/5.0 (Windows NT 10.0; Win64; x64) AppleWebKit/537.36 (KHTML, like Gecko) Chrome/91.0.4472.124 Safari/537.36"
152.42.223.240 - - [06/Oct/2025:00:18:58 -0400] "GET /~champiot/ HTTP/1.1" 404 9740 "-" "Mozilla/5.0 (Windows NT 10.0; Win64; x64) AppleWebKit/537.36 (KHTML, like Gecko) Chrome/91.0.4472.124 Safari/537.36"
152.42.223.240 - - [06/Oct/2025:00:19:07 -0400] "GET /4walls/ HTTP/1.1" 404 9740 "-" "Mozilla/5.0 (Windows NT 10.0; Win64; x64) AppleWebKit/537.36 (KHTML, like Gecko) Chrome/91.0.4472.124 Safari/537.36"
152.42.223.240 - - [06/Oct/2025:00:18:48 -0400] "GET /gdpr/ HTTP/1.1" 404 9738 "-" "Mozilla/5.0 (Windows NT 10.0; Win64; x64) AppleWebKit/537.36 (KHTML, like Gecko) Chrome/91.0.4472.124 Safari/537.36"
152.42.223.240 - - [06/Oct/2025:00:18:52 -0400] "GET /cron/ HTTP/1.1" 404 9739 "-" "Mozilla/5.0 (Windows NT 10.0; Win64; x64) AppleWebKit/537.36 (KHTML, like Gecko) Chrome/91.0.4472.124 Safari/537.36"
152.42.223.240 - - [06/Oct/2025:00:19:01 -0400] "GET /tuto_laravel/ HTTP/1.1" 404 9739 "-" "Mozilla/5.0 (Windows NT 10.0; Win64; x64) AppleWebKit/537.36 (KHTML, like Gecko) Chrome/91.0.4472.124 Safari/537.36"
152.42.223.240 - - [06/Oct/2025:00:19:04 -0400] "GET /1board/ HTTP/1.1" 404 9740 "-" "Mozilla/5.0 (Windows NT 10.0; Win64; x64) AppleWebKit/537.36 (KHTML, like Gecko) Chrome/91.0.4472.124 Safari/537.36"
66.249.73.12 - - [06/Oct/2025:00:19:10 -0400] "GET /products14906812?kg=0014725103 HTTP/1.1" 200 29445 "-" "Mozilla/5.0 (Linux; Android 6.0.1; Nexus 5X Build/MMB29P) AppleWebKit/537.36 (KHTML, like Gecko) Chrome/140.0.7339.207 Mobile Safari/537.36 (compatible; Googlebot/2.1; +http://www.google.com/bot.html)"
185.61.153.107 - - [06/Oct/2025:00:19:15 -0400] "POST /wp-cron.php?doing_wp_cron=1759724355.5817959308624267578125 HTTP/1.1" 200 0 "-" "WordPress/6.8.3; https://salhab360photos.com"
152.42.223.240 - - [06/Oct/2025:00:19:23 -0400] "GET /advanced/ HTTP/1.1" 404 9739 "-" "Mozilla/5.0 (Windows NT 10.0; Win64; x64) AppleWebKit/537.36 (KHTML, like Gecko) Chrome/91.0.4472.124 Safari/537.36"
152.42.223.240 - - [06/Oct/2025:00:19:26 -0400] "GET /advDesenvolvimento-1003/ HTTP/1.1" 404 9739 "-" "Mozilla/5.0 (Windows NT 10.0; Win64; x64) AppleWebKit/537.36 (KHTML, like Gecko) Chrome/91.0.4472.124 Safari/537.36"
