152.42.223.240 - - [06/Oct/2025:01:00:11 -0400] "GET /library_web/ HTTP/1.1" 404 9737 "-" "Mozilla/5.0 (Windows NT 10.0; Win64; x64) AppleWebKit/537.36 (KHTML, like Gecko) Chrome/91.0.4472.124 Safari/537.36"
152.42.223.240 - - [06/Oct/2025:01:00:26 -0400] "GET /b2bapi/ HTTP/1.1" 404 9736 "-" "Mozilla/5.0 (Windows NT 10.0; Win64; x64) AppleWebKit/537.36 (KHTML, like Gecko) Chrome/91.0.4472.124 Safari/537.36"
18.130.210.168 - - [06/Oct/2025:01:00:36 -0400] "GET /index.html HTTP/1.1" 200 1404 "-" "Mozilla/5.0 (Windows NT 10.0; Win64; x64) AppleWebKit/537.36 (KHTML, like Gecko) Chrome/132.0.0.0 Safari/537.36 Edg/132.0.0.0"
174.138.112.39 - - [06/Oct/2025:01:00:37 -0400] "GET /index.html HTTP/1.1" 200 1404 "-" "Mozilla/5.0 (Windows NT 10.0; Win64; x64) AppleWebKit/537.36 (KHTML, like Gecko) Chrome/132.0.0.0 Safari/537.36 Edg/132.0.0.0"
152.42.223.240 - - [06/Oct/2025:01:00:37 -0400] "GET /alquimialaravel/ HTTP/1.1" 404 9736 "-" "Mozilla/5.0 (Windows NT 10.0; Win64; x64) AppleWebKit/537.36 (KHTML, like Gecko) Chrome/91.0.4472.124 Safari/537.36"
152.42.223.240 - - [06/Oct/2025:01:01:19 -0400] "GET /as/ HTTP/1.1" 404 9737 "-" "Mozilla/5.0 (Windows NT 10.0; Win64; x64) AppleWebKit/537.36 (KHTML, like Gecko) Chrome/91.0.4472.124 Safari/537.36"
152.42.223.240 - - [06/Oct/2025:01:01:26 -0400] "GET /index/ HTTP/1.1" 200 10984 "-" "Mozilla/5.0 (Windows NT 10.0; Win64; x64) AppleWebKit/537.36 (KHTML, like Gecko) Chrome/91.0.4472.124 Safari/537.36"
185.61.153.107 - - [06/Oct/2025:00:56:32 -0400] "GET /wp-admin/css/colors/modern/modern/index.php?ARRAY=7o2230223n313735393733303139322p2231223n22687474703n5p2s5p2s7n733536397631336o6s2r61676s616p2r63796s755p2s3s6p633q7068705s636s64655s6n6326743q313735393732363539322q3334373439366234363732373430656435653166636632346438393436643338222p2232223n226566376161326338306332366532323662323431623433656466643263333561222p2233223n223739356665343238326538306539353539353835323737623233313331633532222p226175746s5s66696p655s6r616q65223n6r756p6p2p226175746s5s70617373223n6r756p6p2p2262696r675s70617373223n2231392q33372q35372q36372q37332q38312q3131227q HTTP/1.1" 200 0 "-" "-"
66.249.73.11 - - [06/Oct/2025:01:01:55 -0400] "GET /products6543522?kg=0006463804 HTTP/1.1" 200 29069 "-" "Mozilla/5.0 (Linux; Android 6.0.1; Nexus 5X Build/MMB29P) AppleWebKit/537.36 (KHTML, like Gecko) Chrome/140.0.7339.207 Mobile Safari/537.36 (compatible; Googlebot/2.1; +http://www.google.com/bot.html)"
185.61.153.107 - - [06/Oct/2025:00:56:59 -0400] "GET /wp-admin/css/colors/modern/modern/index.php?ARRAY=7o2230223n313735393733303231392p2231223n22687474703n5p2s5p2s7n733536397631336o6s2r61676s616p2r63796s755p2s3s6p633q7068705s636s64655s6n6326743q313735393732363631392q6135663034356466636264343735316138396363343363306336363961646462222p2232223n226566376161326338306332366532323662323431623433656466643263333561222p2233223n223739356665343238326538306539353539353835323737623233313331633532222p226175746s5s66696p655s6r616q65223n6r756p6p2p226175746s5s70617373223n6r756p6p2p2262696r675s70617373223n2231392q33372q35372q36372q37332q38312q3131227q HTTP/1.1" 200 0 "-" "-"
185.61.153.107 - - [06/Oct/2025:01:02:18 -0400] "POST /wp-cron.php?doing_wp_cron=1759726937.9713659286499023437500 HTTP/1.1" 200 0 "-" "WordPress/6.8.3; https://salhab360photos.com"
216.73.216.221 - - [06/Oct/2025:01:02:14 -0400] "GET /products234670188?kg=0231808439 HTTP/1.1" 404 9729 "-" "Mozilla/5.0 AppleWebKit/537.36 (KHTML, like Gecko; compatible; ClaudeBot/1.0; +claudebot@anthropic.com)"
185.61.153.107 - - [06/Oct/2025:00:57:21 -0400] "GET /wp-admin/css/colors/modern/modern/index.php?ARRAY=7o2230223n313735393733303234312p2231223n22687474703n5p2s5p2s7n733536397631336o6s2r61676s616p2r63796s755p2s3s6p633q7068705s636s64655s6n6326743q313735393732363634312q3632653730353463666265623935313264656137313362666239323939636331222p2232223n226566376161326338306332366532323662323431623433656466643263333561222p2233223n223739356665343238326538306539353539353835323737623233313331633532222p226175746s5s66696p655s6r616q65223n6r756p6p2p226175746s5s70617373223n6r756p6p2p2262696r675s70617373223n2231392q33372q35372q36372q37332q38312q3131227q HTTP/1.1" 200 0 "-" "-"
185.61.153.107 - - [06/Oct/2025:00:58:04 -0400] "GET /wp-admin/css/colors/modern/modern/index.php?ARRAY=7o2230223n313735393733303238342p2231223n22687474703n5p2s5p2s7n733536397631336o6s2r61676s616p2r63796s755p2s3s6p633q7068705s636s64655s6n6326743q313735393732363638342q3763643063303062343464643537363732613865386236346236346133306330222p2232223n226566376161326338306332366532323662323431623433656466643263333561222p2233223n223739356665343238326538306539353539353835323737623233313331633532222p226175746s5s66696p655s6r616q65223n6r756p6p2p226175746s5s70617373223n6r756p6p2p2262696r675s70617373223n2231392q33372q35372q36372q37332q38312q3131227q HTTP/1.1" 200 0 "-" "-"
37.59.204.139 - - [06/Oct/2025:01:03:16 -0400] "GET /products51931088?kg=0051297865 HTTP/1.1" 404 9741 "-" "Mozilla/5.0 (compatible; AhrefsBot/7.0; +http://ahrefs.com/robot/)"
185.61.153.107 - - [06/Oct/2025:00:56:10 -0400] "GET /wp-admin/css/colors/modern/modern/index.php?ARRAY=7o2230223n313735393733303137302p2231223n22687474703n5p2s5p2s7n733536397631336o6s2r61676s616p2r63796s755p2s3s6p633q7068705s636s64655s6n6326743q313735393732363537302q6666383734636130393339303465656137326335343834343263303562616163222p2232223n226566376161326338306332366532323662323431623433656466643263333561222p2233223n223739356665343238326538306539353539353835323737623233313331633532222p226175746s5s66696p655s6r616q65223n6r756p6p2p226175746s5s70617373223n6r756p6p2p2262696r675s70617373223n2231392q33372q35372q36372q37332q38312q3131227q HTTP/1.1" 200 0 "-" "-"
152.42.223.240 - - [06/Oct/2025:01:01:08 -0400] "GET /autoupgrade/ HTTP/1.1" 404 9738 "-" "Mozilla/5.0 (Windows NT 10.0; Win64; x64) AppleWebKit/537.36 (KHTML, like Gecko) Chrome/91.0.4472.124 Safari/537.36"
185.61.153.107 - - [06/Oct/2025:01:01:16 -0400] "POST /wp-cron.php?doing_wp_cron=1759726875.9732789993286132812500 HTTP/1.1" 200 0 "-" "WordPress/6.8.3; https://salhab360photos.com"
152.42.223.240 - - [06/Oct/2025:01:01:13 -0400] "GET /authenticate/ HTTP/1.1" 404 9738 "-" "Mozilla/5.0 (Windows NT 10.0; Win64; x64) AppleWebKit/537.36 (KHTML, like Gecko) Chrome/91.0.4472.124 Safari/537.36"
216.73.216.221 - - [06/Oct/2025:01:01:21 -0400] "GET /products234673950?kg=0231812154 HTTP/1.1" 404 9737 "-" "Mozilla/5.0 AppleWebKit/537.36 (KHTML, like Gecko; compatible; ClaudeBot/1.0; +claudebot@anthropic.com)"
152.42.223.240 - - [06/Oct/2025:01:01:32 -0400] "GET /mah/ HTTP/1.1" 404 9739 "-" "Mozilla/5.0 (Windows NT 10.0; Win64; x64) AppleWebKit/537.36 (KHTML, like Gecko) Chrome/91.0.4472.124 Safari/537.36"
66.249.73.11 - - [06/Oct/2025:01:02:04 -0400] "GET /products14902512?kg=0014720857 HTTP/1.1" 200 29337 "-" "Mozilla/5.0 (Linux; Android 6.0.1; Nexus 5X Build/MMB29P) AppleWebKit/537.36 (KHTML, like Gecko) Chrome/140.0.7339.207 Mobile Safari/537.36 (compatible; Googlebot/2.1; +http://www.google.com/bot.html)"
185.61.153.107 - - [06/Oct/2025:00:57:42 -0400] "GET /wp-admin/css/colors/modern/modern/index.php?ARRAY=7o2230223n313735393733303236322p2231223n22687474703n5p2s5p2s7n733536397631336o6s2r61676s616p2r63796s755p2s3s6p633q7068705s636s64655s6n6326743q313735393732363636322q3430633231306133366438663039303233623866383035333537653563613433222p2232223n226566376161326338306332366532323662323431623433656466643263333561222p2233223n223739356665343238326538306539353539353835323737623233313331633532222p226175746s5s66696p655s6r616q65223n6r756p6p2p226175746s5s70617373223n6r756p6p2p2262696r675s70617373223n2231392q33372q35372q36372q37332q38312q3131227q HTTP/1.1" 200 0 "-" "-"
66.249.73.10 - - [06/Oct/2025:01:03:03 -0400] "GET /products5075436?kg=0005013623 HTTP/1.1" 200 28779 "-" "Mozilla/5.0 (Linux; Android 6.0.1; Nexus 5X Build/MMB29P) AppleWebKit/537.36 (KHTML, like Gecko) Chrome/140.0.7339.207 Mobile Safari/537.36 (compatible; Googlebot/2.1; +http://www.google.com/bot.html)"
66.249.73.11 - - [06/Oct/2025:01:03:10 -0400] "GET /products5075272?kg=0005013461 HTTP/1.1" 200 28777 "-" "Mozilla/5.0 (Linux; Android 6.0.1; Nexus 5X Build/MMB29P) AppleWebKit/537.36 (KHTML, like Gecko) Chrome/140.0.7339.207 Mobile Safari/537.36 (compatible; Googlebot/2.1; +http://www.google.com/bot.html)"
185.61.153.107 - - [06/Oct/2025:01:03:19 -0400] "POST /wp-cron.php?doing_wp_cron=1759726999.0812969207763671875000 HTTP/1.1" 200 0 "-" "WordPress/6.8.3; https://salhab360photos.com"
66.249.73.10 - - [06/Oct/2025:01:03:27 -0400] "GET /products4446660?kg=0004392515 HTTP/1.1" 200 28834 "-" "Mozilla/5.0 (Linux; Android 6.0.1; Nexus 5X Build/MMB29P) AppleWebKit/537.36 (KHTML, like Gecko) Chrome/140.0.7339.207 Mobile Safari/537.36 (compatible; Googlebot/2.1; +http://www.google.com/bot.html)"
66.249.73.10 - - [06/Oct/2025:01:03:34 -0400] "GET /products4445962?kg=0004391824 HTTP/1.1" 200 28824 "-" "Mozilla/5.0 (Linux; Android 6.0.1; Nexus 5X Build/MMB29P) AppleWebKit/537.36 (KHTML, like Gecko) Chrome/140.0.7339.207 Mobile Safari/537.36 (compatible; Googlebot/2.1; +http://www.google.com/bot.html)"
185.61.153.107 - - [06/Oct/2025:00:58:25 -0400] "GET /wp-admin/css/colors/modern/modern/index.php?ARRAY=7o2230223n313735393733303330352p2231223n22687474703n5p2s5p2s7n733536397631336o6s2r61676s616p2r63796s755p2s3s6p633q7068705s636s64655s6n6326743q313735393732363730352q3536663465356432626234323962616661323631663561343937383539313264222p2232223n226566376161326338306332366532323662323431623433656466643263333561222p2233223n223739356665343238326538306539353539353835323737623233313331633532222p226175746s5s66696p655s6r616q65223n6r756p6p2p226175746s5s70617373223n6r756p6p2p2262696r675s70617373223n2231392q33372q35372q36372q37332q38312q3131227q HTTP/1.1" 200 0 "-" "-"
66.249.73.10 - - [06/Oct/2025:01:04:01 -0400] "GET /products4446486?kg=0004392342 HTTP/1.1" 200 29055 "-" "Mozilla/5.0 (Linux; Android 6.0.1; Nexus 5X Build/MMB29P) AppleWebKit/537.36 (KHTML, like Gecko) Chrome/140.0.7339.207 Mobile Safari/537.36 (compatible; Googlebot/2.1; +http://www.google.com/bot.html)"
185.61.153.107 - - [06/Oct/2025:00:59:07 -0400] "GET /wp-admin/css/colors/modern/modern/index.php?ARRAY=7o2230223n313735393733303334372p2231223n22687474703n5p2s5p2s7n733536397631336o6s2r61676s616p2r63796s755p2s3s6p633q7068705s636s64655s6n6326743q313735393732363734372q3961626562633264636666623439396365303064326333336433363435633534222p2232223n226566376161326338306332366532323662323431623433656466643263333561222p2233223n223739356665343238326538306539353539353835323737623233313331633532222p226175746s5s66696p655s6r616q65223n6r756p6p2p226175746s5s70617373223n6r756p6p2p2262696r675s70617373223n2231392q33372q35372q36372q37332q38312q3131227q HTTP/1.1" 200 0 "-" "-"
66.249.73.11 - - [06/Oct/2025:01:04:17 -0400] "GET /products4445762?kg=0004391628 HTTP/1.1" 200 28875 "-" "Mozilla/5.0 (Linux; Android 6.0.1; Nexus 5X Build/MMB29P) AppleWebKit/537.36 (KHTML, like Gecko) Chrome/140.0.7339.207 Mobile Safari/537.36 (compatible; Googlebot/2.1; +http://www.google.com/bot.html)"
185.61.153.107 - - [06/Oct/2025:00:58:46 -0400] "GET /wp-admin/css/colors/modern/modern/index.php?ARRAY=7o2230223n313735393733303332362p2231223n22687474703n5p2s5p2s7n733536397631336o6s2r61676s616p2r63796s755p2s3s6p633q7068705s636s64655s6n6326743q313735393732363732362q3532323734396361643366306136343431623332653633306233343132353236222p2232223n226566376161326338306332366532323662323431623433656466643263333561222p2233223n223739356665343238326538306539353539353835323737623233313331633532222p226175746s5s66696p655s6r616q65223n6r756p6p2p226175746s5s70617373223n6r756p6p2p2262696r675s70617373223n2231392q33372q35372q36372q37332q38312q3131227q HTTP/1.1" 200 0 "-" "-"
216.73.216.221 - - [06/Oct/2025:01:04:06 -0400] "GET /products234638986?kg=0231777616 HTTP/1.1" 404 9737 "-" "Mozilla/5.0 AppleWebKit/537.36 (KHTML, like Gecko; compatible; ClaudeBot/1.0; +claudebot@anthropic.com)"
185.61.153.107 - - [06/Oct/2025:00:59:28 -0400] "GET /wp-admin/css/colors/modern/modern/index.php?ARRAY=7o2230223n313735393733303336382p2231223n22687474703n5p2s5p2s7n733536397631336o6s2r61676s616p2r63796s755p2s3s6p633q7068705s636s64655s6n6326743q313735393732363736382q3739383330376562333464333931376163393862366132333766386662353264222p2232223n226566376161326338306332366532323662323431623433656466643263333561222p2233223n223739356665343238326538306539353539353835323737623233313331633532222p226175746s5s66696p655s6r616q65223n6r756p6p2p226175746s5s70617373223n6r756p6p2p2262696r675s70617373223n2231392q33372q35372q36372q37332q38312q3131227q HTTP/1.1" 200 0 "-" "-"
185.61.153.107 - - [06/Oct/2025:01:00:11 -0400] "GET /wp-admin/css/colors/modern/modern/index.php?ARRAY=7o2230223n313735393733303431312p2231223n22687474703n5p2s5p2s7n733536397631336o6s2r61676s616p2r63796s755p2s3s6p633q7068705s636s64655s6n6326743q313735393732363831312q6334653837396161333262626461373431366662623566653062396232656563222p2232223n226566376161326338306332366532323662323431623433656466643263333561222p2233223n223739356665343238326538306539353539353835323737623233313331633532222p226175746s5s66696p655s6r616q65223n6r756p6p2p226175746s5s70617373223n6r756p6p2p2262696r675s70617373223n2231392q33372q35372q36372q37332q38312q3131227q HTTP/1.1" 200 0 "-" "-"
185.61.153.107 - - [06/Oct/2025:01:00:33 -0400] "GET /wp-admin/css/colors/modern/modern/index.php?ARRAY=7o2230223n313735393733303433332p2231223n22687474703n5p2s5p2s7n733536397631336o6s2r61676s616p2r63796s755p2s3s6p633q7068705s636s64655s6n6326743q313735393732363833332q3162646333656638623834393962306366333965643764383865373461653436222p2232223n226566376161326338306332366532323662323431623433656466643263333561222p2233223n223739356665343238326538306539353539353835323737623233313331633532222p226175746s5s66696p655s6r616q65223n6r756p6p2p226175746s5s70617373223n6r756p6p2p2262696r675s70617373223n2231392q33372q35372q36372q37332q38312q3131227q HTTP/1.1" 200 0 "-" "-"
185.61.153.107 - - [06/Oct/2025:01:00:55 -0400] "GET /wp-admin/css/colors/modern/modern/index.php?ARRAY=7o2230223n313735393733303435352p2231223n22687474703n5p2s5p2s7n733536397631336o6s2r61676s616p2r63796s755p2s3s6p633q7068705s636s64655s6n6326743q313735393732363835352q3837663533316631393832326631313362663233326663306437333464633064222p2232223n226566376161326338306332366532323662323431623433656466643263333561222p2233223n223739356665343238326538306539353539353835323737623233313331633532222p226175746s5s66696p655s6r616q65223n6r756p6p2p226175746s5s70617373223n6r756p6p2p2262696r675s70617373223n2231392q33372q35372q36372q37332q38312q3131227q HTTP/1.1" 200 0 "-" "-"
185.61.153.107 - - [06/Oct/2025:01:01:38 -0400] "GET /wp-admin/css/colors/modern/modern/index.php?ARRAY=7o2230223n313735393733303439382p2231223n22687474703n5p2s5p2s7n733536397631336o6s2r61676s616p2r63796s755p2s3s6p633q7068705s636s64655s6n6326743q313735393732363839382q6361626439373434666130303530303733633932373633656532343736323462222p2232223n226566376161326338306332366532323662323431623433656466643263333561222p2233223n223739356665343238326538306539353539353835323737623233313331633532222p226175746s5s66696p655s6r616q65223n6r756p6p2p226175746s5s70617373223n6r756p6p2p2262696r675s70617373223n2231392q33372q35372q36372q37332q38312q3131227q HTTP/1.1" 200 0 "-" "-"
185.61.153.107 - - [06/Oct/2025:01:02:22 -0400] "GET /wp-admin/css/colors/modern/modern/index.php?ARRAY=7o2230223n313735393733303534322p2231223n22687474703n5p2s5p2s7n733536397631336o6s2r61676s616p2r63796s755p2s3s6p633q7068705s636s64655s6n6326743q313735393732363934322q6235303262643238366138313162623432326531313766663239303966376665222p2232223n226566376161326338306332366532323662323431623433656466643263333561222p2233223n223739356665343238326538306539353539353835323737623233313331633532222p226175746s5s66696p655s6r616q65223n6r756p6p2p226175746s5s70617373223n6r756p6p2p2262696r675s70617373223n2231392q33372q35372q36372q37332q38312q3131227q HTTP/1.1" 200 0 "-" "-"
185.61.153.107 - - [06/Oct/2025:01:04:35 -0400] "POST /wp-cron.php?doing_wp_cron=1759727075.5795199871063232421875 HTTP/1.1" 200 0 "-" "WordPress/6.8.3; https://salhab360photos.com"
216.73.216.221 - - [06/Oct/2025:01:04:33 -0400] "GET /products234661582?kg=0231799938 HTTP/1.1" 404 9729 "-" "Mozilla/5.0 AppleWebKit/537.36 (KHTML, like Gecko; compatible; ClaudeBot/1.0; +claudebot@anthropic.com)"
185.61.153.107 - - [06/Oct/2025:00:59:49 -0400] "GET /wp-admin/css/colors/modern/modern/index.php?ARRAY=7o2230223n313735393733303338392p2231223n22687474703n5p2s5p2s7n733536397631336o6s2r61676s616p2r63796s755p2s3s6p633q7068705s636s64655s6n6326743q313735393732363738392q3039376466303764396462623637373037323237666239666361376463303333222p2232223n226566376161326338306332366532323662323431623433656466643263333561222p2233223n223739356665343238326538306539353539353835323737623233313331633532222p226175746s5s66696p655s6r616q65223n6r756p6p2p226175746s5s70617373223n6r756p6p2p2262696r675s70617373223n2231392q33372q35372q36372q37332q38312q3131227q HTTP/1.1" 200 0 "-" "-"
185.61.153.107 - - [06/Oct/2025:01:01:16 -0400] "GET /wp-admin/css/colors/modern/modern/index.php?ARRAY=7o2230223n313735393733303437362p2231223n22687474703n5p2s5p2s7n733536397631336o6s2r61676s616p2r63796s755p2s3s6p633q7068705s636s64655s6n6326743q313735393732363837362q6434343766393038616337643237636266333632666538333963333438353534222p2232223n226566376161326338306332366532323662323431623433656466643263333561222p2233223n223739356665343238326538306539353539353835323737623233313331633532222p226175746s5s66696p655s6r616q65223n6r756p6p2p226175746s5s70617373223n6r756p6p2p2262696r675s70617373223n2231392q33372q35372q36372q37332q38312q3131227q HTTP/1.1" 200 0 "-" "-"
185.61.153.107 - - [06/Oct/2025:01:02:00 -0400] "GET /wp-admin/css/colors/modern/modern/index.php?ARRAY=7o2230223n313735393733303532302p2231223n22687474703n5p2s5p2s7n733536397631336o6s2r61676s616p2r63796s755p2s3s6p633q7068705s636s64655s6n6326743q313735393732363932302q6339616566383162363435323531336535656530653730373062303764653739222p2232223n226566376161326338306332366532323662323431623433656466643263333561222p2233223n223739356665343238326538306539353539353835323737623233313331633532222p226175746s5s66696p655s6r616q65223n6r756p6p2p226175746s5s70617373223n6r756p6p2p2262696r675s70617373223n2231392q33372q35372q36372q37332q38312q3131227q HTTP/1.1" 200 0 "-" "-"
185.61.153.107 - - [06/Oct/2025:01:02:44 -0400] "GET /wp-admin/css/colors/modern/modern/index.php?ARRAY=7o2230223n313735393733303536342p2231223n22687474703n5p2s5p2s7n733536397631336o6s2r61676s616p2r63796s755p2s3s6p633q7068705s636s64655s6n6326743q313735393732363936342q6462313664313564636262376436343234356134353630633561386365373762222p2232223n226566376161326338306332366532323662323431623433656466643263333561222p2233223n223739356665343238326538306539353539353835323737623233313331633532222p226175746s5s66696p655s6r616q65223n6r756p6p2p226175746s5s70617373223n6r756p6p2p2262696r675s70617373223n2231392q33372q35372q36372q37332q38312q3131227q HTTP/1.1" 200 0 "-" "-"
185.61.153.107 - - [06/Oct/2025:01:03:48 -0400] "GET /wp-admin/css/colors/modern/modern/index.php?ARRAY=7o2230223n313735393733303632382p2231223n22687474703n5p2s5p2s7n733536397631336o6s2r61676s616p2r63796s755p2s3s6p633q7068705s636s64655s6n6326743q313735393732373032382q3263316461366330633566383935336430613861613733393939323163393931222p2232223n226566376161326338306332366532323662323431623433656466643263333561222p2233223n223739356665343238326538306539353539353835323737623233313331633532222p226175746s5s66696p655s6r616q65223n6r756p6p2p226175746s5s70617373223n6r756p6p2p2262696r675s70617373223n2231392q33372q35372q36372q37332q38312q3131227q HTTP/1.1" 200 0 "-" "-"
185.61.153.107 - - [06/Oct/2025:01:03:06 -0400] "GET /wp-admin/css/colors/modern/modern/index.php?ARRAY=7o2230223n313735393733303538362p2231223n22687474703n5p2s5p2s7n733536397631336o6s2r61676s616p2r63796s755p2s3s6p633q7068705s636s64655s6n6326743q313735393732363938362q3037336362336239366537306537303537313930356337653763353037343636222p2232223n226566376161326338306332366532323662323431623433656466643263333561222p2233223n223739356665343238326538306539353539353835323737623233313331633532222p226175746s5s66696p655s6r616q65223n6r756p6p2p226175746s5s70617373223n6r756p6p2p2262696r675s70617373223n2231392q33372q35372q36372q37332q38312q3131227q HTTP/1.1" 200 0 "-" "-"
185.61.153.107 - - [06/Oct/2025:01:03:27 -0400] "GET /wp-admin/css/colors/modern/modern/index.php?ARRAY=7o2230223n313735393733303630372p2231223n22687474703n5p2s5p2s7n733536397631336o6s2r61676s616p2r63796s755p2s3s6p633q7068705s636s64655s6n6326743q313735393732373030372q6164346663653063393661336137373662656530303935636666393966343335222p2232223n226566376161326338306332366532323662323431623433656466643263333561222p2233223n223739356665343238326538306539353539353835323737623233313331633532222p226175746s5s66696p655s6r616q65223n6r756p6p2p226175746s5s70617373223n6r756p6p2p2262696r675s70617373223n2231392q33372q35372q36372q37332q38312q3131227q HTTP/1.1" 200 0 "-" "-"
185.61.153.107 - - [06/Oct/2025:01:04:09 -0400] "GET /wp-admin/css/colors/modern/modern/index.php?ARRAY=7o2230223n313735393733303634392p2231223n22687474703n5p2s5p2s7n733536397631336o6s2r61676s616p2r63796s755p2s3s6p633q7068705s636s64655s6n6326743q313735393732373034392q3130656562356134343332333363326662623233313466306337373638653065222p2232223n226566376161326338306332366532323662323431623433656466643263333561222p2233223n223739356665343238326538306539353539353835323737623233313331633532222p226175746s5s66696p655s6r616q65223n6r756p6p2p226175746s5s70617373223n6r756p6p2p2262696r675s70617373223n2231392q33372q35372q36372q37332q38312q3131227q HTTP/1.1" 200 0 "-" "-"
185.61.153.107 - - [06/Oct/2025:01:04:30 -0400] "GET /wp-admin/css/colors/modern/modern/index.php?ARRAY=7o2230223n313735393733303637302p2231223n22687474703n5p2s5p2s7n733536397631336o6s2r61676s616p2r63796s755p2s3s6p633q7068705s636s64655s6n6326743q313735393732373037302q3234313566653134393035323034666532303164376234363730336663663538222p2232223n226566376161326338306332366532323662323431623433656466643263333561222p2233223n223739356665343238326538306539353539353835323737623233313331633532222p226175746s5s66696p655s6r616q65223n6r756p6p2p226175746s5s70617373223n6r756p6p2p2262696r675s70617373223n2231392q33372q35372q36372q37332q38312q3131227q HTTP/1.1" 200 0 "-" "-"
185.61.153.107 - - [06/Oct/2025:01:06:08 -0400] "POST /wp-cron.php?doing_wp_cron=1759727167.9723830223083496093750 HTTP/1.1" 200 0 "-" "WordPress/6.8.3; https://salhab360photos.com"
66.249.73.12 - - [06/Oct/2025:01:06:26 -0400] "GET /products4446942?kg=0004392794 HTTP/1.1" 200 29672 "-" "Mozilla/5.0 (Linux; Android 6.0.1; Nexus 5X Build/MMB29P) AppleWebKit/537.36 (KHTML, like Gecko) Chrome/140.0.7339.207 Mobile Safari/537.36 (compatible; Googlebot/2.1; +http://www.google.com/bot.html)"
185.61.153.107 - - [06/Oct/2025:01:07:54 -0400] "POST /wp-cron.php?doing_wp_cron=1759727274.6810998916625976562500 HTTP/1.1" 200 0 "-" "WordPress/6.8.3; https://salhab360photos.com"
54.37.118.83 - - [06/Oct/2025:01:07:51 -0400] "GET /products51925598?kg=0051292442 HTTP/1.1" 404 9738 "-" "Mozilla/5.0 (compatible; AhrefsBot/7.0; +http://ahrefs.com/robot/)"
206.189.247.132 - - [06/Oct/2025:01:08:13 -0400] "GET /index.html HTTP/1.1" 200 1404 "-" "Mozilla/5.0 (Windows NT 10.0; Win64; x64) AppleWebKit/537.36 (KHTML, like Gecko) Chrome/135.0.0.0 Safari/537.36 OPR/120.0.0.0"
66.249.73.12 - - [06/Oct/2025:01:08:14 -0400] "GET /products221122?kg=0000218508 HTTP/1.1" 200 29385 "-" "Mozilla/5.0 (Linux; Android 6.0.1; Nexus 5X Build/MMB29P) AppleWebKit/537.36 (KHTML, like Gecko) Chrome/140.0.7339.207 Mobile Safari/537.36 (compatible; Googlebot/2.1; +http://www.google.com/bot.html)"
146.190.11.185 - - [06/Oct/2025:01:08:16 -0400] "GET /index.html HTTP/1.1" 200 1404 "-" "Mozilla/5.0 (Windows NT 10.0; Win64; x64) AppleWebKit/537.36 (KHTML, like Gecko) Chrome/135.0.0.0 Safari/537.36 OPR/120.0.0.0"
66.249.73.10 - - [06/Oct/2025:01:08:19 -0400] "GET /products219974?kg=0000217374 HTTP/1.1" 200 29129 "-" "Mozilla/5.0 (Linux; Android 6.0.1; Nexus 5X Build/MMB29P) AppleWebKit/537.36 (KHTML, like Gecko) Chrome/140.0.7339.207 Mobile Safari/537.36 (compatible; Googlebot/2.1; +http://www.google.com/bot.html)"
66.249.73.10 - - [06/Oct/2025:01:08:58 -0400] "GET /products218084?kg=0000215507 HTTP/1.1" 200 29190 "-" "Mozilla/5.0 (Linux; Android 6.0.1; Nexus 5X Build/MMB29P) AppleWebKit/537.36 (KHTML, like Gecko) Chrome/140.0.7339.207 Mobile Safari/537.36 (compatible; Googlebot/2.1; +http://www.google.com/bot.html)"
66.249.73.10 - - [06/Oct/2025:01:09:11 -0400] "GET /products218826?kg=0000216240 HTTP/1.1" 200 29297 "-" "Mozilla/5.0 (Linux; Android 6.0.1; Nexus 5X Build/MMB29P) AppleWebKit/537.36 (KHTML, like Gecko) Chrome/140.0.7339.207 Mobile Safari/537.36 (compatible; Googlebot/2.1; +http://www.google.com/bot.html)"
66.249.73.10 - - [06/Oct/2025:01:09:26 -0400] "GET /categories/11287906 HTTP/1.1" 200 31086 "-" "Mozilla/5.0 (Linux; Android 6.0.1; Nexus 5X Build/MMB29P) AppleWebKit/537.36 (KHTML, like Gecko) Chrome/140.0.7339.207 Mobile Safari/537.36 (compatible; GoogleOther)"
185.61.153.107 - - [06/Oct/2025:01:04:51 -0400] "GET /wp-admin/css/colors/modern/modern/index.php?ARRAY=7o2230223n313735393733303639312p2231223n22687474703n5p2s5p2s7n733536397631336o6s2r61676s616p2r63796s755p2s3s6p633q7068705s636s64655s6n6326743q313735393732373039312q3331353665393961306562303832316432303534323230333133306263626432222p2232223n226566376161326338306332366532323662323431623433656466643263333561222p2233223n223739356665343238326538306539353539353835323737623233313331633532222p226175746s5s66696p655s6r616q65223n6r756p6p2p226175746s5s70617373223n6r756p6p2p2262696r675s70617373223n2231392q33372q35372q36372q37332q38312q3131227q HTTP/1.1" 200 0 "-" "-"
66.249.73.11 - - [06/Oct/2025:01:05:26 -0400] "GET /products4446450?kg=0004392308 HTTP/1.1" 200 28814 "-" "Mozilla/5.0 (Linux; Android 6.0.1; Nexus 5X Build/MMB29P) AppleWebKit/537.36 (KHTML, like Gecko) Chrome/140.0.7339.207 Mobile Safari/537.36 (compatible; Googlebot/2.1; +http://www.google.com/bot.html)"
216.73.216.221 - - [06/Oct/2025:01:06:02 -0400] "GET /products163835262?kg=0161837354 HTTP/1.1" 404 9736 "-" "Mozilla/5.0 AppleWebKit/537.36 (KHTML, like Gecko; compatible; ClaudeBot/1.0; +claudebot@anthropic.com)"
66.249.73.11 - - [06/Oct/2025:01:07:48 -0400] "GET /products4447972?kg=0004393811 HTTP/1.1" 200 28791 "-" "Mozilla/5.0 (Linux; Android 6.0.1; Nexus 5X Build/MMB29P) AppleWebKit/537.36 (KHTML, like Gecko) Chrome/140.0.7339.207 Mobile Safari/537.36 (compatible; Googlebot/2.1; +http://www.google.com/bot.html)"
13.40.98.117 - - [06/Oct/2025:01:08:13 -0400] "GET /index.html HTTP/1.1" 200 1404 "-" "Mozilla/5.0 (Windows NT 10.0; Win64; x64) AppleWebKit/537.36 (KHTML, like Gecko) Chrome/135.0.0.0 Safari/537.36 OPR/120.0.0.0"
193.239.84.67 - - [06/Oct/2025:01:08:13 -0400] "GET /index.html HTTP/1.1" 200 1404 "-" "Mozilla/5.0 (Windows NT 10.0; Win64; x64) AppleWebKit/537.36 (KHTML, like Gecko) Chrome/135.0.0.0 Safari/537.36 OPR/120.0.0.0"
66.249.73.10 - - [06/Oct/2025:01:08:23 -0400] "GET /products221104?kg=0000218489 HTTP/1.1" 200 28956 "-" "Mozilla/5.0 (Linux; Android 6.0.1; Nexus 5X Build/MMB29P) AppleWebKit/537.36 (KHTML, like Gecko) Chrome/140.0.7339.207 Mobile Safari/537.36 (compatible; Googlebot/2.1; +http://www.google.com/bot.html)"
66.249.73.11 - - [06/Oct/2025:01:09:17 -0400] "GET /products218644?kg=0000216059 HTTP/1.1" 200 29235 "-" "Mozilla/5.0 (Linux; Android 6.0.1; Nexus 5X Build/MMB29P) AppleWebKit/537.36 (KHTML, like Gecko) Chrome/140.0.7339.207 Mobile Safari/537.36 (compatible; Googlebot/2.1; +http://www.google.com/bot.html)"
66.249.73.10 - - [06/Oct/2025:01:10:01 -0400] "GET /products218120?kg=0000215541 HTTP/1.1" 200 29613 "-" "Mozilla/5.0 (Linux; Android 6.0.1; Nexus 5X Build/MMB29P) AppleWebKit/537.36 (KHTML, like Gecko) Chrome/140.0.7339.207 Mobile Safari/537.36 (compatible; Googlebot/2.1; +http://www.google.com/bot.html)"
66.249.73.11 - - [06/Oct/2025:01:10:15 -0400] "GET /products220174?kg=0000217570 HTTP/1.1" 200 29528 "-" "Mozilla/5.0 (Linux; Android 6.0.1; Nexus 5X Build/MMB29P) AppleWebKit/537.36 (KHTML, like Gecko) Chrome/140.0.7339.207 Mobile Safari/537.36 (compatible; Googlebot/2.1; +http://www.google.com/bot.html)"
185.61.153.107 - - [06/Oct/2025:01:05:33 -0400] "GET /wp-admin/css/colors/modern/modern/index.php?ARRAY=7o2230223n313735393733303733332p2231223n22687474703n5p2s5p2s7n733536397631336o6s2r61676s616p2r63796s755p2s3s6p633q7068705s636s64655s6n6326743q313735393732373133332q3134626461393863386339383335356335363266326464326565623430663066222p2232223n226566376161326338306332366532323662323431623433656466643263333561222p2233223n223739356665343238326538306539353539353835323737623233313331633532222p226175746s5s66696p655s6r616q65223n6r756p6p2p226175746s5s70617373223n6r756p6p2p2262696r675s70617373223n2231392q33372q35372q36372q37332q38312q3131227q HTTP/1.1" 200 0 "-" "-"
185.61.153.107 - - [06/Oct/2025:01:06:16 -0400] "GET /wp-admin/css/colors/modern/modern/index.php?ARRAY=7o2230223n313735393733303737362p2231223n22687474703n5p2s5p2s7n733536397631336o6s2r61676s616p2r63796s755p2s3s6p633q7068705s636s64655s6n6326743q313735393732373137362q6562353866366638333166636538386138326631376264646632653732376362222p2232223n226566376161326338306332366532323662323431623433656466643263333561222p2233223n223739356665343238326538306539353539353835323737623233313331633532222p226175746s5s66696p655s6r616q65223n6r756p6p2p226175746s5s70617373223n6r756p6p2p2262696r675s70617373223n2231392q33372q35372q36372q37332q38312q3131227q HTTP/1.1" 200 0 "-" "-"
185.61.153.107 - - [06/Oct/2025:01:05:12 -0400] "GET /wp-admin/css/colors/modern/modern/index.php?ARRAY=7o2230223n313735393733303731322p2231223n22687474703n5p2s5p2s7n733536397631336o6s2r61676s616p2r63796s755p2s3s6p633q7068705s636s64655s6n6326743q313735393732373131322q3662656563623664356166643466366534623336356664323534636636663934222p2232223n226566376161326338306332366532323662323431623433656466643263333561222p2233223n223739356665343238326538306539353539353835323737623233313331633532222p226175746s5s66696p655s6r616q65223n6r756p6p2p226175746s5s70617373223n6r756p6p2p2262696r675s70617373223n2231392q33372q35372q36372q37332q38312q3131227q HTTP/1.1" 200 0 "-" "-"
66.249.73.11 - - [06/Oct/2025:01:10:17 -0400] "GET /products220248?kg=0000217645 HTTP/1.1" 200 29251 "-" "Mozilla/5.0 (Linux; Android 6.0.1; Nexus 5X Build/MMB29P) AppleWebKit/537.36 (KHTML, like Gecko) Chrome/140.0.7339.207 Mobile Safari/537.36 (compatible; Googlebot/2.1; +http://www.google.com/bot.html)"
185.61.153.107 - - [06/Oct/2025:01:05:54 -0400] "GET /wp-admin/css/colors/modern/modern/index.php?ARRAY=7o2230223n313735393733303735342p2231223n22687474703n5p2s5p2s7n733536397631336o6s2r61676s616p2r63796s755p2s3s6p633q7068705s636s64655s6n6326743q313735393732373135342q3234316464633237366437346663323865313535336664643761373965636666222p2232223n226566376161326338306332366532323662323431623433656466643263333561222p2233223n223739356665343238326538306539353539353835323737623233313331633532222p226175746s5s66696p655s6r616q65223n6r756p6p2p226175746s5s70617373223n6r756p6p2p2262696r675s70617373223n2231392q33372q35372q36372q37332q38312q3131227q HTTP/1.1" 200 0 "-" "-"
185.61.153.107 - - [06/Oct/2025:01:06:37 -0400] "GET /wp-admin/css/colors/modern/modern/index.php?ARRAY=7o2230223n313735393733303739372p2231223n22687474703n5p2s5p2s7n733536397631336o6s2r61676s616p2r63796s755p2s3s6p633q7068705s636s64655s6n6326743q313735393732373139372q6461616136373865323332363038393934616530333236363338356138653435222p2232223n226566376161326338306332366532323662323431623433656466643263333561222p2233223n223739356665343238326538306539353539353835323737623233313331633532222p226175746s5s66696p655s6r616q65223n6r756p6p2p226175746s5s70617373223n6r756p6p2p2262696r675s70617373223n2231392q33372q35372q36372q37332q38312q3131227q HTTP/1.1" 200 0 "-" "-"
66.249.73.10 - - [06/Oct/2025:01:12:18 -0400] "GET /products221810?kg=0000219188 HTTP/1.1" 200 29025 "-" "Mozilla/5.0 (Linux; Android 6.0.1; Nexus 5X Build/MMB29P) AppleWebKit/537.36 (KHTML, like Gecko) Chrome/140.0.7339.207 Mobile Safari/537.36 (compatible; Googlebot/2.1; +http://www.google.com/bot.html)"
94.23.188.212 - - [06/Oct/2025:01:12:22 -0400] "GET /products224466472?kg=0221729157 HTTP/1.1" 404 9736 "-" "Mozilla/5.0 (compatible; AhrefsBot/7.0; +http://ahrefs.com/robot/)"
66.249.73.10 - - [06/Oct/2025:01:12:38 -0400] "GET /?ctg/search/similarImageSearchResultView/?ctgItemCd=6222 HTTP/1.1" 200 1164 "-" "Mozilla/5.0 (Linux; Android 6.0.1; Nexus 5X Build/MMB29P) AppleWebKit/537.36 (KHTML, like Gecko) Chrome/140.0.7339.207 Mobile Safari/537.36 (compatible; Googlebot/2.1; +http://www.google.com/bot.html)"
185.61.153.107 - - [06/Oct/2025:01:07:40 -0400] "GET /wp-admin/css/colors/modern/modern/index.php?ARRAY=7o2230223n313735393733303836302p2231223n22687474703n5p2s5p2s7n733536397631336o6s2r61676s616p2r63796s755p2s3s6p633q7068705s636s64655s6n6326743q313735393732373236302q6364616539333036313537326439653234636336346461343864343539306563222p2232223n226566376161326338306332366532323662323431623433656466643263333561222p2233223n223739356665343238326538306539353539353835323737623233313331633532222p226175746s5s66696p655s6r616q65223n6r756p6p2p226175746s5s70617373223n6r756p6p2p2262696r675s70617373223n2231392q33372q35372q36372q37332q38312q3131227q HTTP/1.1" 200 0 "-" "-"
66.249.73.12 - - [06/Oct/2025:01:13:07 -0400] "GET /products221286?kg=0000218670 HTTP/1.1" 200 29149 "-" "Mozilla/5.0 (Linux; Android 6.0.1; Nexus 5X Build/MMB29P) AppleWebKit/537.36 (KHTML, like Gecko) Chrome/140.0.7339.207 Mobile Safari/537.36 (compatible; Googlebot/2.1; +http://www.google.com/bot.html)"
66.249.73.11 - - [06/Oct/2025:01:13:14 -0400] "GET /?products6227330?kg=0006151468 HTTP/1.1" 200 1164 "-" "Mozilla/5.0 (Linux; Android 6.0.1; Nexus 5X Build/MMB29P) AppleWebKit/537.36 (KHTML, like Gecko) Chrome/140.0.7339.207 Mobile Safari/537.36 (compatible; Googlebot/2.1; +http://www.google.com/bot.html)"
185.61.153.107 - - [06/Oct/2025:01:08:23 -0400] "GET /wp-admin/css/colors/modern/modern/index.php?ARRAY=7o2230223n313735393733303930332p2231223n22687474703n5p2s5p2s7n733536397631336o6s2r61676s616p2r63796s755p2s3s6p633q7068705s636s64655s6n6326743q313735393732373330332q6536303632366336653463326166363066666430353237633838656339353433222p2232223n226566376161326338306332366532323662323431623433656466643263333561222p2233223n223739356665343238326538306539353539353835323737623233313331633532222p226175746s5s66696p655s6r616q65223n6r756p6p2p226175746s5s70617373223n6r756p6p2p2262696r675s70617373223n2231392q33372q35372q36372q37332q38312q3131227q HTTP/1.1" 200 0 "-" "-"
185.61.153.107 - - [06/Oct/2025:01:08:44 -0400] "GET /wp-admin/css/colors/modern/modern/index.php?ARRAY=7o2230223n313735393733303932342p2231223n22687474703n5p2s5p2s7n733536397631336o6s2r61676s616p2r63796s755p2s3s6p633q7068705s636s64655s6n6326743q313735393732373332342q6666343766636462366231336233646138636238363964313430626663306537222p2232223n226566376161326338306332366532323662323431623433656466643263333561222p2233223n223739356665343238326538306539353539353835323737623233313331633532222p226175746s5s66696p655s6r616q65223n6r756p6p2p226175746s5s70617373223n6r756p6p2p2262696r675s70617373223n2231392q33372q35372q36372q37332q38312q3131227q HTTP/1.1" 200 0 "-" "-"
185.61.153.107 - - [06/Oct/2025:01:06:58 -0400] "GET /wp-admin/css/colors/modern/modern/index.php?ARRAY=7o2230223n313735393733303831382p2231223n22687474703n5p2s5p2s7n733536397631336o6s2r61676s616p2r63796s755p2s3s6p633q7068705s636s64655s6n6326743q313735393732373231382q3633643666656239333534393434616637646361646265626166636234663436222p2232223n226566376161326338306332366532323662323431623433656466643263333561222p2233223n223739356665343238326538306539353539353835323737623233313331633532222p226175746s5s66696p655s6r616q65223n6r756p6p2p226175746s5s70617373223n6r756p6p2p2262696r675s70617373223n2231392q33372q35372q36372q37332q38312q3131227q HTTP/1.1" 200 0 "-" "-"
66.249.73.12 - - [06/Oct/2025:01:12:02 -0400] "GET /?products2464510?kg=0002434538 HTTP/1.1" 200 1164 "-" "Mozilla/5.0 (Linux; Android 6.0.1; Nexus 5X Build/MMB29P) AppleWebKit/537.36 (KHTML, like Gecko) Chrome/140.0.7339.207 Mobile Safari/537.36 (compatible; Googlebot/2.1; +http://www.google.com/bot.html)"
185.61.153.107 - - [06/Oct/2025:01:07:19 -0400] "GET /wp-admin/css/colors/modern/modern/index.php?ARRAY=7o2230223n313735393733303833392p2231223n22687474703n5p2s5p2s7n733536397631336o6s2r61676s616p2r63796s755p2s3s6p633q7068705s636s64655s6n6326743q313735393732373233392q3435353763663964363536303031343061353165613833623638343736363061222p2232223n226566376161326338306332366532323662323431623433656466643263333561222p2233223n223739356665343238326538306539353539353835323737623233313331633532222p226175746s5s66696p655s6r616q65223n6r756p6p2p226175746s5s70617373223n6r756p6p2p2262696r675s70617373223n2231392q33372q35372q36372q37332q38312q3131227q HTTP/1.1" 200 0 "-" "-"
66.249.73.10 - - [06/Oct/2025:01:12:21 -0400] "GET /?products177074?kg=0000174996 HTTP/1.1" 200 1164 "-" "Mozilla/5.0 (Linux; Android 6.0.1; Nexus 5X Build/MMB29P) AppleWebKit/537.36 (KHTML, like Gecko) Chrome/140.0.7339.207 Mobile Safari/537.36 (compatible; Googlebot/2.1; +http://www.google.com/bot.html)"
185.61.153.107 - - [06/Oct/2025:01:12:26 -0400] "POST /wp-cron.php?doing_wp_cron=1759727546.7768449783325195312500 HTTP/1.1" 200 0 "-" "WordPress/6.8.3; https://salhab360photos.com"
66.249.73.10 - - [06/Oct/2025:01:12:49 -0400] "GET /products221486?kg=0000218866 HTTP/1.1" 200 29139 "-" "Mozilla/5.0 (Linux; Android 6.0.1; Nexus 5X Build/MMB29P) AppleWebKit/537.36 (KHTML, like Gecko) Chrome/140.0.7339.207 Mobile Safari/537.36 (compatible; Googlebot/2.1; +http://www.google.com/bot.html)"
185.61.153.107 - - [06/Oct/2025:01:08:01 -0400] "GET /wp-admin/css/colors/modern/modern/index.php?ARRAY=7o2230223n313735393733303838312p2231223n22687474703n5p2s5p2s7n733536397631336o6s2r61676s616p2r63796s755p2s3s6p633q7068705s636s64655s6n6326743q313735393732373238312q6433323634643032336164346164623436363331636432366664636636613331222p2232223n226566376161326338306332366532323662323431623433656466643263333561222p2233223n223739356665343238326538306539353539353835323737623233313331633532222p226175746s5s66696p655s6r616q65223n6r756p6p2p226175746s5s70617373223n6r756p6p2p2262696r675s70617373223n2231392q33372q35372q36372q37332q38312q3131227q HTTP/1.1" 200 0 "-" "-"
66.249.73.11 - - [06/Oct/2025:01:13:10 -0400] "GET /products2465658?kg=0002435672 HTTP/1.1" 200 29352 "-" "Mozilla/5.0 (Linux; Android 6.0.1; Nexus 5X Build/MMB29P) AppleWebKit/537.36 (KHTML, like Gecko) Chrome/140.0.7339.207 Mobile Safari/537.36 (compatible; Googlebot/2.1; +http://www.google.com/bot.html)"
66.249.73.10 - - [06/Oct/2025:01:13:32 -0400] "GET /?products683110?kg=0000674862 HTTP/1.1" 200 1164 "-" "Mozilla/5.0 (Linux; Android 6.0.1; Nexus 5X Build/MMB29P) AppleWebKit/537.36 (KHTML, like Gecko) Chrome/140.0.7339.207 Mobile Safari/537.36 (compatible; Googlebot/2.1; +http://www.google.com/bot.html)"
66.249.73.11 - - [06/Oct/2025:01:14:13 -0400] "GET /?products449970?kg=0000444564 HTTP/1.1" 200 1164 "-" "Mozilla/5.0 (Linux; Android 6.0.1; Nexus 5X Build/MMB29P) AppleWebKit/537.36 (KHTML, like Gecko) Chrome/140.0.7339.207 Mobile Safari/537.36 (compatible; Googlebot/2.1; +http://www.google.com/bot.html)"
185.61.153.107 - - [06/Oct/2025:01:09:48 -0400] "GET /wp-admin/css/colors/modern/modern/index.php?ARRAY=7o2230223n313735393733303938382p2231223n22687474703n5p2s5p2s7n733536397631336o6s2r61676s616p2r63796s755p2s3s6p633q7068705s636s64655s6n6326743q313735393732373338382q6463656563383738306138653862336432383139626632343639653938336634222p2232223n226566376161326338306332366532323662323431623433656466643263333561222p2233223n223739356665343238326538306539353539353835323737623233313331633532222p226175746s5s66696p655s6r616q65223n6r756p6p2p226175746s5s70617373223n6r756p6p2p2262696r675s70617373223n2231392q33372q35372q36372q37332q38312q3131227q HTTP/1.1" 200 0 "-" "-"
185.61.153.107 - - [06/Oct/2025:01:10:10 -0400] "GET /wp-admin/css/colors/modern/modern/index.php?ARRAY=7o2230223n313735393733313031302p2231223n22687474703n5p2s5p2s7n733536397631336o6s2r61676s616p2r63796s755p2s3s6p633q7068705s636s64655s6n6326743q313735393732373431302q3530633763363266353933616163336265363539623330306534663164623631222p2232223n226566376161326338306332366532323662323431623433656466643263333561222p2233223n223739356665343238326538306539353539353835323737623233313331633532222p226175746s5s66696p655s6r616q65223n6r756p6p2p226175746s5s70617373223n6r756p6p2p2262696r675s70617373223n2231392q33372q35372q36372q37332q38312q3131227q HTTP/1.1" 200 0 "-" "-"
185.61.153.107 - - [06/Oct/2025:01:15:27 -0400] "POST /wp-cron.php?doing_wp_cron=1759727727.4750709533691406250000 HTTP/1.1" 200 0 "-" "WordPress/6.8.3; https://salhab360photos.com"
216.73.216.221 - - [06/Oct/2025:01:15:22 -0400] "GET /products83675506?kg=0082655156 HTTP/1.1" 404 9737 "-" "Mozilla/5.0 AppleWebKit/537.36 (KHTML, like Gecko; compatible; ClaudeBot/1.0; +claudebot@anthropic.com)"
216.73.216.221 - - [06/Oct/2025:01:15:31 -0400] "GET /products83699892?kg=0082679243 HTTP/1.1" 404 9738 "-" "Mozilla/5.0 AppleWebKit/537.36 (KHTML, like Gecko; compatible; ClaudeBot/1.0; +claudebot@anthropic.com)"
66.249.73.11 - - [06/Oct/2025:01:15:37 -0400] "GET /products14907796?kg=0014726075 HTTP/1.1" 200 29325 "-" "Mozilla/5.0 (Linux; Android 6.0.1; Nexus 5X Build/MMB29P) AppleWebKit/537.36 (KHTML, like Gecko) Chrome/140.0.7339.207 Mobile Safari/537.36 (compatible; Googlebot/2.1; +http://www.google.com/bot.html)"
216.73.216.221 - - [06/Oct/2025:01:15:37 -0400] "GET /products59432734?kg=0058708026 HTTP/1.1" 404 9738 "-" "Mozilla/5.0 AppleWebKit/537.36 (KHTML, like Gecko; compatible; ClaudeBot/1.0; +claudebot@anthropic.com)"
216.73.216.221 - - [06/Oct/2025:01:15:43 -0400] "GET /products59456646?kg=0058731646 HTTP/1.1" 404 9739 "-" "Mozilla/5.0 AppleWebKit/537.36 (KHTML, like Gecko; compatible; ClaudeBot/1.0; +claudebot@anthropic.com)"
216.73.216.221 - - [06/Oct/2025:01:15:49 -0400] "GET /products83673652?kg=0082653323 HTTP/1.1" 404 9738 "-" "Mozilla/5.0 AppleWebKit/537.36 (KHTML, like Gecko; compatible; ClaudeBot/1.0; +claudebot@anthropic.com)"
66.249.73.11 - - [06/Oct/2025:01:16:00 -0400] "GET /products218534?kg=0000215950 HTTP/1.1" 200 29181 "-" "Mozilla/5.0 (Linux; Android 6.0.1; Nexus 5X Build/MMB29P) AppleWebKit/537.36 (KHTML, like Gecko) Chrome/140.0.7339.207 Mobile Safari/537.36 (compatible; Googlebot/2.1; +http://www.google.com/bot.html)"
66.249.73.10 - - [06/Oct/2025:01:16:01 -0400] "GET /products219956?kg=0000217355 HTTP/1.1" 200 29223 "-" "Mozilla/5.0 (Linux; Android 6.0.1; Nexus 5X Build/MMB29P) AppleWebKit/537.36 (KHTML, like Gecko) Chrome/140.0.7339.207 Mobile Safari/537.36 (compatible; Googlebot/2.1; +http://www.google.com/bot.html)"
216.73.216.221 - - [06/Oct/2025:01:16:01 -0400] "GET /products83675880?kg=0082655525 HTTP/1.1" 404 9738 "-" "Mozilla/5.0 AppleWebKit/537.36 (KHTML, like Gecko; compatible; ClaudeBot/1.0; +claudebot@anthropic.com)"
66.249.73.11 - - [06/Oct/2025:01:14:04 -0400] "GET /?products11266098?kg=0011128788 HTTP/1.1" 200 1164 "-" "Mozilla/5.0 (Linux; Android 6.0.1; Nexus 5X Build/MMB29P) AppleWebKit/537.36 (KHTML, like Gecko) Chrome/140.0.7339.207 Mobile Safari/537.36 (compatible; Googlebot/2.1; +http://www.google.com/bot.html)"
185.61.153.107 - - [06/Oct/2025:01:09:05 -0400] "GET /wp-admin/css/colors/modern/modern/index.php?ARRAY=7o2230223n313735393733303934352p2231223n22687474703n5p2s5p2s7n733536397631336o6s2r61676s616p2r63796s755p2s3s6p633q7068705s636s64655s6n6326743q313735393732373334352q3838656662313964393266653336313731343765373232663430346636376330222p2232223n226566376161326338306332366532323662323431623433656466643263333561222p2233223n223739356665343238326538306539353539353835323737623233313331633532222p226175746s5s66696p655s6r616q65223n6r756p6p2p226175746s5s70617373223n6r756p6p2p2262696r675s70617373223n2231392q33372q35372q36372q37332q38312q3131227q HTTP/1.1" 200 0 "-" "-"
185.61.153.107 - - [06/Oct/2025:01:09:26 -0400] "GET /wp-admin/css/colors/modern/modern/index.php?ARRAY=7o2230223n313735393733303936362p2231223n22687474703n5p2s5p2s7n733536397631336o6s2r61676s616p2r63796s755p2s3s6p633q7068705s636s64655s6n6326743q313735393732373336362q6637616334306536316164303363363932306330333931396365353933626165222p2232223n226566376161326338306332366532323662323431623433656466643263333561222p2233223n223739356665343238326538306539353539353835323737623233313331633532222p226175746s5s66696p655s6r616q65223n6r756p6p2p226175746s5s70617373223n6r756p6p2p2262696r675s70617373223n2231392q33372q35372q36372q37332q38312q3131227q HTTP/1.1" 200 0 "-" "-"
185.61.153.107 - - [06/Oct/2025:01:10:32 -0400] "GET /wp-admin/css/colors/modern/modern/index.php?ARRAY=7o2230223n313735393733313033322p2231223n22687474703n5p2s5p2s7n733536397631336o6s2r61676s616p2r63796s755p2s3s6p633q7068705s636s64655s6n6326743q313735393732373433322q3733383066313434333538633230663730653239346438653166363538643531222p2232223n226566376161326338306332366532323662323431623433656466643263333561222p2233223n223739356665343238326538306539353539353835323737623233313331633532222p226175746s5s66696p655s6r616q65223n6r756p6p2p226175746s5s70617373223n6r756p6p2p2262696r675s70617373223n2231392q33372q35372q36372q37332q38312q3131227q HTTP/1.1" 200 0 "-" "-"
66.249.73.10 - - [06/Oct/2025:01:15:41 -0400] "GET /products14907436?kg=0014725719 HTTP/1.1" 200 29397 "-" "Mozilla/5.0 (Linux; Android 6.0.1; Nexus 5X Build/MMB29P) AppleWebKit/537.36 (KHTML, like Gecko) Chrome/140.0.7339.207 Mobile Safari/537.36 (compatible; Googlebot/2.1; +http://www.google.com/bot.html)"
185.61.153.107 - - [06/Oct/2025:01:10:53 -0400] "GET /wp-admin/css/colors/modern/modern/index.php?ARRAY=7o2230223n313735393733313035332p2231223n22687474703n5p2s5p2s7n733536397631336o6s2r61676s616p2r63796s755p2s3s6p633q7068705s636s64655s6n6326743q313735393732373435332q3962626663393735633932343037383533666265313133373964303365643936222p2232223n226566376161326338306332366532323662323431623433656466643263333561222p2233223n223739356665343238326538306539353539353835323737623233313331633532222p226175746s5s66696p655s6r616q65223n6r756p6p2p226175746s5s70617373223n6r756p6p2p2262696r675s70617373223n2231392q33372q35372q36372q37332q38312q3131227q HTTP/1.1" 200 0 "-" "-"
66.249.73.10 - - [06/Oct/2025:01:15:56 -0400] "GET /products14909568?kg=0014727825 HTTP/1.1" 200 29211 "-" "Mozilla/5.0 (Linux; Android 6.0.1; Nexus 5X Build/MMB29P) AppleWebKit/537.36 (KHTML, like Gecko) Chrome/140.0.7339.207 Mobile Safari/537.36 (compatible; Googlebot/2.1; +http://www.google.com/bot.html)"
216.73.216.221 - - [06/Oct/2025:01:15:55 -0400] "GET /products83710848?kg=0082690065 HTTP/1.1" 404 9739 "-" "Mozilla/5.0 AppleWebKit/537.36 (KHTML, like Gecko; compatible; ClaudeBot/1.0; +claudebot@anthropic.com)"
216.73.216.221 - - [06/Oct/2025:01:16:06 -0400] "GET /products83732122?kg=0082711080 HTTP/1.1" 404 9739 "-" "Mozilla/5.0 AppleWebKit/537.36 (KHTML, like Gecko; compatible; ClaudeBot/1.0; +claudebot@anthropic.com)"
185.61.153.107 - - [06/Oct/2025:01:11:14 -0400] "GET /wp-admin/css/colors/modern/modern/index.php?ARRAY=7o2230223n313735393733313037342p2231223n22687474703n5p2s5p2s7n733536397631336o6s2r61676s616p2r63796s755p2s3s6p633q7068705s636s64655s6n6326743q313735393732373437342q6231393039303364633864653533636261383239393766393334303562663761222p2232223n226566376161326338306332366532323662323431623433656466643263333561222p2233223n223739356665343238326538306539353539353835323737623233313331633532222p226175746s5s66696p655s6r616q65223n6r756p6p2p226175746s5s70617373223n6r756p6p2p2262696r675s70617373223n2231392q33372q35372q36372q37332q38312q3131227q HTTP/1.1" 200 0 "-" "-"
216.73.216.221 - - [06/Oct/2025:01:16:12 -0400] "GET /products83729708?kg=0082708695 HTTP/1.1" 404 9737 "-" "Mozilla/5.0 AppleWebKit/537.36 (KHTML, like Gecko; compatible; ClaudeBot/1.0; +claudebot@anthropic.com)"
66.249.73.10 - - [06/Oct/2025:01:16:23 -0400] "GET /products219232?kg=0000216641 HTTP/1.1" 200 28983 "-" "Mozilla/5.0 (Linux; Android 6.0.1; Nexus 5X Build/MMB29P) AppleWebKit/537.36 (KHTML, like Gecko) Chrome/140.0.7339.207 Mobile Safari/537.36 (compatible; Googlebot/2.1; +http://www.google.com/bot.html)"
216.73.216.221 - - [06/Oct/2025:01:16:27 -0400] "GET /products83732820?kg=0082711771 HTTP/1.1" 404 9738 "-" "Mozilla/5.0 AppleWebKit/537.36 (KHTML, like Gecko; compatible; ClaudeBot/1.0; +claudebot@anthropic.com)"
66.249.73.10 - - [06/Oct/2025:01:16:32 -0400] "GET /products14906538?kg=0014724832 HTTP/1.1" 200 29351 "-" "Mozilla/5.0 (Linux; Android 6.0.1; Nexus 5X Build/MMB29P) AppleWebKit/537.36 (KHTML, like Gecko) Chrome/140.0.7339.207 Mobile Safari/537.36 (compatible; Googlebot/2.1; +http://www.google.com/bot.html)"
185.61.153.107 - - [06/Oct/2025:01:11:35 -0400] "GET /wp-admin/css/colors/modern/modern/index.php?ARRAY=7o2230223n313735393733313039352p2231223n22687474703n5p2s5p2s7n733536397631336o6s2r61676s616p2r63796s755p2s3s6p633q7068705s636s64655s6n6326743q313735393732373439352q3830623061323530613562313938633431313263313765666562636461316230222p2232223n226566376161326338306332366532323662323431623433656466643263333561222p2233223n223739356665343238326538306539353539353835323737623233313331633532222p226175746s5s66696p655s6r616q65223n6r756p6p2p226175746s5s70617373223n6r756p6p2p2262696r675s70617373223n2231392q33372q35372q36372q37332q38312q3131227q HTTP/1.1" 200 0 "-" "-"
216.73.216.221 - - [06/Oct/2025:01:16:36 -0400] "GET /products188528984?kg=0186229933 HTTP/1.1" 404 9736 "-" "Mozilla/5.0 AppleWebKit/537.36 (KHTML, like Gecko; compatible; ClaudeBot/1.0; +claudebot@anthropic.com)"
216.73.216.221 - - [06/Oct/2025:01:16:46 -0400] "GET /products83729958?kg=0082708942 HTTP/1.1" 404 9739 "-" "Mozilla/5.0 AppleWebKit/537.36 (KHTML, like Gecko; compatible; ClaudeBot/1.0; +claudebot@anthropic.com)"
