103.205.70.26 - - [05/Oct/2025:16:34:59 -0400] "GET /.well-known/acme-challenge/wolf-shell.php HTTP/1.1" 404 12363 "-" "Mozilla/5.0 (Windows NT 10.0; Win64; x64) AppleWebKit/537.36 Chrome/91 Safari/537.36"
66.249.73.10 - - [05/Oct/2025:16:35:01 -0400] "GET /?products891718?kg=0000880926 HTTP/1.1" 200 1164 "-" "Mozilla/5.0 (Linux; Android 6.0.1; Nexus 5X Build/MMB29P) AppleWebKit/537.36 (KHTML, like Gecko) Chrome/140.0.7339.207 Mobile Safari/537.36 (compatible; Googlebot/2.1; +http://www.google.com/bot.html)"
185.61.153.107 - - [05/Oct/2025:16:35:05 -0400] "POST /wp-cron.php?doing_wp_cron=1759696505.6975460052490234375000 HTTP/1.1" 200 0 "-" "WordPress/6.8.3; https://salhab360photos.com"
103.205.70.26 - - [05/Oct/2025:16:35:12 -0400] "GET /wp-content/plugins/wolf-shell.php HTTP/1.1" 200 0 "-" "Mozilla/5.0 (Windows NT 10.0; Win64; x64) AppleWebKit/537.36 Chrome/91 Safari/537.36"
103.205.70.26 - - [05/Oct/2025:16:35:17 -0400] "GET /chosen.php HTTP/1.1" 404 10906 "-" "Mozilla/5.0 (Windows NT 10.0; Win64; x64) AppleWebKit/537.36 Chrome/91 Safari/537.36"
66.249.73.10 - - [05/Oct/2025:16:35:22 -0400] "GET /products1294124?kg=0001278423 HTTP/1.1" 200 29318 "-" "Mozilla/5.0 (Linux; Android 6.0.1; Nexus 5X Build/MMB29P) AppleWebKit/537.36 (KHTML, like Gecko) Chrome/140.0.7339.207 Mobile Safari/537.36 (compatible; Googlebot/2.1; +http://www.google.com/bot.html)"
103.205.70.26 - - [05/Oct/2025:16:34:41 -0400] "GET /wp-hoard.php HTTP/1.1" 404 10903 "-" "Mozilla/5.0 (Windows NT 10.0; Win64; x64) AppleWebKit/537.36 Chrome/91 Safari/537.36"
103.205.70.26 - - [05/Oct/2025:16:34:44 -0400] "GET /1index.php HTTP/1.1" 404 10903 "-" "Mozilla/5.0 (Windows NT 10.0; Win64; x64) AppleWebKit/537.36 Chrome/91 Safari/537.36"
103.205.70.26 - - [05/Oct/2025:16:34:46 -0400] "GET /geido.php HTTP/1.1" 404 10903 "-" "Mozilla/5.0 (Windows NT 10.0; Win64; x64) AppleWebKit/537.36 Chrome/91 Safari/537.36"
103.205.70.26 - - [05/Oct/2025:16:35:02 -0400] "GET /.well-known/pki-validation/wolf-shell.php HTTP/1.1" 404 1251 "-" "Mozilla/5.0 (Windows NT 10.0; Win64; x64) AppleWebKit/537.36 Chrome/91 Safari/537.36"
103.205.70.26 - - [05/Oct/2025:16:35:02 -0400] "GET /wp-admin/network/wolf-shell.php HTTP/1.1" 302 0 "-" "Mozilla/5.0 (Windows NT 10.0; Win64; x64) AppleWebKit/537.36 Chrome/91 Safari/537.36"
103.205.70.26 - - [05/Oct/2025:16:35:06 -0400] "GET /wp-login.php?redirect_to=https://salhab360photos.com/wp-admin/network/wolf-shell.php&reauth=1 HTTP/1.1" 200 2374 "-" "Mozilla/5.0 (Windows NT 10.0; Win64; x64) AppleWebKit/537.36 Chrome/91 Safari/537.36"
103.205.70.26 - - [05/Oct/2025:16:35:12 -0400] "GET /hehehehe.php HTTP/1.1" 404 10906 "-" "Mozilla/5.0 (Windows NT 10.0; Win64; x64) AppleWebKit/537.36 Chrome/91 Safari/537.36"
103.205.70.26 - - [05/Oct/2025:16:35:16 -0400] "GET /chosen.php?p= HTTP/1.1" 301 0 "-" "Mozilla/5.0 (Windows NT 10.0; Win64; x64) AppleWebKit/537.36 Chrome/91 Safari/537.36"
20.171.207.56 - - [05/Oct/2025:16:35:28 -0400] "GET /products210613642?kg=0208045264 HTTP/1.1" 404 9741 "-" "Mozilla/5.0 AppleWebKit/537.36 (KHTML, like Gecko; compatible; GPTBot/1.2; +https://openai.com/gptbot)"
103.205.70.26 - - [05/Oct/2025:16:35:29 -0400] "GET /wp-about.php HTTP/1.1" 404 10905 "-" "Mozilla/5.0 (Windows NT 10.0; Win64; x64) AppleWebKit/537.36 Chrome/91 Safari/537.36"
103.205.70.26 - - [05/Oct/2025:16:35:31 -0400] "GET /plugin.php HTTP/1.1" 404 10901 "-" "Mozilla/5.0 (Windows NT 10.0; Win64; x64) AppleWebKit/537.36 Chrome/91 Safari/537.36"
103.205.70.26 - - [05/Oct/2025:16:35:36 -0400] "GET /themes.php HTTP/1.1" 404 10905 "-" "Mozilla/5.0 (Windows NT 10.0; Win64; x64) AppleWebKit/537.36 Chrome/91 Safari/537.36"
103.205.70.26 - - [05/Oct/2025:16:35:43 -0400] "GET /wp-signup.php HTTP/1.1" 302 0 "-" "Mozilla/5.0 (Windows NT 10.0; Win64; x64) AppleWebKit/537.36 Chrome/91 Safari/537.36"
103.205.70.26 - - [05/Oct/2025:16:35:44 -0400] "GET /wp-login.php?action=register HTTP/1.1" 302 0 "-" "Mozilla/5.0 (Windows NT 10.0; Win64; x64) AppleWebKit/537.36 Chrome/91 Safari/537.36"
103.205.70.26 - - [05/Oct/2025:16:35:46 -0400] "GET /wp-login.php?registration=disabled HTTP/1.1" 200 2424 "-" "Mozilla/5.0 (Windows NT 10.0; Win64; x64) AppleWebKit/537.36 Chrome/91 Safari/537.36"
103.205.70.26 - - [05/Oct/2025:16:35:50 -0400] "GET /if.php HTTP/1.1" 404 10897 "-" "Mozilla/5.0 (Windows NT 10.0; Win64; x64) AppleWebKit/537.36 Chrome/91 Safari/537.36"
103.205.70.26 - - [05/Oct/2025:16:35:55 -0400] "GET /vuln.php HTTP/1.1" 404 10906 "-" "Mozilla/5.0 (Windows NT 10.0; Win64; x64) AppleWebKit/537.36 Chrome/91 Safari/537.36"
103.205.70.26 - - [05/Oct/2025:16:35:59 -0400] "GET /style2.php HTTP/1.1" 404 10906 "-" "Mozilla/5.0 (Windows NT 10.0; Win64; x64) AppleWebKit/537.36 Chrome/91 Safari/537.36"
66.249.73.11 - - [05/Oct/2025:16:36:24 -0400] "GET /products1294898?kg=0001279188 HTTP/1.1" 200 28930 "-" "Mozilla/5.0 (Linux; Android 6.0.1; Nexus 5X Build/MMB29P) AppleWebKit/537.36 (KHTML, like Gecko) Chrome/140.0.7339.207 Mobile Safari/537.36 (compatible; Googlebot/2.1; +http://www.google.com/bot.html)"
185.61.153.107 - - [05/Oct/2025:16:36:32 -0400] "POST /wp-cron.php?doing_wp_cron=1759696592.0755829811096191406250 HTTP/1.1" 200 0 "-" "WordPress/6.8.3; https://salhab360photos.com"
103.205.70.26 - - [05/Oct/2025:16:36:27 -0400] "GET /skipper.php HTTP/1.1" 404 10905 "-" "Mozilla/5.0 (Windows NT 10.0; Win64; x64) AppleWebKit/537.36 Chrome/91 Safari/537.36"
103.205.70.26 - - [05/Oct/2025:16:35:21 -0400] "GET /sql-new.php HTTP/1.1" 404 10895 "-" "Mozilla/5.0 (Windows NT 10.0; Win64; x64) AppleWebKit/537.36 Chrome/91 Safari/537.36"
66.249.73.11 - - [05/Oct/2025:16:35:24 -0400] "GET /products1294042?kg=0001278344 HTTP/1.1" 200 28987 "-" "Mozilla/5.0 (Linux; Android 6.0.1; Nexus 5X Build/MMB29P) AppleWebKit/537.36 (KHTML, like Gecko) Chrome/140.0.7339.207 Mobile Safari/537.36 (compatible; Googlebot/2.1; +http://www.google.com/bot.html)"
103.205.70.26 - - [05/Oct/2025:16:35:25 -0400] "GET /text.php HTTP/1.1" 404 10905 "-" "Mozilla/5.0 (Windows NT 10.0; Win64; x64) AppleWebKit/537.36 Chrome/91 Safari/537.36"
103.205.70.26 - - [05/Oct/2025:16:35:33 -0400] "GET /ru.php HTTP/1.1" 404 10903 "-" "Mozilla/5.0 (Windows NT 10.0; Win64; x64) AppleWebKit/537.36 Chrome/91 Safari/537.36"
103.205.70.26 - - [05/Oct/2025:16:35:40 -0400] "GET /shell4.php HTTP/1.1" 404 10904 "-" "Mozilla/5.0 (Windows NT 10.0; Win64; x64) AppleWebKit/537.36 Chrome/91 Safari/537.36"
185.61.153.107 - - [05/Oct/2025:16:36:07 -0400] "POST /wp-cron.php?doing_wp_cron=1759696567.5730109214782714843750 HTTP/1.1" 200 0 "-" "WordPress/6.8.3; https://salhab360photos.com"
103.205.70.26 - - [05/Oct/2025:16:36:04 -0400] "GET /shellname.php HTTP/1.1" 404 10905 "-" "Mozilla/5.0 (Windows NT 10.0; Win64; x64) AppleWebKit/537.36 Chrome/91 Safari/537.36"
66.249.73.10 - - [05/Oct/2025:16:36:11 -0400] "GET /?products4783420?kg=0004725167 HTTP/1.1" 200 1164 "-" "Mozilla/5.0 (Linux; Android 6.0.1; Nexus 5X Build/MMB29P) AppleWebKit/537.36 (KHTML, like Gecko) Chrome/140.0.7339.207 Mobile Safari/537.36 (compatible; Googlebot/2.1; +http://www.google.com/bot.html)"
103.205.70.26 - - [05/Oct/2025:16:36:09 -0400] "GET /fw.php HTTP/1.1" 404 10895 "-" "Mozilla/5.0 (Windows NT 10.0; Win64; x64) AppleWebKit/537.36 Chrome/91 Safari/537.36"
103.205.70.26 - - [05/Oct/2025:16:36:17 -0400] "GET /malay.php HTTP/1.1" 404 10900 "-" "Mozilla/5.0 (Windows NT 10.0; Win64; x64) AppleWebKit/537.36 Chrome/91 Safari/537.36"
103.205.70.26 - - [05/Oct/2025:16:36:22 -0400] "GET /mini.php HTTP/1.1" 404 10905 "-" "Mozilla/5.0 (Windows NT 10.0; Win64; x64) AppleWebKit/537.36 Chrome/91 Safari/537.36"
20.171.207.56 - - [05/Oct/2025:16:36:23 -0400] "GET /products210595402?kg=0208027248 HTTP/1.1" 404 9743 "-" "Mozilla/5.0 AppleWebKit/537.36 (KHTML, like Gecko; compatible; GPTBot/1.2; +https://openai.com/gptbot)"
103.205.70.26 - - [05/Oct/2025:16:36:34 -0400] "GET /skippershell.php HTTP/1.1" 404 10903 "-" "Mozilla/5.0 (Windows NT 10.0; Win64; x64) AppleWebKit/537.36 Chrome/91 Safari/537.36"
66.249.73.10 - - [05/Oct/2025:16:36:43 -0400] "GET /?products4783844?kg=0004725587 HTTP/1.1" 200 1164 "-" "Mozilla/5.0 (Linux; Android 6.0.1; Nexus 5X Build/MMB29P) AppleWebKit/537.36 (KHTML, like Gecko) Chrome/140.0.7339.207 Mobile Safari/537.36 (compatible; Googlebot/2.1; +http://www.google.com/bot.html)"
103.205.70.26 - - [05/Oct/2025:16:36:41 -0400] "GET /tttt.php HTTP/1.1" 404 10897 "-" "Mozilla/5.0 (Windows NT 10.0; Win64; x64) AppleWebKit/537.36 Chrome/91 Safari/537.36"
103.205.70.26 - - [05/Oct/2025:16:36:46 -0400] "GET /leaf.php HTTP/1.1" 404 10906 "-" "Mozilla/5.0 (Windows NT 10.0; Win64; x64) AppleWebKit/537.36 Chrome/91 Safari/537.36"
103.205.70.26 - - [05/Oct/2025:16:36:51 -0400] "GET /tshop.php HTTP/1.1" 404 10906 "-" "Mozilla/5.0 (Windows NT 10.0; Win64; x64) AppleWebKit/537.36 Chrome/91 Safari/537.36"
103.205.70.26 - - [05/Oct/2025:16:36:55 -0400] "GET /inje3ctor.php HTTP/1.1" 404 10905 "-" "Mozilla/5.0 (Windows NT 10.0; Win64; x64) AppleWebKit/537.36 Chrome/91 Safari/537.36"
66.249.73.12 - - [05/Oct/2025:16:37:01 -0400] "GET /products1292776?kg=0001277093 HTTP/1.1" 200 28921 "-" "Mozilla/5.0 (Linux; Android 6.0.1; Nexus 5X Build/MMB29P) AppleWebKit/537.36 (KHTML, like Gecko) Chrome/140.0.7339.207 Mobile Safari/537.36 (compatible; Googlebot/2.1; +http://www.google.com/bot.html)"
103.205.70.26 - - [05/Oct/2025:16:37:19 -0400] "GET /bot.php HTTP/1.1" 404 10900 "-" "Mozilla/5.0 (Windows NT 10.0; Win64; x64) AppleWebKit/537.36 Chrome/91 Safari/537.36"
66.249.73.11 - - [05/Oct/2025:16:37:01 -0400] "GET /products1293026?kg=0001277340 HTTP/1.1" 200 28867 "-" "Mozilla/5.0 (Linux; Android 6.0.1; Nexus 5X Build/MMB29P) AppleWebKit/537.36 (KHTML, like Gecko) Chrome/140.0.7339.207 Mobile Safari/537.36 (compatible; Googlebot/2.1; +http://www.google.com/bot.html)"
185.61.153.107 - - [05/Oct/2025:16:37:09 -0400] "POST /wp-cron.php?doing_wp_cron=1759696629.7708060741424560546875 HTTP/1.1" 200 0 "-" "WordPress/6.8.3; https://salhab360photos.com"
103.205.70.26 - - [05/Oct/2025:16:37:02 -0400] "GET /saudi.php HTTP/1.1" 404 10903 "-" "Mozilla/5.0 (Windows NT 10.0; Win64; x64) AppleWebKit/537.36 Chrome/91 Safari/537.36"
103.205.70.26 - - [05/Oct/2025:16:37:12 -0400] "GET /wso.php HTTP/1.1" 404 10903 "-" "Mozilla/5.0 (Windows NT 10.0; Win64; x64) AppleWebKit/537.36 Chrome/91 Safari/537.36"
66.249.73.11 - - [05/Oct/2025:16:37:21 -0400] "GET /products1293136?kg=0001277449 HTTP/1.1" 200 28906 "-" "Mozilla/5.0 (Linux; Android 6.0.1; Nexus 5X Build/MMB29P) AppleWebKit/537.36 (KHTML, like Gecko) Chrome/140.0.7339.207 Mobile Safari/537.36 (compatible; Googlebot/2.1; +http://www.google.com/bot.html)"
103.205.70.26 - - [05/Oct/2025:16:37:26 -0400] "GET /my_alfa.php HTTP/1.1" 404 10899 "-" "Mozilla/5.0 (Windows NT 10.0; Win64; x64) AppleWebKit/537.36 Chrome/91 Safari/537.36"
66.249.73.10 - - [05/Oct/2025:16:37:32 -0400] "GET /?products12046738?kg=0011899908 HTTP/1.1" 200 1164 "-" "Mozilla/5.0 (Linux; Android 6.0.1; Nexus 5X Build/MMB29P) AppleWebKit/537.36 (KHTML, like Gecko) Chrome/140.0.7339.207 Mobile Safari/537.36 (compatible; Googlebot/2.1; +http://www.google.com/bot.html)"
103.205.70.26 - - [05/Oct/2025:16:37:32 -0400] "GET /c99.php HTTP/1.1" 404 10897 "-" "Mozilla/5.0 (Windows NT 10.0; Win64; x64) AppleWebKit/537.36 Chrome/91 Safari/537.36"
103.205.70.26 - - [05/Oct/2025:16:37:44 -0400] "GET /505.php HTTP/1.1" 404 10903 "-" "Mozilla/5.0 (Windows NT 10.0; Win64; x64) AppleWebKit/537.36 Chrome/91 Safari/537.36"
103.205.70.26 - - [05/Oct/2025:16:37:52 -0400] "GET /zwos.php HTTP/1.1" 404 10906 "-" "Mozilla/5.0 (Windows NT 10.0; Win64; x64) AppleWebKit/537.36 Chrome/91 Safari/537.36"
51.75.236.131 - - [05/Oct/2025:16:37:57 -0400] "GET /products98836978?kg=0097631732 HTTP/1.1" 404 9740 "-" "Mozilla/5.0 (compatible; AhrefsBot/7.0; +http://ahrefs.com/robot/)"
66.249.73.11 - - [05/Oct/2025:16:38:01 -0400] "GET /products1294648?kg=0001278941 HTTP/1.1" 200 28716 "-" "Mozilla/5.0 (Linux; Android 6.0.1; Nexus 5X Build/MMB29P) AppleWebKit/537.36 (KHTML, like Gecko) Chrome/140.0.7339.207 Mobile Safari/537.36 (compatible; Googlebot/2.1; +http://www.google.com/bot.html)"
66.249.73.12 - - [05/Oct/2025:16:38:02 -0400] "GET /products5094000?kg=0005031961 HTTP/1.1" 200 28952 "-" "Mozilla/5.0 (Linux; Android 6.0.1; Nexus 5X Build/MMB29P) AppleWebKit/537.36 (KHTML, like Gecko) Chrome/140.0.7339.207 Mobile Safari/537.36 (compatible; Googlebot/2.1; +http://www.google.com/bot.html)"
103.205.70.26 - - [05/Oct/2025:16:38:05 -0400] "GET /epinyins.php HTTP/1.1" 404 10903 "-" "Mozilla/5.0 (Windows NT 10.0; Win64; x64) AppleWebKit/537.36 Chrome/91 Safari/537.36"
66.249.73.10 - - [05/Oct/2025:16:38:13 -0400] "GET /products177366?kg=0000175286 HTTP/1.1" 200 29563 "-" "Mozilla/5.0 (Linux; Android 6.0.1; Nexus 5X Build/MMB29P) AppleWebKit/537.36 (KHTML, like Gecko) Chrome/140.0.7339.207 Mobile Safari/537.36 (compatible; Googlebot/2.1; +http://www.google.com/bot.html)"
66.249.73.10 - - [05/Oct/2025:16:38:16 -0400] "GET /products175676?kg=0000173615 HTTP/1.1" 200 28981 "-" "Mozilla/5.0 (Linux; Android 6.0.1; Nexus 5X Build/MMB29P) AppleWebKit/537.36 (KHTML, like Gecko) Chrome/140.0.7339.207 Mobile Safari/537.36 (compatible; Googlebot/2.1; +http://www.google.com/bot.html)"
103.205.70.26 - - [05/Oct/2025:16:38:12 -0400] "GET /Navir.php HTTP/1.1" 404 10902 "-" "Mozilla/5.0 (Windows NT 10.0; Win64; x64) AppleWebKit/537.36 Chrome/91 Safari/537.36"
20.171.207.56 - - [05/Oct/2025:16:37:20 -0400] "GET /products210627332?kg=0208058787 HTTP/1.1" 404 9742 "-" "Mozilla/5.0 AppleWebKit/537.36 (KHTML, like Gecko; compatible; GPTBot/1.2; +https://openai.com/gptbot)"
103.205.70.26 - - [05/Oct/2025:16:37:39 -0400] "GET /ws.php HTTP/1.1" 404 10903 "-" "Mozilla/5.0 (Windows NT 10.0; Win64; x64) AppleWebKit/537.36 Chrome/91 Safari/537.36"
103.205.70.26 - - [05/Oct/2025:16:37:58 -0400] "GET /mariju.php HTTP/1.1" 404 10906 "-" "Mozilla/5.0 (Windows NT 10.0; Win64; x64) AppleWebKit/537.36 Chrome/91 Safari/537.36"
185.61.153.107 - - [05/Oct/2025:16:38:08 -0400] "POST /wp-cron.php?doing_wp_cron=1759696688.9747200012207031250000 HTTP/1.1" 200 0 "-" "WordPress/6.8.3; https://salhab360photos.com"
103.205.70.26 - - [05/Oct/2025:16:38:10 -0400] "GET /wp-content/themes/travelscape/json.php HTTP/1.1" 200 0 "-" "Mozilla/5.0 (Windows NT 10.0; Win64; x64) AppleWebKit/537.36 Chrome/91 Safari/537.36"
103.205.70.26 - - [05/Oct/2025:16:38:11 -0400] "GET /wp-content/themes/pridmag/db.php?u HTTP/1.1" 200 0 "-" "Mozilla/5.0 (Windows NT 10.0; Win64; x64) AppleWebKit/537.36 Chrome/91 Safari/537.36"
103.205.70.26 - - [05/Oct/2025:16:38:19 -0400] "GET /cmd13.php HTTP/1.1" 404 10906 "-" "Mozilla/5.0 (Windows NT 10.0; Win64; x64) AppleWebKit/537.36 Chrome/91 Safari/537.36"
103.205.70.26 - - [05/Oct/2025:16:38:29 -0400] "GET /radio.php HTTP/1.1" 404 10902 "-" "Mozilla/5.0 (Windows NT 10.0; Win64; x64) AppleWebKit/537.36 Chrome/91 Safari/537.36"
103.205.70.26 - - [05/Oct/2025:16:38:44 -0400] "GET /class.api.php HTTP/1.1" 404 10906 "-" "Mozilla/5.0 (Windows NT 10.0; Win64; x64) AppleWebKit/537.36 Chrome/91 Safari/537.36"
103.205.70.26 - - [05/Oct/2025:16:38:48 -0400] "GET /admin-post.php HTTP/1.1" 404 10905 "-" "Mozilla/5.0 (Windows NT 10.0; Win64; x64) AppleWebKit/537.36 Chrome/91 Safari/537.36"
66.249.73.12 - - [05/Oct/2025:16:39:06 -0400] "GET /?ctg/search/similarImageSearchResultView/?ctgItemCd=3405 HTTP/1.1" 200 1164 "-" "Mozilla/5.0 (Linux; Android 6.0.1; Nexus 5X Build/MMB29P) AppleWebKit/537.36 (KHTML, like Gecko) Chrome/140.0.7339.207 Mobile Safari/537.36 (compatible; Googlebot/2.1; +http://www.google.com/bot.html)"
185.61.153.107 - - [05/Oct/2025:16:39:08 -0400] "POST /wp-cron.php?doing_wp_cron=1759696748.4763369560241699218750 HTTP/1.1" 200 0 "-" "WordPress/6.8.3; https://salhab360photos.com"
103.205.70.26 - - [05/Oct/2025:16:39:04 -0400] "GET /assets/css/403.php HTTP/1.1" 404 12360 "-" "Mozilla/5.0 (Windows NT 10.0; Win64; x64) AppleWebKit/537.36 Chrome/91 Safari/537.36"
103.205.70.26 - - [05/Oct/2025:16:39:10 -0400] "GET /403.php HTTP/1.1" 404 10899 "-" "Mozilla/5.0 (Windows NT 10.0; Win64; x64) AppleWebKit/537.36 Chrome/91 Safari/537.36"
103.205.70.26 - - [05/Oct/2025:16:39:15 -0400] "GET /wp-content/plugins/core/include.php HTTP/1.1" 200 0 "-" "Mozilla/5.0 (Windows NT 10.0; Win64; x64) AppleWebKit/537.36 Chrome/91 Safari/537.36"
20.171.207.56 - - [05/Oct/2025:16:39:11 -0400] "GET /products210611834?kg=0208043480 HTTP/1.1" 404 9741 "-" "Mozilla/5.0 AppleWebKit/537.36 (KHTML, like Gecko; compatible; GPTBot/1.2; +https://openai.com/gptbot)"
103.205.70.26 - - [05/Oct/2025:16:39:30 -0400] "GET /wp-content/plugins/dummyyummy/wp-signup.php HTTP/1.1" 200 0 "-" "Mozilla/5.0 (Windows NT 10.0; Win64; x64) AppleWebKit/537.36 Chrome/91 Safari/537.36"
66.249.73.10 - - [05/Oct/2025:16:39:36 -0400] "GET /products174778?kg=0000172728 HTTP/1.1" 200 28850 "-" "Mozilla/5.0 (Linux; Android 6.0.1; Nexus 5X Build/MMB29P) AppleWebKit/537.36 (KHTML, like Gecko) Chrome/140.0.7339.207 Mobile Safari/537.36 (compatible; Googlebot/2.1; +http://www.google.com/bot.html)"
103.205.70.26 - - [05/Oct/2025:16:39:36 -0400] "GET /wp-admin/css/plugins.php HTTP/1.1" 302 0 "-" "Mozilla/5.0 (Windows NT 10.0; Win64; x64) AppleWebKit/537.36 Chrome/91 Safari/537.36"
103.205.70.26 - - [05/Oct/2025:16:39:48 -0400] "GET /wp-login.php?redirect_to=https://salhab360photos.com/wp-admin/js/widgets/file.php&reauth=1 HTTP/1.1" 200 2372 "-" "Mozilla/5.0 (Windows NT 10.0; Win64; x64) AppleWebKit/537.36 Chrome/91 Safari/537.36"
20.171.207.56 - - [05/Oct/2025:16:38:15 -0400] "GET /products210647700?kg=0208078907 HTTP/1.1" 404 9740 "-" "Mozilla/5.0 AppleWebKit/537.36 (KHTML, like Gecko; compatible; GPTBot/1.2; +https://openai.com/gptbot)"
66.249.73.10 - - [05/Oct/2025:16:38:25 -0400] "GET /?products12298806?kg=0012148902 HTTP/1.1" 200 1164 "-" "Mozilla/5.0 (Linux; Android 6.0.1; Nexus 5X Build/MMB29P) AppleWebKit/537.36 (KHTML, like Gecko) Chrome/140.0.7339.207 Mobile Safari/537.36 (compatible; Googlebot/2.1; +http://www.google.com/bot.html)"
103.205.70.26 - - [05/Oct/2025:16:38:24 -0400] "GET /inc20k1.php HTTP/1.1" 404 10902 "-" "Mozilla/5.0 (Windows NT 10.0; Win64; x64) AppleWebKit/537.36 Chrome/91 Safari/537.36"
103.205.70.26 - - [05/Oct/2025:16:38:33 -0400] "GET /wp-admin/user/about.php HTTP/1.1" 403 1242 "-" "Mozilla/5.0 (Windows NT 10.0; Win64; x64) AppleWebKit/537.36 Chrome/91 Safari/537.36"
103.205.70.26 - - [05/Oct/2025:16:38:34 -0400] "GET /chosen.php HTTP/1.1" 404 10903 "-" "Mozilla/5.0 (Windows NT 10.0; Win64; x64) AppleWebKit/537.36 Chrome/91 Safari/537.36"
103.205.70.26 - - [05/Oct/2025:16:38:38 -0400] "GET /simple.php HTTP/1.1" 404 10906 "-" "Mozilla/5.0 (Windows NT 10.0; Win64; x64) AppleWebKit/537.36 Chrome/91 Safari/537.36"
103.205.70.26 - - [05/Oct/2025:16:38:52 -0400] "GET /wp-head.php HTTP/1.1" 404 10903 "-" "Mozilla/5.0 (Windows NT 10.0; Win64; x64) AppleWebKit/537.36 Chrome/91 Safari/537.36"
103.205.70.26 - - [05/Oct/2025:16:38:59 -0400] "GET /file.php HTTP/1.1" 404 10904 "-" "Mozilla/5.0 (Windows NT 10.0; Win64; x64) AppleWebKit/537.36 Chrome/91 Safari/537.36"
66.249.73.11 - - [05/Oct/2025:16:39:14 -0400] "GET /products174788?kg=0000172739 HTTP/1.1" 200 28980 "-" "Mozilla/5.0 (Linux; Android 6.0.1; Nexus 5X Build/MMB29P) AppleWebKit/537.36 (KHTML, like Gecko) Chrome/140.0.7339.207 Mobile Safari/537.36 (compatible; Googlebot/2.1; +http://www.google.com/bot.html)"
103.205.70.26 - - [05/Oct/2025:16:39:15 -0400] "GET /.well-known/admin.php HTTP/1.1" 404 10897 "-" "Mozilla/5.0 (Windows NT 10.0; Win64; x64) AppleWebKit/537.36 Chrome/91 Safari/537.36"
103.205.70.26 - - [05/Oct/2025:16:39:20 -0400] "GET /wp-content/themes/seotheme/mar.php HTTP/1.1" 200 0 "-" "Mozilla/5.0 (Windows NT 10.0; Win64; x64) AppleWebKit/537.36 Chrome/91 Safari/537.36"
66.249.73.10 - - [05/Oct/2025:16:39:20 -0400] "GET /products176660?kg=0000174587 HTTP/1.1" 200 29230 "-" "Mozilla/5.0 (Linux; Android 6.0.1; Nexus 5X Build/MMB29P) AppleWebKit/537.36 (KHTML, like Gecko) Chrome/140.0.7339.207 Mobile Safari/537.36 (compatible; Googlebot/2.1; +http://www.google.com/bot.html)"
103.205.70.26 - - [05/Oct/2025:16:39:21 -0400] "GET /mah.php HTTP/1.1" 404 10906 "-" "Mozilla/5.0 (Windows NT 10.0; Win64; x64) AppleWebKit/537.36 Chrome/91 Safari/537.36"
103.205.70.26 - - [05/Oct/2025:16:39:27 -0400] "GET /wp-includes/SimplePie/file.php HTTP/1.1" 404 12366 "-" "Mozilla/5.0 (Windows NT 10.0; Win64; x64) AppleWebKit/537.36 Chrome/91 Safari/537.36"
103.205.70.26 - - [05/Oct/2025:16:39:31 -0400] "GET /fosil.php HTTP/1.1" 404 10903 "-" "Mozilla/5.0 (Windows NT 10.0; Win64; x64) AppleWebKit/537.36 Chrome/91 Safari/537.36"
103.205.70.26 - - [05/Oct/2025:16:39:40 -0400] "GET /wp-login.php?redirect_to=https://salhab360photos.com/wp-admin/css/plugins.php&reauth=1 HTTP/1.1" 200 2371 "-" "Mozilla/5.0 (Windows NT 10.0; Win64; x64) AppleWebKit/537.36 Chrome/91 Safari/537.36"
103.205.70.26 - - [05/Oct/2025:16:39:44 -0400] "GET /wp-admin/js/widgets/file.php HTTP/1.1" 302 0 "-" "Mozilla/5.0 (Windows NT 10.0; Win64; x64) AppleWebKit/537.36 Chrome/91 Safari/537.36"
103.205.70.26 - - [05/Oct/2025:16:39:52 -0400] "GET /wp-includes/js/500.php HTTP/1.1" 404 12360 "-" "Mozilla/5.0 (Windows NT 10.0; Win64; x64) AppleWebKit/537.36 Chrome/91 Safari/537.36"
66.249.73.12 - - [05/Oct/2025:16:40:01 -0400] "GET /products175936?kg=0000173873 HTTP/1.1" 200 28946 "-" "Mozilla/5.0 (Linux; Android 6.0.1; Nexus 5X Build/MMB29P) AppleWebKit/537.36 (KHTML, like Gecko) Chrome/140.0.7339.207 Mobile Safari/537.36 (compatible; Googlebot/2.1; +http://www.google.com/bot.html)"
103.205.70.26 - - [05/Oct/2025:16:40:02 -0400] "GET /wp-includes/js/tinymce/skins/lightgray/img/index.php?p= HTTP/1.1" 301 0 "-" "Mozilla/5.0 (Windows NT 10.0; Win64; x64) AppleWebKit/537.36 Chrome/91 Safari/537.36"
103.205.70.26 - - [05/Oct/2025:16:40:09 -0400] "GET /wp-includes/js/tinymce/skins/lightgray/img/ HTTP/1.1" 200 864 "-" "Mozilla/5.0 (Windows NT 10.0; Win64; x64) AppleWebKit/537.36 Chrome/91 Safari/537.36"
103.205.70.26 - - [05/Oct/2025:16:40:10 -0400] "GET /wp-admin/includes/class_api.php HTTP/1.1" 302 0 "-" "Mozilla/5.0 (Windows NT 10.0; Win64; x64) AppleWebKit/537.36 Chrome/91 Safari/537.36"
103.205.70.26 - - [05/Oct/2025:16:40:19 -0400] "GET /wp-login.php?redirect_to=https://salhab360photos.com/wp-admin/includes/class_api.php&reauth=1 HTTP/1.1" 200 2369 "-" "Mozilla/5.0 (Windows NT 10.0; Win64; x64) AppleWebKit/537.36 Chrome/91 Safari/537.36"
66.249.73.11 - - [05/Oct/2025:16:40:26 -0400] "GET /products5024104?kg=0004962917 HTTP/1.1" 200 28903 "-" "Mozilla/5.0 (Linux; Android 6.0.1; Nexus 5X Build/MMB29P) AppleWebKit/537.36 (KHTML, like Gecko) Chrome/140.0.7339.207 Mobile Safari/537.36 (compatible; Googlebot/2.1; +http://www.google.com/bot.html)"
103.205.70.26 - - [05/Oct/2025:16:40:29 -0400] "GET /wp-content/themes/twentyfive/include.php HTTP/1.1" 200 0 "-" "Mozilla/5.0 (Windows NT 10.0; Win64; x64) AppleWebKit/537.36 Chrome/91 Safari/537.36"
103.205.70.26 - - [05/Oct/2025:16:40:30 -0400] "GET /wp-content/themes/twentyseventeen/page/index.php?p= HTTP/1.1" 200 0 "-" "Mozilla/5.0 (Windows NT 10.0; Win64; x64) AppleWebKit/537.36 Chrome/91 Safari/537.36"
103.205.70.26 - - [05/Oct/2025:16:40:30 -0400] "GET /.tmb/class_api.php HTTP/1.1" 404 10900 "-" "Mozilla/5.0 (Windows NT 10.0; Win64; x64) AppleWebKit/537.36 Chrome/91 Safari/537.36"
103.205.70.26 - - [05/Oct/2025:16:40:35 -0400] "GET /cgi-bin/about.php HTTP/1.1" 403 1242 "-" "Mozilla/5.0 (Windows NT 10.0; Win64; x64) AppleWebKit/537.36 Chrome/91 Safari/537.36"
103.205.70.26 - - [05/Oct/2025:16:40:44 -0400] "GET /wp-admin/dropdown.php HTTP/1.1" 302 0 "-" "Mozilla/5.0 (Windows NT 10.0; Win64; x64) AppleWebKit/537.36 Chrome/91 Safari/537.36"
103.205.70.26 - - [05/Oct/2025:16:40:51 -0400] "GET /wp-admin/css/index.php HTTP/1.1" 302 0 "-" "Mozilla/5.0 (Windows NT 10.0; Win64; x64) AppleWebKit/537.36 Chrome/91 Safari/537.36"
103.205.70.26 - - [05/Oct/2025:16:40:56 -0400] "GET /dropdown.php HTTP/1.1" 404 10906 "-" "Mozilla/5.0 (Windows NT 10.0; Win64; x64) AppleWebKit/537.36 Chrome/91 Safari/537.36"
20.171.207.56 - - [05/Oct/2025:16:41:02 -0400] "GET /products210576688?kg=0208008761 HTTP/1.1" 404 9744 "-" "Mozilla/5.0 AppleWebKit/537.36 (KHTML, like Gecko; compatible; GPTBot/1.2; +https://openai.com/gptbot)"
103.205.70.26 - - [05/Oct/2025:16:41:02 -0400] "GET /about.php HTTP/1.1" 404 10897 "-" "Mozilla/5.0 (Windows NT 10.0; Win64; x64) AppleWebKit/537.36 Chrome/91 Safari/537.36"
103.205.70.26 - - [05/Oct/2025:16:41:08 -0400] "GET /api.php HTTP/1.1" 404 10906 "-" "Mozilla/5.0 (Windows NT 10.0; Win64; x64) AppleWebKit/537.36 Chrome/91 Safari/537.36"
103.205.70.26 - - [05/Oct/2025:16:41:20 -0400] "GET /revision.php HTTP/1.1" 404 10904 "-" "Mozilla/5.0 (Windows NT 10.0; Win64; x64) AppleWebKit/537.36 Chrome/91 Safari/537.36"
103.205.70.26 - - [05/Oct/2025:16:41:22 -0400] "GET /wp-configs.php HTTP/1.1" 404 10902 "-" "Mozilla/5.0 (Windows NT 10.0; Win64; x64) AppleWebKit/537.36 Chrome/91 Safari/537.36"
103.205.70.26 - - [05/Oct/2025:16:41:28 -0400] "GET /pacman.php HTTP/1.1" 404 10896 "-" "Mozilla/5.0 (Windows NT 10.0; Win64; x64) AppleWebKit/537.36 Chrome/91 Safari/537.36"
103.205.70.26 - - [05/Oct/2025:16:41:46 -0400] "GET /wp-login.php?redirect_to=https://salhab360photos.com/wp-admin/css/colors/index.php&reauth=1 HTTP/1.1" 200 2372 "-" "Mozilla/5.0 (Windows NT 10.0; Win64; x64) AppleWebKit/537.36 Chrome/91 Safari/537.36"
103.205.70.26 - - [05/Oct/2025:16:41:50 -0400] "GET /wp-content/plugins/seoplugins/mar.php HTTP/1.1" 200 0 "-" "Mozilla/5.0 (Windows NT 10.0; Win64; x64) AppleWebKit/537.36 Chrome/91 Safari/537.36"
103.205.70.26 - - [05/Oct/2025:16:39:58 -0400] "GET /cong.php HTTP/1.1" 404 10899 "-" "Mozilla/5.0 (Windows NT 10.0; Win64; x64) AppleWebKit/537.36 Chrome/91 Safari/537.36"
185.61.153.107 - - [05/Oct/2025:16:40:08 -0400] "POST /wp-cron.php?doing_wp_cron=1759696808.4818449020385742187500 HTTP/1.1" 200 0 "-" "WordPress/6.8.3; https://salhab360photos.com"
20.171.207.56 - - [05/Oct/2025:16:40:06 -0400] "GET /products210613182?kg=0208044810 HTTP/1.1" 404 9741 "-" "Mozilla/5.0 AppleWebKit/537.36 (KHTML, like Gecko; compatible; GPTBot/1.2; +https://openai.com/gptbot)"
103.205.70.26 - - [05/Oct/2025:16:40:25 -0400] "GET /wp-mail.php HTTP/1.1" 403 1129 "-" "Mozilla/5.0 (Windows NT 10.0; Win64; x64) AppleWebKit/537.36 Chrome/91 Safari/537.36"
103.205.70.26 - - [05/Oct/2025:16:40:35 -0400] "GET /.well-known/acme-challenge/cloud.php HTTP/1.1" 404 12362 "-" "Mozilla/5.0 (Windows NT 10.0; Win64; x64) AppleWebKit/537.36 Chrome/91 Safari/537.36"
103.205.70.26 - - [05/Oct/2025:16:40:39 -0400] "GET /repeater.php HTTP/1.1" 404 10895 "-" "Mozilla/5.0 (Windows NT 10.0; Win64; x64) AppleWebKit/537.36 Chrome/91 Safari/537.36"
66.249.73.10 - - [05/Oct/2025:16:40:47 -0400] "GET /products5023042?kg=0004961868 HTTP/1.1" 200 28554 "-" "Mozilla/5.0 (Linux; Android 6.0.1; Nexus 5X Build/MMB29P) AppleWebKit/537.36 (KHTML, like Gecko) Chrome/140.0.7339.207 Mobile Safari/537.36 (compatible; Googlebot/2.1; +http://www.google.com/bot.html)"
103.205.70.26 - - [05/Oct/2025:16:40:48 -0400] "GET /wp-login.php?redirect_to=https://salhab360photos.com/wp-admin/dropdown.php&reauth=1 HTTP/1.1" 200 2368 "-" "Mozilla/5.0 (Windows NT 10.0; Win64; x64) AppleWebKit/537.36 Chrome/91 Safari/537.36"
103.205.70.26 - - [05/Oct/2025:16:40:53 -0400] "GET /wp-login.php?redirect_to=https://salhab360photos.com/wp-admin/css/index.php&reauth=1 HTTP/1.1" 200 2368 "-" "Mozilla/5.0 (Windows NT 10.0; Win64; x64) AppleWebKit/537.36 Chrome/91 Safari/537.36"
185.61.153.107 - - [05/Oct/2025:16:41:06 -0400] "POST /wp-cron.php?doing_wp_cron=1759696866.4713048934936523437500 HTTP/1.1" 200 0 "-" "WordPress/6.8.3; https://salhab360photos.com"
66.249.73.10 - - [05/Oct/2025:16:41:16 -0400] "GET /?products5461852?kg=0005395327 HTTP/1.1" 200 1164 "-" "Mozilla/5.0 (Linux; Android 6.0.1; Nexus 5X Build/MMB29P) AppleWebKit/537.36 (KHTML, like Gecko) Chrome/140.0.7339.207 Mobile Safari/537.36 (compatible; Googlebot/2.1; +http://www.google.com/bot.html)"
103.205.70.26 - - [05/Oct/2025:16:41:15 -0400] "GET /function.php HTTP/1.1" 404 10897 "-" "Mozilla/5.0 (Windows NT 10.0; Win64; x64) AppleWebKit/537.36 Chrome/91 Safari/537.36"
103.205.70.26 - - [05/Oct/2025:16:41:34 -0400] "GET /admin.php HTTP/1.1" 404 28 "-" "Mozilla/5.0 (Windows NT 10.0; Win64; x64) AppleWebKit/537.36 Chrome/91 Safari/537.36"
103.205.70.26 - - [05/Oct/2025:16:41:35 -0400] "GET /wp-admin/images/index.php HTTP/1.1" 302 0 "-" "Mozilla/5.0 (Windows NT 10.0; Win64; x64) AppleWebKit/537.36 Chrome/91 Safari/537.36"
103.205.70.26 - - [05/Oct/2025:16:41:38 -0400] "GET /wp-login.php?redirect_to=https://salhab360photos.com/wp-admin/images/index.php&reauth=1 HTTP/1.1" 200 2368 "-" "Mozilla/5.0 (Windows NT 10.0; Win64; x64) AppleWebKit/537.36 Chrome/91 Safari/537.36"
103.205.70.26 - - [05/Oct/2025:16:41:42 -0400] "GET /wp-admin/css/colors/index.php HTTP/1.1" 302 0 "-" "Mozilla/5.0 (Windows NT 10.0; Win64; x64) AppleWebKit/537.36 Chrome/91 Safari/537.36"
66.249.73.10 - - [05/Oct/2025:16:41:47 -0400] "GET /products5021470?kg=0004960314 HTTP/1.1" 200 28730 "-" "Mozilla/5.0 (Linux; Android 6.0.1; Nexus 5X Build/MMB29P) AppleWebKit/537.36 (KHTML, like Gecko) Chrome/140.0.7339.207 Mobile Safari/537.36 (compatible; Googlebot/2.1; +http://www.google.com/bot.html)"
103.205.70.26 - - [05/Oct/2025:16:41:51 -0400] "GET /.well-known/pki-validation/xmrlpc.php?p= HTTP/1.1" 404 1251 "-" "Mozilla/5.0 (Windows NT 10.0; Win64; x64) AppleWebKit/537.36 Chrome/91 Safari/537.36"
66.249.73.11 - - [05/Oct/2025:16:41:50 -0400] "GET /?products449278?kg=0000443882 HTTP/1.1" 200 1164 "-" "Mozilla/5.0 (Linux; Android 6.0.1; Nexus 5X Build/MMB29P) AppleWebKit/537.36 (KHTML, like Gecko) Chrome/140.0.7339.207 Mobile Safari/537.36 (compatible; Googlebot/2.1; +http://www.google.com/bot.html)"
103.205.70.26 - - [05/Oct/2025:16:41:51 -0400] "GET /.well-known/acme-challenge/xmrlpc.php?p= HTTP/1.1" 301 0 "-" "Mozilla/5.0 (Windows NT 10.0; Win64; x64) AppleWebKit/537.36 Chrome/91 Safari/537.36"
103.205.70.26 - - [05/Oct/2025:16:41:59 -0400] "GET /wp-admin/network/xmrlpc.php?p= HTTP/1.1" 302 0 "-" "Mozilla/5.0 (Windows NT 10.0; Win64; x64) AppleWebKit/537.36 Chrome/91 Safari/537.36"
103.205.70.26 - - [05/Oct/2025:16:42:22 -0400] "GET /wp-login.php?redirect_to=https://salhab360photos.com/wp-admin/images/xmrlpc.php?p%3D&reauth=1 HTTP/1.1" 200 2362 "-" "Mozilla/5.0 (Windows NT 10.0; Win64; x64) AppleWebKit/537.36 Chrome/91 Safari/537.36"
66.249.73.10 - - [05/Oct/2025:16:42:27 -0400] "GET /products11342358?kg=0011204118 HTTP/1.1" 200 28992 "-" "Mozilla/5.0 (Linux; Android 6.0.1; Nexus 5X Build/MMB29P) AppleWebKit/537.36 (KHTML, like Gecko) Chrome/140.0.7339.207 Mobile Safari/537.36 (compatible; Googlebot/2.1; +http://www.google.com/bot.html)"
103.205.70.26 - - [05/Oct/2025:16:42:29 -0400] "GET /ccx/ HTTP/1.1" 404 10903 "-" "Mozilla/5.0 (Windows NT 10.0; Win64; x64) AppleWebKit/537.36 Chrome/91 Safari/537.36"
103.205.70.26 - - [05/Oct/2025:16:42:33 -0400] "GET /wp-admin/ccx/index.php HTTP/1.1" 302 0 "-" "Mozilla/5.0 (Windows NT 10.0; Win64; x64) AppleWebKit/537.36 Chrome/91 Safari/537.36"
66.249.73.10 - - [05/Oct/2025:16:42:40 -0400] "GET /?products5628808?kg=0005560245 HTTP/1.1" 200 1164 "-" "Mozilla/5.0 (Linux; Android 6.0.1; Nexus 5X Build/MMB29P) AppleWebKit/537.36 (KHTML, like Gecko) Chrome/140.0.7339.207 Mobile Safari/537.36 (compatible; Googlebot/2.1; +http://www.google.com/bot.html)"
103.205.70.26 - - [05/Oct/2025:16:42:40 -0400] "GET /wp-info.php HTTP/1.1" 404 10904 "-" "Mozilla/5.0 (Windows NT 10.0; Win64; x64) AppleWebKit/537.36 Chrome/91 Safari/537.36"
103.205.70.26 - - [05/Oct/2025:16:42:43 -0400] "GET /wp-blog.php HTTP/1.1" 404 10903 "-" "Mozilla/5.0 (Windows NT 10.0; Win64; x64) AppleWebKit/537.36 Chrome/91 Safari/537.36"
103.205.70.26 - - [05/Oct/2025:16:42:45 -0400] "GET /wp-admin/x.php?action=768776e296b6f286f26796e2a72607e2972647 HTTP/1.1" 302 0 "-" "Mozilla/5.0 (Windows NT 10.0; Win64; x64) AppleWebKit/537.36 Chrome/91 Safari/537.36"
103.205.70.26 - - [05/Oct/2025:16:42:46 -0400] "GET /wp-login.php?redirect_to=https://salhab360photos.com/wp-admin/x.php?action%3D768776e296b6f286f26796e2a72607e2972647&reauth=1 HTTP/1.1" 200 2392 "-" "Mozilla/5.0 (Windows NT 10.0; Win64; x64) AppleWebKit/537.36 Chrome/91 Safari/537.36"
103.205.70.26 - - [05/Oct/2025:16:42:49 -0400] "GET /wp-admin/css/colors/blue/about.php HTTP/1.1" 302 0 "-" "Mozilla/5.0 (Windows NT 10.0; Win64; x64) AppleWebKit/537.36 Chrome/91 Safari/537.36"
103.205.70.26 - - [05/Oct/2025:16:42:51 -0400] "GET /wp-login.php?redirect_to=https://salhab360photos.com/wp-admin/css/colors/blue/about.php&reauth=1 HTTP/1.1" 200 2376 "-" "Mozilla/5.0 (Windows NT 10.0; Win64; x64) AppleWebKit/537.36 Chrome/91 Safari/537.36"
103.205.70.26 - - [05/Oct/2025:16:42:58 -0400] "GET /worm0.PhP7 HTTP/1.1" 404 10905 "-" "Mozilla/5.0 (Windows NT 10.0; Win64; x64) AppleWebKit/537.36 Chrome/91 Safari/537.36"
185.61.153.107 - - [05/Oct/2025:16:43:07 -0400] "POST /wp-cron.php?doing_wp_cron=1759696987.1751620769500732421875 HTTP/1.1" 200 0 "-" "WordPress/6.8.3; https://salhab360photos.com"
103.205.70.26 - - [05/Oct/2025:16:43:05 -0400] "GET /wp-2019.php HTTP/1.1" 404 10901 "-" "Mozilla/5.0 (Windows NT 10.0; Win64; x64) AppleWebKit/537.36 Chrome/91 Safari/537.36"
103.205.70.26 - - [05/Oct/2025:16:43:10 -0400] "GET /shells.php HTTP/1.1" 404 10902 "-" "Mozilla/5.0 (Windows NT 10.0; Win64; x64) AppleWebKit/537.36 Chrome/91 Safari/537.36"
103.205.70.26 - - [05/Oct/2025:16:41:56 -0400] "GET /.well-known/acme-challenge/xmrlpc.php HTTP/1.1" 404 12362 "-" "Mozilla/5.0 (Windows NT 10.0; Win64; x64) AppleWebKit/537.36 Chrome/91 Safari/537.36"
20.171.207.56 - - [05/Oct/2025:16:41:59 -0400] "GET /products210644844?kg=0208076087 HTTP/1.1" 404 9741 "-" "Mozilla/5.0 AppleWebKit/537.36 (KHTML, like Gecko; compatible; GPTBot/1.2; +https://openai.com/gptbot)"
185.61.153.107 - - [05/Oct/2025:16:42:05 -0400] "POST /wp-cron.php?doing_wp_cron=1759696925.5723030567169189453125 HTTP/1.1" 200 0 "-" "WordPress/6.8.3; https://salhab360photos.com"
103.205.70.26 - - [05/Oct/2025:16:42:06 -0400] "GET /wp-login.php?redirect_to=https://salhab360photos.com/wp-admin/network/xmrlpc.php?p%3D&reauth=1 HTTP/1.1" 200 2364 "-" "Mozilla/5.0 (Windows NT 10.0; Win64; x64) AppleWebKit/537.36 Chrome/91 Safari/537.36"
103.205.70.26 - - [05/Oct/2025:16:42:11 -0400] "GET /cgi-bin/xmrlpc.php?p= HTTP/1.1" 403 1242 "-" "Mozilla/5.0 (Windows NT 10.0; Win64; x64) AppleWebKit/537.36 Chrome/91 Safari/537.36"
103.205.70.26 - - [05/Oct/2025:16:42:12 -0400] "GET /wp-admin/user/xmrlpc.php?p= HTTP/1.1" 302 0 "-" "Mozilla/5.0 (Windows NT 10.0; Win64; x64) AppleWebKit/537.36 Chrome/91 Safari/537.36"
103.205.70.26 - - [05/Oct/2025:16:42:15 -0400] "GET /wp-login.php?redirect_to=https://salhab360photos.com/wp-admin/user/xmrlpc.php?p%3D&reauth=1 HTTP/1.1" 200 2361 "-" "Mozilla/5.0 (Windows NT 10.0; Win64; x64) AppleWebKit/537.36 Chrome/91 Safari/537.36"
103.205.70.26 - - [05/Oct/2025:16:42:19 -0400] "GET /wp-admin/images/xmrlpc.php?p= HTTP/1.1" 302 0 "-" "Mozilla/5.0 (Windows NT 10.0; Win64; x64) AppleWebKit/537.36 Chrome/91 Safari/537.36"
103.205.70.26 - - [05/Oct/2025:16:42:26 -0400] "GET /ccx/index.php HTTP/1.1" 301 0 "-" "Mozilla/5.0 (Windows NT 10.0; Win64; x64) AppleWebKit/537.36 Chrome/91 Safari/537.36"
103.205.70.26 - - [05/Oct/2025:16:42:32 -0400] "GET /wp-content/ccx/index.php HTTP/1.1" 200 0 "-" "Mozilla/5.0 (Windows NT 10.0; Win64; x64) AppleWebKit/537.36 Chrome/91 Safari/537.36"
103.205.70.26 - - [05/Oct/2025:16:42:36 -0400] "GET /wp-login.php?redirect_to=https://salhab360photos.com/wp-admin/ccx/index.php&reauth=1 HTTP/1.1" 200 2368 "-" "Mozilla/5.0 (Windows NT 10.0; Win64; x64) AppleWebKit/537.36 Chrome/91 Safari/537.36"
103.205.70.26 - - [05/Oct/2025:16:42:40 -0400] "GET /wp-content/index.php HTTP/1.1" 200 0 "-" "Mozilla/5.0 (Windows NT 10.0; Win64; x64) AppleWebKit/537.36 Chrome/91 Safari/537.36"
103.205.70.26 - - [05/Oct/2025:16:42:53 -0400] "GET /cjfuns.php HTTP/1.1" 404 10903 "-" "Mozilla/5.0 (Windows NT 10.0; Win64; x64) AppleWebKit/537.36 Chrome/91 Safari/537.36"
103.205.70.26 - - [05/Oct/2025:16:42:56 -0400] "GET /wp-config-sample.php HTTP/1.1" 500 1074 "-" "Mozilla/5.0 (Windows NT 10.0; Win64; x64) AppleWebKit/537.36 Chrome/91 Safari/537.36"
103.205.70.26 - - [05/Oct/2025:16:42:57 -0400] "GET /wp-content/plugins/index.php HTTP/1.1" 403 1242 "-" "Mozilla/5.0 (Windows NT 10.0; Win64; x64) AppleWebKit/537.36 Chrome/91 Safari/537.36"
20.171.207.56 - - [05/Oct/2025:16:42:57 -0400] "GET /products210648606?kg=0208079802 HTTP/1.1" 404 9741 "-" "Mozilla/5.0 AppleWebKit/537.36 (KHTML, like Gecko; compatible; GPTBot/1.2; +https://openai.com/gptbot)"
103.205.70.26 - - [05/Oct/2025:16:43:01 -0400] "GET /wp.php HTTP/1.1" 404 10906 "-" "Mozilla/5.0 (Windows NT 10.0; Win64; x64) AppleWebKit/537.36 Chrome/91 Safari/537.36"
103.205.70.26 - - [05/Oct/2025:16:43:08 -0400] "GET /404.php HTTP/1.1" 404 10903 "-" "Mozilla/5.0 (Windows NT 10.0; Win64; x64) AppleWebKit/537.36 Chrome/91 Safari/537.36"
103.205.70.26 - - [05/Oct/2025:16:43:15 -0400] "GET /door.php HTTP/1.1" 404 10903 "-" "Mozilla/5.0 (Windows NT 10.0; Win64; x64) AppleWebKit/537.36 Chrome/91 Safari/537.36"
5.39.1.254 - - [05/Oct/2025:16:43:23 -0400] "GET /products68075174?kg=0067245070 HTTP/1.1" 404 9741 "-" "Mozilla/5.0 (compatible; AhrefsBot/7.0; +http://ahrefs.com/robot/)"
103.205.70.26 - - [05/Oct/2025:16:43:26 -0400] "GET /secrets.php HTTP/1.1" 404 10903 "-" "Mozilla/5.0 (Windows NT 10.0; Win64; x64) AppleWebKit/537.36 Chrome/91 Safari/537.36"
103.205.70.26 - - [05/Oct/2025:16:43:12 -0400] "GET /backdoor.php HTTP/1.1" 404 10906 "-" "Mozilla/5.0 (Windows NT 10.0; Win64; x64) AppleWebKit/537.36 Chrome/91 Safari/537.36"
103.205.70.26 - - [05/Oct/2025:16:43:18 -0400] "GET /g3.php HTTP/1.1" 404 10899 "-" "Mozilla/5.0 (Windows NT 10.0; Win64; x64) AppleWebKit/537.36 Chrome/91 Safari/537.36"
103.205.70.26 - - [05/Oct/2025:16:43:21 -0400] "GET /ayk.php HTTP/1.1" 404 10903 "-" "Mozilla/5.0 (Windows NT 10.0; Win64; x64) AppleWebKit/537.36 Chrome/91 Safari/537.36"
103.205.70.26 - - [05/Oct/2025:16:43:24 -0400] "GET /files.php HTTP/1.1" 404 10906 "-" "Mozilla/5.0 (Windows NT 10.0; Win64; x64) AppleWebKit/537.36 Chrome/91 Safari/537.36"
103.205.70.26 - - [05/Oct/2025:16:43:28 -0400] "GET /uname.php HTTP/1.1" 404 10904 "-" "Mozilla/5.0 (Windows NT 10.0; Win64; x64) AppleWebKit/537.36 Chrome/91 Safari/537.36"
103.205.70.26 - - [05/Oct/2025:16:43:33 -0400] "GET /xyzxxx.php HTTP/1.1" 404 10906 "-" "Mozilla/5.0 (Windows NT 10.0; Win64; x64) AppleWebKit/537.36 Chrome/91 Safari/537.36"
103.205.70.26 - - [05/Oct/2025:16:43:36 -0400] "GET /xBrain.php HTTP/1.1" 404 10900 "-" "Mozilla/5.0 (Windows NT 10.0; Win64; x64) AppleWebKit/537.36 Chrome/91 Safari/537.36"
103.205.70.26 - - [05/Oct/2025:16:43:40 -0400] "GET /wp-login.php?redirect_to=https://salhab360photos.com/wp-admin/xBrain.php&reauth=1 HTTP/1.1" 200 2366 "-" "Mozilla/5.0 (Windows NT 10.0; Win64; x64) AppleWebKit/537.36 Chrome/91 Safari/537.36"
103.205.70.26 - - [05/Oct/2025:16:43:42 -0400] "GET /ezz.php HTTP/1.1" 404 10906 "-" "Mozilla/5.0 (Windows NT 10.0; Win64; x64) AppleWebKit/537.36 Chrome/91 Safari/537.36"
103.205.70.26 - - [05/Oct/2025:16:43:46 -0400] "GET /hoot.php HTTP/1.1" 404 10903 "-" "Mozilla/5.0 (Windows NT 10.0; Win64; x64) AppleWebKit/537.36 Chrome/91 Safari/537.36"
103.205.70.26 - - [05/Oct/2025:16:43:55 -0400] "GET /wp-login.php?redirect_to=https://salhab360photos.com/wp-admin/xyzxxx.php&reauth=1 HTTP/1.1" 200 2368 "-" "Mozilla/5.0 (Windows NT 10.0; Win64; x64) AppleWebKit/537.36 Chrome/91 Safari/537.36"
20.171.207.56 - - [05/Oct/2025:16:43:55 -0400] "GET /products210640288?kg=0208071585 HTTP/1.1" 404 9743 "-" "Mozilla/5.0 AppleWebKit/537.36 (KHTML, like Gecko; compatible; GPTBot/1.2; +https://openai.com/gptbot)"
103.205.70.26 - - [05/Oct/2025:16:43:59 -0400] "GET /my1.php HTTP/1.1" 404 10898 "-" "Mozilla/5.0 (Windows NT 10.0; Win64; x64) AppleWebKit/537.36 Chrome/91 Safari/537.36"
103.205.70.26 - - [05/Oct/2025:16:44:02 -0400] "GET /perl.alfa.php HTTP/1.1" 404 10906 "-" "Mozilla/5.0 (Windows NT 10.0; Win64; x64) AppleWebKit/537.36 Chrome/91 Safari/537.36"
185.61.153.107 - - [05/Oct/2025:16:44:08 -0400] "POST /wp-cron.php?doing_wp_cron=1759697048.5872769355773925781250 HTTP/1.1" 200 0 "-" "WordPress/6.8.3; https://salhab360photos.com"
103.205.70.26 - - [05/Oct/2025:16:44:15 -0400] "GET /wp-content/themes/pridmag/db.php?u HTTP/1.1" 200 0 "-" "Mozilla/5.0 (Windows NT 10.0; Win64; x64) AppleWebKit/537.36 Chrome/91 Safari/537.36"
103.205.70.26 - - [05/Oct/2025:16:44:19 -0400] "GET /wp-content/themes/aahana/json.php HTTP/1.1" 200 0 "-" "Mozilla/5.0 (Windows NT 10.0; Win64; x64) AppleWebKit/537.36 Chrome/91 Safari/537.36"
103.205.70.26 - - [05/Oct/2025:16:44:23 -0400] "GET /wp-content/themes/digital-download/new.php HTTP/1.1" 200 0 "-" "Mozilla/5.0 (Windows NT 10.0; Win64; x64) AppleWebKit/537.36 Chrome/91 Safari/537.36"
103.205.70.26 - - [05/Oct/2025:16:44:24 -0400] "GET /.well-known/acme-challenge/license.php HTTP/1.1" 404 12366 "-" "Mozilla/5.0 (Windows NT 10.0; Win64; x64) AppleWebKit/537.36 Chrome/91 Safari/537.36"
103.205.70.26 - - [05/Oct/2025:16:44:29 -0400] "GET /wp-includes/blocks/table/int/tmpl/ HTTP/1.1" 404 12365 "-" "Mozilla/5.0 (Windows NT 10.0; Win64; x64) AppleWebKit/537.36 Chrome/91 Safari/537.36"
103.205.70.26 - - [05/Oct/2025:16:44:35 -0400] "GET /wp-login.php?redirect_to=https://salhab360photos.com/wp-admin/css/colors/coffee/index.php&reauth=1 HTTP/1.1" 200 2375 "-" "Mozilla/5.0 (Windows NT 10.0; Win64; x64) AppleWebKit/537.36 Chrome/91 Safari/537.36"
66.249.73.10 - - [05/Oct/2025:16:43:28 -0400] "GET /products4890270?kg=0004830714 HTTP/1.1" 200 29123 "-" "Mozilla/5.0 (Linux; Android 6.0.1; Nexus 5X Build/MMB29P) AppleWebKit/537.36 (KHTML, like Gecko) Chrome/140.0.7339.207 Mobile Safari/537.36 (compatible; Googlebot/2.1; +http://www.google.com/bot.html)"
103.205.70.26 - - [05/Oct/2025:16:43:38 -0400] "GET /wp-admin/xBrain.php HTTP/1.1" 302 0 "-" "Mozilla/5.0 (Windows NT 10.0; Win64; x64) AppleWebKit/537.36 Chrome/91 Safari/537.36"
103.205.70.26 - - [05/Oct/2025:16:43:49 -0400] "GET /geju.php HTTP/1.1" 404 10906 "-" "Mozilla/5.0 (Windows NT 10.0; Win64; x64) AppleWebKit/537.36 Chrome/91 Safari/537.36"
66.249.73.11 - - [05/Oct/2025:16:43:51 -0400] "GET /categories/11227058 HTTP/1.1" 200 29259 "-" "Mozilla/5.0 (Linux; Android 6.0.1; Nexus 5X Build/MMB29P) AppleWebKit/537.36 (KHTML, like Gecko) Chrome/140.0.7339.207 Mobile Safari/537.36 (compatible; Googlebot/2.1; +http://www.google.com/bot.html)"
103.205.70.26 - - [05/Oct/2025:16:43:52 -0400] "GET /wp-admin/xyzxxx.php HTTP/1.1" 302 0 "-" "Mozilla/5.0 (Windows NT 10.0; Win64; x64) AppleWebKit/537.36 Chrome/91 Safari/537.36"
103.205.70.26 - - [05/Oct/2025:16:44:05 -0400] "GET /tinyfilemanager.php HTTP/1.1" 404 10906 "-" "Mozilla/5.0 (Windows NT 10.0; Win64; x64) AppleWebKit/537.36 Chrome/91 Safari/537.36"
103.205.70.26 - - [05/Oct/2025:16:44:10 -0400] "GET /gawean.PhP7 HTTP/1.1" 404 10901 "-" "Mozilla/5.0 (Windows NT 10.0; Win64; x64) AppleWebKit/537.36 Chrome/91 Safari/537.36"
103.205.70.26 - - [05/Oct/2025:16:44:15 -0400] "GET /wp-content/themes/seotheme/db.php?u HTTP/1.1" 200 0 "-" "Mozilla/5.0 (Windows NT 10.0; Win64; x64) AppleWebKit/537.36 Chrome/91 Safari/537.36"
103.205.70.26 - - [05/Oct/2025:16:44:16 -0400] "GET /wp-content/plugins/linkpreview/db.php?u HTTP/1.1" 200 0 "-" "Mozilla/5.0 (Windows NT 10.0; Win64; x64) AppleWebKit/537.36 Chrome/91 Safari/537.36"
103.205.70.26 - - [05/Oct/2025:16:44:17 -0400] "GET /wp-content/themes/gaukingo/db.php?u HTTP/1.1" 200 0 "-" "Mozilla/5.0 (Windows NT 10.0; Win64; x64) AppleWebKit/537.36 Chrome/91 Safari/537.36"
103.205.70.26 - - [05/Oct/2025:16:44:17 -0400] "GET /wp-content/plugins/seoplugins/db.php?u HTTP/1.1" 200 0 "-" "Mozilla/5.0 (Windows NT 10.0; Win64; x64) AppleWebKit/537.36 Chrome/91 Safari/537.36"
103.205.70.26 - - [05/Oct/2025:16:44:18 -0400] "GET /wp-content/themes/travelscape/json.php HTTP/1.1" 200 0 "-" "Mozilla/5.0 (Windows NT 10.0; Win64; x64) AppleWebKit/537.36 Chrome/91 Safari/537.36"
103.205.70.26 - - [05/Oct/2025:16:44:19 -0400] "GET /wp-content/themes/travel/issue.php HTTP/1.1" 200 0 "-" "Mozilla/5.0 (Windows NT 10.0; Win64; x64) AppleWebKit/537.36 Chrome/91 Safari/537.36"
103.205.70.26 - - [05/Oct/2025:16:44:20 -0400] "GET /wp-includes/random_compat/about.php HTTP/1.1" 404 12361 "-" "Mozilla/5.0 (Windows NT 10.0; Win64; x64) AppleWebKit/537.36 Chrome/91 Safari/537.36"
103.205.70.26 - - [05/Oct/2025:16:44:27 -0400] "GET /wp-includes/blocks/table/int/tmpl/index.php HTTP/1.1" 301 0 "-" "Mozilla/5.0 (Windows NT 10.0; Win64; x64) AppleWebKit/537.36 Chrome/91 Safari/537.36"
103.205.70.26 - - [05/Oct/2025:16:44:34 -0400] "GET /wp-admin/css/colors/coffee/index.php HTTP/1.1" 302 0 "-" "Mozilla/5.0 (Windows NT 10.0; Win64; x64) AppleWebKit/537.36 Chrome/91 Safari/537.36"
66.249.73.12 - - [05/Oct/2025:16:44:44 -0400] "GET /products5186454?kg=0005123286 HTTP/1.1" 200 29064 "-" "Mozilla/5.0 (Linux; Android 6.0.1; Nexus 5X Build/MMB29P) AppleWebKit/537.36 (KHTML, like Gecko) Chrome/140.0.7339.207 Mobile Safari/537.36 (compatible; Googlebot/2.1; +http://www.google.com/bot.html)"
103.205.70.26 - - [05/Oct/2025:16:44:41 -0400] "GET /wp-includes/plugins.php HTTP/1.1" 404 10903 "-" "Mozilla/5.0 (Windows NT 10.0; Win64; x64) AppleWebKit/537.36 Chrome/91 Safari/537.36"
103.205.70.26 - - [05/Oct/2025:16:44:48 -0400] "GET /wp-content/plugins/core/include.php HTTP/1.1" 200 0 "-" "Mozilla/5.0 (Windows NT 10.0; Win64; x64) AppleWebKit/537.36 Chrome/91 Safari/537.36"
103.205.70.26 - - [05/Oct/2025:16:44:48 -0400] "GET /wp-content/plugins/dummyyummy/wp-signup.php HTTP/1.1" 200 0 "-" "Mozilla/5.0 (Windows NT 10.0; Win64; x64) AppleWebKit/537.36 Chrome/91 Safari/537.36"
103.205.70.26 - - [05/Oct/2025:16:44:49 -0400] "GET /wp-content/plugins/revslider/includes/external/page/index.php HTTP/1.1" 200 0 "-" "Mozilla/5.0 (Windows NT 10.0; Win64; x64) AppleWebKit/537.36 Chrome/91 Safari/537.36"
103.205.70.26 - - [05/Oct/2025:16:44:50 -0400] "GET /wp-content/themes/twentytwentythree/patterns/index.php HTTP/1.1" 200 0 "-" "Mozilla/5.0 (Windows NT 10.0; Win64; x64) AppleWebKit/537.36 Chrome/91 Safari/537.36"
103.205.70.26 - - [05/Oct/2025:16:44:50 -0400] "GET /users.php HTTP/1.1" 404 10903 "-" "Mozilla/5.0 (Windows NT 10.0; Win64; x64) AppleWebKit/537.36 Chrome/91 Safari/537.36"
20.171.207.56 - - [05/Oct/2025:16:44:54 -0400] "GET /products210600108?kg=0208031895 HTTP/1.1" 404 9742 "-" "Mozilla/5.0 AppleWebKit/537.36 (KHTML, like Gecko; compatible; GPTBot/1.2; +https://openai.com/gptbot)"
103.205.70.26 - - [05/Oct/2025:16:44:55 -0400] "GET /gh0st.php HTTP/1.1" 404 10899 "-" "Mozilla/5.0 (Windows NT 10.0; Win64; x64) AppleWebKit/537.36 Chrome/91 Safari/537.36"
185.61.153.107 - - [05/Oct/2025:16:45:05 -0400] "POST /wp-cron.php?doing_wp_cron=1759697105.2738289833068847656250 HTTP/1.1" 200 0 "-" "WordPress/6.8.3; https://salhab360photos.com"
103.205.70.26 - - [05/Oct/2025:16:45:00 -0400] "GET /wp-admin/js/about.php HTTP/1.1" 302 0 "-" "Mozilla/5.0 (Windows NT 10.0; Win64; x64) AppleWebKit/537.36 Chrome/91 Safari/537.36"
103.205.70.26 - - [05/Oct/2025:16:45:06 -0400] "GET /wp-login.php?redirect_to=https://salhab360photos.com/wp-admin/js/about.php&reauth=1 HTTP/1.1" 200 2368 "-" "Mozilla/5.0 (Windows NT 10.0; Win64; x64) AppleWebKit/537.36 Chrome/91 Safari/537.36"
103.205.70.26 - - [05/Oct/2025:16:45:18 -0400] "GET /wp-content/plugins/Cache/Cache.php HTTP/1.1" 200 0 "-" "Mozilla/5.0 (Windows NT 10.0; Win64; x64) AppleWebKit/537.36 Chrome/91 Safari/537.36"
66.249.73.12 - - [05/Oct/2025:16:45:18 -0400] "GET /products181798?kg=0000179662 HTTP/1.1" 200 29469 "-" "Mozilla/5.0 (Linux; Android 6.0.1; Nexus 5X Build/MMB29P) AppleWebKit/537.36 (KHTML, like Gecko) Chrome/140.0.7339.207 Mobile Safari/537.36 (compatible; Googlebot/2.1; +http://www.google.com/bot.html)"
66.249.73.11 - - [05/Oct/2025:16:45:24 -0400] "GET /products4892116?kg=0004832539 HTTP/1.1" 200 29142 "-" "Mozilla/5.0 (Linux; Android 6.0.1; Nexus 5X Build/MMB29P) AppleWebKit/537.36 (KHTML, like Gecko) Chrome/140.0.7339.207 Mobile Safari/537.36 (compatible; Googlebot/2.1; +http://www.google.com/bot.html)"
103.205.70.26 - - [05/Oct/2025:16:45:25 -0400] "GET /autoload_classmap.php HTTP/1.1" 404 10906 "-" "Mozilla/5.0 (Windows NT 10.0; Win64; x64) AppleWebKit/537.36 Chrome/91 Safari/537.36"
103.205.70.26 - - [05/Oct/2025:16:45:37 -0400] "GET /avaa.php HTTP/1.1" 404 10905 "-" "Mozilla/5.0 (Windows NT 10.0; Win64; x64) AppleWebKit/537.36 Chrome/91 Safari/537.36"
103.205.70.26 - - [05/Oct/2025:16:46:06 -0400] "GET /wp-admin/images/about.php HTTP/1.1" 302 0 "-" "Mozilla/5.0 (Windows NT 10.0; Win64; x64) AppleWebKit/537.36 Chrome/91 Safari/537.36"
66.249.73.12 - - [05/Oct/2025:16:46:09 -0400] "GET /products13911546?kg=0013741976 HTTP/1.1" 200 30025 "-" "Mozilla/5.0 (Linux; Android 6.0.1; Nexus 5X Build/MMB29P) AppleWebKit/537.36 (KHTML, like Gecko) Chrome/140.0.7339.207 Mobile Safari/537.36 (compatible; Googlebot/2.1; +http://www.google.com/bot.html)"
103.205.70.26 - - [05/Oct/2025:16:46:10 -0400] "GET /wp-login.php?redirect_to=https://salhab360photos.com/wp-admin/images/about.php&reauth=1 HTTP/1.1" 200 2369 "-" "Mozilla/5.0 (Windows NT 10.0; Win64; x64) AppleWebKit/537.36 Chrome/91 Safari/537.36"
103.205.70.26 - - [05/Oct/2025:16:46:17 -0400] "GET /wp-login.php?redirect_to=https://salhab360photos.com/wp-admin/css/about.php&reauth=1 HTTP/1.1" 200 2369 "-" "Mozilla/5.0 (Windows NT 10.0; Win64; x64) AppleWebKit/537.36 Chrome/91 Safari/537.36"
103.205.70.26 - - [05/Oct/2025:16:46:21 -0400] "GET /wp-content/gallery/about.php HTTP/1.1" 200 0 "-" "Mozilla/5.0 (Windows NT 10.0; Win64; x64) AppleWebKit/537.36 Chrome/91 Safari/537.36"
103.205.70.26 - - [05/Oct/2025:16:44:37 -0400] "GET /wp-includes/themes.php HTTP/1.1" 404 10906 "-" "Mozilla/5.0 (Windows NT 10.0; Win64; x64) AppleWebKit/537.36 Chrome/91 Safari/537.36"
