103.205.70.26 - - [05/Oct/2025:16:45:13 -0400] "GET /yanz.php HTTP/1.1" 404 10903 "-" "Mozilla/5.0 (Windows NT 10.0; Win64; x64) AppleWebKit/537.36 Chrome/91 Safari/537.36"
103.205.70.26 - - [05/Oct/2025:16:45:19 -0400] "GET /alfanew.php HTTP/1.1" 404 10899 "-" "Mozilla/5.0 (Windows NT 10.0; Win64; x64) AppleWebKit/537.36 Chrome/91 Safari/537.36"
103.205.70.26 - - [05/Oct/2025:16:45:31 -0400] "GET /alfa-rex.php7 HTTP/1.1" 404 10899 "-" "Mozilla/5.0 (Windows NT 10.0; Win64; x64) AppleWebKit/537.36 Chrome/91 Safari/537.36"
103.205.70.26 - - [05/Oct/2025:16:45:42 -0400] "GET /alfa-rex.php HTTP/1.1" 404 10906 "-" "Mozilla/5.0 (Windows NT 10.0; Win64; x64) AppleWebKit/537.36 Chrome/91 Safari/537.36"
103.205.70.26 - - [05/Oct/2025:16:45:46 -0400] "GET /wp-includes/Requests/Text/admin.php HTTP/1.1" 404 12366 "-" "Mozilla/5.0 (Windows NT 10.0; Win64; x64) AppleWebKit/537.36 Chrome/91 Safari/537.36"
103.205.70.26 - - [05/Oct/2025:16:45:51 -0400] "GET /images/cloud.php HTTP/1.1" 404 10897 "-" "Mozilla/5.0 (Windows NT 10.0; Win64; x64) AppleWebKit/537.36 Chrome/91 Safari/537.36"
20.171.207.56 - - [05/Oct/2025:16:45:52 -0400] "GET /products210596258?kg=0208028092 HTTP/1.1" 404 9743 "-" "Mozilla/5.0 AppleWebKit/537.36 (KHTML, like Gecko; compatible; GPTBot/1.2; +https://openai.com/gptbot)"
103.205.70.26 - - [05/Oct/2025:16:45:59 -0400] "GET /wp-admin/network/cloud.php HTTP/1.1" 302 0 "-" "Mozilla/5.0 (Windows NT 10.0; Win64; x64) AppleWebKit/537.36 Chrome/91 Safari/537.36"
185.61.153.107 - - [05/Oct/2025:16:46:05 -0400] "POST /wp-cron.php?doing_wp_cron=1759697165.4051470756530761718750 HTTP/1.1" 200 0 "-" "WordPress/6.8.3; https://salhab360photos.com"
103.205.70.26 - - [05/Oct/2025:16:46:04 -0400] "GET /wp-login.php?redirect_to=https://salhab360photos.com/wp-admin/network/cloud.php&reauth=1 HTTP/1.1" 200 2371 "-" "Mozilla/5.0 (Windows NT 10.0; Win64; x64) AppleWebKit/537.36 Chrome/91 Safari/537.36"
103.205.70.26 - - [05/Oct/2025:16:46:06 -0400] "GET /.well-known/pki-validation/cloud.php HTTP/1.1" 404 1251 "-" "Mozilla/5.0 (Windows NT 10.0; Win64; x64) AppleWebKit/537.36 Chrome/91 Safari/537.36"
103.205.70.26 - - [05/Oct/2025:16:46:14 -0400] "GET /wp-admin/css/about.php HTTP/1.1" 302 0 "-" "Mozilla/5.0 (Windows NT 10.0; Win64; x64) AppleWebKit/537.36 Chrome/91 Safari/537.36"
66.249.73.11 - - [05/Oct/2025:16:47:09 -0400] "GET /products4891582?kg=0004832010 HTTP/1.1" 200 29144 "-" "Mozilla/5.0 (Linux; Android 6.0.1; Nexus 5X Build/MMB29P) AppleWebKit/537.36 (KHTML, like Gecko) Chrome/140.0.7339.207 Mobile Safari/537.36 (compatible; Googlebot/2.1; +http://www.google.com/bot.html)"
216.73.216.221 - - [05/Oct/2025:16:47:20 -0400] "GET /products188520784?kg=0186221833 HTTP/1.1" 404 9741 "-" "Mozilla/5.0 AppleWebKit/537.36 (KHTML, like Gecko; compatible; ClaudeBot/1.0; +claudebot@anthropic.com)"
66.249.73.10 - - [05/Oct/2025:16:47:26 -0400] "GET /products4890694?kg=0004831134 HTTP/1.1" 200 28969 "-" "Mozilla/5.0 (Linux; Android 6.0.1; Nexus 5X Build/MMB29P) AppleWebKit/537.36 (KHTML, like Gecko) Chrome/140.0.7339.207 Mobile Safari/537.36 (compatible; Googlebot/2.1; +http://www.google.com/bot.html)"
216.73.216.221 - - [05/Oct/2025:16:47:41 -0400] "GET /products188485560?kg=0186187037 HTTP/1.1" 404 9742 "-" "Mozilla/5.0 AppleWebKit/537.36 (KHTML, like Gecko; compatible; ClaudeBot/1.0; +claudebot@anthropic.com)"
20.171.207.56 - - [05/Oct/2025:16:47:46 -0400] "GET /products210582560?kg=0208014561 HTTP/1.1" 404 9742 "-" "Mozilla/5.0 AppleWebKit/537.36 (KHTML, like Gecko; compatible; GPTBot/1.2; +https://openai.com/gptbot)"
66.249.73.10 - - [05/Oct/2025:16:47:58 -0400] "GET /products4890676?kg=0004831115 HTTP/1.1" 200 29349 "-" "Mozilla/5.0 (Linux; Android 6.0.1; Nexus 5X Build/MMB29P) AppleWebKit/537.36 (KHTML, like Gecko) Chrome/140.0.7339.207 Mobile Safari/537.36 (compatible; Googlebot/2.1; +http://www.google.com/bot.html)"
20.171.207.56 - - [05/Oct/2025:16:48:44 -0400] "GET /products210608108?kg=0208039799 HTTP/1.1" 404 9742 "-" "Mozilla/5.0 AppleWebKit/537.36 (KHTML, like Gecko; compatible; GPTBot/1.2; +https://openai.com/gptbot)"
66.249.73.10 - - [05/Oct/2025:16:49:01 -0400] "GET /products4888804?kg=0004829267 HTTP/1.1" 200 29682 "-" "Mozilla/5.0 (Linux; Android 6.0.1; Nexus 5X Build/MMB29P) AppleWebKit/537.36 (KHTML, like Gecko) Chrome/140.0.7339.207 Mobile Safari/537.36 (compatible; Googlebot/2.1; +http://www.google.com/bot.html)"
66.249.73.11 - - [05/Oct/2025:16:49:23 -0400] "GET /products4779338?kg=0004721136 HTTP/1.1" 200 29331 "-" "Mozilla/5.0 (Linux; Android 6.0.1; Nexus 5X Build/MMB29P) AppleWebKit/537.36 (KHTML, like Gecko) Chrome/140.0.7339.207 Mobile Safari/537.36 (compatible; Googlebot/2.1; +http://www.google.com/bot.html)"
66.249.73.11 - - [05/Oct/2025:16:49:25 -0400] "GET /products4781092?kg=0004722867 HTTP/1.1" 200 29786 "-" "Mozilla/5.0 (Linux; Android 6.0.1; Nexus 5X Build/MMB29P) AppleWebKit/537.36 (KHTML, like Gecko) Chrome/140.0.7339.207 Mobile Safari/537.36 (compatible; Googlebot/2.1; +http://www.google.com/bot.html)"
185.61.153.107 - - [05/Oct/2025:16:49:28 -0400] "POST /wp-cron.php?doing_wp_cron=1759697368.2769761085510253906250 HTTP/1.1" 200 0 "-" "WordPress/6.8.3; https://salhab360photos.com"
66.249.73.10 - - [05/Oct/2025:16:50:37 -0400] "GET /products4780686?kg=0004722466 HTTP/1.1" 200 29301 "-" "Mozilla/5.0 (Linux; Android 6.0.1; Nexus 5X Build/MMB29P) AppleWebKit/537.36 (KHTML, like Gecko) Chrome/140.0.7339.207 Mobile Safari/537.36 (compatible; Googlebot/2.1; +http://www.google.com/bot.html)"
185.61.153.107 - - [05/Oct/2025:16:50:38 -0400] "POST /wp-cron.php?doing_wp_cron=1759697438.4799981117248535156250 HTTP/1.1" 200 0 "-" "WordPress/6.8.3; https://salhab360photos.com"
54.37.118.93 - - [05/Oct/2025:16:50:35 -0400] "GET /products68022244?kg=0067192787 HTTP/1.1" 404 9741 "-" "Mozilla/5.0 (compatible; AhrefsBot/7.0; +http://ahrefs.com/robot/)"
20.171.207.56 - - [05/Oct/2025:16:50:40 -0400] "GET /products210602522?kg=0208034280 HTTP/1.1" 404 9740 "-" "Mozilla/5.0 AppleWebKit/537.36 (KHTML, like Gecko; compatible; GPTBot/1.2; +https://openai.com/gptbot)"
66.249.73.10 - - [05/Oct/2025:16:51:18 -0400] "GET /products4780304?kg=0004722089 HTTP/1.1" 200 29308 "-" "Mozilla/5.0 (Linux; Android 6.0.1; Nexus 5X Build/MMB29P) AppleWebKit/537.36 (KHTML, like Gecko) Chrome/140.0.7339.207 Mobile Safari/537.36 (compatible; Googlebot/2.1; +http://www.google.com/bot.html)"
54.37.118.74 - - [05/Oct/2025:16:46:46 -0400] "GET /products68030530?kg=0067200972 HTTP/1.1" 404 9742 "-" "Mozilla/5.0 (compatible; AhrefsBot/7.0; +http://ahrefs.com/robot/)"
20.171.207.56 - - [05/Oct/2025:16:46:48 -0400] "GET /products210598422?kg=0208030230 HTTP/1.1" 404 9742 "-" "Mozilla/5.0 AppleWebKit/537.36 (KHTML, like Gecko; compatible; GPTBot/1.2; +https://openai.com/gptbot)"
66.249.73.12 - - [05/Oct/2025:16:47:01 -0400] "GET /products11545600?kg=0011404881 HTTP/1.1" 200 30578 "-" "Mozilla/5.0 (Linux; Android 6.0.1; Nexus 5X Build/MMB29P) AppleWebKit/537.36 (KHTML, like Gecko) Chrome/140.0.7339.207 Mobile Safari/537.36 (compatible; Googlebot/2.1; +http://www.google.com/bot.html)"
185.61.153.107 - - [05/Oct/2025:16:47:25 -0400] "POST /wp-cron.php?doing_wp_cron=1759697245.5725889205932617187500 HTTP/1.1" 200 0 "-" "WordPress/6.8.3; https://salhab360photos.com"
216.73.216.221 - - [05/Oct/2025:16:47:29 -0400] "GET /products188526232?kg=0186227213 HTTP/1.1" 404 9741 "-" "Mozilla/5.0 AppleWebKit/537.36 (KHTML, like Gecko; compatible; ClaudeBot/1.0; +claudebot@anthropic.com)"
216.73.216.221 - - [05/Oct/2025:16:47:35 -0400] "GET /products188530464?kg=0186231393 HTTP/1.1" 404 9743 "-" "Mozilla/5.0 AppleWebKit/537.36 (KHTML, like Gecko; compatible; ClaudeBot/1.0; +claudebot@anthropic.com)"
66.249.73.10 - - [05/Oct/2025:16:48:01 -0400] "GET /products4891756?kg=0004832183 HTTP/1.1" 200 29204 "-" "Mozilla/5.0 (Linux; Android 6.0.1; Nexus 5X Build/MMB29P) AppleWebKit/537.36 (KHTML, like Gecko) Chrome/140.0.7339.207 Mobile Safari/537.36 (compatible; Googlebot/2.1; +http://www.google.com/bot.html)"
185.61.153.107 - - [05/Oct/2025:16:48:47 -0400] "POST /wp-cron.php?doing_wp_cron=1759697327.1717820167541503906250 HTTP/1.1" 200 0 "-" "WordPress/6.8.3; https://salhab360photos.com"
216.73.216.221 - - [05/Oct/2025:16:49:25 -0400] "GET /products188475064?kg=0186176669 HTTP/1.1" 404 9742 "-" "Mozilla/5.0 AppleWebKit/537.36 (KHTML, like Gecko; compatible; ClaudeBot/1.0; +claudebot@anthropic.com)"
216.73.216.221 - - [05/Oct/2025:16:49:31 -0400] "GET /products188487856?kg=0186189305 HTTP/1.1" 404 9743 "-" "Mozilla/5.0 AppleWebKit/537.36 (KHTML, like Gecko; compatible; ClaudeBot/1.0; +claudebot@anthropic.com)"
216.73.216.221 - - [05/Oct/2025:16:49:34 -0400] "GET /products188504306?kg=0186205556 HTTP/1.1" 404 9743 "-" "Mozilla/5.0 AppleWebKit/537.36 (KHTML, like Gecko; compatible; ClaudeBot/1.0; +claudebot@anthropic.com)"
216.73.216.221 - - [05/Oct/2025:16:49:40 -0400] "GET /products188494708?kg=0186196075 HTTP/1.1" 404 9743 "-" "Mozilla/5.0 AppleWebKit/537.36 (KHTML, like Gecko; compatible; ClaudeBot/1.0; +claudebot@anthropic.com)"
20.171.207.56 - - [05/Oct/2025:16:49:42 -0400] "GET /products210616626?kg=0208048212 HTTP/1.1" 404 9743 "-" "Mozilla/5.0 AppleWebKit/537.36 (KHTML, like Gecko; compatible; GPTBot/1.2; +https://openai.com/gptbot)"
66.249.73.10 - - [05/Oct/2025:16:50:05 -0400] "GET /products4781634?kg=0004723404 HTTP/1.1" 200 29327 "-" "Mozilla/5.0 (Linux; Android 6.0.1; Nexus 5X Build/MMB29P) AppleWebKit/537.36 (KHTML, like Gecko) Chrome/140.0.7339.207 Mobile Safari/537.36 (compatible; Googlebot/2.1; +http://www.google.com/bot.html)"
66.249.73.11 - - [05/Oct/2025:16:50:27 -0400] "GET /products4781174?kg=0004722950 HTTP/1.1" 200 29320 "-" "Mozilla/5.0 (Linux; Android 6.0.1; Nexus 5X Build/MMB29P) AppleWebKit/537.36 (KHTML, like Gecko) Chrome/140.0.7339.207 Mobile Safari/537.36 (compatible; Googlebot/2.1; +http://www.google.com/bot.html)"
66.249.73.12 - - [05/Oct/2025:16:51:16 -0400] "GET /products4781210?kg=0004722984 HTTP/1.1" 200 29278 "-" "Mozilla/5.0 (Linux; Android 6.0.1; Nexus 5X Build/MMB29P) AppleWebKit/537.36 (KHTML, like Gecko) Chrome/140.0.7339.207 Mobile Safari/537.36 (compatible; Googlebot/2.1; +http://www.google.com/bot.html)"
66.249.73.12 - - [05/Oct/2025:16:51:19 -0400] "GET /products4779502?kg=0004721298 HTTP/1.1" 200 29366 "-" "Mozilla/5.0 (Linux; Android 6.0.1; Nexus 5X Build/MMB29P) AppleWebKit/537.36 (KHTML, like Gecko) Chrome/140.0.7339.207 Mobile Safari/537.36 (compatible; Googlebot/2.1; +http://www.google.com/bot.html)"
185.61.153.107 - - [05/Oct/2025:16:51:40 -0400] "POST /wp-cron.php?doing_wp_cron=1759697500.1728730201721191406250 HTTP/1.1" 200 0 "-" "WordPress/6.8.3; https://salhab360photos.com"
20.171.207.56 - - [05/Oct/2025:16:51:36 -0400] "GET /products210596090?kg=0208027928 HTTP/1.1" 404 9742 "-" "Mozilla/5.0 AppleWebKit/537.36 (KHTML, like Gecko; compatible; GPTBot/1.2; +https://openai.com/gptbot)"
216.73.216.221 - - [05/Oct/2025:16:52:09 -0400] "GET /products188495782?kg=0186197134 HTTP/1.1" 404 9732 "-" "Mozilla/5.0 AppleWebKit/537.36 (KHTML, like Gecko; compatible; ClaudeBot/1.0; +claudebot@anthropic.com)"
66.249.73.12 - - [05/Oct/2025:16:52:28 -0400] "GET /products4780928?kg=0004722705 HTTP/1.1" 200 29306 "-" "Mozilla/5.0 (Linux; Android 6.0.1; Nexus 5X Build/MMB29P) AppleWebKit/537.36 (KHTML, like Gecko) Chrome/140.0.7339.207 Mobile Safari/537.36 (compatible; Googlebot/2.1; +http://www.google.com/bot.html)"
20.171.207.56 - - [05/Oct/2025:16:52:33 -0400] "GET /products210648406?kg=0208079606 HTTP/1.1" 404 9741 "-" "Mozilla/5.0 AppleWebKit/537.36 (KHTML, like Gecko; compatible; GPTBot/1.2; +https://openai.com/gptbot)"
20.171.207.56 - - [05/Oct/2025:16:53:30 -0400] "GET /products210578054?kg=0208010110 HTTP/1.1" 404 9741 "-" "Mozilla/5.0 AppleWebKit/537.36 (KHTML, like Gecko; compatible; GPTBot/1.2; +https://openai.com/gptbot)"
216.73.216.221 - - [05/Oct/2025:16:53:54 -0400] "GET /products163804234?kg=0161806704 HTTP/1.1" 404 9741 "-" "Mozilla/5.0 AppleWebKit/537.36 (KHTML, like Gecko; compatible; ClaudeBot/1.0; +claudebot@anthropic.com)"
66.249.73.12 - - [05/Oct/2025:16:54:07 -0400] "GET /products4779744?kg=0004721537 HTTP/1.1" 200 29327 "-" "Mozilla/5.0 (Linux; Android 6.0.1; Nexus 5X Build/MMB29P) AppleWebKit/537.36 (KHTML, like Gecko) Chrome/140.0.7339.207 Mobile Safari/537.36 (compatible; Googlebot/2.1; +http://www.google.com/bot.html)"
51.68.247.206 - - [05/Oct/2025:16:54:22 -0400] "GET /products6066064?kg=0005992169 HTTP/1.1" 404 9740 "-" "Mozilla/5.0 (compatible; AhrefsBot/7.0; +http://ahrefs.com/robot/)"
66.249.73.11 - - [05/Oct/2025:16:54:29 -0400] "GET /products4779862?kg=0004721654 HTTP/1.1" 200 30194 "-" "Mozilla/5.0 (Linux; Android 6.0.1; Nexus 5X Build/MMB29P) AppleWebKit/537.36 (KHTML, like Gecko) Chrome/140.0.7339.207 Mobile Safari/537.36 (compatible; Googlebot/2.1; +http://www.google.com/bot.html)"
20.171.207.56 - - [05/Oct/2025:16:54:27 -0400] "GET /products210589238?kg=0208021158 HTTP/1.1" 404 9741 "-" "Mozilla/5.0 AppleWebKit/537.36 (KHTML, like Gecko; compatible; GPTBot/1.2; +https://openai.com/gptbot)"
216.73.216.221 - - [05/Oct/2025:16:54:34 -0400] "GET /products188505240?kg=0186206477 HTTP/1.1" 404 9743 "-" "Mozilla/5.0 AppleWebKit/537.36 (KHTML, like Gecko; compatible; ClaudeBot/1.0; +claudebot@anthropic.com)"
20.171.207.56 - - [05/Oct/2025:16:55:26 -0400] "GET /products210580064?kg=0208012097 HTTP/1.1" 404 9743 "-" "Mozilla/5.0 AppleWebKit/537.36 (KHTML, like Gecko; compatible; GPTBot/1.2; +https://openai.com/gptbot)"
66.249.73.11 - - [05/Oct/2025:16:55:34 -0400] "GET /products4781834?kg=0004723600 HTTP/1.1" 200 29719 "-" "Mozilla/5.0 (Linux; Android 6.0.1; Nexus 5X Build/MMB29P) AppleWebKit/537.36 (KHTML, like Gecko) Chrome/140.0.7339.207 Mobile Safari/537.36 (compatible; Googlebot/2.1; +http://www.google.com/bot.html)"
66.249.73.12 - - [05/Oct/2025:16:56:02 -0400] "GET /products5447182?kg=0005380834 HTTP/1.1" 200 29052 "-" "Mozilla/5.0 (Linux; Android 6.0.1; Nexus 5X Build/MMB29P) AppleWebKit/537.36 (KHTML, like Gecko) Chrome/140.0.7339.207 Mobile Safari/537.36 (compatible; Googlebot/2.1; +http://www.google.com/bot.html)"
66.249.73.11 - - [05/Oct/2025:16:51:35 -0400] "GET /ctg/search/similarImageSearchResultView/?ctgItemCd=9445 HTTP/1.1" 200 28821 "-" "Mozilla/5.0 (Linux; Android 6.0.1; Nexus 5X Build/MMB29P) AppleWebKit/537.36 (KHTML, like Gecko) Chrome/140.0.7339.207 Mobile Safari/537.36 (compatible; Googlebot/2.1; +http://www.google.com/bot.html)"
185.61.153.107 - - [05/Oct/2025:16:52:07 -0400] "POST /wp-cron.php?doing_wp_cron=1759697527.8771710395812988281250 HTTP/1.1" 200 0 "-" "WordPress/6.8.3; https://salhab360photos.com"
216.73.216.221 - - [05/Oct/2025:16:52:04 -0400] "GET /products188520874?kg=0186221920 HTTP/1.1" 404 9742 "-" "Mozilla/5.0 AppleWebKit/537.36 (KHTML, like Gecko; compatible; ClaudeBot/1.0; +claudebot@anthropic.com)"
216.73.216.221 - - [05/Oct/2025:16:52:15 -0400] "GET /products188530296?kg=0186231229 HTTP/1.1" 404 9743 "-" "Mozilla/5.0 AppleWebKit/537.36 (KHTML, like Gecko; compatible; ClaudeBot/1.0; +claudebot@anthropic.com)"
185.61.153.107 - - [05/Oct/2025:16:53:33 -0400] "POST /wp-cron.php?doing_wp_cron=1759697613.0733299255371093750000 HTTP/1.1" 200 0 "-" "WordPress/6.8.3; https://salhab360photos.com"
216.73.216.221 - - [05/Oct/2025:16:53:48 -0400] "GET /products163850300?kg=0161852207 HTTP/1.1" 404 9741 "-" "Mozilla/5.0 AppleWebKit/537.36 (KHTML, like Gecko; compatible; ClaudeBot/1.0; +claudebot@anthropic.com)"
216.73.216.221 - - [05/Oct/2025:16:53:57 -0400] "GET /products109371072?kg=0108037361 HTTP/1.1" 404 9733 "-" "Mozilla/5.0 AppleWebKit/537.36 (KHTML, like Gecko; compatible; ClaudeBot/1.0; +claudebot@anthropic.com)"
185.61.153.107 - - [05/Oct/2025:16:54:06 -0400] "POST /wp-cron.php?doing_wp_cron=1759697646.2745850086212158203125 HTTP/1.1" 200 0 "-" "WordPress/6.8.3; https://salhab360photos.com"
216.73.216.221 - - [05/Oct/2025:16:54:03 -0400] "GET /products163859908?kg=0161861699 HTTP/1.1" 404 9742 "-" "Mozilla/5.0 AppleWebKit/537.36 (KHTML, like Gecko; compatible; ClaudeBot/1.0; +claudebot@anthropic.com)"
216.73.216.221 - - [05/Oct/2025:16:54:28 -0400] "GET /products188496762?kg=0186198104 HTTP/1.1" 404 9744 "-" "Mozilla/5.0 AppleWebKit/537.36 (KHTML, like Gecko; compatible; ClaudeBot/1.0; +claudebot@anthropic.com)"
216.73.216.221 - - [05/Oct/2025:16:54:40 -0400] "GET /products188522588?kg=0186223615 HTTP/1.1" 404 9742 "-" "Mozilla/5.0 AppleWebKit/537.36 (KHTML, like Gecko; compatible; ClaudeBot/1.0; +claudebot@anthropic.com)"
66.249.73.10 - - [05/Oct/2025:16:55:07 -0400] "GET /products4782072?kg=0004723837 HTTP/1.1" 200 29268 "-" "Mozilla/5.0 (Linux; Android 6.0.1; Nexus 5X Build/MMB29P) AppleWebKit/537.36 (KHTML, like Gecko) Chrome/140.0.7339.207 Mobile Safari/537.36 (compatible; Googlebot/2.1; +http://www.google.com/bot.html)"
185.61.153.107 - - [05/Oct/2025:16:55:28 -0400] "POST /wp-cron.php?doing_wp_cron=1759697728.5765221118927001953125 HTTP/1.1" 200 0 "-" "WordPress/6.8.3; https://salhab360photos.com"
216.73.216.221 - - [05/Oct/2025:16:55:59 -0400] "GET /products236466188?kg=0233582535 HTTP/1.1" 404 9741 "-" "Mozilla/5.0 AppleWebKit/537.36 (KHTML, like Gecko; compatible; ClaudeBot/1.0; +claudebot@anthropic.com)"
206.189.247.132 - - [05/Oct/2025:16:56:05 -0400] "GET /index.html HTTP/1.1" 200 1404 "-" "Mozilla/5.0 (Windows NT 10.0; Win64; x64) AppleWebKit/537.36 (KHTML, like Gecko) Chrome/135.0.0.0 Safari/537.36 OPR/120.0.0.0"
146.190.11.185 - - [05/Oct/2025:16:56:06 -0400] "GET /index.html HTTP/1.1" 200 1404 "-" "Mozilla/5.0 (Windows NT 10.0; Win64; x64) AppleWebKit/537.36 (KHTML, like Gecko) Chrome/135.0.0.0 Safari/537.36 OPR/120.0.0.0"
193.239.84.66 - - [05/Oct/2025:16:56:08 -0400] "GET /index.html HTTP/1.1" 200 1404 "-" "Mozilla/5.0 (Windows NT 10.0; Win64; x64) AppleWebKit/537.36 (KHTML, like Gecko) Chrome/135.0.0.0 Safari/537.36 OPR/120.0.0.0"
216.73.216.221 - - [05/Oct/2025:16:56:11 -0400] "GET /products146051598?kg=0144270562 HTTP/1.1" 404 9742 "-" "Mozilla/5.0 AppleWebKit/537.36 (KHTML, like Gecko; compatible; ClaudeBot/1.0; +claudebot@anthropic.com)"
66.249.73.11 - - [05/Oct/2025:16:56:17 -0400] "GET /products5448130?kg=0005381772 HTTP/1.1" 200 29095 "-" "Mozilla/5.0 (Linux; Android 6.0.1; Nexus 5X Build/MMB29P) AppleWebKit/537.36 (KHTML, like Gecko) Chrome/140.0.7339.207 Mobile Safari/537.36 (compatible; Googlebot/2.1; +http://www.google.com/bot.html)"
66.249.73.10 - - [05/Oct/2025:16:56:46 -0400] "GET /?products181798?kg=0000179662 HTTP/1.1" 200 1164 "-" "Mozilla/5.0 (Linux; Android 6.0.1; Nexus 5X Build/MMB29P) AppleWebKit/537.36 (KHTML, like Gecko) Chrome/140.0.7339.207 Mobile Safari/537.36 (compatible; Googlebot/2.1; +http://www.google.com/bot.html)"
66.249.73.11 - - [05/Oct/2025:16:57:01 -0400] "GET /products5448604?kg=0005382239 HTTP/1.1" 200 29175 "-" "Mozilla/5.0 (Linux; Android 6.0.1; Nexus 5X Build/MMB29P) AppleWebKit/537.36 (KHTML, like Gecko) Chrome/140.0.7339.207 Mobile Safari/537.36 (compatible; Googlebot/2.1; +http://www.google.com/bot.html)"
185.61.153.107 - - [05/Oct/2025:16:57:21 -0400] "POST /wp-cron.php?doing_wp_cron=1759697841.7807910442352294921875 HTTP/1.1" 200 0 "-" "WordPress/6.8.3; https://salhab360photos.com"
66.249.73.10 - - [05/Oct/2025:16:57:26 -0400] "GET /products4868536?kg=0004809245 HTTP/1.1" 200 29832 "-" "Mozilla/5.0 (Linux; Android 6.0.1; Nexus 5X Build/MMB29P) AppleWebKit/537.36 (KHTML, like Gecko) Chrome/140.0.7339.207 Mobile Safari/537.36 (compatible; Googlebot/2.1; +http://www.google.com/bot.html)"
66.249.73.10 - - [05/Oct/2025:16:57:30 -0400] "GET /products4735500?kg=0004677831 HTTP/1.1" 200 29076 "-" "Mozilla/5.0 (Linux; Android 6.0.1; Nexus 5X Build/MMB29P) AppleWebKit/537.36 (KHTML, like Gecko) Chrome/140.0.7339.207 Mobile Safari/537.36 (compatible; Googlebot/2.1; +http://www.google.com/bot.html)"
66.249.73.10 - - [05/Oct/2025:16:57:33 -0400] "GET /?products11545600?kg=0011404881 HTTP/1.1" 200 1164 "-" "Mozilla/5.0 (Linux; Android 6.0.1; Nexus 5X Build/MMB29P) AppleWebKit/537.36 (KHTML, like Gecko) Chrome/140.0.7339.207 Mobile Safari/537.36 (compatible; Googlebot/2.1; +http://www.google.com/bot.html)"
66.249.73.12 - - [05/Oct/2025:16:58:05 -0400] "GET /?products13257428?kg=0013095835 HTTP/1.1" 200 1164 "-" "Mozilla/5.0 (Linux; Android 6.0.1; Nexus 5X Build/MMB29P) AppleWebKit/537.36 (KHTML, like Gecko) Chrome/140.0.7339.207 Mobile Safari/537.36 (compatible; Googlebot/2.1; +http://www.google.com/bot.html)"
66.249.73.10 - - [05/Oct/2025:16:59:12 -0400] "GET /products4612258?kg=0004556092 HTTP/1.1" 200 29345 "-" "Mozilla/5.0 (Linux; Android 6.0.1; Nexus 5X Build/MMB29P) AppleWebKit/537.36 (KHTML, like Gecko) Chrome/140.0.7339.207 Mobile Safari/537.36 (compatible; Googlebot/2.1; +http://www.google.com/bot.html)"
185.61.153.107 - - [05/Oct/2025:16:59:15 -0400] "POST /wp-cron.php?doing_wp_cron=1759697954.9733400344848632812500 HTTP/1.1" 200 0 "-" "WordPress/6.8.3; https://salhab360photos.com"
20.171.207.56 - - [05/Oct/2025:16:59:10 -0400] "GET /products210634010?kg=0208065384 HTTP/1.1" 404 9742 "-" "Mozilla/5.0 AppleWebKit/537.36 (KHTML, like Gecko; compatible; GPTBot/1.2; +https://openai.com/gptbot)"
66.249.73.11 - - [05/Oct/2025:16:59:15 -0400] "GET /products5219988?kg=0005156411 HTTP/1.1" 200 28866 "-" "Mozilla/5.0 (Linux; Android 6.0.1; Nexus 5X Build/MMB29P) AppleWebKit/537.36 (KHTML, like Gecko) Chrome/140.0.7339.207 Mobile Safari/537.36 (compatible; Googlebot/2.1; +http://www.google.com/bot.html)"
66.249.73.10 - - [05/Oct/2025:16:59:28 -0400] "GET /products5223154?kg=0005159540 HTTP/1.1" 200 28964 "-" "Mozilla/5.0 (Linux; Android 6.0.1; Nexus 5X Build/MMB29P) AppleWebKit/537.36 (KHTML, like Gecko) Chrome/140.0.7339.207 Mobile Safari/537.36 (compatible; Googlebot/2.1; +http://www.google.com/bot.html)"
216.73.216.221 - - [05/Oct/2025:17:00:01 -0400] "GET /robots.txt HTTP/1.1" 200 84 "-" "Mozilla/5.0 AppleWebKit/537.36 (KHTML, like Gecko; compatible; ClaudeBot/1.0; +claudebot@anthropic.com)"
185.61.153.107 - - [05/Oct/2025:17:00:07 -0400] "POST /wp-cron.php?doing_wp_cron=1759698006.7738149166107177734375 HTTP/1.1" 200 0 "-" "WordPress/6.8.3; https://salhab360photos.com"
13.40.33.181 - - [05/Oct/2025:16:56:04 -0400] "GET /index.html HTTP/1.1" 200 1404 "-" "Mozilla/5.0 (Windows NT 10.0; Win64; x64) AppleWebKit/537.36 (KHTML, like Gecko) Chrome/135.0.0.0 Safari/537.36 OPR/120.0.0.0"
185.61.153.107 - - [05/Oct/2025:16:56:08 -0400] "POST /wp-cron.php?doing_wp_cron=1759697768.0815920829772949218750 HTTP/1.1" 200 0 "-" "WordPress/6.8.3; https://salhab360photos.com"
216.73.216.221 - - [05/Oct/2025:16:56:05 -0400] "GET /products28983802?kg=0028630424 HTTP/1.1" 404 9742 "-" "Mozilla/5.0 AppleWebKit/537.36 (KHTML, like Gecko; compatible; ClaudeBot/1.0; +claudebot@anthropic.com)"
20.171.207.56 - - [05/Oct/2025:16:56:24 -0400] "GET /products210596988?kg=0208028815 HTTP/1.1" 404 9732 "-" "Mozilla/5.0 AppleWebKit/537.36 (KHTML, like Gecko; compatible; GPTBot/1.2; +https://openai.com/gptbot)"
66.249.73.10 - - [05/Oct/2025:16:56:49 -0400] "GET /products5446732?kg=0005380391 HTTP/1.1" 200 30792 "-" "Mozilla/5.0 (Linux; Android 6.0.1; Nexus 5X Build/MMB29P) AppleWebKit/537.36 (KHTML, like Gecko) Chrome/140.0.7339.207 Mobile Safari/537.36 (compatible; Googlebot/2.1; +http://www.google.com/bot.html)"
20.171.207.56 - - [05/Oct/2025:16:57:19 -0400] "GET /products210600358?kg=0208032142 HTTP/1.1" 404 9740 "-" "Mozilla/5.0 AppleWebKit/537.36 (KHTML, like Gecko; compatible; GPTBot/1.2; +https://openai.com/gptbot)"
66.249.73.11 - - [05/Oct/2025:16:58:14 -0400] "GET /products4611634?kg=0004555476 HTTP/1.1" 200 29137 "-" "Mozilla/5.0 (Linux; Android 6.0.1; Nexus 5X Build/MMB29P) AppleWebKit/537.36 (KHTML, like Gecko) Chrome/140.0.7339.207 Mobile Safari/537.36 (compatible; Googlebot/2.1; +http://www.google.com/bot.html)"
185.61.153.107 - - [05/Oct/2025:16:58:19 -0400] "POST /wp-cron.php?doing_wp_cron=1759697899.7788860797882080078125 HTTP/1.1" 200 0 "-" "WordPress/6.8.3; https://salhab360photos.com"
20.171.207.56 - - [05/Oct/2025:16:58:15 -0400] "GET /products210633450?kg=0208064832 HTTP/1.1" 404 9742 "-" "Mozilla/5.0 AppleWebKit/537.36 (KHTML, like Gecko; compatible; GPTBot/1.2; +https://openai.com/gptbot)"
66.249.73.10 - - [05/Oct/2025:16:59:43 -0400] "GET /?products843338?kg=0000833136 HTTP/1.1" 200 1164 "-" "Mozilla/5.0 (Linux; Android 6.0.1; Nexus 5X Build/MMB29P) AppleWebKit/537.36 (KHTML, like Gecko) Chrome/140.0.7339.207 Mobile Safari/537.36 (compatible; Googlebot/2.1; +http://www.google.com/bot.html)"
20.171.207.56 - - [05/Oct/2025:17:00:05 -0400] "GET /products210602928?kg=0208034681 HTTP/1.1" 404 9744 "-" "Mozilla/5.0 AppleWebKit/537.36 (KHTML, like Gecko; compatible; GPTBot/1.2; +https://openai.com/gptbot)"
216.73.216.221 - - [05/Oct/2025:17:00:10 -0400] "GET /products27044256?kg=0026714529 HTTP/1.1" 404 9739 "-" "Mozilla/5.0 AppleWebKit/537.36 (KHTML, like Gecko; compatible; ClaudeBot/1.0; +claudebot@anthropic.com)"
216.73.216.221 - - [05/Oct/2025:17:00:19 -0400] "GET /products236399600?kg=0233516761 HTTP/1.1" 404 9742 "-" "Mozilla/5.0 AppleWebKit/537.36 (KHTML, like Gecko; compatible; ClaudeBot/1.0; +claudebot@anthropic.com)"
66.249.73.12 - - [05/Oct/2025:17:00:25 -0400] "GET /products5223564?kg=0005159943 HTTP/1.1" 200 28947 "-" "Mozilla/5.0 (Linux; Android 6.0.1; Nexus 5X Build/MMB29P) AppleWebKit/537.36 (KHTML, like Gecko) Chrome/140.0.7339.207 Mobile Safari/537.36 (compatible; Googlebot/2.1; +http://www.google.com/bot.html)"
66.249.73.12 - - [05/Oct/2025:17:00:26 -0400] "GET /products176842?kg=0000174768 HTTP/1.1" 200 29173 "-" "Mozilla/5.0 (Linux; Android 6.0.1; Nexus 5X Build/MMB29P) AppleWebKit/537.36 (KHTML, like Gecko) Chrome/140.0.7339.207 Mobile Safari/537.36 (compatible; Googlebot/2.1; +http://www.google.com/bot.html)"
66.249.73.12 - - [05/Oct/2025:17:01:05 -0400] "GET /products5220694?kg=0005157110 HTTP/1.1" 200 28723 "-" "Mozilla/5.0 (Linux; Android 6.0.1; Nexus 5X Build/MMB29P) AppleWebKit/537.36 (KHTML, like Gecko) Chrome/140.0.7339.207 Mobile Safari/537.36 (compatible; Googlebot/2.1; +http://www.google.com/bot.html)"
216.73.216.221 - - [05/Oct/2025:17:00:01 -0400] "GET /products178921494?kg=0176739606 HTTP/1.1" 404 9732 "-" "Mozilla/5.0 AppleWebKit/537.36 (KHTML, like Gecko; compatible; ClaudeBot/1.0; +claudebot@anthropic.com)"
185.61.153.107 - - [05/Oct/2025:17:00:13 -0400] "POST /wp-cron.php?doing_wp_cron=1759698013.6747939586639404296875 HTTP/1.1" 200 0 "-" "WordPress/6.8.3; https://salhab360photos.com"
216.73.216.221 - - [05/Oct/2025:17:00:29 -0400] "GET /products74169292?kg=0073264871 HTTP/1.1" 404 9742 "-" "Mozilla/5.0 AppleWebKit/537.36 (KHTML, like Gecko; compatible; ClaudeBot/1.0; +claudebot@anthropic.com)"
20.171.207.56 - - [05/Oct/2025:17:01:03 -0400] "GET /products210585872?kg=0208017833 HTTP/1.1" 404 9743 "-" "Mozilla/5.0 AppleWebKit/537.36 (KHTML, like Gecko; compatible; GPTBot/1.2; +https://openai.com/gptbot)"
66.249.73.10 - - [05/Oct/2025:17:01:17 -0400] "GET /products5222466?kg=0005158860 HTTP/1.1" 200 28750 "-" "Mozilla/5.0 (Linux; Android 6.0.1; Nexus 5X Build/MMB29P) AppleWebKit/537.36 (KHTML, like Gecko) Chrome/140.0.7339.207 Mobile Safari/537.36 (compatible; Googlebot/2.1; +http://www.google.com/bot.html)"
66.249.73.11 - - [05/Oct/2025:17:01:19 -0400] "GET /products5222666?kg=0005159056 HTTP/1.1" 200 28785 "-" "Mozilla/5.0 (Linux; Android 6.0.1; Nexus 5X Build/MMB29P) AppleWebKit/537.36 (KHTML, like Gecko) Chrome/140.0.7339.207 Mobile Safari/537.36 (compatible; Googlebot/2.1; +http://www.google.com/bot.html)"
66.249.73.10 - - [05/Oct/2025:17:01:26 -0400] "GET /products5220170?kg=0005156592 HTTP/1.1" 200 28811 "-" "Mozilla/5.0 (Linux; Android 6.0.1; Nexus 5X Build/MMB29P) AppleWebKit/537.36 (KHTML, like Gecko) Chrome/140.0.7339.207 Mobile Safari/537.36 (compatible; Googlebot/2.1; +http://www.google.com/bot.html)"
66.249.73.10 - - [05/Oct/2025:17:01:28 -0400] "GET /products5223646?kg=0005160026 HTTP/1.1" 200 28875 "-" "Mozilla/5.0 (Linux; Android 6.0.1; Nexus 5X Build/MMB29P) AppleWebKit/537.36 (KHTML, like Gecko) Chrome/140.0.7339.207 Mobile Safari/537.36 (compatible; Googlebot/2.1; +http://www.google.com/bot.html)"
46.101.70.221 - - [05/Oct/2025:17:01:40 -0400] "GET /index.html HTTP/1.1" 200 1404 "-" "Mozilla/5.0 (Windows NT 10.0; Win64; x64) AppleWebKit/537.36 (KHTML, like Gecko) Chrome/132.0.0.0 Safari/537.36 Edg/132.0.0.0"
185.61.153.107 - - [05/Oct/2025:17:02:01 -0400] "POST /wp-cron.php?doing_wp_cron=1759698121.5759119987487792968750 HTTP/1.1" 200 0 "-" "WordPress/6.8.3; https://salhab360photos.com"
20.171.207.56 - - [05/Oct/2025:17:01:57 -0400] "GET /products210606130?kg=0208037844 HTTP/1.1" 404 9742 "-" "Mozilla/5.0 AppleWebKit/537.36 (KHTML, like Gecko; compatible; GPTBot/1.2; +https://openai.com/gptbot)"
66.249.73.10 - - [05/Oct/2025:17:02:59 -0400] "GET /products4204518?kg=0004153326 HTTP/1.1" 200 29039 "-" "Mozilla/5.0 (Linux; Android 6.0.1; Nexus 5X Build/MMB29P) AppleWebKit/537.36 (KHTML, like Gecko) Chrome/140.0.7339.207 Mobile Safari/537.36 (compatible; Googlebot/2.1; +http://www.google.com/bot.html)"
66.249.73.10 - - [05/Oct/2025:17:03:03 -0400] "GET /products4203188?kg=0004152011 HTTP/1.1" 200 28978 "-" "Mozilla/5.0 (Linux; Android 6.0.1; Nexus 5X Build/MMB29P) AppleWebKit/537.36 (KHTML, like Gecko) Chrome/140.0.7339.207 Mobile Safari/537.36 (compatible; Googlebot/2.1; +http://www.google.com/bot.html)"
66.249.73.10 - - [05/Oct/2025:17:03:10 -0400] "GET /products14075842?kg=0013904268 HTTP/1.1" 200 29527 "-" "Mozilla/5.0 (Linux; Android 6.0.1; Nexus 5X Build/MMB29P) AppleWebKit/537.36 (KHTML, like Gecko) Chrome/140.0.7339.207 Mobile Safari/537.36 (compatible; Googlebot/2.1; +http://www.google.com/bot.html)"
185.61.153.107 - - [05/Oct/2025:17:03:15 -0400] "POST /wp-cron.php?doing_wp_cron=1759698194.9759690761566162109375 HTTP/1.1" 200 0 "-" "WordPress/6.8.3; https://salhab360photos.com"
92.222.104.219 - - [05/Oct/2025:17:03:11 -0400] "GET /products51903900?kg=0051271007 HTTP/1.1" 404 9741 "-" "Mozilla/5.0 (compatible; AhrefsBot/7.0; +http://ahrefs.com/robot/)"
13.40.33.181 - - [05/Oct/2025:17:01:40 -0400] "GET /index.html HTTP/1.1" 200 1404 "-" "Mozilla/5.0 (Windows NT 10.0; Win64; x64) AppleWebKit/537.36 (KHTML, like Gecko) Chrome/132.0.0.0 Safari/537.36 Edg/132.0.0.0"
164.90.241.135 - - [05/Oct/2025:17:01:40 -0400] "GET /index.html HTTP/1.1" 200 1404 "-" "Mozilla/5.0 (Windows NT 10.0; Win64; x64) AppleWebKit/537.36 (KHTML, like Gecko) Chrome/132.0.0.0 Safari/537.36 Edg/132.0.0.0"
174.138.112.39 - - [05/Oct/2025:17:01:41 -0400] "GET /index.html HTTP/1.1" 200 1404 "-" "Mozilla/5.0 (Windows NT 10.0; Win64; x64) AppleWebKit/537.36 (KHTML, like Gecko) Chrome/132.0.0.0 Safari/537.36 Edg/132.0.0.0"
66.249.73.10 - - [05/Oct/2025:17:02:02 -0400] "GET /?products5186454?kg=0005123286 HTTP/1.1" 200 1164 "-" "Mozilla/5.0 (Linux; Android 6.0.1; Nexus 5X Build/MMB29P) AppleWebKit/537.36 (KHTML, like Gecko) Chrome/140.0.7339.207 Mobile Safari/537.36 (compatible; Googlebot/2.1; +http://www.google.com/bot.html)"
216.73.216.221 - - [05/Oct/2025:17:02:13 -0400] "GET /products29020124?kg=0028666303 HTTP/1.1" 404 9742 "-" "Mozilla/5.0 AppleWebKit/537.36 (KHTML, like Gecko; compatible; ClaudeBot/1.0; +claudebot@anthropic.com)"
216.73.216.221 - - [05/Oct/2025:17:02:22 -0400] "GET /products234401186?kg=0231542716 HTTP/1.1" 404 9739 "-" "Mozilla/5.0 AppleWebKit/537.36 (KHTML, like Gecko; compatible; ClaudeBot/1.0; +claudebot@anthropic.com)"
66.249.73.10 - - [05/Oct/2025:17:02:37 -0400] "GET /products14076116?kg=0013904539 HTTP/1.1" 200 30220 "-" "Mozilla/5.0 (Linux; Android 6.0.1; Nexus 5X Build/MMB29P) AppleWebKit/537.36 (KHTML, like Gecko) Chrome/140.0.7339.207 Mobile Safari/537.36 (compatible; Googlebot/2.1; +http://www.google.com/bot.html)"
66.249.73.10 - - [05/Oct/2025:17:02:49 -0400] "GET /products5221300?kg=0005157707 HTTP/1.1" 200 29701 "-" "Mozilla/5.0 (Linux; Android 6.0.1; Nexus 5X Build/MMB29P) AppleWebKit/537.36 (KHTML, like Gecko) Chrome/140.0.7339.207 Mobile Safari/537.36 (compatible; Googlebot/2.1; +http://www.google.com/bot.html)"
20.171.207.56 - - [05/Oct/2025:17:02:53 -0400] "GET /products210600632?kg=0208032413 HTTP/1.1" 404 9741 "-" "Mozilla/5.0 AppleWebKit/537.36 (KHTML, like Gecko; compatible; GPTBot/1.2; +https://openai.com/gptbot)"
66.249.73.10 - - [05/Oct/2025:17:03:01 -0400] "GET /products4202464?kg=0004151297 HTTP/1.1" 200 29024 "-" "Mozilla/5.0 (Linux; Android 6.0.1; Nexus 5X Build/MMB29P) AppleWebKit/537.36 (KHTML, like Gecko) Chrome/140.0.7339.207 Mobile Safari/537.36 (compatible; Googlebot/2.1; +http://www.google.com/bot.html)"
66.249.73.10 - - [05/Oct/2025:17:03:22 -0400] "GET /products4203406?kg=0004152226 HTTP/1.1" 200 29071 "-" "Mozilla/5.0 (Linux; Android 6.0.1; Nexus 5X Build/MMB29P) AppleWebKit/537.36 (KHTML, like Gecko) Chrome/140.0.7339.207 Mobile Safari/537.36 (compatible; Googlebot/2.1; +http://www.google.com/bot.html)"
66.249.73.10 - - [05/Oct/2025:17:03:51 -0400] "GET /products14076042?kg=0013904464 HTTP/1.1" 200 29119 "-" "Mozilla/5.0 (Linux; Android 6.0.1; Nexus 5X Build/MMB29P) AppleWebKit/537.36 (KHTML, like Gecko) Chrome/140.0.7339.207 Mobile Safari/537.36 (compatible; Googlebot/2.1; +http://www.google.com/bot.html)"
20.171.207.56 - - [05/Oct/2025:17:03:50 -0400] "GET /products210589972?kg=0208021883 HTTP/1.1" 404 9742 "-" "Mozilla/5.0 AppleWebKit/537.36 (KHTML, like Gecko; compatible; GPTBot/1.2; +https://openai.com/gptbot)"
66.249.73.11 - - [05/Oct/2025:17:04:17 -0400] "GET /products4202782?kg=0004151610 HTTP/1.1" 200 28974 "-" "Mozilla/5.0 (Linux; Android 6.0.1; Nexus 5X Build/MMB29P) AppleWebKit/537.36 (KHTML, like Gecko) Chrome/140.0.7339.207 Mobile Safari/537.36 (compatible; Googlebot/2.1; +http://www.google.com/bot.html)"
66.249.73.11 - - [05/Oct/2025:17:04:32 -0400] "GET /products4202058?kg=0004150896 HTTP/1.1" 200 29045 "-" "Mozilla/5.0 (Linux; Android 6.0.1; Nexus 5X Build/MMB29P) AppleWebKit/537.36 (KHTML, like Gecko) Chrome/140.0.7339.207 Mobile Safari/537.36 (compatible; Googlebot/2.1; +http://www.google.com/bot.html)"
185.61.153.107 - - [05/Oct/2025:17:04:50 -0400] "POST /wp-cron.php?doing_wp_cron=1759698290.4716989994049072265625 HTTP/1.1" 200 0 "-" "WordPress/6.8.3; https://salhab360photos.com"
212.34.141.234 - - [05/Oct/2025:17:05:02 -0400] "GET /standard-post-format/?unapproved=438&moderation-hash=26230def7adc84ca04ace0008af42589 HTTP/1.0" 200 74514 "https://salhab360photos.com/standard-post-format/?unapproved=438&moderation-hash=26230def7adc84ca04ace0008af42589#comment-438" "Mozilla/5.0 (Windows NT 10.0; Win64; x64) AppleWebKit/537.36 (KHTML, like Gecko) Chrome/131.0.0.0 Safari/537.36"
66.249.73.11 - - [05/Oct/2025:17:05:39 -0400] "GET /products4798440?kg=0004740005 HTTP/1.1" 200 29838 "-" "Mozilla/5.0 (Linux; Android 6.0.1; Nexus 5X Build/MMB29P) AppleWebKit/537.36 (KHTML, like Gecko) Chrome/140.0.7339.207 Mobile Safari/537.36 (compatible; Googlebot/2.1; +http://www.google.com/bot.html)"
66.249.73.10 - - [05/Oct/2025:17:06:09 -0400] "GET /products4743126?kg=0004685366 HTTP/1.1" 200 29230 "-" "Mozilla/5.0 (Linux; Android 6.0.1; Nexus 5X Build/MMB29P) AppleWebKit/537.36 (KHTML, like Gecko) Chrome/140.0.7339.207 Mobile Safari/537.36 (compatible; Googlebot/2.1; +http://www.google.com/bot.html)"
66.249.73.11 - - [05/Oct/2025:17:06:14 -0400] "GET /products4743008?kg=0004685249 HTTP/1.1" 200 29243 "-" "Mozilla/5.0 (Linux; Android 6.0.1; Nexus 5X Build/MMB29P) AppleWebKit/537.36 (KHTML, like Gecko) Chrome/140.0.7339.207 Mobile Safari/537.36 (compatible; Googlebot/2.1; +http://www.google.com/bot.html)"
66.249.73.10 - - [05/Oct/2025:17:06:36 -0400] "GET /products4745504?kg=0004687713 HTTP/1.1" 200 28859 "-" "Mozilla/5.0 (Linux; Android 6.0.1; Nexus 5X Build/MMB29P) AppleWebKit/537.36 (KHTML, like Gecko) Chrome/140.0.7339.207 Mobile Safari/537.36 (compatible; Googlebot/2.1; +http://www.google.com/bot.html)"
51.75.236.138 - - [05/Oct/2025:17:07:00 -0400] "GET /products224458140?kg=0221720927 HTTP/1.1" 404 9740 "-" "Mozilla/5.0 (compatible; AhrefsBot/7.0; +http://ahrefs.com/robot/)"
66.249.73.11 - - [05/Oct/2025:17:07:11 -0400] "GET /products4735988?kg=0004678315 HTTP/1.1" 200 28923 "-" "Mozilla/5.0 (Linux; Android 6.0.1; Nexus 5X Build/MMB29P) AppleWebKit/537.36 (KHTML, like Gecko) Chrome/140.0.7339.207 Mobile Safari/537.36 (compatible; Googlebot/2.1; +http://www.google.com/bot.html)"
66.249.73.10 - - [05/Oct/2025:17:07:17 -0400] "GET /products5163298?kg=0005100412 HTTP/1.1" 200 29095 "-" "Mozilla/5.0 (Linux; Android 6.0.1; Nexus 5X Build/MMB29P) AppleWebKit/537.36 (KHTML, like Gecko) Chrome/140.0.7339.207 Mobile Safari/537.36 (compatible; Googlebot/2.1; +http://www.google.com/bot.html)"
66.249.73.10 - - [05/Oct/2025:17:03:23 -0400] "GET /products4204336?kg=0004153145 HTTP/1.1" 200 29111 "-" "Mozilla/5.0 (Linux; Android 6.0.1; Nexus 5X Build/MMB29P) AppleWebKit/537.36 (KHTML, like Gecko) Chrome/140.0.7339.207 Mobile Safari/537.36 (compatible; Googlebot/2.1; +http://www.google.com/bot.html)"
66.249.73.10 - - [05/Oct/2025:17:03:27 -0400] "GET /products4203730?kg=0004152548 HTTP/1.1" 200 29569 "-" "Mozilla/5.0 (Linux; Android 6.0.1; Nexus 5X Build/MMB29P) AppleWebKit/537.36 (KHTML, like Gecko) Chrome/140.0.7339.207 Mobile Safari/537.36 (compatible; Googlebot/2.1; +http://www.google.com/bot.html)"
66.249.73.10 - - [05/Oct/2025:17:04:50 -0400] "GET /products14076006?kg=0013904430 HTTP/1.1" 200 29164 "-" "Mozilla/5.0 (Linux; Android 6.0.1; Nexus 5X Build/MMB29P) AppleWebKit/537.36 (KHTML, like Gecko) Chrome/140.0.7339.207 Mobile Safari/537.36 (compatible; Googlebot/2.1; +http://www.google.com/bot.html)"
212.34.141.234 - - [05/Oct/2025:17:04:48 -0400] "GET /standard-post-format/ HTTP/1.0" 200 74497 "https://salhab360photos.com/standard-post-format/" "Mozilla/5.0 (Windows NT 10.0; Win64; x64) AppleWebKit/537.36 (KHTML, like Gecko) Chrome/131.0.0.0 Safari/537.36"
20.171.207.56 - - [05/Oct/2025:17:04:45 -0400] "GET /products210611310?kg=0208042962 HTTP/1.1" 404 9744 "-" "Mozilla/5.0 AppleWebKit/537.36 (KHTML, like Gecko; compatible; GPTBot/1.2; +https://openai.com/gptbot)"
212.34.141.234 - - [05/Oct/2025:17:04:55 -0400] "POST /wp-comments-post.php HTTP/1.0" 302 0 "https://salhab360photos.com/standard-post-format/" "Mozilla/5.0 (Windows NT 10.0; Win64; x64) AppleWebKit/537.36 (KHTML, like Gecko) Chrome/131.0.0.0 Safari/537.36"
20.171.207.56 - - [05/Oct/2025:17:05:41 -0400] "GET /products210590428?kg=0208022335 HTTP/1.1" 404 9741 "-" "Mozilla/5.0 AppleWebKit/537.36 (KHTML, like Gecko; compatible; GPTBot/1.2; +https://openai.com/gptbot)"
66.249.73.11 - - [05/Oct/2025:17:06:16 -0400] "GET /products4745336?kg=0004687549 HTTP/1.1" 200 28916 "-" "Mozilla/5.0 (Linux; Android 6.0.1; Nexus 5X Build/MMB29P) AppleWebKit/537.36 (KHTML, like Gecko) Chrome/140.0.7339.207 Mobile Safari/537.36 (compatible; Googlebot/2.1; +http://www.google.com/bot.html)"
66.249.73.10 - - [05/Oct/2025:17:06:23 -0400] "GET /products4743914?kg=0004686144 HTTP/1.1" 200 29292 "-" "Mozilla/5.0 (Linux; Android 6.0.1; Nexus 5X Build/MMB29P) AppleWebKit/537.36 (KHTML, like Gecko) Chrome/140.0.7339.207 Mobile Safari/537.36 (compatible; Googlebot/2.1; +http://www.google.com/bot.html)"
66.249.73.10 - - [05/Oct/2025:17:06:36 -0400] "GET /products4471128?kg=0004416685 HTTP/1.1" 200 29256 "-" "Mozilla/5.0 (Linux; Android 6.0.1; Nexus 5X Build/MMB29P) AppleWebKit/537.36 (KHTML, like Gecko) Chrome/140.0.7339.207 Mobile Safari/537.36 (compatible; Googlebot/2.1; +http://www.google.com/bot.html)"
185.61.153.107 - - [05/Oct/2025:17:06:41 -0400] "POST /wp-cron.php?doing_wp_cron=1759698401.6736249923706054687500 HTTP/1.1" 200 0 "-" "WordPress/6.8.3; https://salhab360photos.com"
20.171.207.56 - - [05/Oct/2025:17:06:37 -0400] "GET /products210610066?kg=0208041732 HTTP/1.1" 404 9733 "-" "Mozilla/5.0 AppleWebKit/537.36 (KHTML, like Gecko; compatible; GPTBot/1.2; +https://openai.com/gptbot)"
66.249.73.10 - - [05/Oct/2025:17:07:20 -0400] "GET /products12206930?kg=0012058148 HTTP/1.1" 200 29122 "-" "Mozilla/5.0 (Linux; Android 6.0.1; Nexus 5X Build/MMB29P) AppleWebKit/537.36 (KHTML, like Gecko) Chrome/140.0.7339.207 Mobile Safari/537.36 (compatible; Googlebot/2.1; +http://www.google.com/bot.html)"
66.249.73.10 - - [05/Oct/2025:17:07:37 -0400] "GET /products5164738?kg=0005101836 HTTP/1.1" 200 29045 "-" "Mozilla/5.0 (Linux; Android 6.0.1; Nexus 5X Build/MMB29P) AppleWebKit/537.36 (KHTML, like Gecko) Chrome/140.0.7339.207 Mobile Safari/537.36 (compatible; Googlebot/2.1; +http://www.google.com/bot.html)"
20.171.207.56 - - [05/Oct/2025:17:07:37 -0400] "GET /products210607028?kg=0208038731 HTTP/1.1" 404 9741 "-" "Mozilla/5.0 AppleWebKit/537.36 (KHTML, like Gecko; compatible; GPTBot/1.2; +https://openai.com/gptbot)"
66.249.73.11 - - [05/Oct/2025:17:08:02 -0400] "GET /products5166360?kg=0005103437 HTTP/1.1" 200 29354 "-" "Mozilla/5.0 (Linux; Android 6.0.1; Nexus 5X Build/MMB29P) AppleWebKit/537.36 (KHTML, like Gecko) Chrome/140.0.7339.207 Mobile Safari/537.36 (compatible; Googlebot/2.1; +http://www.google.com/bot.html)"
66.249.73.11 - - [05/Oct/2025:17:08:06 -0400] "GET /products6058484?kg=0005984683 HTTP/1.1" 200 29225 "-" "Mozilla/5.0 (Linux; Android 6.0.1; Nexus 5X Build/MMB29P) AppleWebKit/537.36 (KHTML, like Gecko) Chrome/140.0.7339.207 Mobile Safari/537.36 (compatible; Googlebot/2.1; +http://www.google.com/bot.html)"
66.249.73.10 - - [05/Oct/2025:17:08:19 -0400] "GET /products5165800?kg=0005102885 HTTP/1.1" 200 28982 "-" "Mozilla/5.0 (Linux; Android 6.0.1; Nexus 5X Build/MMB29P) AppleWebKit/537.36 (KHTML, like Gecko) Chrome/140.0.7339.207 Mobile Safari/537.36 (compatible; Googlebot/2.1; +http://www.google.com/bot.html)"
103.205.70.26 - - [05/Oct/2025:17:08:24 -0400] "GET /wp-includes/style-engine/about.php HTTP/1.1" 404 12366 "-" "Mozilla/5.0 (Windows NT 10.0; Win64; x64) AppleWebKit/537.36 Chrome/91 Safari/537.36"
103.205.70.26 - - [05/Oct/2025:17:08:29 -0400] "GET /KOK1337.php HTTP/1.1" 404 10906 "-" "Mozilla/5.0 (Windows NT 10.0; Win64; x64) AppleWebKit/537.36 Chrome/91 Safari/537.36"
20.171.207.56 - - [05/Oct/2025:17:08:32 -0400] "GET /products210610928?kg=0208042585 HTTP/1.1" 404 9742 "-" "Mozilla/5.0 AppleWebKit/537.36 (KHTML, like Gecko; compatible; GPTBot/1.2; +https://openai.com/gptbot)"
103.205.70.26 - - [05/Oct/2025:17:08:55 -0400] "GET /h0rn3t.php?sp1d3rs=bads HTTP/1.1" 404 10906 "-" "Mozilla/5.0 (Windows NT 10.0; Win64; x64) AppleWebKit/537.36 Chrome/91 Safari/537.36"
66.249.73.12 - - [05/Oct/2025:17:09:05 -0400] "GET /products308448?kg=0000304769 HTTP/1.1" 200 29127 "-" "Mozilla/5.0 (Linux; Android 6.0.1; Nexus 5X Build/MMB29P) AppleWebKit/537.36 (KHTML, like Gecko) Chrome/140.0.7339.207 Mobile Safari/537.36 (compatible; Googlebot/2.1; +http://www.google.com/bot.html)"
103.205.70.26 - - [05/Oct/2025:17:09:05 -0400] "GET /headerg.php HTTP/1.1" 404 10903 "-" "Mozilla/5.0 (Windows NT 10.0; Win64; x64) AppleWebKit/537.36 Chrome/91 Safari/537.36"
66.249.73.10 - - [05/Oct/2025:17:09:15 -0400] "GET /products5165636?kg=0005102723 HTTP/1.1" 200 28869 "-" "Mozilla/5.0 (Linux; Android 6.0.1; Nexus 5X Build/MMB29P) AppleWebKit/537.36 (KHTML, like Gecko) Chrome/140.0.7339.207 Mobile Safari/537.36 (compatible; Googlebot/2.1; +http://www.google.com/bot.html)"
103.205.70.26 - - [05/Oct/2025:17:09:11 -0400] "GET /hiddenuploader.php HTTP/1.1" 404 10899 "-" "Mozilla/5.0 (Windows NT 10.0; Win64; x64) AppleWebKit/537.36 Chrome/91 Safari/537.36"
103.205.70.26 - - [05/Oct/2025:17:09:19 -0400] "GET /Yetixx.php HTTP/1.1" 404 10906 "-" "Mozilla/5.0 (Windows NT 10.0; Win64; x64) AppleWebKit/537.36 Chrome/91 Safari/537.36"
20.171.207.56 - - [05/Oct/2025:17:09:30 -0400] "GET /products210599120?kg=0208030921 HTTP/1.1" 404 9742 "-" "Mozilla/5.0 AppleWebKit/537.36 (KHTML, like Gecko; compatible; GPTBot/1.2; +https://openai.com/gptbot)"
103.205.70.26 - - [05/Oct/2025:17:09:29 -0400] "GET /input.php HTTP/1.1" 404 10903 "-" "Mozilla/5.0 (Windows NT 10.0; Win64; x64) AppleWebKit/537.36 Chrome/91 Safari/537.36"
103.205.70.26 - - [05/Oct/2025:17:09:58 -0400] "GET /wp-admin/xl2023.php HTTP/1.1" 302 0 "-" "Mozilla/5.0 (Windows NT 10.0; Win64; x64) AppleWebKit/537.36 Chrome/91 Safari/537.36"
103.205.70.26 - - [05/Oct/2025:17:10:01 -0400] "GET /wp-login.php?redirect_to=https://salhab360photos.com/wp-admin/xl2023.php&reauth=1 HTTP/1.1" 200 2368 "-" "Mozilla/5.0 (Windows NT 10.0; Win64; x64) AppleWebKit/537.36 Chrome/91 Safari/537.36"
185.61.153.107 - - [05/Oct/2025:17:10:09 -0400] "POST /wp-cron.php?doing_wp_cron=1759698609.2796850204467773437500 HTTP/1.1" 200 0 "-" "WordPress/6.8.3; https://salhab360photos.com"
103.205.70.26 - - [05/Oct/2025:17:10:10 -0400] "GET /xyz.php HTTP/1.1" 404 10906 "-" "Mozilla/5.0 (Windows NT 10.0; Win64; x64) AppleWebKit/537.36 Chrome/91 Safari/537.36"
185.61.153.107 - - [05/Oct/2025:17:07:43 -0400] "POST /wp-cron.php?doing_wp_cron=1759698463.1742429733276367187500 HTTP/1.1" 200 0 "-" "WordPress/6.8.3; https://salhab360photos.com"
185.61.153.107 - - [05/Oct/2025:17:08:27 -0400] "POST /wp-cron.php?doing_wp_cron=1759698507.7768321037292480468750 HTTP/1.1" 200 0 "-" "WordPress/6.8.3; https://salhab360photos.com"
103.205.70.26 - - [05/Oct/2025:17:08:36 -0400] "GET /syneld.php HTTP/1.1" 404 10897 "-" "Mozilla/5.0 (Windows NT 10.0; Win64; x64) AppleWebKit/537.36 Chrome/91 Safari/537.36"
103.205.70.26 - - [05/Oct/2025:17:08:42 -0400] "GET /666.php HTTP/1.1" 404 10906 "-" "Mozilla/5.0 (Windows NT 10.0; Win64; x64) AppleWebKit/537.36 Chrome/91 Safari/537.36"
103.205.70.26 - - [05/Oct/2025:17:08:49 -0400] "GET /gaza.php HTTP/1.1" 404 10903 "-" "Mozilla/5.0 (Windows NT 10.0; Win64; x64) AppleWebKit/537.36 Chrome/91 Safari/537.36"
103.205.70.26 - - [05/Oct/2025:17:09:00 -0400] "GET /h0rn3t.php HTTP/1.1" 404 10903 "-" "Mozilla/5.0 (Windows NT 10.0; Win64; x64) AppleWebKit/537.36 Chrome/91 Safari/537.36"
185.61.153.107 - - [05/Oct/2025:17:09:09 -0400] "POST /wp-cron.php?doing_wp_cron=1759698549.0746219158172607421875 HTTP/1.1" 200 0 "-" "WordPress/6.8.3; https://salhab360photos.com"
66.249.73.11 - - [05/Oct/2025:17:09:17 -0400] "GET /products5165918?kg=0005103002 HTTP/1.1" 200 28857 "-" "Mozilla/5.0 (Linux; Android 6.0.1; Nexus 5X Build/MMB29P) AppleWebKit/537.36 (KHTML, like Gecko) Chrome/140.0.7339.207 Mobile Safari/537.36 (compatible; Googlebot/2.1; +http://www.google.com/bot.html)"
103.205.70.26 - - [05/Oct/2025:17:09:25 -0400] "GET /priv.php HTTP/1.1" 404 10900 "-" "Mozilla/5.0 (Windows NT 10.0; Win64; x64) AppleWebKit/537.36 Chrome/91 Safari/537.36"
66.249.73.10 - - [05/Oct/2025:17:09:35 -0400] "GET /products1520330?kg=0001501872 HTTP/1.1" 200 30595 "-" "Mozilla/5.0 (Linux; Android 6.0.1; Nexus 5X Build/MMB29P) AppleWebKit/537.36 (KHTML, like Gecko) Chrome/140.0.7339.207 Mobile Safari/537.36 (compatible; Googlebot/2.1; +http://www.google.com/bot.html)"
103.205.70.26 - - [05/Oct/2025:17:09:36 -0400] "GET /error.php HTTP/1.1" 404 10903 "-" "Mozilla/5.0 (Windows NT 10.0; Win64; x64) AppleWebKit/537.36 Chrome/91 Safari/537.36"
103.205.70.26 - - [05/Oct/2025:17:09:41 -0400] "GET /err0r.php HTTP/1.1" 404 10906 "-" "Mozilla/5.0 (Windows NT 10.0; Win64; x64) AppleWebKit/537.36 Chrome/91 Safari/537.36"
103.205.70.26 - - [05/Oct/2025:17:09:45 -0400] "GET /bads.php HTTP/1.1" 404 10906 "-" "Mozilla/5.0 (Windows NT 10.0; Win64; x64) AppleWebKit/537.36 Chrome/91 Safari/537.36"
103.205.70.26 - - [05/Oct/2025:17:09:50 -0400] "GET /devxyz.php HTTP/1.1" 404 10906 "-" "Mozilla/5.0 (Windows NT 10.0; Win64; x64) AppleWebKit/537.36 Chrome/91 Safari/537.36"
103.205.70.26 - - [05/Oct/2025:17:09:54 -0400] "GET /xl2023.php HTTP/1.1" 404 10899 "-" "Mozilla/5.0 (Windows NT 10.0; Win64; x64) AppleWebKit/537.36 Chrome/91 Safari/537.36"
66.249.73.10 - - [05/Oct/2025:17:10:06 -0400] "GET /products5165344?kg=0005102433 HTTP/1.1" 200 29605 "-" "Mozilla/5.0 (Linux; Android 6.0.1; Nexus 5X Build/MMB29P) AppleWebKit/537.36 (KHTML, like Gecko) Chrome/140.0.7339.207 Mobile Safari/537.36 (compatible; Googlebot/2.1; +http://www.google.com/bot.html)"
103.205.70.26 - - [05/Oct/2025:17:10:05 -0400] "GET /wp-includes/xl2023.php HTTP/1.1" 404 10899 "-" "Mozilla/5.0 (Windows NT 10.0; Win64; x64) AppleWebKit/537.36 Chrome/91 Safari/537.36"
216.73.216.221 - - [05/Oct/2025:17:10:09 -0400] "GET /products62144520?kg=0061386741 HTTP/1.1" 404 9741 "-" "Mozilla/5.0 AppleWebKit/537.36 (KHTML, like Gecko; compatible; ClaudeBot/1.0; +claudebot@anthropic.com)"
103.205.70.26 - - [05/Oct/2025:17:10:17 -0400] "GET /wolf.php HTTP/1.1" 404 10905 "-" "Mozilla/5.0 (Windows NT 10.0; Win64; x64) AppleWebKit/537.36 Chrome/91 Safari/537.36"
66.249.73.10 - - [05/Oct/2025:17:10:25 -0400] "GET /products4736612?kg=0004678931 HTTP/1.1" 200 28913 "-" "Mozilla/5.0 (Linux; Android 6.0.1; Nexus 5X Build/MMB29P) AppleWebKit/537.36 (KHTML, like Gecko) Chrome/140.0.7339.207 Mobile Safari/537.36 (compatible; Googlebot/2.1; +http://www.google.com/bot.html)"
216.73.216.221 - - [05/Oct/2025:17:10:15 -0400] "GET /products62146812?kg=0061389007 HTTP/1.1" 404 9740 "-" "Mozilla/5.0 AppleWebKit/537.36 (KHTML, like Gecko; compatible; ClaudeBot/1.0; +claudebot@anthropic.com)"
216.73.216.221 - - [05/Oct/2025:17:10:21 -0400] "GET /products62163740?kg=0061405727 HTTP/1.1" 404 9733 "-" "Mozilla/5.0 AppleWebKit/537.36 (KHTML, like Gecko; compatible; ClaudeBot/1.0; +claudebot@anthropic.com)"
66.249.73.11 - - [05/Oct/2025:17:10:26 -0400] "GET /products4736274?kg=0004678596 HTTP/1.1" 200 30622 "-" "Mozilla/5.0 (Linux; Android 6.0.1; Nexus 5X Build/MMB29P) AppleWebKit/537.36 (KHTML, like Gecko) Chrome/140.0.7339.207 Mobile Safari/537.36 (compatible; Googlebot/2.1; +http://www.google.com/bot.html)"
103.205.70.26 - - [05/Oct/2025:17:10:28 -0400] "GET /wolf-shell.php HTTP/1.1" 404 10905 "-" "Mozilla/5.0 (Windows NT 10.0; Win64; x64) AppleWebKit/537.36 Chrome/91 Safari/537.36"
66.249.73.10 - - [05/Oct/2025:17:10:49 -0400] "GET /products4742384?kg=0004684633 HTTP/1.1" 200 29441 "-" "Mozilla/5.0 (Linux; Android 6.0.1; Nexus 5X Build/MMB29P) AppleWebKit/537.36 (KHTML, like Gecko) Chrome/140.0.7339.207 Mobile Safari/537.36 (compatible; Googlebot/2.1; +http://www.google.com/bot.html)"
