20.171.207.56 - - [05/Oct/2025:09:02:02 -0400] "GET /products163273270?kg=0161282214 HTTP/1.1" 404 9742 "-" "Mozilla/5.0 AppleWebKit/537.36 (KHTML, like Gecko; compatible; GPTBot/1.2; +https://openai.com/gptbot)"
185.61.153.107 - - [05/Oct/2025:09:03:12 -0400] "POST /wp-cron.php?doing_wp_cron=1759669392.6761569976806640625000 HTTP/1.1" 200 0 "-" "WordPress/6.8.3; https://salhab360photos.com"
66.249.73.11 - - [05/Oct/2025:09:04:11 -0400] "GET /products5043050?kg=0004981632 HTTP/1.1" 200 29056 "-" "Mozilla/5.0 (Linux; Android 6.0.1; Nexus 5X Build/MMB29P) AppleWebKit/537.36 (KHTML, like Gecko) Chrome/140.0.7339.207 Mobile Safari/537.36 (compatible; Googlebot/2.1; +http://www.google.com/bot.html)"
185.61.153.107 - - [05/Oct/2025:09:04:16 -0400] "POST /wp-cron.php?doing_wp_cron=1759669456.0762178897857666015625 HTTP/1.1" 200 0 "-" "WordPress/6.8.3; https://salhab360photos.com"
20.171.207.56 - - [05/Oct/2025:09:04:11 -0400] "GET /products163325026?kg=0161333340 HTTP/1.1" 404 9742 "-" "Mozilla/5.0 AppleWebKit/537.36 (KHTML, like Gecko; compatible; GPTBot/1.2; +https://openai.com/gptbot)"
185.61.153.107 - - [05/Oct/2025:09:05:19 -0400] "POST /wp-cron.php?doing_wp_cron=1759669519.3724129199981689453125 HTTP/1.1" 200 0 "-" "WordPress/6.8.3; https://salhab360photos.com"
20.171.207.56 - - [05/Oct/2025:09:05:13 -0400] "GET /products163292914?kg=0161301620 HTTP/1.1" 404 9743 "-" "Mozilla/5.0 AppleWebKit/537.36 (KHTML, like Gecko; compatible; GPTBot/1.2; +https://openai.com/gptbot)"
185.61.153.107 - - [05/Oct/2025:09:06:15 -0400] "POST /wp-cron.php?doing_wp_cron=1759669575.0718069076538085937500 HTTP/1.1" 200 0 "-" "WordPress/6.8.3; https://salhab360photos.com"
54.37.118.93 - - [05/Oct/2025:09:06:09 -0400] "GET /products6059390?kg=0005985578 HTTP/1.1" 404 9742 "-" "Mozilla/5.0 (compatible; AhrefsBot/7.0; +http://ahrefs.com/robot/)"
66.249.73.10 - - [05/Oct/2025:09:08:29 -0400] "GET /ctg/search/similarImageSearchResultView/?ctgItemCd=138950 HTTP/1.1" 200 29289 "-" "Mozilla/5.0 (Linux; Android 6.0.1; Nexus 5X Build/MMB29P) AppleWebKit/537.36 (KHTML, like Gecko) Chrome/140.0.7339.207 Mobile Safari/537.36 (compatible; Googlebot/2.1; +http://www.google.com/bot.html)"
162.62.213.187 - - [05/Oct/2025:09:09:23 -0400] "GET / HTTP/1.1" 200 1404 "http://www.salhab360photos.com" "Mozilla/5.0 (iPhone; CPU iPhone OS 13_2_3 like Mac OS X) AppleWebKit/605.1.15 (KHTML, like Gecko) Version/13.0.3 Mobile/15E148 Safari/604.1"
185.61.153.107 - - [05/Oct/2025:09:09:29 -0400] "POST /wp-cron.php?doing_wp_cron=1759669769.6771290302276611328125 HTTP/1.1" 200 0 "-" "WordPress/6.8.3; https://salhab360photos.com"
66.249.90.203 - - [05/Oct/2025:09:09:56 -0400] "GET /products6065822?kg=0005991930 HTTP/1.1" 404 9740 "-" "Mozilla/5.0 (X11; Linux x86_64) AppleWebKit/537.36 (KHTML, like Gecko) Chrome/139.0.7258.127 Safari/537.36"
66.249.90.201 - - [05/Oct/2025:09:10:02 -0400] "GET /wp-content/themes/acora/css/style.css?ver=3.0 HTTP/1.1" 200 42248 "https://salhab360photos.com/products6065822?kg=0005991930" "Mozilla/5.0 (X11; Linux x86_64) AppleWebKit/537.36 (KHTML, like Gecko) Chrome/139.0.7258.127 Safari/537.36"
66.249.90.201 - - [05/Oct/2025:09:10:03 -0400] "GET /wp-content/themes/acora/style.css?ver=3.0 HTTP/1.1" 200 333 "https://salhab360photos.com/products6065822?kg=0005991930" "Mozilla/5.0 (X11; Linux x86_64) AppleWebKit/537.36 (KHTML, like Gecko) Chrome/139.0.7258.127 Safari/537.36"
66.249.90.201 - - [05/Oct/2025:09:10:03 -0400] "GET /wp-includes/js/jquery/jquery.min.js?ver=3.7.1 HTTP/1.1" 200 29744 "https://salhab360photos.com/products6065822?kg=0005991930" "Mozilla/5.0 (X11; Linux x86_64) AppleWebKit/537.36 (KHTML, like Gecko) Chrome/139.0.7258.127 Safari/537.36"
66.249.73.12 - - [05/Oct/2025:09:01:28 -0400] "GET /products1287564?kg=0001271943 HTTP/1.1" 200 29257 "-" "Mozilla/5.0 (Linux; Android 6.0.1; Nexus 5X Build/MMB29P) AppleWebKit/537.36 (KHTML, like Gecko) Chrome/140.0.7339.207 Mobile Safari/537.36 (compatible; Googlebot/2.1; +http://www.google.com/bot.html)"
66.249.73.11 - - [05/Oct/2025:09:01:52 -0400] "GET /ctg/search/similarImageSearchResultView/?ctgItemCd=35036 HTTP/1.1" 200 28919 "-" "Mozilla/5.0 (Linux; Android 6.0.1; Nexus 5X Build/MMB29P) AppleWebKit/537.36 (KHTML, like Gecko) Chrome/140.0.7339.207 Mobile Safari/537.36 (compatible; Googlebot/2.1; +http://www.google.com/bot.html)"
51.75.236.143 - - [05/Oct/2025:09:02:50 -0400] "GET /products68044666?kg=0067214936 HTTP/1.1" 404 9732 "-" "Mozilla/5.0 (compatible; AhrefsBot/7.0; +http://ahrefs.com/robot/)"
20.171.207.56 - - [05/Oct/2025:09:03:07 -0400] "GET /products163323696?kg=0161332025 HTTP/1.1" 404 9741 "-" "Mozilla/5.0 AppleWebKit/537.36 (KHTML, like Gecko; compatible; GPTBot/1.2; +https://openai.com/gptbot)"
20.171.207.56 - - [05/Oct/2025:09:06:17 -0400] "GET /products163323914?kg=0161332240 HTTP/1.1" 404 9741 "-" "Mozilla/5.0 AppleWebKit/537.36 (KHTML, like Gecko; compatible; GPTBot/1.2; +https://openai.com/gptbot)"
66.249.73.11 - - [05/Oct/2025:09:06:32 -0400] "GET /?products217746?kg=0000215172 HTTP/1.1" 200 1164 "-" "Mozilla/5.0 (Linux; Android 6.0.1; Nexus 5X Build/MMB29P) AppleWebKit/537.36 (KHTML, like Gecko) Chrome/140.0.7339.207 Mobile Safari/537.36 (compatible; Googlebot/2.1; +http://www.google.com/bot.html)"
185.61.153.107 - - [05/Oct/2025:09:07:22 -0400] "POST /wp-cron.php?doing_wp_cron=1759669642.8713409900665283203125 HTTP/1.1" 200 0 "-" "WordPress/6.8.3; https://salhab360photos.com"
20.171.207.56 - - [05/Oct/2025:09:07:17 -0400] "GET /products163263230?kg=0161272298 HTTP/1.1" 404 9741 "-" "Mozilla/5.0 AppleWebKit/537.36 (KHTML, like Gecko; compatible; GPTBot/1.2; +https://openai.com/gptbot)"
66.249.73.12 - - [05/Oct/2025:09:07:42 -0400] "GET /products7792296?kg=0007697349 HTTP/1.1" 200 29080 "-" "Mozilla/5.0 (Linux; Android 6.0.1; Nexus 5X Build/MMB29P) AppleWebKit/537.36 (KHTML, like Gecko) Chrome/140.0.7339.207 Mobile Safari/537.36 (compatible; Googlebot/2.1; +http://www.google.com/bot.html)"
185.61.153.107 - - [05/Oct/2025:09:08:23 -0400] "POST /wp-cron.php?doing_wp_cron=1759669703.0751490592956542968750 HTTP/1.1" 200 0 "-" "WordPress/6.8.3; https://salhab360photos.com"
20.171.207.56 - - [05/Oct/2025:09:08:18 -0400] "GET /products163311610?kg=0161320088 HTTP/1.1" 404 9743 "-" "Mozilla/5.0 AppleWebKit/537.36 (KHTML, like Gecko; compatible; GPTBot/1.2; +https://openai.com/gptbot)"
20.171.207.56 - - [05/Oct/2025:09:09:24 -0400] "GET /products163324894?kg=0161333210 HTTP/1.1" 404 9745 "-" "Mozilla/5.0 AppleWebKit/537.36 (KHTML, like Gecko; compatible; GPTBot/1.2; +https://openai.com/gptbot)"
66.249.90.202 - - [05/Oct/2025:09:10:02 -0400] "GET /wp-content/themes/acora/css/global.css?ver=3.0 HTTP/1.1" 200 3091 "https://salhab360photos.com/products6065822?kg=0005991930" "Mozilla/5.0 (X11; Linux x86_64) AppleWebKit/537.36 (KHTML, like Gecko) Chrome/139.0.7258.127 Safari/537.36"
66.249.90.202 - - [05/Oct/2025:09:10:03 -0400] "GET /wp-includes/js/underscore.min.js?ver=6.8.3 HTTP/1.1" 200 7185 "https://salhab360photos.com/products6065822?kg=0005991930" "Mozilla/5.0 (X11; Linux x86_64) AppleWebKit/537.36 (KHTML, like Gecko) Chrome/139.0.7258.127 Safari/537.36"
66.249.90.201 - - [05/Oct/2025:09:10:04 -0400] "GET /wp-content/themes/acora/js/menu.js?ver=3.0 HTTP/1.1" 200 4091 "https://salhab360photos.com/products6065822?kg=0005991930" "Mozilla/5.0 (X11; Linux x86_64) AppleWebKit/537.36 (KHTML, like Gecko) Chrome/139.0.7258.127 Safari/537.36"
66.249.90.201 - - [05/Oct/2025:09:10:04 -0400] "GET /wp-includes/js/jquery/jquery-migrate.min.js?ver=3.4.1 HTTP/1.1" 200 4678 "https://salhab360photos.com/products6065822?kg=0005991930" "Mozilla/5.0 (X11; Linux x86_64) AppleWebKit/537.36 (KHTML, like Gecko) Chrome/139.0.7258.127 Safari/537.36"
66.249.90.202 - - [05/Oct/2025:09:10:03 -0400] "GET /wp-content/themes/acora/js/libs/jquery_easing.js?ver=1.3 HTTP/1.1" 200 732 "https://salhab360photos.com/products6065822?kg=0005991930" "Mozilla/5.0 (X11; Linux x86_64) AppleWebKit/537.36 (KHTML, like Gecko) Chrome/139.0.7258.127 Safari/537.36"
66.249.90.201 - - [05/Oct/2025:09:10:03 -0400] "GET /wp-content/themes/acora/js/front.js?ver=3.0 HTTP/1.1" 200 8391 "https://salhab360photos.com/products6065822?kg=0005991930" "Mozilla/5.0 (X11; Linux x86_64) AppleWebKit/537.36 (KHTML, like Gecko) Chrome/139.0.7258.127 Safari/537.36"
66.249.90.201 - - [05/Oct/2025:09:10:04 -0400] "GET /wp-content/themes/acora/js/fwd/FWDUtils.js?ver=3.0 HTTP/1.1" 200 2140 "https://salhab360photos.com/products6065822?kg=0005991930" "Mozilla/5.0 (X11; Linux x86_64) AppleWebKit/537.36 (KHTML, like Gecko) Chrome/139.0.7258.127 Safari/537.36"
66.249.90.202 - - [05/Oct/2025:09:10:05 -0400] "GET /wp-includes/css/dist/block-library/style.min.css?ver=6.8.3 HTTP/1.1" 200 14360 "https://salhab360photos.com/products6065822?kg=0005991930" "Mozilla/5.0 (X11; Linux x86_64) AppleWebKit/537.36 (KHTML, like Gecko) Chrome/139.0.7258.127 Safari/537.36"
66.249.90.202 - - [05/Oct/2025:09:10:05 -0400] "GET /wp-content/themes/acora/js/fwd/fwdgg/FWDGG.js?ver=3.0 HTTP/1.1" 200 27195 "https://salhab360photos.com/products6065822?kg=0005991930" "Mozilla/5.0 (X11; Linux x86_64) AppleWebKit/537.36 (KHTML, like Gecko) Chrome/139.0.7258.127 Safari/537.36"
66.249.90.202 - - [05/Oct/2025:09:10:06 -0400] "GET /wp-content/themes/acora/js/fwd/FWDShare.js?ver=3.0 HTTP/1.1" 200 6623 "https://salhab360photos.com/products6065822?kg=0005991930" "Mozilla/5.0 (X11; Linux x86_64) AppleWebKit/537.36 (KHTML, like Gecko) Chrome/139.0.7258.127 Safari/537.36"
66.249.90.201 - - [05/Oct/2025:09:10:06 -0400] "GET /wp-content/uploads/2022/12/logo-1.png HTTP/1.1" 200 4058 "https://salhab360photos.com/products6065822?kg=0005991930" "Mozilla/5.0 (X11; Linux x86_64) AppleWebKit/537.36 (KHTML, like Gecko) Chrome/139.0.7258.127 Safari/537.36"
66.249.90.201 - - [05/Oct/2025:09:10:06 -0400] "GET /wp-content/themes/acora/css/fwdicon.css?ver=3.0 HTTP/1.1" 200 1143 "https://salhab360photos.com/products6065822?kg=0005991930" "Mozilla/5.0 (X11; Linux x86_64) AppleWebKit/537.36 (KHTML, like Gecko) Chrome/139.0.7258.127 Safari/537.36"
66.249.90.201 - - [05/Oct/2025:09:10:07 -0400] "GET /wp-content/themes/acora/js/vertical_menu.js?ver=3.0 HTTP/1.1" 200 2465 "https://salhab360photos.com/products6065822?kg=0005991930" "Mozilla/5.0 (X11; Linux x86_64) AppleWebKit/537.36 (KHTML, like Gecko) Chrome/139.0.7258.127 Safari/537.36"
66.249.90.201 - - [05/Oct/2025:09:10:07 -0400] "GET /wp-content/themes/acora/js/fwd/fwdhs/FWDHS.js?ver=3.0 HTTP/1.1" 200 22453 "https://salhab360photos.com/products6065822?kg=0005991930" "Mozilla/5.0 (X11; Linux x86_64) AppleWebKit/537.36 (KHTML, like Gecko) Chrome/139.0.7258.127 Safari/537.36"
66.249.90.201 - - [05/Oct/2025:09:10:07 -0400] "GET /wp-content/themes/acora/js/fwd/fwdigp/FWDIGP.js?ver=3.0 HTTP/1.1" 200 65444 "https://salhab360photos.com/products6065822?kg=0005991930" "Mozilla/5.0 (X11; Linux x86_64) AppleWebKit/537.36 (KHTML, like Gecko) Chrome/139.0.7258.127 Safari/537.36"
66.249.90.201 - - [05/Oct/2025:09:10:08 -0400] "GET /wp-content/themes/acora/js/fwd/fwdsi/FWDSI.js?ver=3.0 HTTP/1.1" 200 11195 "https://salhab360photos.com/products6065822?kg=0005991930" "Mozilla/5.0 (X11; Linux x86_64) AppleWebKit/537.36 (KHTML, like Gecko) Chrome/139.0.7258.127 Safari/537.36"
66.249.90.201 - - [05/Oct/2025:09:10:08 -0400] "GET /wp-content/themes/acora/js/fwd/fwdevp/FWDEVPlayer.js?ver=3.0 HTTP/1.1" 200 119748 "https://salhab360photos.com/products6065822?kg=0005991930" "Mozilla/5.0 (X11; Linux x86_64) AppleWebKit/537.36 (KHTML, like Gecko) Chrome/139.0.7258.127 Safari/537.36"
185.61.153.107 - - [05/Oct/2025:09:10:14 -0400] "POST /wp-cron.php?doing_wp_cron=1759669814.7751870155334472656250 HTTP/1.1" 200 0 "-" "WordPress/6.8.3; https://salhab360photos.com"
66.249.90.201 - - [05/Oct/2025:09:10:05 -0400] "GET /wp-content/themes/acora/js/fwd/FWDAnimation.js?ver=3.0 HTTP/1.1" 200 35832 "https://salhab360photos.com/products6065822?kg=0005991930" "Mozilla/5.0 (X11; Linux x86_64) AppleWebKit/537.36 (KHTML, like Gecko) Chrome/139.0.7258.127 Safari/537.36"
66.249.90.201 - - [05/Oct/2025:09:10:06 -0400] "GET /wp-content/themes/acora/js/fwd/FWDScrollbar.js?ver=3.0 HTTP/1.1" 200 2240 "https://salhab360photos.com/products6065822?kg=0005991930" "Mozilla/5.0 (X11; Linux x86_64) AppleWebKit/537.36 (KHTML, like Gecko) Chrome/139.0.7258.127 Safari/537.36"
66.249.90.201 - - [05/Oct/2025:09:10:07 -0400] "GET /wp-content/themes/acora/js/fwd/fwdvs/FWDVS.js?ver=3.0 HTTP/1.1" 200 32338 "https://salhab360photos.com/products6065822?kg=0005991930" "Mozilla/5.0 (X11; Linux x86_64) AppleWebKit/537.36 (KHTML, like Gecko) Chrome/139.0.7258.127 Safari/537.36"
66.249.90.201 - - [05/Oct/2025:09:10:08 -0400] "GET /wp-content/themes/acora/js/fwd/fwdsisc/FWDSISC.js?ver=3.0 HTTP/1.1" 200 68111 "https://salhab360photos.com/products6065822?kg=0005991930" "Mozilla/5.0 (X11; Linux x86_64) AppleWebKit/537.36 (KHTML, like Gecko) Chrome/139.0.7258.127 Safari/537.36"
66.249.90.201 - - [05/Oct/2025:09:10:08 -0400] "GET /wp-content/plugins/acora-settings//js/front.js?ver=3.0 HTTP/1.1" 200 1440 "https://salhab360photos.com/products6065822?kg=0005991930" "Mozilla/5.0 (X11; Linux x86_64) AppleWebKit/537.36 (KHTML, like Gecko) Chrome/139.0.7258.127 Safari/537.36"
66.249.90.201 - - [05/Oct/2025:09:10:09 -0400] "GET /wp-content/themes/acora/fonts/fwdicon.ttf?hojdd7 HTTP/1.1" 200 39272 "https://salhab360photos.com/wp-content/themes/acora/css/fwdicon.css?ver=3.0" "Mozilla/5.0 (X11; Linux x86_64) AppleWebKit/537.36 (KHTML, like Gecko) Chrome/139.0.7258.127 Safari/537.36"
66.249.90.201 - - [05/Oct/2025:09:10:09 -0400] "GET /wp-includes/js/wp-emoji-release.min.js?ver=6.8.3 HTTP/1.1" 200 4769 "https://salhab360photos.com/products6065822?kg=0005991930" "Mozilla/5.0 (X11; Linux x86_64) AppleWebKit/537.36 (KHTML, like Gecko) Chrome/139.0.7258.127 Safari/537.36"
66.249.90.201 - - [05/Oct/2025:09:10:09 -0400] "POST /wp-admin/admin-ajax.php HTTP/1.1" 200 1967 "https://salhab360photos.com/products6065822?kg=0005991930" "Mozilla/5.0 (X11; Linux x86_64) AppleWebKit/537.36 (KHTML, like Gecko) Chrome/139.0.7258.127 Safari/537.36"
20.171.207.56 - - [05/Oct/2025:09:10:28 -0400] "GET /products163268646?kg=0161277646 HTTP/1.1" 404 9743 "-" "Mozilla/5.0 AppleWebKit/537.36 (KHTML, like Gecko; compatible; GPTBot/1.2; +https://openai.com/gptbot)"
94.23.188.208 - - [05/Oct/2025:09:10:19 -0400] "GET /products6038234?kg=0005964680 HTTP/1.1" 404 9743 "-" "Mozilla/5.0 (compatible; AhrefsBot/7.0; +http://ahrefs.com/robot/)"
185.61.153.107 - - [05/Oct/2025:09:12:42 -0400] "POST /wp-cron.php?doing_wp_cron=1759669962.8753778934478759765625 HTTP/1.1" 200 0 "-" "WordPress/6.8.3; https://salhab360photos.com"
185.61.153.107 - - [05/Oct/2025:09:13:13 -0400] "POST /wp-cron.php?doing_wp_cron=1759669993.5757269859313964843750 HTTP/1.1" 200 0 "-" "WordPress/6.8.3; https://salhab360photos.com"
216.73.216.221 - - [05/Oct/2025:09:13:08 -0400] "GET /products27059594?kg=0026729680 HTTP/1.1" 404 9742 "-" "Mozilla/5.0 AppleWebKit/537.36 (KHTML, like Gecko; compatible; ClaudeBot/1.0; +claudebot@anthropic.com)"
216.73.216.221 - - [05/Oct/2025:09:13:17 -0400] "GET /products232562200?kg=0229726157 HTTP/1.1" 404 9741 "-" "Mozilla/5.0 AppleWebKit/537.36 (KHTML, like Gecko; compatible; ClaudeBot/1.0; +claudebot@anthropic.com)"
216.73.216.221 - - [05/Oct/2025:09:13:23 -0400] "GET /products234394864?kg=0231536473 HTTP/1.1" 404 9742 "-" "Mozilla/5.0 AppleWebKit/537.36 (KHTML, like Gecko; compatible; ClaudeBot/1.0; +claudebot@anthropic.com)"
216.73.216.221 - - [05/Oct/2025:09:13:29 -0400] "GET /products106730462?kg=0105428954 HTTP/1.1" 404 9741 "-" "Mozilla/5.0 AppleWebKit/537.36 (KHTML, like Gecko; compatible; ClaudeBot/1.0; +claudebot@anthropic.com)"
216.73.216.221 - - [05/Oct/2025:09:13:35 -0400] "GET /products146024908?kg=0144244199 HTTP/1.1" 404 9743 "-" "Mozilla/5.0 AppleWebKit/537.36 (KHTML, like Gecko; compatible; ClaudeBot/1.0; +claudebot@anthropic.com)"
216.73.216.221 - - [05/Oct/2025:09:13:41 -0400] "GET /products55904648?kg=0055222965 HTTP/1.1" 404 9742 "-" "Mozilla/5.0 AppleWebKit/537.36 (KHTML, like Gecko; compatible; ClaudeBot/1.0; +claudebot@anthropic.com)"
66.249.73.12 - - [05/Oct/2025:09:13:57 -0400] "GET /?products4709260?kg=0004651911 HTTP/1.1" 200 1164 "-" "Mozilla/5.0 (Linux; Android 6.0.1; Nexus 5X Build/MMB29P) AppleWebKit/537.36 (KHTML, like Gecko) Chrome/140.0.7339.207 Mobile Safari/537.36 (compatible; Googlebot/2.1; +http://www.google.com/bot.html)"
185.61.153.107 - - [05/Oct/2025:09:14:06 -0400] "POST /wp-cron.php?doing_wp_cron=1759670046.4716150760650634765625 HTTP/1.1" 200 0 "-" "WordPress/6.8.3; https://salhab360photos.com"
216.73.216.221 - - [05/Oct/2025:09:14:02 -0400] "GET /products236454576?kg=0233571065 HTTP/1.1" 404 9732 "-" "Mozilla/5.0 AppleWebKit/537.36 (KHTML, like Gecko; compatible; ClaudeBot/1.0; +claudebot@anthropic.com)"
66.249.73.10 - - [05/Oct/2025:09:14:21 -0400] "GET /ctg/search/similarImageSearchResultView/?ctgItemCd=83901 HTTP/1.1" 200 29021 "-" "Mozilla/5.0 (Linux; Android 6.0.1; Nexus 5X Build/MMB29P) AppleWebKit/537.36 (KHTML, like Gecko) Chrome/140.0.7339.207 Mobile Safari/537.36 (compatible; Googlebot/2.1; +http://www.google.com/bot.html)"
20.171.207.56 - - [05/Oct/2025:09:14:42 -0400] "GET /sitemap.xml HTTP/1.1" 200 5900 "-" "Mozilla/5.0 AppleWebKit/537.36 (KHTML, like Gecko; compatible; GPTBot/1.2; +https://openai.com/gptbot)"
216.73.216.221 - - [05/Oct/2025:09:14:47 -0400] "GET /products27066688?kg=0026736689 HTTP/1.1" 404 9743 "-" "Mozilla/5.0 AppleWebKit/537.36 (KHTML, like Gecko; compatible; ClaudeBot/1.0; +claudebot@anthropic.com)"
185.61.153.107 - - [05/Oct/2025:09:15:07 -0400] "POST /wp-cron.php?doing_wp_cron=1759670107.3740570545196533203125 HTTP/1.1" 200 0 "-" "WordPress/6.8.3; https://salhab360photos.com"
185.61.153.107 - - [05/Oct/2025:09:16:36 -0400] "POST /wp-cron.php?doing_wp_cron=1759670196.0730509757995605468750 HTTP/1.1" 200 0 "-" "WordPress/6.8.3; https://salhab360photos.com"
216.73.216.221 - - [05/Oct/2025:09:16:33 -0400] "GET /products113481886?kg=0112098042 HTTP/1.1" 404 9745 "-" "Mozilla/5.0 AppleWebKit/537.36 (KHTML, like Gecko; compatible; ClaudeBot/1.0; +claudebot@anthropic.com)"
216.73.216.221 - - [05/Oct/2025:09:17:32 -0400] "GET /products234353098?kg=0231495216 HTTP/1.1" 404 9743 "-" "Mozilla/5.0 AppleWebKit/537.36 (KHTML, like Gecko; compatible; ClaudeBot/1.0; +claudebot@anthropic.com)"
185.61.153.107 - - [05/Oct/2025:09:11:36 -0400] "POST /wp-cron.php?doing_wp_cron=1759669896.2829420566558837890625 HTTP/1.1" 200 0 "-" "WordPress/6.8.3; https://salhab360photos.com"
20.171.207.56 - - [05/Oct/2025:09:11:33 -0400] "GET /products163317760?kg=0161326161 HTTP/1.1" 404 9741 "-" "Mozilla/5.0 AppleWebKit/537.36 (KHTML, like Gecko; compatible; GPTBot/1.2; +https://openai.com/gptbot)"
20.171.207.56 - - [05/Oct/2025:09:12:36 -0400] "GET /products163325062?kg=0161333374 HTTP/1.1" 404 9741 "-" "Mozilla/5.0 AppleWebKit/537.36 (KHTML, like Gecko; compatible; GPTBot/1.2; +https://openai.com/gptbot)"
20.171.207.56 - - [05/Oct/2025:09:13:41 -0400] "GET /products163327272?kg=0161335557 HTTP/1.1" 404 9742 "-" "Mozilla/5.0 AppleWebKit/537.36 (KHTML, like Gecko; compatible; GPTBot/1.2; +https://openai.com/gptbot)"
216.73.216.221 - - [05/Oct/2025:09:13:50 -0400] "GET /products109347610?kg=0108014184 HTTP/1.1" 404 9745 "-" "Mozilla/5.0 AppleWebKit/537.36 (KHTML, like Gecko; compatible; ClaudeBot/1.0; +claudebot@anthropic.com)"
216.73.216.221 - - [05/Oct/2025:09:14:23 -0400] "GET /products46644670?kg=0046075914 HTTP/1.1" 404 9743 "-" "Mozilla/5.0 AppleWebKit/537.36 (KHTML, like Gecko; compatible; ClaudeBot/1.0; +claudebot@anthropic.com)"
51.75.236.149 - - [05/Oct/2025:09:15:02 -0400] "GET /products224471388?kg=0221734015 HTTP/1.1" 404 9741 "-" "Mozilla/5.0 (compatible; AhrefsBot/7.0; +http://ahrefs.com/robot/)"
20.171.207.56 - - [05/Oct/2025:09:15:43 -0400] "GET /products163326666?kg=0161334960 HTTP/1.1" 404 9741 "-" "Mozilla/5.0 AppleWebKit/537.36 (KHTML, like Gecko; compatible; GPTBot/1.2; +https://openai.com/gptbot)"
20.171.207.56 - - [05/Oct/2025:09:16:42 -0400] "GET /products163289024?kg=0161297777 HTTP/1.1" 404 9742 "-" "Mozilla/5.0 AppleWebKit/537.36 (KHTML, like Gecko; compatible; GPTBot/1.2; +https://openai.com/gptbot)"
216.73.216.221 - - [05/Oct/2025:09:16:57 -0400] "GET /products11545682?kg=0011404964 HTTP/1.1" 404 9742 "-" "Mozilla/5.0 AppleWebKit/537.36 (KHTML, like Gecko; compatible; ClaudeBot/1.0; +claudebot@anthropic.com)"
185.61.153.107 - - [05/Oct/2025:09:17:08 -0400] "POST /wp-cron.php?doing_wp_cron=1759670228.7714929580688476562500 HTTP/1.1" 200 0 "-" "WordPress/6.8.3; https://salhab360photos.com"
216.73.216.221 - - [05/Oct/2025:09:17:05 -0400] "GET /products214130700?kg=0211519431 HTTP/1.1" 404 9743 "-" "Mozilla/5.0 AppleWebKit/537.36 (KHTML, like Gecko; compatible; ClaudeBot/1.0; +claudebot@anthropic.com)"
216.73.216.221 - - [05/Oct/2025:09:17:48 -0400] "GET /products113444134?kg=0112060750 HTTP/1.1" 404 9741 "-" "Mozilla/5.0 AppleWebKit/537.36 (KHTML, like Gecko; compatible; ClaudeBot/1.0; +claudebot@anthropic.com)"
185.61.153.107 - - [05/Oct/2025:09:18:17 -0400] "POST /wp-cron.php?doing_wp_cron=1759670297.5741629600524902343750 HTTP/1.1" 200 0 "-" "WordPress/6.8.3; https://salhab360photos.com"
216.73.216.221 - - [05/Oct/2025:09:18:12 -0400] "GET /products146079474?kg=0144298100 HTTP/1.1" 404 9741 "-" "Mozilla/5.0 AppleWebKit/537.36 (KHTML, like Gecko; compatible; ClaudeBot/1.0; +claudebot@anthropic.com)"
20.171.207.56 - - [05/Oct/2025:09:18:35 -0400] "GET /products163325336?kg=0161333645 HTTP/1.1" 404 9743 "-" "Mozilla/5.0 AppleWebKit/537.36 (KHTML, like Gecko; compatible; GPTBot/1.2; +https://openai.com/gptbot)"
216.73.216.221 - - [05/Oct/2025:09:18:36 -0400] "GET /products27024170?kg=0026694688 HTTP/1.1" 404 9744 "-" "Mozilla/5.0 AppleWebKit/537.36 (KHTML, like Gecko; compatible; ClaudeBot/1.0; +claudebot@anthropic.com)"
216.73.216.221 - - [05/Oct/2025:09:18:59 -0400] "GET /products146059306?kg=0144278176 HTTP/1.1" 404 9742 "-" "Mozilla/5.0 AppleWebKit/537.36 (KHTML, like Gecko; compatible; ClaudeBot/1.0; +claudebot@anthropic.com)"
185.61.153.107 - - [05/Oct/2025:09:19:08 -0400] "POST /wp-cron.php?doing_wp_cron=1759670348.1713678836822509765625 HTTP/1.1" 200 0 "-" "WordPress/6.8.3; https://salhab360photos.com"
37.59.204.144 - - [05/Oct/2025:09:19:03 -0400] "GET /products224439790?kg=0221702802 HTTP/1.1" 404 9741 "-" "Mozilla/5.0 (compatible; AhrefsBot/7.0; +http://ahrefs.com/robot/)"
20.171.207.56 - - [05/Oct/2025:09:17:37 -0400] "GET /products163324078?kg=0161332402 HTTP/1.1" 404 9732 "-" "Mozilla/5.0 AppleWebKit/537.36 (KHTML, like Gecko; compatible; GPTBot/1.2; +https://openai.com/gptbot)"
216.73.216.221 - - [05/Oct/2025:09:18:55 -0400] "GET /robots.txt HTTP/1.1" 200 84 "-" "Mozilla/5.0 AppleWebKit/537.36 (KHTML, like Gecko; compatible; ClaudeBot/1.0; +claudebot@anthropic.com)"
66.249.73.12 - - [05/Oct/2025:09:18:56 -0400] "GET /products1055094?kg=0001042310 HTTP/1.1" 200 28930 "-" "Mozilla/5.0 (Linux; Android 6.0.1; Nexus 5X Build/MMB29P) AppleWebKit/537.36 (KHTML, like Gecko) Chrome/140.0.7339.207 Mobile Safari/537.36 (compatible; Googlebot/2.1; +http://www.google.com/bot.html)"
20.171.207.56 - - [05/Oct/2025:09:19:33 -0400] "GET /products163311196?kg=0161319679 HTTP/1.1" 404 9742 "-" "Mozilla/5.0 AppleWebKit/537.36 (KHTML, like Gecko; compatible; GPTBot/1.2; +https://openai.com/gptbot)"
216.73.216.221 - - [05/Oct/2025:09:19:38 -0400] "GET /products236409690?kg=0233526728 HTTP/1.1" 404 9740 "-" "Mozilla/5.0 AppleWebKit/537.36 (KHTML, like Gecko; compatible; ClaudeBot/1.0; +claudebot@anthropic.com)"
185.61.153.107 - - [05/Oct/2025:09:20:07 -0400] "POST /wp-cron.php?doing_wp_cron=1759670407.7728950977325439453125 HTTP/1.1" 200 0 "-" "WordPress/6.8.3; https://salhab360photos.com"
216.73.216.221 - - [05/Oct/2025:09:20:02 -0400] "GET /products236463518?kg=0233579898 HTTP/1.1" 404 9741 "-" "Mozilla/5.0 AppleWebKit/537.36 (KHTML, like Gecko; compatible; ClaudeBot/1.0; +claudebot@anthropic.com)"
66.249.73.11 - - [05/Oct/2025:09:20:30 -0400] "GET /?products5223978?kg=0005160352 HTTP/1.1" 200 1164 "-" "Mozilla/5.0 (Linux; Android 6.0.1; Nexus 5X Build/MMB29P) AppleWebKit/537.36 (KHTML, like Gecko) Chrome/140.0.7339.207 Mobile Safari/537.36 (compatible; Googlebot/2.1; +http://www.google.com/bot.html)"
216.73.216.221 - - [05/Oct/2025:09:20:26 -0400] "GET /products28975602?kg=0028622324 HTTP/1.1" 404 9742 "-" "Mozilla/5.0 AppleWebKit/537.36 (KHTML, like Gecko; compatible; ClaudeBot/1.0; +claudebot@anthropic.com)"
20.171.207.56 - - [05/Oct/2025:09:20:27 -0400] "GET /products163291278?kg=0161300002 HTTP/1.1" 404 9743 "-" "Mozilla/5.0 AppleWebKit/537.36 (KHTML, like Gecko; compatible; GPTBot/1.2; +https://openai.com/gptbot)"
216.73.216.221 - - [05/Oct/2025:09:20:50 -0400] "GET /products236462794?kg=0233579184 HTTP/1.1" 404 9741 "-" "Mozilla/5.0 AppleWebKit/537.36 (KHTML, like Gecko; compatible; ClaudeBot/1.0; +claudebot@anthropic.com)"
216.73.216.221 - - [05/Oct/2025:09:20:58 -0400] "GET /products106719510?kg=0105418134 HTTP/1.1" 404 9742 "-" "Mozilla/5.0 AppleWebKit/537.36 (KHTML, like Gecko; compatible; ClaudeBot/1.0; +claudebot@anthropic.com)"
185.61.153.107 - - [05/Oct/2025:09:21:26 -0400] "POST /wp-cron.php?doing_wp_cron=1759670486.8753080368041992187500 HTTP/1.1" 200 0 "-" "WordPress/6.8.3; https://salhab360photos.com"
20.171.207.56 - - [05/Oct/2025:09:21:22 -0400] "GET /products210623478?kg=0208054982 HTTP/1.1" 404 9743 "-" "Mozilla/5.0 AppleWebKit/537.36 (KHTML, like Gecko; compatible; GPTBot/1.2; +https://openai.com/gptbot)"
185.61.153.107 - - [05/Oct/2025:09:22:05 -0400] "POST /wp-cron.php?doing_wp_cron=1759670525.7760839462280273437500 HTTP/1.1" 200 0 "-" "WordPress/6.8.3; https://salhab360photos.com"
174.138.112.39 - - [05/Oct/2025:09:22:21 -0400] "GET /index.html HTTP/1.1" 200 1404 "-" "Mozilla/5.0 (Windows NT 10.0; Win64; x64) AppleWebKit/537.36 (KHTML, like Gecko) Chrome/132.0.0.0 Safari/537.36 Edg/132.0.0.0"
5.39.1.242 - - [05/Oct/2025:09:22:53 -0400] "GET /products218795512?kg=0216127357 HTTP/1.1" 404 9742 "-" "Mozilla/5.0 (compatible; AhrefsBot/7.0; +http://ahrefs.com/robot/)"
185.61.153.107 - - [05/Oct/2025:09:23:20 -0400] "POST /wp-cron.php?doing_wp_cron=1759670600.0762629508972167968750 HTTP/1.1" 200 0 "-" "WordPress/6.8.3; https://salhab360photos.com"
20.171.207.56 - - [05/Oct/2025:09:23:15 -0400] "GET /products210592888?kg=0208024765 HTTP/1.1" 404 9743 "-" "Mozilla/5.0 AppleWebKit/537.36 (KHTML, like Gecko; compatible; GPTBot/1.2; +https://openai.com/gptbot)"
216.73.216.221 - - [05/Oct/2025:09:19:23 -0400] "GET /products146059840?kg=0144278705 HTTP/1.1" 404 9743 "-" "Mozilla/5.0 AppleWebKit/537.36 (KHTML, like Gecko; compatible; ClaudeBot/1.0; +claudebot@anthropic.com)"
216.73.216.221 - - [05/Oct/2025:09:21:22 -0400] "GET /products27050702?kg=0026720898 HTTP/1.1" 404 9734 "-" "Mozilla/5.0 AppleWebKit/537.36 (KHTML, like Gecko; compatible; ClaudeBot/1.0; +claudebot@anthropic.com)"
216.73.216.221 - - [05/Oct/2025:09:21:36 -0400] "GET /products106689508?kg=0105388499 HTTP/1.1" 404 9740 "-" "Mozilla/5.0 AppleWebKit/537.36 (KHTML, like Gecko; compatible; ClaudeBot/1.0; +claudebot@anthropic.com)"
66.249.73.11 - - [05/Oct/2025:09:22:03 -0400] "GET /?products4872436?kg=0004813099 HTTP/1.1" 200 1164 "-" "Mozilla/5.0 (Linux; Android 6.0.1; Nexus 5X Build/MMB29P) AppleWebKit/537.36 (KHTML, like Gecko) Chrome/140.0.7339.207 Mobile Safari/537.36 (compatible; Googlebot/2.1; +http://www.google.com/bot.html)"
216.73.216.221 - - [05/Oct/2025:09:22:00 -0400] "GET /products234350510?kg=0231492658 HTTP/1.1" 404 9742 "-" "Mozilla/5.0 AppleWebKit/537.36 (KHTML, like Gecko; compatible; ClaudeBot/1.0; +claudebot@anthropic.com)"
52.56.231.212 - - [05/Oct/2025:09:22:21 -0400] "GET /index.html HTTP/1.1" 200 1404 "-" "Mozilla/5.0 (Windows NT 10.0; Win64; x64) AppleWebKit/537.36 (KHTML, like Gecko) Chrome/132.0.0.0 Safari/537.36 Edg/132.0.0.0"
46.101.70.221 - - [05/Oct/2025:09:22:21 -0400] "GET /index.html HTTP/1.1" 200 1404 "-" "Mozilla/5.0 (Windows NT 10.0; Win64; x64) AppleWebKit/537.36 (KHTML, like Gecko) Chrome/132.0.0.0 Safari/537.36 Edg/132.0.0.0"
164.90.241.135 - - [05/Oct/2025:09:22:21 -0400] "GET /index.html HTTP/1.1" 200 1404 "-" "Mozilla/5.0 (Windows NT 10.0; Win64; x64) AppleWebKit/537.36 (KHTML, like Gecko) Chrome/132.0.0.0 Safari/537.36 Edg/132.0.0.0"
20.171.207.56 - - [05/Oct/2025:09:22:20 -0400] "GET /products210607770?kg=0208039464 HTTP/1.1" 404 9743 "-" "Mozilla/5.0 AppleWebKit/537.36 (KHTML, like Gecko; compatible; GPTBot/1.2; +https://openai.com/gptbot)"
216.73.216.221 - - [05/Oct/2025:09:22:24 -0400] "GET /products234400936?kg=0231542469 HTTP/1.1" 404 9742 "-" "Mozilla/5.0 AppleWebKit/537.36 (KHTML, like Gecko; compatible; ClaudeBot/1.0; +claudebot@anthropic.com)"
66.249.73.11 - - [05/Oct/2025:09:22:28 -0400] "GET /products969732?kg=0000957987 HTTP/1.1" 200 29062 "-" "Mozilla/5.0 (Linux; Android 6.0.1; Nexus 5X Build/MMB29P) AppleWebKit/537.36 (KHTML, like Gecko) Chrome/140.0.7339.207 Mobile Safari/537.36 (compatible; Googlebot/2.1; +http://www.google.com/bot.html)"
216.73.216.221 - - [05/Oct/2025:09:22:59 -0400] "GET /products234348124?kg=0231490303 HTTP/1.1" 404 9745 "-" "Mozilla/5.0 AppleWebKit/537.36 (KHTML, like Gecko; compatible; ClaudeBot/1.0; +claudebot@anthropic.com)"
216.73.216.221 - - [05/Oct/2025:09:23:31 -0400] "GET /products234405810?kg=0231547284 HTTP/1.1" 404 9743 "-" "Mozilla/5.0 AppleWebKit/537.36 (KHTML, like Gecko; compatible; ClaudeBot/1.0; +claudebot@anthropic.com)"
216.73.216.221 - - [05/Oct/2025:09:24:35 -0400] "GET /products234397578?kg=0231539152 HTTP/1.1" 404 9742 "-" "Mozilla/5.0 AppleWebKit/537.36 (KHTML, like Gecko; compatible; ClaudeBot/1.0; +claudebot@anthropic.com)"
66.249.73.12 - - [05/Oct/2025:09:24:42 -0400] "GET /?products13582694?kg=0013417134 HTTP/1.1" 200 1164 "-" "Mozilla/5.0 (Linux; Android 6.0.1; Nexus 5X Build/MMB29P) AppleWebKit/537.36 (KHTML, like Gecko) Chrome/140.0.7339.207 Mobile Safari/537.36 (compatible; Googlebot/2.1; +http://www.google.com/bot.html)"
216.73.216.221 - - [05/Oct/2025:09:25:07 -0400] "GET /products11474256?kg=0011334409 HTTP/1.1" 404 9734 "-" "Mozilla/5.0 AppleWebKit/537.36 (KHTML, like Gecko; compatible; ClaudeBot/1.0; +claudebot@anthropic.com)"
216.73.216.221 - - [05/Oct/2025:09:25:39 -0400] "GET /products106676260?kg=0105375411 HTTP/1.1" 404 9741 "-" "Mozilla/5.0 AppleWebKit/537.36 (KHTML, like Gecko; compatible; ClaudeBot/1.0; +claudebot@anthropic.com)"
20.171.207.56 - - [05/Oct/2025:09:26:06 -0400] "GET /products210639222?kg=0208070534 HTTP/1.1" 404 9743 "-" "Mozilla/5.0 AppleWebKit/537.36 (KHTML, like Gecko; compatible; GPTBot/1.2; +https://openai.com/gptbot)"
94.23.188.205 - - [05/Oct/2025:09:26:44 -0400] "GET /products214086634?kg=0211475904 HTTP/1.1" 404 9742 "-" "Mozilla/5.0 (compatible; AhrefsBot/7.0; +http://ahrefs.com/robot/)"
52.56.231.212 - - [05/Oct/2025:09:27:15 -0400] "GET /index.html HTTP/1.1" 200 1404 "-" "Mozilla/5.0 (Windows NT 10.0; Win64; x64) AppleWebKit/537.36 (KHTML, like Gecko) Chrome/135.0.0.0 Safari/537.36 OPR/120.0.0.0"
185.61.153.107 - - [05/Oct/2025:09:24:13 -0400] "POST /wp-cron.php?doing_wp_cron=1759670653.5714828968048095703125 HTTP/1.1" 200 0 "-" "WordPress/6.8.3; https://salhab360photos.com"
20.171.207.56 - - [05/Oct/2025:09:24:10 -0400] "GET /products210582154?kg=0208014160 HTTP/1.1" 404 9742 "-" "Mozilla/5.0 AppleWebKit/537.36 (KHTML, like Gecko; compatible; GPTBot/1.2; +https://openai.com/gptbot)"
66.249.73.11 - - [05/Oct/2025:09:24:41 -0400] "GET /products8459152?kg=0008356073 HTTP/1.1" 200 29236 "-" "Mozilla/5.0 (Linux; Android 6.0.1; Nexus 5X Build/MMB29P) AppleWebKit/537.36 (KHTML, like Gecko) Chrome/140.0.7339.207 Mobile Safari/537.36 (compatible; Googlebot/2.1; +http://www.google.com/bot.html)"
185.61.153.107 - - [05/Oct/2025:09:25:12 -0400] "POST /wp-cron.php?doing_wp_cron=1759670712.0751540660858154296875 HTTP/1.1" 200 0 "-" "WordPress/6.8.3; https://salhab360photos.com"
20.171.207.56 - - [05/Oct/2025:09:25:09 -0400] "GET /products210642908?kg=0208074175 HTTP/1.1" 404 9744 "-" "Mozilla/5.0 AppleWebKit/537.36 (KHTML, like Gecko; compatible; GPTBot/1.2; +https://openai.com/gptbot)"
185.61.153.107 - - [05/Oct/2025:09:26:12 -0400] "POST /wp-cron.php?doing_wp_cron=1759670772.3734738826751708984375 HTTP/1.1" 200 0 "-" "WordPress/6.8.3; https://salhab360photos.com"
185.61.153.107 - - [05/Oct/2025:09:27:05 -0400] "POST /wp-cron.php?doing_wp_cron=1759670825.5752749443054199218750 HTTP/1.1" 200 0 "-" "WordPress/6.8.3; https://salhab360photos.com"
20.171.207.56 - - [05/Oct/2025:09:27:01 -0400] "GET /products210584906?kg=0208016880 HTTP/1.1" 404 9742 "-" "Mozilla/5.0 AppleWebKit/537.36 (KHTML, like Gecko; compatible; GPTBot/1.2; +https://openai.com/gptbot)"
206.189.247.132 - - [05/Oct/2025:09:27:15 -0400] "GET /index.html HTTP/1.1" 200 1404 "-" "Mozilla/5.0 (Windows NT 10.0; Win64; x64) AppleWebKit/537.36 (KHTML, like Gecko) Chrome/135.0.0.0 Safari/537.36 OPR/120.0.0.0"
45.133.173.30 - - [05/Oct/2025:09:27:15 -0400] "GET /index.html HTTP/1.1" 200 1404 "-" "Mozilla/5.0 (Windows NT 10.0; Win64; x64) AppleWebKit/537.36 (KHTML, like Gecko) Chrome/135.0.0.0 Safari/537.36 OPR/120.0.0.0"
20.171.207.56 - - [05/Oct/2025:09:27:55 -0400] "GET /products210644306?kg=0208075556 HTTP/1.1" 404 9734 "-" "Mozilla/5.0 AppleWebKit/537.36 (KHTML, like Gecko; compatible; GPTBot/1.2; +https://openai.com/gptbot)"
20.171.207.56 - - [05/Oct/2025:09:29:49 -0400] "GET /products210601548?kg=0208033319 HTTP/1.1" 404 9743 "-" "Mozilla/5.0 AppleWebKit/537.36 (KHTML, like Gecko; compatible; GPTBot/1.2; +https://openai.com/gptbot)"
185.61.153.107 - - [05/Oct/2025:09:30:26 -0400] "POST /wp-cron.php?doing_wp_cron=1759671026.0735359191894531250000 HTTP/1.1" 200 0 "-" "WordPress/6.8.3; https://salhab360photos.com"
5.39.1.245 - - [05/Oct/2025:09:30:21 -0400] "GET /products189120568?kg=0186814301 HTTP/1.1" 404 9733 "-" "Mozilla/5.0 (compatible; AhrefsBot/7.0; +http://ahrefs.com/robot/)"
20.171.207.56 - - [05/Oct/2025:09:30:48 -0400] "GET /products210622248?kg=0208053765 HTTP/1.1" 404 9745 "-" "Mozilla/5.0 AppleWebKit/537.36 (KHTML, like Gecko; compatible; GPTBot/1.2; +https://openai.com/gptbot)"
20.171.207.56 - - [05/Oct/2025:09:31:44 -0400] "GET /products210577768?kg=0208009829 HTTP/1.1" 404 9742 "-" "Mozilla/5.0 AppleWebKit/537.36 (KHTML, like Gecko; compatible; GPTBot/1.2; +https://openai.com/gptbot)"
66.249.73.12 - - [05/Oct/2025:09:32:24 -0400] "GET /categories/1274452 HTTP/1.1" 200 28927 "-" "Mozilla/5.0 (Linux; Android 6.0.1; Nexus 5X Build/MMB29P) AppleWebKit/537.36 (KHTML, like Gecko) Chrome/140.0.7339.207 Mobile Safari/537.36 (compatible; GoogleOther)"
185.61.153.107 - - [05/Oct/2025:09:33:07 -0400] "POST /wp-cron.php?doing_wp_cron=1759671187.5752789974212646484375 HTTP/1.1" 200 0 "-" "WordPress/6.8.3; https://salhab360photos.com"
20.171.207.56 - - [05/Oct/2025:09:33:34 -0400] "GET /products210586660?kg=0208018611 HTTP/1.1" 404 9745 "-" "Mozilla/5.0 AppleWebKit/537.36 (KHTML, like Gecko; compatible; GPTBot/1.2; +https://openai.com/gptbot)"
20.171.207.56 - - [05/Oct/2025:09:34:30 -0400] "GET /products210605274?kg=0208037000 HTTP/1.1" 404 9741 "-" "Mozilla/5.0 AppleWebKit/537.36 (KHTML, like Gecko; compatible; GPTBot/1.2; +https://openai.com/gptbot)"
66.249.73.11 - - [05/Oct/2025:09:34:51 -0400] "GET /products8122588?kg=0008023615 HTTP/1.1" 200 29420 "-" "Mozilla/5.0 (Linux; Android 6.0.1; Nexus 5X Build/MMB29P) AppleWebKit/537.36 (KHTML, like Gecko) Chrome/140.0.7339.207 Mobile Safari/537.36 (compatible; Googlebot/2.1; +http://www.google.com/bot.html)"
185.61.153.107 - - [05/Oct/2025:09:35:10 -0400] "POST /wp-cron.php?doing_wp_cron=1759671310.0761029720306396484375 HTTP/1.1" 200 0 "-" "WordPress/6.8.3; https://salhab360photos.com"
216.73.216.221 - - [05/Oct/2025:09:35:15 -0400] "GET /products62175808?kg=0061417649 HTTP/1.1" 404 9741 "-" "Mozilla/5.0 AppleWebKit/537.36 (KHTML, like Gecko; compatible; ClaudeBot/1.0; +claudebot@anthropic.com)"
156.242.39.32 - - [05/Oct/2025:09:35:36 -0400] "GET / HTTP/1.1" 200 4189 "http://salhab360photos.com/" "Mozilla/5.0 (Windows NT 10.0; Win64; x64) AppleWebKit/537.36 (KHTML, like Gecko) Chrome/126.0.0.0 Safari/537.36"
20.171.207.56 - - [05/Oct/2025:09:36:20 -0400] "GET /products210601616?kg=0208033385 HTTP/1.1" 404 9743 "-" "Mozilla/5.0 AppleWebKit/537.36 (KHTML, like Gecko; compatible; GPTBot/1.2; +https://openai.com/gptbot)"
185.61.153.107 - - [05/Oct/2025:09:37:23 -0400] "POST /wp-cron.php?doing_wp_cron=1759671442.9771490097045898437500 HTTP/1.1" 200 0 "-" "WordPress/6.8.3; https://salhab360photos.com"
20.171.207.56 - - [05/Oct/2025:09:38:16 -0400] "GET /products210611146?kg=0208042800 HTTP/1.1" 404 9743 "-" "Mozilla/5.0 AppleWebKit/537.36 (KHTML, like Gecko; compatible; GPTBot/1.2; +https://openai.com/gptbot)"
185.61.153.107 - - [05/Oct/2025:09:39:18 -0400] "POST /wp-cron.php?doing_wp_cron=1759671558.6711618900299072265625 HTTP/1.1" 200 0 "-" "WordPress/6.8.3; https://salhab360photos.com"
20.171.207.56 - - [05/Oct/2025:09:39:14 -0400] "GET /products210631596?kg=0208062999 HTTP/1.1" 404 9743 "-" "Mozilla/5.0 AppleWebKit/537.36 (KHTML, like Gecko; compatible; GPTBot/1.2; +https://openai.com/gptbot)"
216.73.216.221 - - [05/Oct/2025:09:27:47 -0400] "GET /products163797838?kg=0161800386 HTTP/1.1" 404 9741 "-" "Mozilla/5.0 AppleWebKit/537.36 (KHTML, like Gecko; compatible; ClaudeBot/1.0; +claudebot@anthropic.com)"
185.61.153.107 - - [05/Oct/2025:09:28:58 -0400] "POST /wp-cron.php?doing_wp_cron=1759670938.3723380565643310546875 HTTP/1.1" 200 0 "-" "WordPress/6.8.3; https://salhab360photos.com"
20.171.207.56 - - [05/Oct/2025:09:28:53 -0400] "GET /products210606864?kg=0208038569 HTTP/1.1" 404 9740 "-" "Mozilla/5.0 AppleWebKit/537.36 (KHTML, like Gecko; compatible; GPTBot/1.2; +https://openai.com/gptbot)"
185.61.153.107 - - [05/Oct/2025:09:29:56 -0400] "POST /wp-cron.php?doing_wp_cron=1759670995.7721459865570068359375 HTTP/1.1" 200 0 "-" "WordPress/6.8.3; https://salhab360photos.com"
185.61.153.107 - - [05/Oct/2025:09:31:50 -0400] "POST /wp-cron.php?doing_wp_cron=1759671110.2766320705413818359375 HTTP/1.1" 200 0 "-" "WordPress/6.8.3; https://salhab360photos.com"
185.61.153.107 - - [05/Oct/2025:09:32:42 -0400] "POST /wp-cron.php?doing_wp_cron=1759671162.7831280231475830078125 HTTP/1.1" 200 0 "-" "WordPress/6.8.3; https://salhab360photos.com"
20.171.207.56 - - [05/Oct/2025:09:32:39 -0400] "GET /products210616668?kg=0208048255 HTTP/1.1" 404 9743 "-" "Mozilla/5.0 AppleWebKit/537.36 (KHTML, like Gecko; compatible; GPTBot/1.2; +https://openai.com/gptbot)"
216.73.216.221 - - [05/Oct/2025:09:33:03 -0400] "GET /products62181056?kg=0061422833 HTTP/1.1" 404 9743 "-" "Mozilla/5.0 AppleWebKit/537.36 (KHTML, like Gecko; compatible; ClaudeBot/1.0; +claudebot@anthropic.com)"
216.73.216.221 - - [05/Oct/2025:09:33:34 -0400] "GET /products62181670?kg=0061423438 HTTP/1.1" 404 9743 "-" "Mozilla/5.0 AppleWebKit/537.36 (KHTML, like Gecko; compatible; ClaudeBot/1.0; +claudebot@anthropic.com)"
185.61.153.107 - - [05/Oct/2025:09:34:07 -0400] "POST /wp-cron.php?doing_wp_cron=1759671247.8709359169006347656250 HTTP/1.1" 200 0 "-" "WordPress/6.8.3; https://salhab360photos.com"
216.73.216.221 - - [05/Oct/2025:09:34:03 -0400] "GET /products62198230?kg=0061439798 HTTP/1.1" 404 9743 "-" "Mozilla/5.0 AppleWebKit/537.36 (KHTML, like Gecko; compatible; ClaudeBot/1.0; +claudebot@anthropic.com)"
94.23.188.203 - - [05/Oct/2025:09:35:05 -0400] "GET /products189061254?kg=0186755710 HTTP/1.1" 404 9742 "-" "Mozilla/5.0 (compatible; AhrefsBot/7.0; +http://ahrefs.com/robot/)"
92.222.108.123 - - [05/Oct/2025:09:35:09 -0400] "GET /products189061254?kg=0186755710 HTTP/1.1" 404 9743 "-" "Mozilla/5.0 (compatible; AhrefsBot/7.0; +http://ahrefs.com/robot/)"
20.171.207.56 - - [05/Oct/2025:09:35:24 -0400] "GET /products210582228?kg=0208014235 HTTP/1.1" 404 9743 "-" "Mozilla/5.0 AppleWebKit/537.36 (KHTML, like Gecko; compatible; GPTBot/1.2; +https://openai.com/gptbot)"
216.73.216.221 - - [05/Oct/2025:09:35:43 -0400] "GET /products62198394?kg=0061439960 HTTP/1.1" 404 9741 "-" "Mozilla/5.0 AppleWebKit/537.36 (KHTML, like Gecko; compatible; ClaudeBot/1.0; +claudebot@anthropic.com)"
185.61.153.107 - - [05/Oct/2025:09:36:24 -0400] "POST /wp-cron.php?doing_wp_cron=1759671384.1744239330291748046875 HTTP/1.1" 200 0 "-" "WordPress/6.8.3; https://salhab360photos.com"
20.171.207.56 - - [05/Oct/2025:09:37:17 -0400] "GET /products210617000?kg=0208048581 HTTP/1.1" 404 9743 "-" "Mozilla/5.0 AppleWebKit/537.36 (KHTML, like Gecko; compatible; GPTBot/1.2; +https://openai.com/gptbot)"
185.61.153.107 - - [05/Oct/2025:09:38:07 -0400] "POST /wp-cron.php?doing_wp_cron=1759671487.8745059967041015625000 HTTP/1.1" 200 0 "-" "WordPress/6.8.3; https://salhab360photos.com"
94.23.188.215 - - [05/Oct/2025:09:38:04 -0400] "GET /products162778984?kg=0160793957 HTTP/1.1" 404 9743 "-" "Mozilla/5.0 (compatible; AhrefsBot/7.0; +http://ahrefs.com/robot/)"
20.171.207.56 - - [05/Oct/2025:09:40:10 -0400] "GET /products210644470?kg=0208075718 HTTP/1.1" 404 9741 "-" "Mozilla/5.0 AppleWebKit/537.36 (KHTML, like Gecko; compatible; GPTBot/1.2; +https://openai.com/gptbot)"
185.61.153.107 - - [05/Oct/2025:09:40:16 -0400] "POST /wp-cron.php?doing_wp_cron=1759671616.4767200946807861328125 HTTP/1.1" 200 0 "-" "WordPress/6.8.3; https://salhab360photos.com"
185.61.153.107 - - [05/Oct/2025:09:41:10 -0400] "POST /wp-cron.php?doing_wp_cron=1759671670.4774129390716552734375 HTTP/1.1" 200 0 "-" "WordPress/6.8.3; https://salhab360photos.com"
66.249.73.12 - - [05/Oct/2025:09:41:29 -0400] "GET /products1229800?kg=0001214885 HTTP/1.1" 200 28980 "-" "Mozilla/5.0 (Linux; Android 6.0.1; Nexus 5X Build/MMB29P) AppleWebKit/537.36 (KHTML, like Gecko) Chrome/140.0.7339.207 Mobile Safari/537.36 (compatible; Googlebot/2.1; +http://www.google.com/bot.html)"
176.31.139.23 - - [05/Oct/2025:09:42:27 -0400] "GET /products162757828?kg=0160773059 HTTP/1.1" 404 9742 "-" "Mozilla/5.0 (compatible; AhrefsBot/7.0; +http://ahrefs.com/robot/)"
185.61.153.107 - - [05/Oct/2025:09:43:57 -0400] "POST /wp-cron.php?doing_wp_cron=1759671837.3716330528259277343750 HTTP/1.1" 200 0 "-" "WordPress/6.8.3; https://salhab360photos.com"
20.171.207.56 - - [05/Oct/2025:09:41:07 -0400] "GET /products210621806?kg=0208053330 HTTP/1.1" 404 9740 "-" "Mozilla/5.0 AppleWebKit/537.36 (KHTML, like Gecko; compatible; GPTBot/1.2; +https://openai.com/gptbot)"
20.171.207.56 - - [05/Oct/2025:09:42:01 -0400] "GET /products210575558?kg=0208007646 HTTP/1.1" 404 9740 "-" "Mozilla/5.0 AppleWebKit/537.36 (KHTML, like Gecko; compatible; GPTBot/1.2; +https://openai.com/gptbot)"
185.61.153.107 - - [05/Oct/2025:09:42:32 -0400] "POST /wp-cron.php?doing_wp_cron=1759671752.6754789352416992187500 HTTP/1.1" 200 0 "-" "WordPress/6.8.3; https://salhab360photos.com"
20.171.207.56 - - [05/Oct/2025:09:42:57 -0400] "GET /products210584688?kg=0208016665 HTTP/1.1" 404 9734 "-" "Mozilla/5.0 AppleWebKit/537.36 (KHTML, like Gecko; compatible; GPTBot/1.2; +https://openai.com/gptbot)"
20.171.207.56 - - [05/Oct/2025:09:43:52 -0400] "GET /products210600026?kg=0208031816 HTTP/1.1" 404 9742 "-" "Mozilla/5.0 AppleWebKit/537.36 (KHTML, like Gecko; compatible; GPTBot/1.2; +https://openai.com/gptbot)"
185.61.153.107 - - [05/Oct/2025:09:44:51 -0400] "POST /wp-cron.php?doing_wp_cron=1759671891.0702319145202636718750 HTTP/1.1" 200 0 "-" "WordPress/6.8.3; https://salhab360photos.com"
20.171.207.56 - - [05/Oct/2025:09:44:46 -0400] "GET /products210602686?kg=0208034442 HTTP/1.1" 404 9740 "-" "Mozilla/5.0 AppleWebKit/537.36 (KHTML, like Gecko; compatible; GPTBot/1.2; +https://openai.com/gptbot)"
185.61.153.107 - - [05/Oct/2025:09:45:48 -0400] "POST /wp-cron.php?doing_wp_cron=1759671948.0732810497283935546875 HTTP/1.1" 200 0 "-" "WordPress/6.8.3; https://salhab360photos.com"
5.39.1.240 - - [05/Oct/2025:09:46:31 -0400] "GET /products158935512?kg=0156997357 HTTP/1.1" 404 9733 "-" "Mozilla/5.0 (compatible; AhrefsBot/7.0; +http://ahrefs.com/robot/)"
20.171.207.56 - - [05/Oct/2025:09:46:42 -0400] "GET /products210624102?kg=0208055598 HTTP/1.1" 404 9741 "-" "Mozilla/5.0 AppleWebKit/537.36 (KHTML, like Gecko; compatible; GPTBot/1.2; +https://openai.com/gptbot)"
20.171.207.56 - - [05/Oct/2025:09:47:39 -0400] "GET /products210599908?kg=0208031699 HTTP/1.1" 404 9743 "-" "Mozilla/5.0 AppleWebKit/537.36 (KHTML, like Gecko; compatible; GPTBot/1.2; +https://openai.com/gptbot)"
185.61.153.107 - - [05/Oct/2025:09:48:38 -0400] "POST /wp-cron.php?doing_wp_cron=1759672118.4709720611572265625000 HTTP/1.1" 200 0 "-" "WordPress/6.8.3; https://salhab360photos.com"
20.171.207.56 - - [05/Oct/2025:09:48:33 -0400] "GET /products210602236?kg=0208033999 HTTP/1.1" 404 9734 "-" "Mozilla/5.0 AppleWebKit/537.36 (KHTML, like Gecko; compatible; GPTBot/1.2; +https://openai.com/gptbot)"
185.61.153.107 - - [05/Oct/2025:09:49:33 -0400] "POST /wp-cron.php?doing_wp_cron=1759672173.0778698921203613281250 HTTP/1.1" 200 0 "-" "WordPress/6.8.3; https://salhab360photos.com"
66.249.73.11 - - [05/Oct/2025:09:49:50 -0400] "GET /ctg/search/similarImageSearchResultView/?ctgItemCd=1368580 HTTP/1.1" 200 29113 "-" "Mozilla/5.0 (Linux; Android 6.0.1; Nexus 5X Build/MMB29P) AppleWebKit/537.36 (KHTML, like Gecko) Chrome/140.0.7339.207 Mobile Safari/537.36 (compatible; Googlebot/2.1; +http://www.google.com/bot.html)"
66.249.73.10 - - [05/Oct/2025:09:49:52 -0400] "GET /products8287572?kg=0008186587 HTTP/1.1" 200 29067 "-" "Mozilla/5.0 (Linux; Android 6.0.1; Nexus 5X Build/MMB29P) AppleWebKit/537.36 (KHTML, like Gecko) Chrome/140.0.7339.207 Mobile Safari/537.36 (compatible; Googlebot/2.1; +http://www.google.com/bot.html)"
185.61.153.107 - - [05/Oct/2025:09:50:26 -0400] "POST /wp-cron.php?doing_wp_cron=1759672226.8759889602661132812500 HTTP/1.1" 200 0 "-" "WordPress/6.8.3; https://salhab360photos.com"
66.249.73.11 - - [05/Oct/2025:09:50:54 -0400] "GET /products11430832?kg=0011291513 HTTP/1.1" 200 29143 "-" "Mozilla/5.0 (Linux; Android 6.0.1; Nexus 5X Build/MMB29P) AppleWebKit/537.36 (KHTML, like Gecko) Chrome/140.0.7339.207 Mobile Safari/537.36 (compatible; Googlebot/2.1; +http://www.google.com/bot.html)"
185.61.153.107 - - [05/Oct/2025:09:51:21 -0400] "POST /wp-cron.php?doing_wp_cron=1759672281.9775049686431884765625 HTTP/1.1" 200 0 "-" "WordPress/6.8.3; https://salhab360photos.com"
20.171.207.56 - - [05/Oct/2025:09:51:19 -0400] "GET /products210637550?kg=0208068882 HTTP/1.1" 404 9740 "-" "Mozilla/5.0 AppleWebKit/537.36 (KHTML, like Gecko; compatible; GPTBot/1.2; +https://openai.com/gptbot)"
185.61.153.107 - - [05/Oct/2025:09:52:18 -0400] "POST /wp-cron.php?doing_wp_cron=1759672338.8727478981018066406250 HTTP/1.1" 200 0 "-" "WordPress/6.8.3; https://salhab360photos.com"
20.171.207.56 - - [05/Oct/2025:09:52:14 -0400] "GET /products210620002?kg=0208051548 HTTP/1.1" 404 9743 "-" "Mozilla/5.0 AppleWebKit/537.36 (KHTML, like Gecko; compatible; GPTBot/1.2; +https://openai.com/gptbot)"
46.101.70.221 - - [05/Oct/2025:09:52:33 -0400] "GET /index.html HTTP/1.1" 200 1404 "-" "Mozilla/5.0 (Windows NT 10.0; Win64; x64) AppleWebKit/537.36 (KHTML, like Gecko) Chrome/132.0.0.0 Safari/537.36 Edg/132.0.0.0"
174.138.112.39 - - [05/Oct/2025:09:52:34 -0400] "GET /index.html HTTP/1.1" 200 1404 "-" "Mozilla/5.0 (Windows NT 10.0; Win64; x64) AppleWebKit/537.36 (KHTML, like Gecko) Chrome/132.0.0.0 Safari/537.36 Edg/132.0.0.0"
185.61.153.107 - - [05/Oct/2025:09:53:15 -0400] "POST /wp-cron.php?doing_wp_cron=1759672395.4758169651031494140625 HTTP/1.1" 200 0 "-" "WordPress/6.8.3; https://salhab360photos.com"
216.73.216.221 - - [05/Oct/2025:09:53:30 -0400] "GET /products59409852?kg=0058685423 HTTP/1.1" 404 9743 "-" "Mozilla/5.0 AppleWebKit/537.36 (KHTML, like Gecko; compatible; ClaudeBot/1.0; +claudebot@anthropic.com)"
216.73.216.221 - - [05/Oct/2025:09:53:39 -0400] "GET /products59407360?kg=0058682961 HTTP/1.1" 404 9741 "-" "Mozilla/5.0 AppleWebKit/537.36 (KHTML, like Gecko; compatible; ClaudeBot/1.0; +claudebot@anthropic.com)"
216.73.216.221 - - [05/Oct/2025:09:53:57 -0400] "GET /products225090820?kg=0222345891 HTTP/1.1" 404 9742 "-" "Mozilla/5.0 AppleWebKit/537.36 (KHTML, like Gecko; compatible; ClaudeBot/1.0; +claudebot@anthropic.com)"
185.61.153.107 - - [05/Oct/2025:09:54:07 -0400] "POST /wp-cron.php?doing_wp_cron=1759672446.9776079654693603515625 HTTP/1.1" 200 0 "-" "WordPress/6.8.3; https://salhab360photos.com"
216.73.216.221 - - [05/Oct/2025:09:54:03 -0400] "GET /products59459840?kg=0058734801 HTTP/1.1" 404 9741 "-" "Mozilla/5.0 AppleWebKit/537.36 (KHTML, like Gecko; compatible; ClaudeBot/1.0; +claudebot@anthropic.com)"
216.73.216.221 - - [05/Oct/2025:09:54:09 -0400] "GET /products225057724?kg=0222313199 HTTP/1.1" 404 9743 "-" "Mozilla/5.0 AppleWebKit/537.36 (KHTML, like Gecko; compatible; ClaudeBot/1.0; +claudebot@anthropic.com)"
216.73.216.221 - - [05/Oct/2025:09:54:23 -0400] "GET /products59430156?kg=0058705479 HTTP/1.1" 404 9744 "-" "Mozilla/5.0 AppleWebKit/537.36 (KHTML, like Gecko; compatible; ClaudeBot/1.0; +claudebot@anthropic.com)"
216.73.216.221 - - [05/Oct/2025:09:54:38 -0400] "GET /products225127520?kg=0222382145 HTTP/1.1" 404 9743 "-" "Mozilla/5.0 AppleWebKit/537.36 (KHTML, like Gecko; compatible; ClaudeBot/1.0; +claudebot@anthropic.com)"
216.73.216.221 - - [05/Oct/2025:09:54:47 -0400] "GET /products59398882?kg=0058674588 HTTP/1.1" 404 9740 "-" "Mozilla/5.0 AppleWebKit/537.36 (KHTML, like Gecko; compatible; ClaudeBot/1.0; +claudebot@anthropic.com)"
51.75.236.134 - - [05/Oct/2025:09:54:48 -0400] "GET /products140668298?kg=0138952912 HTTP/1.1" 404 9741 "-" "Mozilla/5.0 (compatible; AhrefsBot/7.0; +http://ahrefs.com/robot/)"
185.61.153.107 - - [05/Oct/2025:09:55:11 -0400] "POST /wp-cron.php?doing_wp_cron=1759672511.4734599590301513671875 HTTP/1.1" 200 0 "-" "WordPress/6.8.3; https://salhab360photos.com"
20.171.207.56 - - [05/Oct/2025:09:55:07 -0400] "GET /products210618440?kg=0208050005 HTTP/1.1" 404 9743 "-" "Mozilla/5.0 AppleWebKit/537.36 (KHTML, like Gecko; compatible; GPTBot/1.2; +https://openai.com/gptbot)"
