File: //home/salhiscp/access-logs/salhab360photos.com.salhab360booth.com-ssl_log
185.61.153.107 - - [05/Oct/2025:08:03:05 -0400] "POST /wp-cron.php?doing_wp_cron=1759665785.9707739353179931640625 HTTP/1.1" 200 0 "-" "WordPress/6.8.3; https://salhab360photos.com"
216.73.216.221 - - [05/Oct/2025:08:03:03 -0400] "GET /products74136614?kg=0073232590 HTTP/1.1" 404 9742 "-" "Mozilla/5.0 AppleWebKit/537.36 (KHTML, like Gecko; compatible; ClaudeBot/1.0; +claudebot@anthropic.com)"
20.171.207.56 - - [05/Oct/2025:08:03:08 -0400] "GET /products163277994?kg=0161286880 HTTP/1.1" 404 9740 "-" "Mozilla/5.0 AppleWebKit/537.36 (KHTML, like Gecko; compatible; GPTBot/1.2; +https://openai.com/gptbot)"
216.73.216.221 - - [05/Oct/2025:08:03:09 -0400] "GET /products236420810?kg=0233537712 HTTP/1.1" 404 9742 "-" "Mozilla/5.0 AppleWebKit/537.36 (KHTML, like Gecko; compatible; ClaudeBot/1.0; +claudebot@anthropic.com)"
216.73.216.221 - - [05/Oct/2025:08:03:30 -0400] "GET /products27048880?kg=0026719097 HTTP/1.1" 404 9732 "-" "Mozilla/5.0 AppleWebKit/537.36 (KHTML, like Gecko; compatible; ClaudeBot/1.0; +claudebot@anthropic.com)"
216.73.216.221 - - [05/Oct/2025:08:03:45 -0400] "GET /products236440030?kg=0233556698 HTTP/1.1" 404 9740 "-" "Mozilla/5.0 AppleWebKit/537.36 (KHTML, like Gecko; compatible; ClaudeBot/1.0; +claudebot@anthropic.com)"
216.73.216.221 - - [05/Oct/2025:08:03:51 -0400] "GET /products146086080?kg=0144304625 HTTP/1.1" 404 9742 "-" "Mozilla/5.0 AppleWebKit/537.36 (KHTML, like Gecko; compatible; ClaudeBot/1.0; +claudebot@anthropic.com)"
185.61.153.107 - - [05/Oct/2025:08:04:08 -0400] "POST /wp-cron.php?doing_wp_cron=1759665847.9767079353332519531250 HTTP/1.1" 200 0 "-" "WordPress/6.8.3; https://salhab360photos.com"
216.73.216.221 - - [05/Oct/2025:08:04:20 -0400] "GET /products236420974?kg=0233537874 HTTP/1.1" 404 9732 "-" "Mozilla/5.0 AppleWebKit/537.36 (KHTML, like Gecko; compatible; ClaudeBot/1.0; +claudebot@anthropic.com)"
147.185.132.39 - - [05/Oct/2025:08:04:32 -0400] "GET /.well-known/security.txt HTTP/1.1" 404 49078 "-" "Hello from Palo Alto Networks, find out more about our scans in https://docs-cortex.paloaltonetworks.com/r/1/Cortex-Xpanse/Scanning-activity"
185.61.153.107 - - [05/Oct/2025:08:05:18 -0400] "POST /wp-cron.php?doing_wp_cron=1759665918.0742850303649902343750 HTTP/1.1" 200 0 "-" "WordPress/6.8.3; https://salhab360photos.com"
216.73.216.221 - - [05/Oct/2025:08:05:24 -0400] "GET /products163789838?kg=0161792482 HTTP/1.1" 404 9798 "-" "Mozilla/5.0 AppleWebKit/537.36 (KHTML, like Gecko; compatible; ClaudeBot/1.0; +claudebot@anthropic.com)"
185.61.153.107 - - [05/Oct/2025:08:06:06 -0400] "POST /wp-cron.php?doing_wp_cron=1759665966.9718129634857177734375 HTTP/1.1" 200 0 "-" "WordPress/6.8.3; https://salhab360photos.com"
216.73.216.221 - - [05/Oct/2025:08:06:23 -0400] "GET /products178882180?kg=0176700771 HTTP/1.1" 404 9741 "-" "Mozilla/5.0 AppleWebKit/537.36 (KHTML, like Gecko; compatible; ClaudeBot/1.0; +claudebot@anthropic.com)"
216.73.216.221 - - [05/Oct/2025:08:06:47 -0400] "GET /products163826898?kg=0161829092 HTTP/1.1" 404 9742 "-" "Mozilla/5.0 AppleWebKit/537.36 (KHTML, like Gecko; compatible; ClaudeBot/1.0; +claudebot@anthropic.com)"
185.61.153.107 - - [05/Oct/2025:08:07:12 -0400] "POST /wp-cron.php?doing_wp_cron=1759666032.5790629386901855468750 HTTP/1.1" 200 0 "-" "WordPress/6.8.3; https://salhab360photos.com"
216.73.216.221 - - [05/Oct/2025:08:07:11 -0400] "GET /products27027906?kg=0026698380 HTTP/1.1" 404 9742 "-" "Mozilla/5.0 AppleWebKit/537.36 (KHTML, like Gecko; compatible; ClaudeBot/1.0; +claudebot@anthropic.com)"
185.61.153.107 - - [05/Oct/2025:08:08:21 -0400] "POST /wp-cron.php?doing_wp_cron=1759666101.8895220756530761718750 HTTP/1.1" 200 0 "-" "WordPress/6.8.3; https://salhab360photos.com"
20.171.207.56 - - [05/Oct/2025:08:09:25 -0400] "GET /products163275152?kg=0161284073 HTTP/1.1" 404 9733 "-" "Mozilla/5.0 AppleWebKit/537.36 (KHTML, like Gecko; compatible; GPTBot/1.2; +https://openai.com/gptbot)"
37.59.204.132 - - [05/Oct/2025:08:09:49 -0400] "GET /products198957010?kg=0196530788 HTTP/1.1" 404 9742 "-" "Mozilla/5.0 (compatible; AhrefsBot/7.0; +http://ahrefs.com/robot/)"
185.61.153.107 - - [05/Oct/2025:08:10:29 -0400] "POST /wp-cron.php?doing_wp_cron=1759666229.1712279319763183593750 HTTP/1.1" 200 0 "-" "WordPress/6.8.3; https://salhab360photos.com"
216.73.216.221 - - [05/Oct/2025:08:03:21 -0400] "GET /products236436996?kg=0233553699 HTTP/1.1" 404 9740 "-" "Mozilla/5.0 AppleWebKit/537.36 (KHTML, like Gecko; compatible; ClaudeBot/1.0; +claudebot@anthropic.com)"
216.73.216.221 - - [05/Oct/2025:08:03:39 -0400] "GET /products236413922?kg=0233530908 HTTP/1.1" 404 9742 "-" "Mozilla/5.0 AppleWebKit/537.36 (KHTML, like Gecko; compatible; ClaudeBot/1.0; +claudebot@anthropic.com)"
216.73.216.221 - - [05/Oct/2025:08:04:03 -0400] "GET /products74133694?kg=0073229706 HTTP/1.1" 404 9742 "-" "Mozilla/5.0 AppleWebKit/537.36 (KHTML, like Gecko; compatible; ClaudeBot/1.0; +claudebot@anthropic.com)"
20.171.207.56 - - [05/Oct/2025:08:04:09 -0400] "GET /products163269794?kg=0161278780 HTTP/1.1" 404 9742 "-" "Mozilla/5.0 AppleWebKit/537.36 (KHTML, like Gecko; compatible; GPTBot/1.2; +https://openai.com/gptbot)"
66.249.73.11 - - [05/Oct/2025:08:04:15 -0400] "GET /products7958096?kg=0007861129 HTTP/1.1" 200 29044 "-" "Mozilla/5.0 (Linux; Android 6.0.1; Nexus 5X Build/MMB29P) AppleWebKit/537.36 (KHTML, like Gecko) Chrome/140.0.7339.207 Mobile Safari/537.36 (compatible; Googlebot/2.1; +http://www.google.com/bot.html)"
20.171.207.56 - - [05/Oct/2025:08:05:13 -0400] "GET /products163295452?kg=0161304127 HTTP/1.1" 404 9742 "-" "Mozilla/5.0 AppleWebKit/537.36 (KHTML, like Gecko; compatible; GPTBot/1.2; +https://openai.com/gptbot)"
216.73.216.221 - - [05/Oct/2025:08:05:48 -0400] "GET /products113467696?kg=0112084025 HTTP/1.1" 404 9741 "-" "Mozilla/5.0 AppleWebKit/537.36 (KHTML, like Gecko; compatible; ClaudeBot/1.0; +claudebot@anthropic.com)"
94.23.188.210 - - [05/Oct/2025:08:05:57 -0400] "GET /products198958814?kg=0196532570 HTTP/1.1" 404 9741 "-" "Mozilla/5.0 (compatible; AhrefsBot/7.0; +http://ahrefs.com/robot/)"
216.73.216.221 - - [05/Oct/2025:08:06:03 -0400] "GET /products225088938?kg=0222344032 HTTP/1.1" 404 9740 "-" "Mozilla/5.0 AppleWebKit/537.36 (KHTML, like Gecko; compatible; ClaudeBot/1.0; +claudebot@anthropic.com)"
20.171.207.56 - - [05/Oct/2025:08:06:19 -0400] "GET /products163295902?kg=0161304570 HTTP/1.1" 404 9742 "-" "Mozilla/5.0 AppleWebKit/537.36 (KHTML, like Gecko; compatible; GPTBot/1.2; +https://openai.com/gptbot)"
20.171.207.56 - - [05/Oct/2025:08:07:19 -0400] "GET /products163277088?kg=0161285985 HTTP/1.1" 404 9742 "-" "Mozilla/5.0 AppleWebKit/537.36 (KHTML, like Gecko; compatible; GPTBot/1.2; +https://openai.com/gptbot)"
20.171.207.56 - - [05/Oct/2025:08:08:20 -0400] "GET /products163286978?kg=0161295756 HTTP/1.1" 404 9742 "-" "Mozilla/5.0 AppleWebKit/537.36 (KHTML, like Gecko; compatible; GPTBot/1.2; +https://openai.com/gptbot)"
185.61.153.107 - - [05/Oct/2025:08:09:27 -0400] "POST /wp-cron.php?doing_wp_cron=1759666167.5738921165466308593750 HTTP/1.1" 200 0 "-" "WordPress/6.8.3; https://salhab360photos.com"
20.171.207.56 - - [05/Oct/2025:08:11:25 -0400] "GET /products163269462?kg=0161278454 HTTP/1.1" 404 9742 "-" "Mozilla/5.0 AppleWebKit/537.36 (KHTML, like Gecko; compatible; GPTBot/1.2; +https://openai.com/gptbot)"
216.73.216.221 - - [05/Oct/2025:08:11:32 -0400] "GET /products211693364?kg=0209111819 HTTP/1.1" 404 9733 "-" "Mozilla/5.0 AppleWebKit/537.36 (KHTML, like Gecko; compatible; ClaudeBot/1.0; +claudebot@anthropic.com)"
185.61.153.107 - - [05/Oct/2025:08:12:30 -0400] "POST /wp-cron.php?doing_wp_cron=1759666350.4768049716949462890625 HTTP/1.1" 200 0 "-" "WordPress/6.8.3; https://salhab360photos.com"
20.171.207.56 - - [05/Oct/2025:08:12:26 -0400] "GET /products163309482?kg=0161317984 HTTP/1.1" 404 9740 "-" "Mozilla/5.0 AppleWebKit/537.36 (KHTML, like Gecko; compatible; GPTBot/1.2; +https://openai.com/gptbot)"
92.222.104.193 - - [05/Oct/2025:08:12:37 -0400] "GET /products162782222?kg=0160797154 HTTP/1.1" 404 9741 "-" "Mozilla/5.0 (compatible; AhrefsBot/7.0; +http://ahrefs.com/robot/)"
185.61.153.107 - - [05/Oct/2025:08:13:25 -0400] "POST /wp-cron.php?doing_wp_cron=1759666405.3739409446716308593750 HTTP/1.1" 200 0 "-" "WordPress/6.8.3; https://salhab360photos.com"
216.73.216.221 - - [05/Oct/2025:08:13:22 -0400] "GET /products214094652?kg=0211483823 HTTP/1.1" 404 9740 "-" "Mozilla/5.0 AppleWebKit/537.36 (KHTML, like Gecko; compatible; ClaudeBot/1.0; +claudebot@anthropic.com)"
20.171.207.56 - - [05/Oct/2025:08:13:29 -0400] "GET /products163279434?kg=0161288304 HTTP/1.1" 404 9743 "-" "Mozilla/5.0 AppleWebKit/537.36 (KHTML, like Gecko; compatible; GPTBot/1.2; +https://openai.com/gptbot)"
216.73.216.221 - - [05/Oct/2025:08:13:46 -0400] "GET /products163851448?kg=0161853341 HTTP/1.1" 404 9742 "-" "Mozilla/5.0 AppleWebKit/537.36 (KHTML, like Gecko; compatible; ClaudeBot/1.0; +claudebot@anthropic.com)"
185.61.153.107 - - [05/Oct/2025:08:14:25 -0400] "POST /wp-cron.php?doing_wp_cron=1759666465.4712140560150146484375 HTTP/1.1" 200 0 "-" "WordPress/6.8.3; https://salhab360photos.com"
216.73.216.221 - - [05/Oct/2025:08:14:21 -0400] "GET /products232554870?kg=0229718918 HTTP/1.1" 404 9741 "-" "Mozilla/5.0 AppleWebKit/537.36 (KHTML, like Gecko; compatible; ClaudeBot/1.0; +claudebot@anthropic.com)"
185.61.153.107 - - [05/Oct/2025:08:14:39 -0400] "GET / HTTP/1.1" 200 4189 "-" "Softaculous"
185.61.153.107 - - [05/Oct/2025:08:14:39 -0400] "GET / HTTP/1.1" 200 4189 "-" "Mozilla/5.0 (Windows NT 10.0; Win64; x64; rv:122.0) Gecko/20100101 Firefox/122.0"
20.171.207.56 - - [05/Oct/2025:08:14:35 -0400] "GET /products163289474?kg=0161298220 HTTP/1.1" 404 9741 "-" "Mozilla/5.0 AppleWebKit/537.36 (KHTML, like Gecko; compatible; GPTBot/1.2; +https://openai.com/gptbot)"
216.73.216.221 - - [05/Oct/2025:08:15:09 -0400] "GET /products211656810?kg=0209075712 HTTP/1.1" 404 9742 "-" "Mozilla/5.0 AppleWebKit/537.36 (KHTML, like Gecko; compatible; ClaudeBot/1.0; +claudebot@anthropic.com)"
20.171.207.56 - - [05/Oct/2025:08:15:38 -0400] "GET /products163287178?kg=0161295952 HTTP/1.1" 404 9740 "-" "Mozilla/5.0 AppleWebKit/537.36 (KHTML, like Gecko; compatible; GPTBot/1.2; +https://openai.com/gptbot)"
185.61.153.107 - - [05/Oct/2025:08:17:06 -0400] "POST /wp-cron.php?doing_wp_cron=1759666626.1759929656982421875000 HTTP/1.1" 200 0 "-" "WordPress/6.8.3; https://salhab360photos.com"
216.73.216.221 - - [05/Oct/2025:08:17:04 -0400] "GET /products18523668?kg=0018297851 HTTP/1.1" 404 9740 "-" "Mozilla/5.0 AppleWebKit/537.36 (KHTML, like Gecko; compatible; ClaudeBot/1.0; +claudebot@anthropic.com)"
20.171.207.56 - - [05/Oct/2025:08:17:44 -0400] "GET /products163276464?kg=0161285369 HTTP/1.1" 404 9734 "-" "Mozilla/5.0 AppleWebKit/537.36 (KHTML, like Gecko; compatible; GPTBot/1.2; +https://openai.com/gptbot)"
216.73.216.221 - - [05/Oct/2025:08:17:57 -0400] "GET /products244404608?kg=0241424145 HTTP/1.1" 404 9740 "-" "Mozilla/5.0 AppleWebKit/537.36 (KHTML, like Gecko; compatible; ClaudeBot/1.0; +claudebot@anthropic.com)"
185.61.153.107 - - [05/Oct/2025:08:18:16 -0400] "POST /wp-cron.php?doing_wp_cron=1759666696.5732350349426269531250 HTTP/1.1" 200 0 "-" "WordPress/6.8.3; https://salhab360photos.com"
54.37.118.95 - - [05/Oct/2025:08:18:12 -0400] "GET /products162751846?kg=0160767150 HTTP/1.1" 404 9741 "-" "Mozilla/5.0 (compatible; AhrefsBot/7.0; +http://ahrefs.com/robot/)"
216.73.216.221 - - [05/Oct/2025:08:18:22 -0400] "GET /robots.txt HTTP/1.1" 200 84 "-" "Mozilla/5.0 AppleWebKit/537.36 (KHTML, like Gecko; compatible; ClaudeBot/1.0; +claudebot@anthropic.com)"
216.73.216.221 - - [05/Oct/2025:08:18:30 -0400] "GET /products80652694?kg=0079669206 HTTP/1.1" 404 9743 "-" "Mozilla/5.0 AppleWebKit/537.36 (KHTML, like Gecko; compatible; ClaudeBot/1.0; +claudebot@anthropic.com)"
20.171.207.56 - - [05/Oct/2025:08:19:51 -0400] "GET /products163277904?kg=0161286793 HTTP/1.1" 404 9741 "-" "Mozilla/5.0 AppleWebKit/537.36 (KHTML, like Gecko; compatible; GPTBot/1.2; +https://openai.com/gptbot)"
185.61.153.107 - - [05/Oct/2025:08:20:28 -0400] "POST /wp-cron.php?doing_wp_cron=1759666828.6766190528869628906250 HTTP/1.1" 200 0 "-" "WordPress/6.8.3; https://salhab360photos.com"
20.171.207.56 - - [05/Oct/2025:08:10:25 -0400] "GET /products163298786?kg=0161307420 HTTP/1.1" 404 9733 "-" "Mozilla/5.0 AppleWebKit/537.36 (KHTML, like Gecko; compatible; GPTBot/1.2; +https://openai.com/gptbot)"
185.61.153.107 - - [05/Oct/2025:08:11:30 -0400] "POST /wp-cron.php?doing_wp_cron=1759666290.0812079906463623046875 HTTP/1.1" 200 0 "-" "WordPress/6.8.3; https://salhab360photos.com"
216.73.216.221 - - [05/Oct/2025:08:13:58 -0400] "GET /products74156818?kg=0073252548 HTTP/1.1" 404 9733 "-" "Mozilla/5.0 AppleWebKit/537.36 (KHTML, like Gecko; compatible; ClaudeBot/1.0; +claudebot@anthropic.com)"
185.61.153.107 - - [05/Oct/2025:08:14:35 -0400] "GET / HTTP/1.1" 200 4189 "-" "Mozilla/5.0 (Windows NT 10.0; Win64; x64; rv:122.0) Gecko/20100101 Firefox/122.0"
66.249.73.11 - - [05/Oct/2025:08:14:35 -0400] "GET /products7124288?kg=0007037489 HTTP/1.1" 200 28981 "-" "Mozilla/5.0 (Linux; Android 6.0.1; Nexus 5X Build/MMB29P) AppleWebKit/537.36 (KHTML, like Gecko) Chrome/140.0.7339.207 Mobile Safari/537.36 (compatible; Googlebot/2.1; +http://www.google.com/bot.html)"
216.73.216.221 - - [05/Oct/2025:08:14:45 -0400] "GET /products232512198?kg=0229676766 HTTP/1.1" 404 9741 "-" "Mozilla/5.0 AppleWebKit/537.36 (KHTML, like Gecko; compatible; ClaudeBot/1.0; +claudebot@anthropic.com)"
185.61.153.107 - - [05/Oct/2025:08:15:13 -0400] "POST /wp-cron.php?doing_wp_cron=1759666513.0933780670166015625000 HTTP/1.1" 200 0 "-" "WordPress/6.8.3; https://salhab360photos.com"
92.222.108.119 - - [05/Oct/2025:08:15:22 -0400] "GET /products162779270?kg=0160794238 HTTP/1.1" 404 9741 "-" "Mozilla/5.0 (compatible; AhrefsBot/7.0; +http://ahrefs.com/robot/)"
216.73.216.221 - - [05/Oct/2025:08:15:33 -0400] "GET /products27042042?kg=0026712344 HTTP/1.1" 404 9742 "-" "Mozilla/5.0 AppleWebKit/537.36 (KHTML, like Gecko; compatible; ClaudeBot/1.0; +claudebot@anthropic.com)"
185.61.153.107 - - [05/Oct/2025:08:16:27 -0400] "POST /wp-cron.php?doing_wp_cron=1759666587.4713549613952636718750 HTTP/1.1" 200 0 "-" "WordPress/6.8.3; https://salhab360photos.com"
216.73.216.221 - - [05/Oct/2025:08:16:21 -0400] "GET /products178925308?kg=0176743375 HTTP/1.1" 404 9743 "-" "Mozilla/5.0 AppleWebKit/537.36 (KHTML, like Gecko; compatible; ClaudeBot/1.0; +claudebot@anthropic.com)"
20.171.207.56 - - [05/Oct/2025:08:16:39 -0400] "GET /products163275084?kg=0161284007 HTTP/1.1" 404 9741 "-" "Mozilla/5.0 AppleWebKit/537.36 (KHTML, like Gecko; compatible; GPTBot/1.2; +https://openai.com/gptbot)"
216.73.216.221 - - [05/Oct/2025:08:16:51 -0400] "GET /products178936254?kg=0176754186 HTTP/1.1" 404 9742 "-" "Mozilla/5.0 AppleWebKit/537.36 (KHTML, like Gecko; compatible; ClaudeBot/1.0; +claudebot@anthropic.com)"
20.171.207.56 - - [05/Oct/2025:08:18:45 -0400] "GET /products163259340?kg=0161268455 HTTP/1.1" 404 9742 "-" "Mozilla/5.0 AppleWebKit/537.36 (KHTML, like Gecko; compatible; GPTBot/1.2; +https://openai.com/gptbot)"
216.73.216.221 - - [05/Oct/2025:08:18:58 -0400] "GET /products80656070?kg=0079672542 HTTP/1.1" 404 9741 "-" "Mozilla/5.0 AppleWebKit/537.36 (KHTML, like Gecko; compatible; ClaudeBot/1.0; +claudebot@anthropic.com)"
185.61.153.107 - - [05/Oct/2025:08:19:55 -0400] "POST /wp-cron.php?doing_wp_cron=1759666794.9758269786834716796875 HTTP/1.1" 200 0 "-" "WordPress/6.8.3; https://salhab360photos.com"
51.75.236.142 - - [05/Oct/2025:08:20:46 -0400] "GET /products162749792?kg=0160765121 HTTP/1.1" 404 9742 "-" "Mozilla/5.0 (compatible; AhrefsBot/7.0; +http://ahrefs.com/robot/)"
20.171.207.56 - - [05/Oct/2025:08:20:52 -0400] "GET /products163293848?kg=0161302541 HTTP/1.1" 404 9742 "-" "Mozilla/5.0 AppleWebKit/537.36 (KHTML, like Gecko; compatible; GPTBot/1.2; +https://openai.com/gptbot)"
185.61.153.107 - - [05/Oct/2025:08:21:10 -0400] "POST /wp-cron.php?doing_wp_cron=1759666870.7709989547729492187500 HTTP/1.1" 200 0 "-" "WordPress/6.8.3; https://salhab360photos.com"
216.73.216.221 - - [05/Oct/2025:08:21:09 -0400] "GET /products214103968?kg=0211493025 HTTP/1.1" 404 9733 "-" "Mozilla/5.0 AppleWebKit/537.36 (KHTML, like Gecko; compatible; ClaudeBot/1.0; +claudebot@anthropic.com)"
216.73.216.221 - - [05/Oct/2025:08:21:40 -0400] "GET /products244426220?kg=0241445495 HTTP/1.1" 404 9744 "-" "Mozilla/5.0 AppleWebKit/537.36 (KHTML, like Gecko; compatible; ClaudeBot/1.0; +claudebot@anthropic.com)"
185.61.153.107 - - [05/Oct/2025:08:22:26 -0400] "POST /wp-cron.php?doing_wp_cron=1759666946.6913590431213378906250 HTTP/1.1" 200 0 "-" "WordPress/6.8.3; https://salhab360photos.com"
216.73.216.221 - - [05/Oct/2025:08:22:24 -0400] "GET /products232554346?kg=0229718400 HTTP/1.1" 404 9744 "-" "Mozilla/5.0 AppleWebKit/537.36 (KHTML, like Gecko; compatible; ClaudeBot/1.0; +claudebot@anthropic.com)"
185.191.171.10 - - [05/Oct/2025:08:22:37 -0400] "GET /portfolio/tag/modesty/ HTTP/1.1" 200 12793 "-" "Mozilla/5.0 (compatible; SemrushBot/7~bl; +http://www.semrush.com/bot.html)"
20.171.207.56 - - [05/Oct/2025:08:22:58 -0400] "GET /products163313218?kg=0161321676 HTTP/1.1" 404 9744 "-" "Mozilla/5.0 AppleWebKit/537.36 (KHTML, like Gecko; compatible; GPTBot/1.2; +https://openai.com/gptbot)"
185.61.153.107 - - [05/Oct/2025:08:23:29 -0400] "POST /wp-cron.php?doing_wp_cron=1759667009.6709771156311035156250 HTTP/1.1" 200 0 "-" "WordPress/6.8.3; https://salhab360photos.com"
216.73.216.221 - - [05/Oct/2025:08:23:54 -0400] "GET /products80620222?kg=0079637130 HTTP/1.1" 404 9741 "-" "Mozilla/5.0 AppleWebKit/537.36 (KHTML, like Gecko; compatible; ClaudeBot/1.0; +claudebot@anthropic.com)"
185.61.153.107 - - [05/Oct/2025:08:26:15 -0400] "POST /wp-cron.php?doing_wp_cron=1759667175.4739880561828613281250 HTTP/1.1" 200 0 "-" "WordPress/6.8.3; https://salhab360photos.com"
20.171.207.56 - - [05/Oct/2025:08:26:09 -0400] "GET /products163286728?kg=0161295509 HTTP/1.1" 404 9742 "-" "Mozilla/5.0 AppleWebKit/537.36 (KHTML, like Gecko; compatible; GPTBot/1.2; +https://openai.com/gptbot)"
18.171.147.236 - - [05/Oct/2025:08:26:52 -0400] "GET /index.html HTTP/1.1" 200 1404 "-" "Mozilla/5.0 (Windows NT 10.0; Win64; x64) AppleWebKit/537.36 (KHTML, like Gecko) Chrome/132.0.0.0 Safari/537.36 Edg/132.0.0.0"
164.90.241.135 - - [05/Oct/2025:08:26:52 -0400] "GET /index.html HTTP/1.1" 200 1404 "-" "Mozilla/5.0 (Windows NT 10.0; Win64; x64) AppleWebKit/537.36 (KHTML, like Gecko) Chrome/132.0.0.0 Safari/537.36 Edg/132.0.0.0"
46.101.70.221 - - [05/Oct/2025:08:26:52 -0400] "GET /index.html HTTP/1.1" 200 1404 "-" "Mozilla/5.0 (Windows NT 10.0; Win64; x64) AppleWebKit/537.36 (KHTML, like Gecko) Chrome/132.0.0.0 Safari/537.36 Edg/132.0.0.0"
174.138.112.39 - - [05/Oct/2025:08:26:53 -0400] "GET /index.html HTTP/1.1" 200 1404 "-" "Mozilla/5.0 (Windows NT 10.0; Win64; x64) AppleWebKit/537.36 (KHTML, like Gecko) Chrome/132.0.0.0 Safari/537.36 Edg/132.0.0.0"
185.61.153.107 - - [05/Oct/2025:08:27:16 -0400] "POST /wp-cron.php?doing_wp_cron=1759667236.6759769916534423828125 HTTP/1.1" 200 0 "-" "WordPress/6.8.3; https://salhab360photos.com"
20.171.207.56 - - [05/Oct/2025:08:27:11 -0400] "GET /products163313132?kg=0161321591 HTTP/1.1" 404 9742 "-" "Mozilla/5.0 AppleWebKit/537.36 (KHTML, like Gecko; compatible; GPTBot/1.2; +https://openai.com/gptbot)"
185.61.153.107 - - [05/Oct/2025:08:28:21 -0400] "POST /wp-cron.php?doing_wp_cron=1759667301.1759479045867919921875 HTTP/1.1" 200 0 "-" "WordPress/6.8.3; https://salhab360photos.com"
20.171.207.56 - - [05/Oct/2025:08:28:17 -0400] "GET /products163324152?kg=0161332477 HTTP/1.1" 404 9742 "-" "Mozilla/5.0 AppleWebKit/537.36 (KHTML, like Gecko; compatible; GPTBot/1.2; +https://openai.com/gptbot)"
206.189.247.132 - - [05/Oct/2025:08:28:26 -0400] "GET /index.html HTTP/1.1" 200 1404 "-" "Mozilla/5.0 (Windows NT 10.0; Win64; x64) AppleWebKit/537.36 (KHTML, like Gecko) Chrome/135.0.0.0 Safari/537.36 OPR/120.0.0.0"
20.171.207.56 - - [05/Oct/2025:08:29:17 -0400] "GET /products163323988?kg=0161332315 HTTP/1.1" 404 9743 "-" "Mozilla/5.0 AppleWebKit/537.36 (KHTML, like Gecko; compatible; GPTBot/1.2; +https://openai.com/gptbot)"
92.222.104.202 - - [05/Oct/2025:08:29:38 -0400] "GET /products14520774?kg=0014343774 HTTP/1.1" 404 9743 "-" "Mozilla/5.0 (compatible; AhrefsBot/7.0; +http://ahrefs.com/robot/)"
216.73.216.221 - - [05/Oct/2025:08:20:24 -0400] "GET /products80648594?kg=0079665156 HTTP/1.1" 404 9743 "-" "Mozilla/5.0 AppleWebKit/537.36 (KHTML, like Gecko; compatible; ClaudeBot/1.0; +claudebot@anthropic.com)"
66.249.73.12 - - [05/Oct/2025:08:21:38 -0400] "GET /?products5629296?kg=0005560729 HTTP/1.1" 200 1164 "-" "Mozilla/5.0 (Linux; Android 6.0.1; Nexus 5X Build/MMB29P) AppleWebKit/537.36 (KHTML, like Gecko) Chrome/140.0.7339.207 Mobile Safari/537.36 (compatible; Googlebot/2.1; +http://www.google.com/bot.html)"
20.171.207.56 - - [05/Oct/2025:08:21:53 -0400] "GET /products163287142?kg=0161295918 HTTP/1.1" 404 9742 "-" "Mozilla/5.0 AppleWebKit/537.36 (KHTML, like Gecko; compatible; GPTBot/1.2; +https://openai.com/gptbot)"
5.39.1.236 - - [05/Oct/2025:08:23:26 -0400] "GET /products158889354?kg=0156951760 HTTP/1.1" 404 9743 "-" "Mozilla/5.0 (compatible; AhrefsBot/7.0; +http://ahrefs.com/robot/)"
20.171.207.56 - - [05/Oct/2025:08:24:01 -0400] "GET /products163282828?kg=0161291655 HTTP/1.1" 404 9742 "-" "Mozilla/5.0 AppleWebKit/537.36 (KHTML, like Gecko; compatible; GPTBot/1.2; +https://openai.com/gptbot)"
185.61.153.107 - - [05/Oct/2025:08:24:28 -0400] "POST /wp-cron.php?doing_wp_cron=1759667068.3759460449218750000000 HTTP/1.1" 200 0 "-" "WordPress/6.8.3; https://salhab360photos.com"
216.73.216.221 - - [05/Oct/2025:08:24:26 -0400] "GET /products109385832?kg=0108051941 HTTP/1.1" 404 9734 "-" "Mozilla/5.0 AppleWebKit/537.36 (KHTML, like Gecko; compatible; ClaudeBot/1.0; +claudebot@anthropic.com)"
66.249.73.12 - - [05/Oct/2025:08:24:28 -0400] "GET /products111178438?kg=0109822686 HTTP/1.1" 200 30198 "-" "Mozilla/5.0 (Linux; Android 6.0.1; Nexus 5X Build/MMB29P) AppleWebKit/537.36 (KHTML, like Gecko) Chrome/140.0.7339.207 Mobile Safari/537.36 (compatible; GoogleOther)"
185.61.153.107 - - [05/Oct/2025:08:25:11 -0400] "POST /wp-cron.php?doing_wp_cron=1759667110.9770851135253906250000 HTTP/1.1" 200 0 "-" "WordPress/6.8.3; https://salhab360photos.com"
20.171.207.56 - - [05/Oct/2025:08:25:07 -0400] "GET /products163312052?kg=0161320523 HTTP/1.1" 404 9742 "-" "Mozilla/5.0 AppleWebKit/537.36 (KHTML, like Gecko; compatible; GPTBot/1.2; +https://openai.com/gptbot)"
5.39.109.164 - - [05/Oct/2025:08:26:10 -0400] "GET /products158865160?kg=0156927861 HTTP/1.1" 404 9741 "-" "Mozilla/5.0 (compatible; AhrefsBot/7.0; +http://ahrefs.com/robot/)"
18.171.147.236 - - [05/Oct/2025:08:28:26 -0400] "GET /index.html HTTP/1.1" 200 1404 "-" "Mozilla/5.0 (Windows NT 10.0; Win64; x64) AppleWebKit/537.36 (KHTML, like Gecko) Chrome/135.0.0.0 Safari/537.36 OPR/120.0.0.0"
45.133.173.22 - - [05/Oct/2025:08:28:26 -0400] "GET /index.html HTTP/1.1" 200 1404 "-" "Mozilla/5.0 (Windows NT 10.0; Win64; x64) AppleWebKit/537.36 (KHTML, like Gecko) Chrome/135.0.0.0 Safari/537.36 OPR/120.0.0.0"
185.61.153.107 - - [05/Oct/2025:08:29:21 -0400] "POST /wp-cron.php?doing_wp_cron=1759667361.0735421180725097656250 HTTP/1.1" 200 0 "-" "WordPress/6.8.3; https://salhab360photos.com"
185.61.153.107 - - [05/Oct/2025:08:31:29 -0400] "POST /wp-cron.php?doing_wp_cron=1759667489.3723649978637695312500 HTTP/1.1" 200 0 "-" "WordPress/6.8.3; https://salhab360photos.com"
20.171.207.56 - - [05/Oct/2025:08:31:25 -0400] "GET /products163316334?kg=0161324754 HTTP/1.1" 404 9742 "-" "Mozilla/5.0 AppleWebKit/537.36 (KHTML, like Gecko; compatible; GPTBot/1.2; +https://openai.com/gptbot)"
20.171.207.56 - - [05/Oct/2025:08:32:31 -0400] "GET /products163318940?kg=0161327327 HTTP/1.1" 404 9743 "-" "Mozilla/5.0 AppleWebKit/537.36 (KHTML, like Gecko; compatible; GPTBot/1.2; +https://openai.com/gptbot)"
176.31.139.28 - - [05/Oct/2025:08:32:49 -0400] "GET /products140643730?kg=0138928644 HTTP/1.1" 404 7886 "-" "Mozilla/5.0 (compatible; AhrefsBot/7.0; +http://ahrefs.com/robot/)"
185.61.153.107 - - [05/Oct/2025:08:33:38 -0400] "POST /wp-cron.php?doing_wp_cron=1759667618.7766909599304199218750 HTTP/1.1" 200 0 "-" "WordPress/6.8.3; https://salhab360photos.com"
20.171.207.56 - - [05/Oct/2025:08:33:34 -0400] "GET /products163282910?kg=0161291738 HTTP/1.1" 404 9743 "-" "Mozilla/5.0 AppleWebKit/537.36 (KHTML, like Gecko; compatible; GPTBot/1.2; +https://openai.com/gptbot)"
216.73.216.221 - - [05/Oct/2025:08:34:27 -0400] "GET /products83675542?kg=0082655190 HTTP/1.1" 404 9734 "-" "Mozilla/5.0 AppleWebKit/537.36 (KHTML, like Gecko; compatible; ClaudeBot/1.0; +claudebot@anthropic.com)"
20.171.207.56 - - [05/Oct/2025:08:34:35 -0400] "GET /products163316152?kg=0161324573 HTTP/1.1" 404 9741 "-" "Mozilla/5.0 AppleWebKit/537.36 (KHTML, like Gecko; compatible; GPTBot/1.2; +https://openai.com/gptbot)"
216.73.216.221 - - [05/Oct/2025:08:34:39 -0400] "GET /products83736920?kg=0082715821 HTTP/1.1" 404 9743 "-" "Mozilla/5.0 AppleWebKit/537.36 (KHTML, like Gecko; compatible; ClaudeBot/1.0; +claudebot@anthropic.com)"
185.61.153.107 - - [05/Oct/2025:08:35:42 -0400] "POST /wp-cron.php?doing_wp_cron=1759667742.5708999633789062500000 HTTP/1.1" 200 0 "-" "WordPress/6.8.3; https://salhab360photos.com"
20.171.207.56 - - [05/Oct/2025:08:35:37 -0400] "GET /products163292950?kg=0161301654 HTTP/1.1" 404 9742 "-" "Mozilla/5.0 AppleWebKit/537.36 (KHTML, like Gecko; compatible; GPTBot/1.2; +https://openai.com/gptbot)"
185.61.153.107 - - [05/Oct/2025:08:30:29 -0400] "POST /wp-cron.php?doing_wp_cron=1759667429.8724060058593750000000 HTTP/1.1" 200 0 "-" "WordPress/6.8.3; https://salhab360photos.com"
20.171.207.56 - - [05/Oct/2025:08:30:23 -0400] "GET /products163288400?kg=0161297161 HTTP/1.1" 404 9743 "-" "Mozilla/5.0 AppleWebKit/537.36 (KHTML, like Gecko; compatible; GPTBot/1.2; +https://openai.com/gptbot)"
185.61.153.107 - - [05/Oct/2025:08:32:35 -0400] "POST /wp-cron.php?doing_wp_cron=1759667555.6700661182403564453125 HTTP/1.1" 200 0 "-" "WordPress/6.8.3; https://salhab360photos.com"
185.61.153.107 - - [05/Oct/2025:08:34:25 -0400] "POST /wp-cron.php?doing_wp_cron=1759667665.1748778820037841796875 HTTP/1.1" 200 0 "-" "WordPress/6.8.3; https://salhab360photos.com"
216.73.216.221 - - [05/Oct/2025:08:34:22 -0400] "GET /products83729084?kg=0082708079 HTTP/1.1" 404 9741 "-" "Mozilla/5.0 AppleWebKit/537.36 (KHTML, like Gecko; compatible; ClaudeBot/1.0; +claudebot@anthropic.com)"
216.73.216.221 - - [05/Oct/2025:08:34:33 -0400] "GET /products83671898?kg=0082651592 HTTP/1.1" 404 9742 "-" "Mozilla/5.0 AppleWebKit/537.36 (KHTML, like Gecko; compatible; ClaudeBot/1.0; +claudebot@anthropic.com)"
54.37.118.74 - - [05/Oct/2025:08:36:04 -0400] "GET /sitemap.xml HTTP/1.1" 200 6005 "-" "Mozilla/5.0 (compatible; AhrefsBot/7.0; +http://ahrefs.com/robot/)"
185.61.153.107 - - [05/Oct/2025:08:36:34 -0400] "POST /wp-cron.php?doing_wp_cron=1759667794.8752110004425048828125 HTTP/1.1" 200 0 "-" "WordPress/6.8.3; https://salhab360photos.com"
216.73.216.221 - - [05/Oct/2025:08:36:37 -0400] "GET /products83693678?kg=0082673106 HTTP/1.1" 404 9741 "-" "Mozilla/5.0 AppleWebKit/537.36 (KHTML, like Gecko; compatible; ClaudeBot/1.0; +claudebot@anthropic.com)"
20.171.207.56 - - [05/Oct/2025:08:36:37 -0400] "GET /products163324438?kg=0161332758 HTTP/1.1" 404 9743 "-" "Mozilla/5.0 AppleWebKit/537.36 (KHTML, like Gecko; compatible; GPTBot/1.2; +https://openai.com/gptbot)"
216.73.216.221 - - [05/Oct/2025:08:36:43 -0400] "GET /products83713600?kg=0082692785 HTTP/1.1" 404 9742 "-" "Mozilla/5.0 AppleWebKit/537.36 (KHTML, like Gecko; compatible; ClaudeBot/1.0; +claudebot@anthropic.com)"
66.249.73.10 - - [05/Oct/2025:08:36:47 -0400] "GET /products5302698?kg=0005238112 HTTP/1.1" 200 28945 "-" "Mozilla/5.0 (Linux; Android 6.0.1; Nexus 5X Build/MMB29P) AppleWebKit/537.36 (KHTML, like Gecko) Chrome/140.0.7339.207 Mobile Safari/537.36 (compatible; Googlebot/2.1; +http://www.google.com/bot.html)"
216.73.216.221 - - [05/Oct/2025:08:36:49 -0400] "GET /products83739830?kg=0082718694 HTTP/1.1" 404 9741 "-" "Mozilla/5.0 AppleWebKit/537.36 (KHTML, like Gecko; compatible; ClaudeBot/1.0; +claudebot@anthropic.com)"
216.73.216.221 - - [05/Oct/2025:08:36:55 -0400] "GET /products83723922?kg=0082702980 HTTP/1.1" 404 9743 "-" "Mozilla/5.0 AppleWebKit/537.36 (KHTML, like Gecko; compatible; ClaudeBot/1.0; +claudebot@anthropic.com)"
185.61.153.107 - - [05/Oct/2025:08:37:46 -0400] "POST /wp-cron.php?doing_wp_cron=1759667866.7748699188232421875000 HTTP/1.1" 200 0 "-" "WordPress/6.8.3; https://salhab360photos.com"
20.171.207.56 - - [05/Oct/2025:08:37:43 -0400] "GET /products163301556?kg=0161310155 HTTP/1.1" 404 9743 "-" "Mozilla/5.0 AppleWebKit/537.36 (KHTML, like Gecko; compatible; GPTBot/1.2; +https://openai.com/gptbot)"
185.61.153.107 - - [05/Oct/2025:08:38:41 -0400] "POST /wp-cron.php?doing_wp_cron=1759667921.2768900394439697265625 HTTP/1.1" 200 0 "-" "WordPress/6.8.3; https://salhab360photos.com"
216.73.216.221 - - [05/Oct/2025:08:38:35 -0400] "GET /products186530370?kg=0184255692 HTTP/1.1" 404 9742 "-" "Mozilla/5.0 AppleWebKit/537.36 (KHTML, like Gecko; compatible; ClaudeBot/1.0; +claudebot@anthropic.com)"
216.73.216.221 - - [05/Oct/2025:08:38:44 -0400] "GET /products83697846?kg=0082677222 HTTP/1.1" 404 9742 "-" "Mozilla/5.0 AppleWebKit/537.36 (KHTML, like Gecko; compatible; ClaudeBot/1.0; +claudebot@anthropic.com)"
216.73.216.221 - - [05/Oct/2025:08:38:53 -0400] "GET /products186509128?kg=0184234709 HTTP/1.1" 404 9741 "-" "Mozilla/5.0 AppleWebKit/537.36 (KHTML, like Gecko; compatible; ClaudeBot/1.0; +claudebot@anthropic.com)"
216.73.216.221 - - [05/Oct/2025:08:39:11 -0400] "GET /products83686826?kg=0082666336 HTTP/1.1" 404 9744 "-" "Mozilla/5.0 AppleWebKit/537.36 (KHTML, like Gecko; compatible; ClaudeBot/1.0; +claudebot@anthropic.com)"
216.73.216.221 - - [05/Oct/2025:08:40:44 -0400] "GET /products74125244?kg=0073221359 HTTP/1.1" 404 9743 "-" "Mozilla/5.0 AppleWebKit/537.36 (KHTML, like Gecko; compatible; ClaudeBot/1.0; +claudebot@anthropic.com)"
216.73.216.221 - - [05/Oct/2025:08:40:56 -0400] "GET /products163830018?kg=0161832172 HTTP/1.1" 404 9740 "-" "Mozilla/5.0 AppleWebKit/537.36 (KHTML, like Gecko; compatible; ClaudeBot/1.0; +claudebot@anthropic.com)"
216.73.216.221 - - [05/Oct/2025:08:41:02 -0400] "GET /products178892676?kg=0176711139 HTTP/1.1" 404 9741 "-" "Mozilla/5.0 AppleWebKit/537.36 (KHTML, like Gecko; compatible; ClaudeBot/1.0; +claudebot@anthropic.com)"
216.73.216.221 - - [05/Oct/2025:08:41:13 -0400] "GET /products113506778?kg=0112122632 HTTP/1.1" 404 9741 "-" "Mozilla/5.0 AppleWebKit/537.36 (KHTML, like Gecko; compatible; ClaudeBot/1.0; +claudebot@anthropic.com)"
20.171.207.56 - - [05/Oct/2025:08:42:01 -0400] "GET /products163305050?kg=0161313608 HTTP/1.1" 404 9740 "-" "Mozilla/5.0 AppleWebKit/537.36 (KHTML, like Gecko; compatible; GPTBot/1.2; +https://openai.com/gptbot)"
216.73.216.221 - - [05/Oct/2025:08:36:31 -0400] "GET /products83711304?kg=0082690517 HTTP/1.1" 404 9742 "-" "Mozilla/5.0 AppleWebKit/537.36 (KHTML, like Gecko; compatible; ClaudeBot/1.0; +claudebot@anthropic.com)"
20.171.207.56 - - [05/Oct/2025:08:38:46 -0400] "GET /products163316170?kg=0161324592 HTTP/1.1" 404 9743 "-" "Mozilla/5.0 AppleWebKit/537.36 (KHTML, like Gecko; compatible; GPTBot/1.2; +https://openai.com/gptbot)"
216.73.216.221 - - [05/Oct/2025:08:39:02 -0400] "GET /products186482878?kg=0184208778 HTTP/1.1" 404 9741 "-" "Mozilla/5.0 AppleWebKit/537.36 (KHTML, like Gecko; compatible; ClaudeBot/1.0; +claudebot@anthropic.com)"
185.61.153.107 - - [05/Oct/2025:08:39:08 -0400] "POST /wp-cron.php?doing_wp_cron=1759667948.1731290817260742187500 HTTP/1.1" 200 0 "-" "WordPress/6.8.3; https://salhab360photos.com"
216.73.216.221 - - [05/Oct/2025:08:39:05 -0400] "GET /products83709782?kg=0082689014 HTTP/1.1" 404 9735 "-" "Mozilla/5.0 AppleWebKit/537.36 (KHTML, like Gecko; compatible; ClaudeBot/1.0; +claudebot@anthropic.com)"
216.73.216.221 - - [05/Oct/2025:08:39:17 -0400] "GET /products186480100?kg=0184206035 HTTP/1.1" 404 9741 "-" "Mozilla/5.0 AppleWebKit/537.36 (KHTML, like Gecko; compatible; ClaudeBot/1.0; +claudebot@anthropic.com)"
20.171.207.56 - - [05/Oct/2025:08:39:52 -0400] "GET /products163272332?kg=0161281287 HTTP/1.1" 404 9743 "-" "Mozilla/5.0 AppleWebKit/537.36 (KHTML, like Gecko; compatible; GPTBot/1.2; +https://openai.com/gptbot)"
185.61.153.107 - - [05/Oct/2025:08:40:49 -0400] "POST /wp-cron.php?doing_wp_cron=1759668048.9842150211334228515625 HTTP/1.1" 200 0 "-" "WordPress/6.8.3; https://salhab360photos.com"
216.73.216.221 - - [05/Oct/2025:08:40:50 -0400] "GET /products236407968?kg=0233525025 HTTP/1.1" 404 9742 "-" "Mozilla/5.0 AppleWebKit/537.36 (KHTML, like Gecko; compatible; ClaudeBot/1.0; +claudebot@anthropic.com)"
92.222.108.115 - - [05/Oct/2025:08:40:51 -0400] "GET /products98855884?kg=0097650407 HTTP/1.1" 404 9742 "-" "Mozilla/5.0 (compatible; AhrefsBot/7.0; +http://ahrefs.com/robot/)"
20.171.207.56 - - [05/Oct/2025:08:40:55 -0400] "GET /products163263234?kg=0161272300 HTTP/1.1" 404 9743 "-" "Mozilla/5.0 AppleWebKit/537.36 (KHTML, like Gecko; compatible; GPTBot/1.2; +https://openai.com/gptbot)"
185.61.153.107 - - [05/Oct/2025:08:41:06 -0400] "POST /wp-cron.php?doing_wp_cron=1759668066.3758599758148193359375 HTTP/1.1" 200 0 "-" "WordPress/6.8.3; https://salhab360photos.com"
216.73.216.221 - - [05/Oct/2025:08:41:08 -0400] "GET /products163827504?kg=0161829689 HTTP/1.1" 404 9742 "-" "Mozilla/5.0 AppleWebKit/537.36 (KHTML, like Gecko; compatible; ClaudeBot/1.0; +claudebot@anthropic.com)"
216.73.216.221 - - [05/Oct/2025:08:41:21 -0400] "GET /products163792832?kg=0161795441 HTTP/1.1" 404 9734 "-" "Mozilla/5.0 AppleWebKit/537.36 (KHTML, like Gecko; compatible; ClaudeBot/1.0; +claudebot@anthropic.com)"
216.73.216.221 - - [05/Oct/2025:08:41:27 -0400] "GET /products163844446?kg=0161846426 HTTP/1.1" 404 9741 "-" "Mozilla/5.0 AppleWebKit/537.36 (KHTML, like Gecko; compatible; ClaudeBot/1.0; +claudebot@anthropic.com)"
185.61.153.107 - - [05/Oct/2025:08:42:05 -0400] "POST /wp-cron.php?doing_wp_cron=1759668125.7728850841522216796875 HTTP/1.1" 200 0 "-" "WordPress/6.8.3; https://salhab360photos.com"
85.208.96.206 - - [05/Oct/2025:08:42:07 -0400] "GET /robots.txt HTTP/1.1" 200 84 "-" "Mozilla/5.0 (compatible; SemrushBot/7~bl; +http://www.semrush.com/bot.html)"
66.249.73.11 - - [05/Oct/2025:08:42:07 -0400] "GET /products11660614?kg=0011518494 HTTP/1.1" 200 29019 "-" "Mozilla/5.0 (Linux; Android 6.0.1; Nexus 5X Build/MMB29P) AppleWebKit/537.36 (KHTML, like Gecko) Chrome/140.0.7339.207 Mobile Safari/537.36 (compatible; Googlebot/2.1; +http://www.google.com/bot.html)"
185.61.153.107 - - [05/Oct/2025:08:43:07 -0400] "POST /wp-cron.php?doing_wp_cron=1759668187.4711248874664306640625 HTTP/1.1" 200 0 "-" "WordPress/6.8.3; https://salhab360photos.com"
85.208.96.194 - - [05/Oct/2025:08:42:07 -0400] "GET /portfolio/fullscreen-full-video/ HTTP/1.1" 200 16080 "-" "Mozilla/5.0 (compatible; SemrushBot/7~bl; +http://www.semrush.com/bot.html)"
216.73.216.221 - - [05/Oct/2025:08:43:04 -0400] "GET /products186481990?kg=0184207902 HTTP/1.1" 404 9742 "-" "Mozilla/5.0 AppleWebKit/537.36 (KHTML, like Gecko; compatible; ClaudeBot/1.0; +claudebot@anthropic.com)"
185.61.153.107 - - [05/Oct/2025:08:44:11 -0400] "POST /wp-cron.php?doing_wp_cron=1759668251.2756829261779785156250 HTTP/1.1" 200 0 "-" "WordPress/6.8.3; https://salhab360photos.com"
20.171.207.56 - - [05/Oct/2025:08:44:07 -0400] "GET /products163310016?kg=0161318513 HTTP/1.1" 404 9741 "-" "Mozilla/5.0 AppleWebKit/537.36 (KHTML, like Gecko; compatible; GPTBot/1.2; +https://openai.com/gptbot)"
43.130.40.120 - - [05/Oct/2025:08:46:42 -0400] "GET / HTTP/1.1" 200 1404 "http://salhab360photos.com" "Mozilla/5.0 (iPhone; CPU iPhone OS 13_2_3 like Mac OS X) AppleWebKit/605.1.15 (KHTML, like Gecko) Version/13.0.3 Mobile/15E148 Safari/604.1"
42.236.17.122 - - [05/Oct/2025:08:48:18 -0400] "GET / HTTP/1.1" 200 1404 "https://salhab360photos.com/" "Mozilla/5.0 (Windows NT 10.0; Win64; x64) AppleWebKit/537.36 (KHTML, like Gecko) Chrome/140.0.0.0 Safari/537.36 Edg/140.0.0.0; 360Spider"
185.61.153.107 - - [05/Oct/2025:08:48:20 -0400] "POST /wp-cron.php?doing_wp_cron=1759668500.3725221157073974609375 HTTP/1.1" 200 0 "-" "WordPress/6.8.3; https://salhab360photos.com"
20.171.207.56 - - [05/Oct/2025:08:48:17 -0400] "GET /products163296326?kg=0161304990 HTTP/1.1" 404 9740 "-" "Mozilla/5.0 AppleWebKit/537.36 (KHTML, like Gecko; compatible; GPTBot/1.2; +https://openai.com/gptbot)"
5.39.109.186 - - [05/Oct/2025:08:48:52 -0400] "GET /products71879806?kg=0071003306 HTTP/1.1" 404 9741 "-" "Mozilla/5.0 (compatible; AhrefsBot/7.0; +http://ahrefs.com/robot/)"
216.73.216.221 - - [05/Oct/2025:08:49:08 -0400] "GET /products83690836?kg=0082670299 HTTP/1.1" 404 9743 "-" "Mozilla/5.0 AppleWebKit/537.36 (KHTML, like Gecko; compatible; ClaudeBot/1.0; +claudebot@anthropic.com)"
216.73.216.221 - - [05/Oct/2025:08:49:23 -0400] "GET /products83678918?kg=0082658526 HTTP/1.1" 404 9741 "-" "Mozilla/5.0 AppleWebKit/537.36 (KHTML, like Gecko; compatible; ClaudeBot/1.0; +claudebot@anthropic.com)"
216.73.216.221 - - [05/Oct/2025:08:49:29 -0400] "GET /products83699660?kg=0082679015 HTTP/1.1" 404 9743 "-" "Mozilla/5.0 AppleWebKit/537.36 (KHTML, like Gecko; compatible; ClaudeBot/1.0; +claudebot@anthropic.com)"
216.73.216.221 - - [05/Oct/2025:08:50:57 -0400] "GET /sitemap.xml HTTP/1.1" 200 5973 "-" "Mozilla/5.0 AppleWebKit/537.36 (KHTML, like Gecko; compatible; ClaudeBot/1.0; +claudebot@anthropic.com)"
216.73.216.221 - - [05/Oct/2025:08:50:59 -0400] "GET /products146085382?kg=0144303934 HTTP/1.1" 404 9741 "-" "Mozilla/5.0 AppleWebKit/537.36 (KHTML, like Gecko; compatible; ClaudeBot/1.0; +claudebot@anthropic.com)"
185.61.153.107 - - [05/Oct/2025:08:51:11 -0400] "POST /wp-cron.php?doing_wp_cron=1759668671.4717509746551513671875 HTTP/1.1" 200 0 "-" "WordPress/6.8.3; https://salhab360photos.com"
216.73.216.221 - - [05/Oct/2025:08:51:05 -0400] "GET /products74126816?kg=0073222913 HTTP/1.1" 404 9744 "-" "Mozilla/5.0 AppleWebKit/537.36 (KHTML, like Gecko; compatible; ClaudeBot/1.0; +claudebot@anthropic.com)"
185.61.153.107 - - [05/Oct/2025:08:52:41 -0400] "POST /wp-cron.php?doing_wp_cron=1759668761.3725380897521972656250 HTTP/1.1" 200 0 "-" "WordPress/6.8.3; https://salhab360photos.com"
20.171.207.56 - - [05/Oct/2025:08:52:36 -0400] "GET /products163262542?kg=0161271618 HTTP/1.1" 404 9799 "-" "Mozilla/5.0 AppleWebKit/537.36 (KHTML, like Gecko; compatible; GPTBot/1.2; +https://openai.com/gptbot)"
20.171.207.56 - - [05/Oct/2025:08:43:02 -0400] "GET /products163318216?kg=0161326613 HTTP/1.1" 404 9743 "-" "Mozilla/5.0 AppleWebKit/537.36 (KHTML, like Gecko; compatible; GPTBot/1.2; +https://openai.com/gptbot)"
216.73.216.221 - - [05/Oct/2025:08:43:12 -0400] "GET /products65725674?kg=0064924224 HTTP/1.1" 404 9741 "-" "Mozilla/5.0 AppleWebKit/537.36 (KHTML, like Gecko; compatible; ClaudeBot/1.0; +claudebot@anthropic.com)"
216.73.216.221 - - [05/Oct/2025:08:43:18 -0400] "GET /products83711130?kg=0082690344 HTTP/1.1" 404 9742 "-" "Mozilla/5.0 AppleWebKit/537.36 (KHTML, like Gecko; compatible; ClaudeBot/1.0; +claudebot@anthropic.com)"
37.59.204.144 - - [05/Oct/2025:08:44:59 -0400] "GET /products91253094?kg=0090140334 HTTP/1.1" 404 9740 "-" "Mozilla/5.0 (compatible; AhrefsBot/7.0; +http://ahrefs.com/robot/)"
185.61.153.107 - - [05/Oct/2025:08:45:14 -0400] "POST /wp-cron.php?doing_wp_cron=1759668314.1768729686737060546875 HTTP/1.1" 200 0 "-" "WordPress/6.8.3; https://salhab360photos.com"
20.171.207.56 - - [05/Oct/2025:08:45:09 -0400] "GET /products163324188?kg=0161332511 HTTP/1.1" 404 9742 "-" "Mozilla/5.0 AppleWebKit/537.36 (KHTML, like Gecko; compatible; GPTBot/1.2; +https://openai.com/gptbot)"
185.61.153.107 - - [05/Oct/2025:08:46:16 -0400] "POST /wp-cron.php?doing_wp_cron=1759668375.9716498851776123046875 HTTP/1.1" 200 0 "-" "WordPress/6.8.3; https://salhab360photos.com"
20.171.207.56 - - [05/Oct/2025:08:46:11 -0400] "GET /products163324402?kg=0161332724 HTTP/1.1" 404 9741 "-" "Mozilla/5.0 AppleWebKit/537.36 (KHTML, like Gecko; compatible; GPTBot/1.2; +https://openai.com/gptbot)"
185.61.153.107 - - [05/Oct/2025:08:47:23 -0400] "POST /wp-cron.php?doing_wp_cron=1759668442.9701418876647949218750 HTTP/1.1" 200 0 "-" "WordPress/6.8.3; https://salhab360photos.com"
20.171.207.56 - - [05/Oct/2025:08:47:17 -0400] "GET /products163300950?kg=0161309558 HTTP/1.1" 404 9742 "-" "Mozilla/5.0 AppleWebKit/537.36 (KHTML, like Gecko; compatible; GPTBot/1.2; +https://openai.com/gptbot)"
185.61.153.107 - - [05/Oct/2025:08:49:13 -0400] "POST /wp-cron.php?doing_wp_cron=1759668553.5738179683685302734375 HTTP/1.1" 200 0 "-" "WordPress/6.8.3; https://salhab360photos.com"
216.73.216.221 - - [05/Oct/2025:08:49:17 -0400] "GET /products83731148?kg=0082710119 HTTP/1.1" 404 9741 "-" "Mozilla/5.0 AppleWebKit/537.36 (KHTML, like Gecko; compatible; ClaudeBot/1.0; +claudebot@anthropic.com)"
20.171.207.56 - - [05/Oct/2025:08:49:22 -0400] "GET /products163323878?kg=0161332206 HTTP/1.1" 404 9743 "-" "Mozilla/5.0 AppleWebKit/537.36 (KHTML, like Gecko; compatible; GPTBot/1.2; +https://openai.com/gptbot)"
185.61.153.107 - - [05/Oct/2025:08:50:31 -0400] "POST /wp-cron.php?doing_wp_cron=1759668630.8749210834503173828125 HTTP/1.1" 200 0 "-" "WordPress/6.8.3; https://salhab360photos.com"
20.171.207.56 - - [05/Oct/2025:08:50:26 -0400] "GET /products163261212?kg=0161270303 HTTP/1.1" 404 9732 "-" "Mozilla/5.0 AppleWebKit/537.36 (KHTML, like Gecko; compatible; GPTBot/1.2; +https://openai.com/gptbot)"
216.73.216.221 - - [05/Oct/2025:08:51:14 -0400] "GET /products176247024?kg=0174097753 HTTP/1.1" 404 9741 "-" "Mozilla/5.0 AppleWebKit/537.36 (KHTML, like Gecko; compatible; ClaudeBot/1.0; +claudebot@anthropic.com)"
216.73.216.221 - - [05/Oct/2025:08:51:26 -0400] "GET /products163816484?kg=0161818803 HTTP/1.1" 404 9741 "-" "Mozilla/5.0 AppleWebKit/537.36 (KHTML, like Gecko; compatible; ClaudeBot/1.0; +claudebot@anthropic.com)"
20.171.207.56 - - [05/Oct/2025:08:51:30 -0400] "GET /products163324602?kg=0161332920 HTTP/1.1" 404 9733 "-" "Mozilla/5.0 AppleWebKit/537.36 (KHTML, like Gecko; compatible; GPTBot/1.2; +https://openai.com/gptbot)"
216.73.216.221 - - [05/Oct/2025:08:51:31 -0400] "GET /products236403002?kg=0233520120 HTTP/1.1" 404 9743 "-" "Mozilla/5.0 AppleWebKit/537.36 (KHTML, like Gecko; compatible; ClaudeBot/1.0; +claudebot@anthropic.com)"
216.73.216.221 - - [05/Oct/2025:08:51:37 -0400] "GET /products163837070?kg=0161839138 HTTP/1.1" 404 9741 "-" "Mozilla/5.0 AppleWebKit/537.36 (KHTML, like Gecko; compatible; ClaudeBot/1.0; +claudebot@anthropic.com)"
185.61.153.107 - - [05/Oct/2025:08:53:25 -0400] "POST /wp-cron.php?doing_wp_cron=1759668805.3767859935760498046875 HTTP/1.1" 200 0 "-" "WordPress/6.8.3; https://salhab360photos.com"
216.73.216.221 - - [05/Oct/2025:08:53:27 -0400] "GET /products163803692?kg=0161806167 HTTP/1.1" 404 9743 "-" "Mozilla/5.0 AppleWebKit/537.36 (KHTML, like Gecko; compatible; ClaudeBot/1.0; +claudebot@anthropic.com)"
20.171.207.56 - - [05/Oct/2025:08:53:37 -0400] "GET /products163261636?kg=0161270723 HTTP/1.1" 404 9743 "-" "Mozilla/5.0 AppleWebKit/537.36 (KHTML, like Gecko; compatible; GPTBot/1.2; +https://openai.com/gptbot)"
164.90.241.135 - - [05/Oct/2025:08:54:08 -0400] "GET /index.html HTTP/1.1" 200 1404 "-" "Mozilla/5.0 (Windows NT 10.0; Win64; x64) AppleWebKit/537.36 (KHTML, like Gecko) Chrome/132.0.0.0 Safari/537.36 Edg/132.0.0.0"
46.101.70.221 - - [05/Oct/2025:08:54:08 -0400] "GET /index.html HTTP/1.1" 200 1404 "-" "Mozilla/5.0 (Windows NT 10.0; Win64; x64) AppleWebKit/537.36 (KHTML, like Gecko) Chrome/132.0.0.0 Safari/537.36 Edg/132.0.0.0"
174.138.112.39 - - [05/Oct/2025:08:54:08 -0400] "GET /index.html HTTP/1.1" 200 1404 "-" "Mozilla/5.0 (Windows NT 10.0; Win64; x64) AppleWebKit/537.36 (KHTML, like Gecko) Chrome/132.0.0.0 Safari/537.36 Edg/132.0.0.0"
20.171.207.56 - - [05/Oct/2025:08:54:38 -0400] "GET /products163324612?kg=0161332931 HTTP/1.1" 404 9742 "-" "Mozilla/5.0 AppleWebKit/537.36 (KHTML, like Gecko; compatible; GPTBot/1.2; +https://openai.com/gptbot)"
206.189.247.132 - - [05/Oct/2025:08:55:45 -0400] "GET /index.html HTTP/1.1" 200 1404 "-" "Mozilla/5.0 (Windows NT 10.0; Win64; x64) AppleWebKit/537.36 (KHTML, like Gecko) Chrome/135.0.0.0 Safari/537.36 OPR/120.0.0.0"
45.133.173.22 - - [05/Oct/2025:08:55:45 -0400] "GET /index.html HTTP/1.1" 200 1404 "-" "Mozilla/5.0 (Windows NT 10.0; Win64; x64) AppleWebKit/537.36 (KHTML, like Gecko) Chrome/135.0.0.0 Safari/537.36 OPR/120.0.0.0"
185.61.153.107 - - [05/Oct/2025:08:55:46 -0400] "POST /wp-cron.php?doing_wp_cron=1759668946.1724789142608642578125 HTTP/1.1" 200 0 "-" "WordPress/6.8.3; https://salhab360photos.com"
20.171.207.56 - - [05/Oct/2025:08:55:41 -0400] "GET /products163323714?kg=0161332044 HTTP/1.1" 404 9742 "-" "Mozilla/5.0 AppleWebKit/537.36 (KHTML, like Gecko; compatible; GPTBot/1.2; +https://openai.com/gptbot)"
146.190.11.185 - - [05/Oct/2025:08:55:47 -0400] "GET /index.html HTTP/1.1" 200 1404 "-" "Mozilla/5.0 (Windows NT 10.0; Win64; x64) AppleWebKit/537.36 (KHTML, like Gecko) Chrome/135.0.0.0 Safari/537.36 OPR/120.0.0.0"
185.61.153.107 - - [05/Oct/2025:08:56:32 -0400] "POST /wp-cron.php?doing_wp_cron=1759668991.9713509082794189453125 HTTP/1.1" 200 0 "-" "WordPress/6.8.3; https://salhab360photos.com"
92.222.104.199 - - [05/Oct/2025:08:56:27 -0400] "GET /products71873688?kg=0070997261 HTTP/1.1" 404 9744 "-" "Mozilla/5.0 (compatible; AhrefsBot/7.0; +http://ahrefs.com/robot/)"
20.171.207.56 - - [05/Oct/2025:08:56:46 -0400] "GET /products163290162?kg=0161298900 HTTP/1.1" 404 9742 "-" "Mozilla/5.0 AppleWebKit/537.36 (KHTML, like Gecko; compatible; GPTBot/1.2; +https://openai.com/gptbot)"
185.61.153.107 - - [05/Oct/2025:08:59:02 -0400] "POST /wp-cron.php?doing_wp_cron=1759669142.5777940750122070312500 HTTP/1.1" 200 0 "-" "WordPress/6.8.3; https://salhab360photos.com"
20.171.207.56 - - [05/Oct/2025:08:58:57 -0400] "GET /products163304594?kg=0161313156 HTTP/1.1" 404 9742 "-" "Mozilla/5.0 AppleWebKit/537.36 (KHTML, like Gecko; compatible; GPTBot/1.2; +https://openai.com/gptbot)"
92.222.108.116 - - [05/Oct/2025:08:59:37 -0400] "GET /products68075284?kg=0067245179 HTTP/1.1" 404 9741 "-" "Mozilla/5.0 (compatible; AhrefsBot/7.0; +http://ahrefs.com/robot/)"
92.222.104.210 - - [05/Oct/2025:08:52:50 -0400] "GET /products71879186?kg=0071002692 HTTP/1.1" 404 9742 "-" "Mozilla/5.0 (compatible; AhrefsBot/7.0; +http://ahrefs.com/robot/)"
216.73.216.221 - - [05/Oct/2025:08:53:21 -0400] "GET /products163854942?kg=0161856794 HTTP/1.1" 404 9742 "-" "Mozilla/5.0 AppleWebKit/537.36 (KHTML, like Gecko; compatible; ClaudeBot/1.0; +claudebot@anthropic.com)"
216.73.216.221 - - [05/Oct/2025:08:53:36 -0400] "GET /products109351428?kg=0108017955 HTTP/1.1" 404 9742 "-" "Mozilla/5.0 AppleWebKit/537.36 (KHTML, like Gecko; compatible; ClaudeBot/1.0; +claudebot@anthropic.com)"
216.73.216.221 - - [05/Oct/2025:08:53:45 -0400] "GET /products74132970?kg=0073228992 HTTP/1.1" 404 9743 "-" "Mozilla/5.0 AppleWebKit/537.36 (KHTML, like Gecko; compatible; ClaudeBot/1.0; +claudebot@anthropic.com)"
216.73.216.221 - - [05/Oct/2025:08:53:51 -0400] "GET /products113479390?kg=0112095578 HTTP/1.1" 404 9745 "-" "Mozilla/5.0 AppleWebKit/537.36 (KHTML, like Gecko; compatible; ClaudeBot/1.0; +claudebot@anthropic.com)"
216.73.216.221 - - [05/Oct/2025:08:53:57 -0400] "GET /products234346320?kg=0231488521 HTTP/1.1" 404 9740 "-" "Mozilla/5.0 AppleWebKit/537.36 (KHTML, like Gecko; compatible; ClaudeBot/1.0; +claudebot@anthropic.com)"
185.61.153.107 - - [05/Oct/2025:08:54:07 -0400] "POST /wp-cron.php?doing_wp_cron=1759668847.0756790637969970703125 HTTP/1.1" 200 0 "-" "WordPress/6.8.3; https://salhab360photos.com"
216.73.216.221 - - [05/Oct/2025:08:54:03 -0400] "GET /products106730594?kg=0105429084 HTTP/1.1" 404 9742 "-" "Mozilla/5.0 AppleWebKit/537.36 (KHTML, like Gecko; compatible; ClaudeBot/1.0; +claudebot@anthropic.com)"
18.171.147.236 - - [05/Oct/2025:08:54:08 -0400] "GET /index.html HTTP/1.1" 200 1404 "-" "Mozilla/5.0 (Windows NT 10.0; Win64; x64) AppleWebKit/537.36 (KHTML, like Gecko) Chrome/132.0.0.0 Safari/537.36 Edg/132.0.0.0"
18.171.147.236 - - [05/Oct/2025:08:55:45 -0400] "GET /index.html HTTP/1.1" 200 1404 "-" "Mozilla/5.0 (Windows NT 10.0; Win64; x64) AppleWebKit/537.36 (KHTML, like Gecko) Chrome/135.0.0.0 Safari/537.36 OPR/120.0.0.0"
66.249.73.10 - - [05/Oct/2025:08:57:02 -0400] "GET /products2187232?kg=0002160641 HTTP/1.1" 200 29154 "-" "Mozilla/5.0 (Linux; Android 6.0.1; Nexus 5X Build/MMB29P) AppleWebKit/537.36 (KHTML, like Gecko) Chrome/140.0.7339.207 Mobile Safari/537.36 (compatible; Googlebot/2.1; +http://www.google.com/bot.html)"
185.61.153.107 - - [05/Oct/2025:08:57:57 -0400] "POST /wp-cron.php?doing_wp_cron=1759669077.0770208835601806640625 HTTP/1.1" 200 0 "-" "WordPress/6.8.3; https://salhab360photos.com"
20.171.207.56 - - [05/Oct/2025:08:57:52 -0400] "GET /products163313200?kg=0161321657 HTTP/1.1" 404 9734 "-" "Mozilla/5.0 AppleWebKit/537.36 (KHTML, like Gecko; compatible; GPTBot/1.2; +https://openai.com/gptbot)"
20.171.207.56 - - [05/Oct/2025:08:59:59 -0400] "GET /products163302016?kg=0161310609 HTTP/1.1" 404 9741 "-" "Mozilla/5.0 AppleWebKit/537.36 (KHTML, like Gecko; compatible; GPTBot/1.2; +https://openai.com/gptbot)"
185.61.153.107 - - [05/Oct/2025:09:01:06 -0400] "POST /wp-cron.php?doing_wp_cron=1759669266.6746199131011962890625 HTTP/1.1" 200 0 "-" "WordPress/6.8.3; https://salhab360photos.com"
20.171.207.56 - - [05/Oct/2025:09:01:01 -0400] "GET /products163324320?kg=0161332641 HTTP/1.1" 404 9740 "-" "Mozilla/5.0 AppleWebKit/537.36 (KHTML, like Gecko; compatible; GPTBot/1.2; +https://openai.com/gptbot)"
185.61.153.107 - - [05/Oct/2025:09:02:08 -0400] "POST /wp-cron.php?doing_wp_cron=1759669328.3725581169128417968750 HTTP/1.1" 200 0 "-" "WordPress/6.8.3; https://salhab360photos.com"
