66.249.73.10 - - [05/Oct/2025:11:37:27 -0400] "GET /?products11623586?kg=0011481916 HTTP/1.1" 200 1164 "-" "Mozilla/5.0 (Linux; Android 6.0.1; Nexus 5X Build/MMB29P) AppleWebKit/537.36 (KHTML, like Gecko) Chrome/140.0.7339.207 Mobile Safari/537.36 (compatible; Googlebot/2.1; +http://www.google.com/bot.html)"
66.249.73.10 - - [05/Oct/2025:11:37:50 -0400] "GET /categories/1154084 HTTP/1.1" 200 29289 "-" "Mozilla/5.0 (Linux; Android 6.0.1; Nexus 5X Build/MMB29P) AppleWebKit/537.36 (KHTML, like Gecko) Chrome/140.0.7339.207 Mobile Safari/537.36 (compatible; Googlebot/2.1; +http://www.google.com/bot.html)"
66.249.73.10 - - [05/Oct/2025:11:38:25 -0400] "GET /?products4708162?kg=0004650828 HTTP/1.1" 200 1164 "-" "Mozilla/5.0 (Linux; Android 6.0.1; Nexus 5X Build/MMB29P) AppleWebKit/537.36 (KHTML, like Gecko) Chrome/140.0.7339.207 Mobile Safari/537.36 (compatible; Googlebot/2.1; +http://www.google.com/bot.html)"
20.171.207.56 - - [05/Oct/2025:11:39:08 -0400] "GET /products210635532?kg=0208066887 HTTP/1.1" 404 9743 "-" "Mozilla/5.0 AppleWebKit/537.36 (KHTML, like Gecko; compatible; GPTBot/1.2; +https://openai.com/gptbot)"
66.249.73.10 - - [05/Oct/2025:11:39:24 -0400] "GET /?products4714996?kg=0004657579 HTTP/1.1" 200 1164 "-" "Mozilla/5.0 (Linux; Android 6.0.1; Nexus 5X Build/MMB29P) AppleWebKit/537.36 (KHTML, like Gecko) Chrome/140.0.7339.207 Mobile Safari/537.36 (compatible; Googlebot/2.1; +http://www.google.com/bot.html)"
20.171.207.56 - - [05/Oct/2025:11:40:03 -0400] "GET /products210606754?kg=0208038460 HTTP/1.1" 404 9742 "-" "Mozilla/5.0 AppleWebKit/537.36 (KHTML, like Gecko; compatible; GPTBot/1.2; +https://openai.com/gptbot)"
185.61.153.107 - - [05/Oct/2025:11:41:06 -0400] "POST /wp-cron.php?doing_wp_cron=1759678866.1740500926971435546875 HTTP/1.1" 200 0 "-" "WordPress/6.8.3; https://salhab360photos.com"
20.171.207.56 - - [05/Oct/2025:11:40:59 -0400] "GET /products210638242?kg=0208069564 HTTP/1.1" 404 9742 "-" "Mozilla/5.0 AppleWebKit/537.36 (KHTML, like Gecko; compatible; GPTBot/1.2; +https://openai.com/gptbot)"
20.171.207.56 - - [05/Oct/2025:11:41:55 -0400] "GET /products210589936?kg=0208021849 HTTP/1.1" 404 9742 "-" "Mozilla/5.0 AppleWebKit/537.36 (KHTML, like Gecko; compatible; GPTBot/1.2; +https://openai.com/gptbot)"
185.61.153.107 - - [05/Oct/2025:11:35:23 -0400] "POST /wp-cron.php?doing_wp_cron=1759678523.1734430789947509765625 HTTP/1.1" 200 0 "-" "WordPress/6.8.3; https://salhab360photos.com"
66.249.73.11 - - [05/Oct/2025:11:35:23 -0400] "GET /?products5282240?kg=0005217905 HTTP/1.1" 200 1164 "-" "Mozilla/5.0 (Linux; Android 6.0.1; Nexus 5X Build/MMB29P) AppleWebKit/537.36 (KHTML, like Gecko) Chrome/140.0.7339.207 Mobile Safari/537.36 (compatible; Googlebot/2.1; +http://www.google.com/bot.html)"
185.61.153.107 - - [05/Oct/2025:11:36:05 -0400] "POST /wp-cron.php?doing_wp_cron=1759678565.7724180221557617187500 HTTP/1.1" 200 0 "-" "WordPress/6.8.3; https://salhab360photos.com"
92.222.108.115 - - [05/Oct/2025:11:36:02 -0400] "GET /products189110090?kg=0186803952 HTTP/1.1" 404 9740 "-" "Mozilla/5.0 (compatible; AhrefsBot/7.0; +http://ahrefs.com/robot/)"
20.171.207.56 - - [05/Oct/2025:11:36:16 -0400] "GET /products210637618?kg=0208068948 HTTP/1.1" 404 9798 "-" "Mozilla/5.0 AppleWebKit/537.36 (KHTML, like Gecko; compatible; GPTBot/1.2; +https://openai.com/gptbot)"
185.61.153.107 - - [05/Oct/2025:11:37:17 -0400] "POST /wp-cron.php?doing_wp_cron=1759678637.3721380233764648437500 HTTP/1.1" 200 0 "-" "WordPress/6.8.3; https://salhab360photos.com"
20.171.207.56 - - [05/Oct/2025:11:37:13 -0400] "GET /products210600814?kg=0208032594 HTTP/1.1" 404 9743 "-" "Mozilla/5.0 AppleWebKit/537.36 (KHTML, like Gecko; compatible; GPTBot/1.2; +https://openai.com/gptbot)"
185.61.153.107 - - [05/Oct/2025:11:38:15 -0400] "POST /wp-cron.php?doing_wp_cron=1759678695.5718200206756591796875 HTTP/1.1" 200 0 "-" "WordPress/6.8.3; https://salhab360photos.com"
20.171.207.56 - - [05/Oct/2025:11:38:11 -0400] "GET /products210630534?kg=0208061950 HTTP/1.1" 404 9743 "-" "Mozilla/5.0 AppleWebKit/537.36 (KHTML, like Gecko; compatible; GPTBot/1.2; +https://openai.com/gptbot)"
185.61.153.107 - - [05/Oct/2025:11:39:13 -0400] "POST /wp-cron.php?doing_wp_cron=1759678753.3766770362854003906250 HTTP/1.1" 200 0 "-" "WordPress/6.8.3; https://salhab360photos.com"
176.31.139.22 - - [05/Oct/2025:11:39:40 -0400] "GET /products189089372?kg=0186783487 HTTP/1.1" 404 9743 "-" "Mozilla/5.0 (compatible; AhrefsBot/7.0; +http://ahrefs.com/robot/)"
185.61.153.107 - - [05/Oct/2025:11:40:09 -0400] "POST /wp-cron.php?doing_wp_cron=1759678809.4815089702606201171875 HTTP/1.1" 200 0 "-" "WordPress/6.8.3; https://salhab360photos.com"
66.249.73.11 - - [05/Oct/2025:11:40:13 -0400] "GET /?products4906420?kg=0004846667 HTTP/1.1" 200 1164 "-" "Mozilla/5.0 (Linux; Android 6.0.1; Nexus 5X Build/MMB29P) AppleWebKit/537.36 (KHTML, like Gecko) Chrome/140.0.7339.207 Mobile Safari/537.36 (compatible; Googlebot/2.1; +http://www.google.com/bot.html)"
66.249.73.12 - - [05/Oct/2025:11:41:34 -0400] "GET /?products4873178?kg=0004813832 HTTP/1.1" 200 1164 "-" "Mozilla/5.0 (Linux; Android 6.0.1; Nexus 5X Build/MMB29P) AppleWebKit/537.36 (KHTML, like Gecko) Chrome/140.0.7339.207 Mobile Safari/537.36 (compatible; Googlebot/2.1; +http://www.google.com/bot.html)"
66.249.73.12 - - [05/Oct/2025:11:42:13 -0400] "GET /?products508322?kg=0000502204 HTTP/1.1" 200 1164 "-" "Mozilla/5.0 (Linux; Android 6.0.1; Nexus 5X Build/MMB29P) AppleWebKit/537.36 (KHTML, like Gecko) Chrome/140.0.7339.207 Mobile Safari/537.36 (compatible; Googlebot/2.1; +http://www.google.com/bot.html)"
185.61.153.107 - - [05/Oct/2025:11:42:29 -0400] "POST /wp-cron.php?doing_wp_cron=1759678949.5744750499725341796875 HTTP/1.1" 200 0 "-" "WordPress/6.8.3; https://salhab360photos.com"
216.73.216.221 - - [05/Oct/2025:11:42:25 -0400] "GET /products225065724?kg=0222321103 HTTP/1.1" 404 9743 "-" "Mozilla/5.0 AppleWebKit/537.36 (KHTML, like Gecko; compatible; ClaudeBot/1.0; +claudebot@anthropic.com)"
216.73.216.221 - - [05/Oct/2025:11:42:39 -0400] "GET /products225113242?kg=0222368040 HTTP/1.1" 404 9743 "-" "Mozilla/5.0 AppleWebKit/537.36 (KHTML, like Gecko; compatible; ClaudeBot/1.0; +claudebot@anthropic.com)"
216.73.216.221 - - [05/Oct/2025:11:42:51 -0400] "GET /products59453690?kg=0058728728 HTTP/1.1" 404 9740 "-" "Mozilla/5.0 AppleWebKit/537.36 (KHTML, like Gecko; compatible; ClaudeBot/1.0; +claudebot@anthropic.com)"
20.171.207.56 - - [05/Oct/2025:11:42:53 -0400] "GET /products210598136?kg=0208029949 HTTP/1.1" 404 9741 "-" "Mozilla/5.0 AppleWebKit/537.36 (KHTML, like Gecko; compatible; GPTBot/1.2; +https://openai.com/gptbot)"
216.73.216.221 - - [05/Oct/2025:11:42:57 -0400] "GET /products59465544?kg=0058740437 HTTP/1.1" 404 9742 "-" "Mozilla/5.0 AppleWebKit/537.36 (KHTML, like Gecko; compatible; ClaudeBot/1.0; +claudebot@anthropic.com)"
185.61.153.107 - - [05/Oct/2025:11:43:07 -0400] "POST /wp-cron.php?doing_wp_cron=1759678987.0746989250183105468750 HTTP/1.1" 200 0 "-" "WordPress/6.8.3; https://salhab360photos.com"
66.249.73.10 - - [05/Oct/2025:11:43:13 -0400] "GET /?products614180?kg=0000606771 HTTP/1.1" 200 1164 "-" "Mozilla/5.0 (Linux; Android 6.0.1; Nexus 5X Build/MMB29P) AppleWebKit/537.36 (KHTML, like Gecko) Chrome/140.0.7339.207 Mobile Safari/537.36 (compatible; Googlebot/2.1; +http://www.google.com/bot.html)"
216.73.216.221 - - [05/Oct/2025:11:43:10 -0400] "GET /products225105904?kg=0222360793 HTTP/1.1" 404 9743 "-" "Mozilla/5.0 AppleWebKit/537.36 (KHTML, like Gecko; compatible; ClaudeBot/1.0; +claudebot@anthropic.com)"
216.73.216.221 - - [05/Oct/2025:11:43:16 -0400] "GET /products225125342?kg=0222379994 HTTP/1.1" 404 9742 "-" "Mozilla/5.0 AppleWebKit/537.36 (KHTML, like Gecko; compatible; ClaudeBot/1.0; +claudebot@anthropic.com)"
216.73.216.221 - - [05/Oct/2025:11:43:24 -0400] "GET /products225114104?kg=0222368893 HTTP/1.1" 404 9743 "-" "Mozilla/5.0 AppleWebKit/537.36 (KHTML, like Gecko; compatible; ClaudeBot/1.0; +claudebot@anthropic.com)"
216.73.216.221 - - [05/Oct/2025:11:43:40 -0400] "GET /products225081754?kg=0222336936 HTTP/1.1" 404 9743 "-" "Mozilla/5.0 AppleWebKit/537.36 (KHTML, like Gecko; compatible; ClaudeBot/1.0; +claudebot@anthropic.com)"
216.73.216.221 - - [05/Oct/2025:11:43:48 -0400] "GET /products225107270?kg=0222362142 HTTP/1.1" 404 9743 "-" "Mozilla/5.0 AppleWebKit/537.36 (KHTML, like Gecko; compatible; ClaudeBot/1.0; +claudebot@anthropic.com)"
216.73.216.221 - - [05/Oct/2025:11:43:56 -0400] "GET /products225126198?kg=0222380838 HTTP/1.1" 404 9741 "-" "Mozilla/5.0 AppleWebKit/537.36 (KHTML, like Gecko; compatible; ClaudeBot/1.0; +claudebot@anthropic.com)"
216.73.216.221 - - [05/Oct/2025:11:44:44 -0400] "GET /products225110204?kg=0222365039 HTTP/1.1" 404 9734 "-" "Mozilla/5.0 AppleWebKit/537.36 (KHTML, like Gecko; compatible; ClaudeBot/1.0; +claudebot@anthropic.com)"
66.249.73.11 - - [05/Oct/2025:11:45:19 -0400] "GET /?products1006026?kg=0000993840 HTTP/1.1" 200 1164 "-" "Mozilla/5.0 (Linux; Android 6.0.1; Nexus 5X Build/MMB29P) AppleWebKit/537.36 (KHTML, like Gecko) Chrome/140.0.7339.207 Mobile Safari/537.36 (compatible; Googlebot/2.1; +http://www.google.com/bot.html)"
216.73.216.221 - - [05/Oct/2025:11:45:17 -0400] "GET /products225083240?kg=0222338405 HTTP/1.1" 404 9742 "-" "Mozilla/5.0 AppleWebKit/537.36 (KHTML, like Gecko; compatible; ClaudeBot/1.0; +claudebot@anthropic.com)"
20.171.207.56 - - [05/Oct/2025:11:45:42 -0400] "GET /products210647664?kg=0208078873 HTTP/1.1" 404 9743 "-" "Mozilla/5.0 AppleWebKit/537.36 (KHTML, like Gecko; compatible; GPTBot/1.2; +https://openai.com/gptbot)"
66.249.73.10 - - [05/Oct/2025:11:46:05 -0400] "GET /?products5461810?kg=0005395284 HTTP/1.1" 200 1164 "-" "Mozilla/5.0 (Linux; Android 6.0.1; Nexus 5X Build/MMB29P) AppleWebKit/537.36 (KHTML, like Gecko) Chrome/140.0.7339.207 Mobile Safari/537.36 (compatible; Googlebot/2.1; +http://www.google.com/bot.html)"
185.61.153.107 - - [05/Oct/2025:11:46:22 -0400] "POST /wp-cron.php?doing_wp_cron=1759679182.8731870651245117187500 HTTP/1.1" 200 0 "-" "WordPress/6.8.3; https://salhab360photos.com"
216.73.216.221 - - [05/Oct/2025:11:42:30 -0400] "GET /products225110664?kg=0222365493 HTTP/1.1" 404 9743 "-" "Mozilla/5.0 AppleWebKit/537.36 (KHTML, like Gecko; compatible; ClaudeBot/1.0; +claudebot@anthropic.com)"
216.73.216.221 - - [05/Oct/2025:11:42:45 -0400] "GET /products225068930?kg=0222324268 HTTP/1.1" 404 9743 "-" "Mozilla/5.0 AppleWebKit/537.36 (KHTML, like Gecko; compatible; ClaudeBot/1.0; +claudebot@anthropic.com)"
216.73.216.221 - - [05/Oct/2025:11:43:03 -0400] "GET /products59469712?kg=0058744553 HTTP/1.1" 404 9741 "-" "Mozilla/5.0 AppleWebKit/537.36 (KHTML, like Gecko; compatible; ClaudeBot/1.0; +claudebot@anthropic.com)"
216.73.216.221 - - [05/Oct/2025:11:43:32 -0400] "GET /products225111776?kg=0222366593 HTTP/1.1" 404 9741 "-" "Mozilla/5.0 AppleWebKit/537.36 (KHTML, like Gecko; compatible; ClaudeBot/1.0; +claudebot@anthropic.com)"
20.171.207.56 - - [05/Oct/2025:11:43:48 -0400] "GET /products210605880?kg=0208037597 HTTP/1.1" 404 9742 "-" "Mozilla/5.0 AppleWebKit/537.36 (KHTML, like Gecko; compatible; GPTBot/1.2; +https://openai.com/gptbot)"
92.222.104.194 - - [05/Oct/2025:11:43:55 -0400] "GET /products189069454?kg=0186763810 HTTP/1.1" 404 9744 "-" "Mozilla/5.0 (compatible; AhrefsBot/7.0; +http://ahrefs.com/robot/)"
66.249.73.11 - - [05/Oct/2025:11:44:11 -0400] "GET /?products1328364?kg=0001312247 HTTP/1.1" 200 1164 "-" "Mozilla/5.0 (Linux; Android 6.0.1; Nexus 5X Build/MMB29P) AppleWebKit/537.36 (KHTML, like Gecko) Chrome/140.0.7339.207 Mobile Safari/537.36 (compatible; Googlebot/2.1; +http://www.google.com/bot.html)"
185.61.153.107 - - [05/Oct/2025:11:44:14 -0400] "POST /wp-cron.php?doing_wp_cron=1759679054.7772719860076904296875 HTTP/1.1" 200 0 "-" "WordPress/6.8.3; https://salhab360photos.com"
216.73.216.221 - - [05/Oct/2025:11:44:12 -0400] "GET /products225074010?kg=0222329288 HTTP/1.1" 404 9796 "-" "Mozilla/5.0 AppleWebKit/537.36 (KHTML, like Gecko; compatible; ClaudeBot/1.0; +claudebot@anthropic.com)"
20.171.207.56 - - [05/Oct/2025:11:44:43 -0400] "GET /products210576164?kg=0208008243 HTTP/1.1" 404 9742 "-" "Mozilla/5.0 AppleWebKit/537.36 (KHTML, like Gecko; compatible; GPTBot/1.2; +https://openai.com/gptbot)"
185.61.153.107 - - [05/Oct/2025:11:45:21 -0400] "POST /wp-cron.php?doing_wp_cron=1759679121.1775860786437988281250 HTTP/1.1" 200 0 "-" "WordPress/6.8.3; https://salhab360photos.com"
216.73.216.221 - - [05/Oct/2025:11:46:21 -0400] "GET /products225101840?kg=0222356777 HTTP/1.1" 404 9736 "-" "Mozilla/5.0 AppleWebKit/537.36 (KHTML, like Gecko; compatible; ClaudeBot/1.0; +claudebot@anthropic.com)"
20.171.207.56 - - [05/Oct/2025:11:46:39 -0400] "GET /products210595184?kg=0208027033 HTTP/1.1" 404 9743 "-" "Mozilla/5.0 AppleWebKit/537.36 (KHTML, like Gecko; compatible; GPTBot/1.2; +https://openai.com/gptbot)"
20.171.60.229 - - [05/Oct/2025:11:47:47 -0400] "GET /admin.php HTTP/1.1" 404 12 "-" "-"
20.171.60.229 - - [05/Oct/2025:11:47:47 -0400] "GET /akc.php HTTP/1.1" 404 49077 "-" "-"
92.222.104.220 - - [05/Oct/2025:11:47:53 -0400] "GET /products162801160?kg=0160815861 HTTP/1.1" 404 9742 "-" "Mozilla/5.0 (compatible; AhrefsBot/7.0; +http://ahrefs.com/robot/)"
20.171.60.229 - - [05/Oct/2025:11:47:58 -0400] "GET /asasx.php HTTP/1.1" 404 49078 "-" "-"
20.171.60.229 - - [05/Oct/2025:11:48:07 -0400] "GET /atomlib.php HTTP/1.1" 404 49078 "-" "-"
20.171.60.229 - - [05/Oct/2025:11:48:17 -0400] "GET /autoload_classmap/function.php HTTP/1.1" 404 49078 "-" "-"
20.171.60.229 - - [05/Oct/2025:11:48:27 -0400] "GET /chosen.php HTTP/1.1" 404 49075 "-" "-"
20.171.60.229 - - [05/Oct/2025:11:48:37 -0400] "GET /cong.php HTTP/1.1" 404 49078 "-" "-"
216.73.216.221 - - [05/Oct/2025:11:48:37 -0400] "GET /products146072664?kg=0144291373 HTTP/1.1" 404 9743 "-" "Mozilla/5.0 AppleWebKit/537.36 (KHTML, like Gecko; compatible; ClaudeBot/1.0; +claudebot@anthropic.com)"
20.171.60.229 - - [05/Oct/2025:11:48:43 -0400] "GET /edit.php HTTP/1.1" 404 49078 "-" "-"
20.171.60.229 - - [05/Oct/2025:11:48:49 -0400] "GET /file.php HTTP/1.1" 404 49078 "-" "-"
216.73.216.221 - - [05/Oct/2025:11:46:51 -0400] "GET /products27032530?kg=0026702948 HTTP/1.1" 404 9744 "-" "Mozilla/5.0 AppleWebKit/537.36 (KHTML, like Gecko; compatible; ClaudeBot/1.0; +claudebot@anthropic.com)"
185.61.153.107 - - [05/Oct/2025:11:47:25 -0400] "POST /wp-cron.php?doing_wp_cron=1759679245.6729919910430908203125 HTTP/1.1" 200 0 "-" "WordPress/6.8.3; https://salhab360photos.com"
216.73.216.221 - - [05/Oct/2025:11:47:22 -0400] "GET /products236422232?kg=0233539117 HTTP/1.1" 404 9740 "-" "Mozilla/5.0 AppleWebKit/537.36 (KHTML, like Gecko; compatible; ClaudeBot/1.0; +claudebot@anthropic.com)"
20.171.207.56 - - [05/Oct/2025:11:47:34 -0400] "GET /products210591284?kg=0208023179 HTTP/1.1" 404 9743 "-" "Mozilla/5.0 AppleWebKit/537.36 (KHTML, like Gecko; compatible; GPTBot/1.2; +https://openai.com/gptbot)"
20.171.60.229 - - [05/Oct/2025:11:47:39 -0400] "GET /aa.php HTTP/1.1" 404 49078 "-" "-"
20.171.60.229 - - [05/Oct/2025:11:47:42 -0400] "GET /about.php HTTP/1.1" 404 49078 "-" "-"
20.171.60.229 - - [05/Oct/2025:11:47:51 -0400] "GET /alfa.php HTTP/1.1" 404 49078 "-" "-"
216.73.216.221 - - [05/Oct/2025:11:47:58 -0400] "GET /products225057000?kg=0222312485 HTTP/1.1" 404 9740 "-" "Mozilla/5.0 AppleWebKit/537.36 (KHTML, like Gecko; compatible; ClaudeBot/1.0; +claudebot@anthropic.com)"
185.61.153.107 - - [05/Oct/2025:11:48:05 -0400] "POST /wp-cron.php?doing_wp_cron=1759679285.1735589504241943359375 HTTP/1.1" 200 0 "-" "WordPress/6.8.3; https://salhab360photos.com"
20.171.60.229 - - [05/Oct/2025:11:48:12 -0400] "GET /autoload_classmap.php HTTP/1.1" 404 49078 "-" "-"
20.171.60.229 - - [05/Oct/2025:11:48:22 -0400] "GET /buy.php HTTP/1.1" 404 49078 "-" "-"
20.171.207.56 - - [05/Oct/2025:11:48:31 -0400] "GET /products210618964?kg=0208050523 HTTP/1.1" 404 9743 "-" "Mozilla/5.0 AppleWebKit/537.36 (KHTML, like Gecko; compatible; GPTBot/1.2; +https://openai.com/gptbot)"
20.171.60.229 - - [05/Oct/2025:11:48:32 -0400] "GET /classwithtostring.php HTTP/1.1" 404 49078 "-" "-"
20.171.60.229 - - [05/Oct/2025:11:48:53 -0400] "GET /file2.php HTTP/1.1" 404 49078 "-" "-"
20.171.60.229 - - [05/Oct/2025:11:48:58 -0400] "GET /flower.php HTTP/1.1" 404 49078 "-" "-"
185.61.153.107 - - [05/Oct/2025:11:49:07 -0400] "POST /wp-cron.php?doing_wp_cron=1759679347.0741219520568847656250 HTTP/1.1" 200 0 "-" "WordPress/6.8.3; https://salhab360photos.com"
20.171.60.229 - - [05/Oct/2025:11:49:12 -0400] "GET /goods.php HTTP/1.1" 404 49078 "-" "-"
216.73.216.221 - - [05/Oct/2025:11:49:13 -0400] "GET /products59447012?kg=0058722131 HTTP/1.1" 404 9742 "-" "Mozilla/5.0 AppleWebKit/537.36 (KHTML, like Gecko; compatible; ClaudeBot/1.0; +claudebot@anthropic.com)"
20.171.60.229 - - [05/Oct/2025:11:49:17 -0400] "GET /ioxi-o.php HTTP/1.1" 404 49078 "-" "-"
66.249.73.11 - - [05/Oct/2025:11:49:29 -0400] "GET /?products1181506?kg=0001167180 HTTP/1.1" 200 1164 "-" "Mozilla/5.0 (Linux; Android 6.0.1; Nexus 5X Build/MMB29P) AppleWebKit/537.36 (KHTML, like Gecko) Chrome/140.0.7339.207 Mobile Safari/537.36 (compatible; Googlebot/2.1; +http://www.google.com/bot.html)"
20.171.60.229 - - [05/Oct/2025:11:49:35 -0400] "GET /mm.php HTTP/1.1" 404 49078 "-" "-"
20.171.60.229 - - [05/Oct/2025:11:49:44 -0400] "GET /tinyfilemanager.php HTTP/1.1" 404 49078 "-" "-"
20.171.60.229 - - [05/Oct/2025:11:50:00 -0400] "GET /wp-admin/ HTTP/1.1" 302 0 "-" "-"
185.61.153.107 - - [05/Oct/2025:11:50:10 -0400] "POST /wp-cron.php?doing_wp_cron=1759679410.1750440597534179687500 HTTP/1.1" 200 0 "-" "WordPress/6.8.3; https://salhab360photos.com"
20.171.60.229 - - [05/Oct/2025:11:50:05 -0400] "GET /wp-login.php?redirect_to=https%3A%2F%2Fsalhab360photos.com%2Fwp-admin%2F&reauth=1 HTTP/1.1" 200 6466 "-" "-"
20.171.60.229 - - [05/Oct/2025:11:50:11 -0400] "GET /wp-admin/css/colors/blue/index.php HTTP/1.1" 302 0 "-" "-"
216.73.216.221 - - [05/Oct/2025:11:50:17 -0400] "GET /products59437946?kg=0058713176 HTTP/1.1" 404 9742 "-" "Mozilla/5.0 AppleWebKit/537.36 (KHTML, like Gecko; compatible; ClaudeBot/1.0; +claudebot@anthropic.com)"
20.171.60.229 - - [05/Oct/2025:11:49:02 -0400] "GET /gecko.php HTTP/1.1" 404 49078 "-" "-"
20.171.60.229 - - [05/Oct/2025:11:49:08 -0400] "GET /goat.php HTTP/1.1" 404 49078 "-" "-"
20.171.60.229 - - [05/Oct/2025:11:49:24 -0400] "GET /lock360.php HTTP/1.1" 404 49078 "-" "-"
20.171.207.56 - - [05/Oct/2025:11:49:27 -0400] "GET /products210591466?kg=0208023360 HTTP/1.1" 404 9741 "-" "Mozilla/5.0 AppleWebKit/537.36 (KHTML, like Gecko; compatible; GPTBot/1.2; +https://openai.com/gptbot)"
20.171.60.229 - - [05/Oct/2025:11:49:29 -0400] "GET /makeasmtp.php HTTP/1.1" 404 49078 "-" "-"
66.249.73.11 - - [05/Oct/2025:11:49:42 -0400] "GET /?products5785100?kg=0005714631 HTTP/1.1" 200 1164 "-" "Mozilla/5.0 (Linux; Android 6.0.1; Nexus 5X Build/MMB29P) AppleWebKit/537.36 (KHTML, like Gecko) Chrome/140.0.7339.207 Mobile Safari/537.36 (compatible; Googlebot/2.1; +http://www.google.com/bot.html)"
20.171.60.229 - - [05/Oct/2025:11:49:39 -0400] "GET /nc4.php HTTP/1.1" 404 49077 "-" "-"
20.171.60.229 - - [05/Oct/2025:11:49:50 -0400] "GET /users.php HTTP/1.1" 404 49078 "-" "-"
20.171.60.229 - - [05/Oct/2025:11:49:56 -0400] "GET /w.php HTTP/1.1" 404 49078 "-" "-"
20.171.60.229 - - [05/Oct/2025:11:50:15 -0400] "GET /wp-login.php?redirect_to=https%3A%2F%2Fsalhab360photos.com%2Fwp-admin%2Fcss%2Fcolors%2Fblue%2Findex.php&reauth=1 HTTP/1.1" 200 6516 "-" "-"
35.177.77.190 - - [05/Oct/2025:11:50:23 -0400] "GET /index.html HTTP/1.1" 200 1404 "-" "Mozilla/5.0 (Windows NT 10.0; Win64; x64) AppleWebKit/537.36 (KHTML, like Gecko) Chrome/132.0.0.0 Safari/537.36 Edg/132.0.0.0"
164.90.241.135 - - [05/Oct/2025:11:50:23 -0400] "GET /index.html HTTP/1.1" 200 1404 "-" "Mozilla/5.0 (Windows NT 10.0; Win64; x64) AppleWebKit/537.36 (KHTML, like Gecko) Chrome/132.0.0.0 Safari/537.36 Edg/132.0.0.0"
46.101.70.221 - - [05/Oct/2025:11:50:23 -0400] "GET /index.html HTTP/1.1" 200 1404 "-" "Mozilla/5.0 (Windows NT 10.0; Win64; x64) AppleWebKit/537.36 (KHTML, like Gecko) Chrome/132.0.0.0 Safari/537.36 Edg/132.0.0.0"
174.138.112.39 - - [05/Oct/2025:11:50:24 -0400] "GET /index.html HTTP/1.1" 200 1404 "-" "Mozilla/5.0 (Windows NT 10.0; Win64; x64) AppleWebKit/537.36 (KHTML, like Gecko) Chrome/132.0.0.0 Safari/537.36 Edg/132.0.0.0"
20.171.60.229 - - [05/Oct/2025:11:50:20 -0400] "GET /wp-admin/images/moon.php HTTP/1.1" 302 0 "-" "-"
20.171.207.56 - - [05/Oct/2025:11:50:25 -0400] "GET /products210628038?kg=0208059486 HTTP/1.1" 404 9740 "-" "Mozilla/5.0 AppleWebKit/537.36 (KHTML, like Gecko; compatible; GPTBot/1.2; +https://openai.com/gptbot)"
20.171.60.229 - - [05/Oct/2025:11:50:35 -0400] "GET /wp-login.php?redirect_to=https%3A%2F%2Fsalhab360photos.com%2Fwp-admin%2Fjs%2Findex.php&reauth=1 HTTP/1.1" 200 6490 "-" "-"
20.171.60.229 - - [05/Oct/2025:11:50:38 -0400] "GET /wp-admin/setup-config.php HTTP/1.1" 409 2665 "-" "-"
20.171.60.229 - - [05/Oct/2025:11:50:47 -0400] "GET /wp-content/index.php HTTP/1.1" 200 0 "-" "-"
20.171.60.229 - - [05/Oct/2025:11:50:48 -0400] "GET /wp-includes/IXR/autoload_classmap.php HTTP/1.1" 404 54123 "-" "-"
20.171.60.229 - - [05/Oct/2025:11:50:51 -0400] "GET /wp-includes/fonts/admin.php HTTP/1.1" 404 54123 "-" "-"
20.171.60.229 - - [05/Oct/2025:11:51:01 -0400] "GET /wp-includes/fonts/ HTTP/1.1" 200 4809 "-" "-"
20.171.60.229 - - [05/Oct/2025:11:51:02 -0400] "GET /wp-setup.php HTTP/1.1" 404 49078 "-" "-"
20.171.60.229 - - [05/Oct/2025:11:51:13 -0400] "GET /wsa.php HTTP/1.1" 404 49078 "-" "-"
185.61.153.107 - - [05/Oct/2025:11:52:06 -0400] "POST /wp-cron.php?doing_wp_cron=1759679526.4715180397033691406250 HTTP/1.1" 200 0 "-" "WordPress/6.8.3; https://salhab360photos.com"
5.39.1.233 - - [05/Oct/2025:11:52:01 -0400] "GET /products162767408?kg=0160782521 HTTP/1.1" 404 9740 "-" "Mozilla/5.0 (compatible; AhrefsBot/7.0; +http://ahrefs.com/robot/)"
66.249.73.11 - - [05/Oct/2025:11:52:32 -0400] "GET /?products7958186?kg=0007861216 HTTP/1.1" 200 1164 "-" "Mozilla/5.0 (Linux; Android 6.0.1; Nexus 5X Build/MMB29P) AppleWebKit/537.36 (KHTML, like Gecko) Chrome/140.0.7339.207 Mobile Safari/537.36 (compatible; Googlebot/2.1; +http://www.google.com/bot.html)"
185.61.153.107 - - [05/Oct/2025:11:54:15 -0400] "POST /wp-cron.php?doing_wp_cron=1759679655.6754789352416992187500 HTTP/1.1" 200 0 "-" "WordPress/6.8.3; https://salhab360photos.com"
20.171.60.229 - - [05/Oct/2025:11:50:25 -0400] "GET /wp-login.php?redirect_to=https%3A%2F%2Fsalhab360photos.com%2Fwp-admin%2Fimages%2Fmoon.php&reauth=1 HTTP/1.1" 200 6496 "-" "-"
20.171.60.229 - - [05/Oct/2025:11:50:31 -0400] "GET /wp-admin/js/index.php HTTP/1.1" 302 0 "-" "-"
66.249.73.10 - - [05/Oct/2025:11:50:43 -0400] "GET /?products6796780?kg=0006713975 HTTP/1.1" 200 1164 "-" "Mozilla/5.0 (Linux; Android 6.0.1; Nexus 5X Build/MMB29P) AppleWebKit/537.36 (KHTML, like Gecko) Chrome/140.0.7339.207 Mobile Safari/537.36 (compatible; Googlebot/2.1; +http://www.google.com/bot.html)"
20.171.60.229 - - [05/Oct/2025:11:50:41 -0400] "GET /wp-api.php HTTP/1.1" 404 49078 "-" "-"
20.171.60.229 - - [05/Oct/2025:11:50:47 -0400] "GET /wp-content/wp-conflg.php HTTP/1.1" 200 0 "-" "-"
20.171.60.229 - - [05/Oct/2025:11:50:57 -0400] "GET /wp-includes/fonts/index.php HTTP/1.1" 301 0 "-" "-"
185.61.153.107 - - [05/Oct/2025:11:51:06 -0400] "POST /wp-cron.php?doing_wp_cron=1759679466.2742490768432617187500 HTTP/1.1" 200 0 "-" "WordPress/6.8.3; https://salhab360photos.com"
20.171.60.229 - - [05/Oct/2025:11:51:08 -0400] "GET /wp.php HTTP/1.1" 404 49078 "-" "-"
20.171.207.56 - - [05/Oct/2025:11:51:22 -0400] "GET /products210587640?kg=0208019581 HTTP/1.1" 404 9743 "-" "Mozilla/5.0 AppleWebKit/537.36 (KHTML, like Gecko; compatible; GPTBot/1.2; +https://openai.com/gptbot)"
66.249.73.12 - - [05/Oct/2025:11:51:31 -0400] "GET /products8127836?kg=0008028799 HTTP/1.1" 200 29170 "-" "Mozilla/5.0 (Linux; Android 6.0.1; Nexus 5X Build/MMB29P) AppleWebKit/537.36 (KHTML, like Gecko) Chrome/140.0.7339.207 Mobile Safari/537.36 (compatible; Googlebot/2.1; +http://www.google.com/bot.html)"
20.171.207.56 - - [05/Oct/2025:11:52:16 -0400] "GET /products210603844?kg=0208035587 HTTP/1.1" 404 9745 "-" "Mozilla/5.0 AppleWebKit/537.36 (KHTML, like Gecko; compatible; GPTBot/1.2; +https://openai.com/gptbot)"
185.61.153.107 - - [05/Oct/2025:11:53:19 -0400] "POST /wp-cron.php?doing_wp_cron=1759679598.9752919673919677734375 HTTP/1.1" 200 0 "-" "WordPress/6.8.3; https://salhab360photos.com"
20.171.207.56 - - [05/Oct/2025:11:53:13 -0400] "GET /products210594486?kg=0208026342 HTTP/1.1" 404 9741 "-" "Mozilla/5.0 AppleWebKit/537.36 (KHTML, like Gecko; compatible; GPTBot/1.2; +https://openai.com/gptbot)"
185.61.153.107 - - [05/Oct/2025:11:55:14 -0400] "POST /wp-cron.php?doing_wp_cron=1759679714.4729180335998535156250 HTTP/1.1" 200 0 "-" "WordPress/6.8.3; https://salhab360photos.com"
20.171.207.56 - - [05/Oct/2025:11:55:10 -0400] "GET /products210597438?kg=0208029258 HTTP/1.1" 404 9743 "-" "Mozilla/5.0 AppleWebKit/537.36 (KHTML, like Gecko; compatible; GPTBot/1.2; +https://openai.com/gptbot)"
216.73.216.221 - - [05/Oct/2025:11:55:15 -0400] "GET /products59471206?kg=0058746030 HTTP/1.1" 404 9743 "-" "Mozilla/5.0 AppleWebKit/537.36 (KHTML, like Gecko; compatible; ClaudeBot/1.0; +claudebot@anthropic.com)"
20.171.207.56 - - [05/Oct/2025:11:54:11 -0400] "GET /products210608176?kg=0208039865 HTTP/1.1" 404 9741 "-" "Mozilla/5.0 AppleWebKit/537.36 (KHTML, like Gecko; compatible; GPTBot/1.2; +https://openai.com/gptbot)"
66.249.73.10 - - [05/Oct/2025:11:55:24 -0400] "GET /?products8795370?kg=0008688192 HTTP/1.1" 200 1164 "-" "Mozilla/5.0 (Linux; Android 6.0.1; Nexus 5X Build/MMB29P) AppleWebKit/537.36 (KHTML, like Gecko) Chrome/140.0.7339.207 Mobile Safari/537.36 (compatible; Googlebot/2.1; +http://www.google.com/bot.html)"
216.73.216.221 - - [05/Oct/2025:11:55:24 -0400] "GET /products59407816?kg=0058683413 HTTP/1.1" 404 9742 "-" "Mozilla/5.0 AppleWebKit/537.36 (KHTML, like Gecko; compatible; ClaudeBot/1.0; +claudebot@anthropic.com)"
185.61.153.107 - - [05/Oct/2025:11:56:09 -0400] "POST /wp-cron.php?doing_wp_cron=1759679769.8754980564117431640625 HTTP/1.1" 200 0 "-" "WordPress/6.8.3; https://salhab360photos.com"
51.68.247.221 - - [05/Oct/2025:11:56:14 -0400] "GET /products158895090?kg=0156957428 HTTP/1.1" 404 9742 "-" "Mozilla/5.0 (compatible; AhrefsBot/7.0; +http://ahrefs.com/robot/)"
216.73.216.221 - - [05/Oct/2025:11:57:00 -0400] "GET /products225066434?kg=0222321804 HTTP/1.1" 404 9733 "-" "Mozilla/5.0 AppleWebKit/537.36 (KHTML, like Gecko; compatible; ClaudeBot/1.0; +claudebot@anthropic.com)"
20.171.207.56 - - [05/Oct/2025:11:57:03 -0400] "GET /products210593348?kg=0208025219 HTTP/1.1" 404 9739 "-" "Mozilla/5.0 AppleWebKit/537.36 (KHTML, like Gecko; compatible; GPTBot/1.2; +https://openai.com/gptbot)"
216.73.216.221 - - [05/Oct/2025:11:57:08 -0400] "GET /products59467598?kg=0058742466 HTTP/1.1" 404 9741 "-" "Mozilla/5.0 AppleWebKit/537.36 (KHTML, like Gecko; compatible; ClaudeBot/1.0; +claudebot@anthropic.com)"
216.73.216.221 - - [05/Oct/2025:11:57:39 -0400] "GET /products59432866?kg=0058708156 HTTP/1.1" 404 9744 "-" "Mozilla/5.0 AppleWebKit/537.36 (KHTML, like Gecko; compatible; ClaudeBot/1.0; +claudebot@anthropic.com)"
20.171.207.56 - - [05/Oct/2025:11:58:57 -0400] "GET /products210594696?kg=0208026549 HTTP/1.1" 404 9743 "-" "Mozilla/5.0 AppleWebKit/537.36 (KHTML, like Gecko; compatible; GPTBot/1.2; +https://openai.com/gptbot)"
216.73.216.221 - - [05/Oct/2025:11:55:33 -0400] "GET /products225121324?kg=0222376023 HTTP/1.1" 404 9741 "-" "Mozilla/5.0 AppleWebKit/537.36 (KHTML, like Gecko; compatible; ClaudeBot/1.0; +claudebot@anthropic.com)"
20.171.207.56 - - [05/Oct/2025:11:56:05 -0400] "GET /products210627856?kg=0208059305 HTTP/1.1" 404 9741 "-" "Mozilla/5.0 AppleWebKit/537.36 (KHTML, like Gecko; compatible; GPTBot/1.2; +https://openai.com/gptbot)"
185.61.153.107 - - [05/Oct/2025:11:57:09 -0400] "POST /wp-cron.php?doing_wp_cron=1759679828.9705319404602050781250 HTTP/1.1" 200 0 "-" "WordPress/6.8.3; https://salhab360photos.com"
216.73.216.221 - - [05/Oct/2025:11:57:17 -0400] "GET /products59463772?kg=0058738687 HTTP/1.1" 404 9743 "-" "Mozilla/5.0 AppleWebKit/537.36 (KHTML, like Gecko; compatible; ClaudeBot/1.0; +claudebot@anthropic.com)"
216.73.216.221 - - [05/Oct/2025:11:57:28 -0400] "GET /products59405770?kg=0058681392 HTTP/1.1" 404 9741 "-" "Mozilla/5.0 AppleWebKit/537.36 (KHTML, like Gecko; compatible; ClaudeBot/1.0; +claudebot@anthropic.com)"
216.73.216.221 - - [05/Oct/2025:11:57:33 -0400] "GET /products59466482?kg=0058741364 HTTP/1.1" 404 9734 "-" "Mozilla/5.0 AppleWebKit/537.36 (KHTML, like Gecko; compatible; ClaudeBot/1.0; +claudebot@anthropic.com)"
20.171.207.56 - - [05/Oct/2025:11:58:01 -0400] "GET /products210606796?kg=0208038503 HTTP/1.1" 404 9742 "-" "Mozilla/5.0 AppleWebKit/537.36 (KHTML, like Gecko; compatible; GPTBot/1.2; +https://openai.com/gptbot)"
185.61.153.107 - - [05/Oct/2025:11:59:01 -0400] "POST /wp-cron.php?doing_wp_cron=1759679941.3747050762176513671875 HTTP/1.1" 200 0 "-" "WordPress/6.8.3; https://salhab360photos.com"
185.61.153.107 - - [05/Oct/2025:11:59:58 -0400] "POST /wp-cron.php?doing_wp_cron=1759679998.5738298892974853515625 HTTP/1.1" 200 0 "-" "WordPress/6.8.3; https://salhab360photos.com"
20.171.207.56 - - [05/Oct/2025:11:59:52 -0400] "GET /products210627614?kg=0208059066 HTTP/1.1" 404 9743 "-" "Mozilla/5.0 AppleWebKit/537.36 (KHTML, like Gecko; compatible; GPTBot/1.2; +https://openai.com/gptbot)"
185.61.153.107 - - [05/Oct/2025:12:00:52 -0400] "POST /wp-cron.php?doing_wp_cron=1759680052.5743029117584228515625 HTTP/1.1" 200 0 "-" "WordPress/6.8.3; https://salhab360photos.com"
20.171.207.56 - - [05/Oct/2025:12:00:48 -0400] "GET /products210638110?kg=0208069434 HTTP/1.1" 404 9732 "-" "Mozilla/5.0 AppleWebKit/537.36 (KHTML, like Gecko; compatible; GPTBot/1.2; +https://openai.com/gptbot)"
35.177.77.190 - - [05/Oct/2025:12:01:04 -0400] "GET /index.html HTTP/1.1" 200 1404 "-" "Mozilla/5.0 (Windows NT 10.0; Win64; x64) AppleWebKit/537.36 (KHTML, like Gecko) Chrome/135.0.0.0 Safari/537.36 OPR/120.0.0.0"
206.189.247.132 - - [05/Oct/2025:12:01:04 -0400] "GET /index.html HTTP/1.1" 200 1404 "-" "Mozilla/5.0 (Windows NT 10.0; Win64; x64) AppleWebKit/537.36 (KHTML, like Gecko) Chrome/135.0.0.0 Safari/537.36 OPR/120.0.0.0"
193.239.84.66 - - [05/Oct/2025:12:01:04 -0400] "GET /index.html HTTP/1.1" 200 1404 "-" "Mozilla/5.0 (Windows NT 10.0; Win64; x64) AppleWebKit/537.36 (KHTML, like Gecko) Chrome/135.0.0.0 Safari/537.36 OPR/120.0.0.0"
146.190.11.185 - - [05/Oct/2025:12:01:06 -0400] "GET /index.html HTTP/1.1" 200 1404 "-" "Mozilla/5.0 (Windows NT 10.0; Win64; x64) AppleWebKit/537.36 (KHTML, like Gecko) Chrome/135.0.0.0 Safari/537.36 OPR/120.0.0.0"
185.61.153.107 - - [05/Oct/2025:12:01:49 -0400] "POST /wp-cron.php?doing_wp_cron=1759680109.2753069400787353515625 HTTP/1.1" 200 0 "-" "WordPress/6.8.3; https://salhab360photos.com"
216.73.216.221 - - [05/Oct/2025:12:02:09 -0400] "GET /products80652868?kg=0079669379 HTTP/1.1" 404 9743 "-" "Mozilla/5.0 AppleWebKit/537.36 (KHTML, like Gecko; compatible; ClaudeBot/1.0; +claudebot@anthropic.com)"
216.73.216.221 - - [05/Oct/2025:12:02:18 -0400] "GET /products80671072?kg=0079687361 HTTP/1.1" 404 9741 "-" "Mozilla/5.0 AppleWebKit/537.36 (KHTML, like Gecko; compatible; ClaudeBot/1.0; +claudebot@anthropic.com)"
216.73.216.221 - - [05/Oct/2025:12:02:36 -0400] "GET /products80638436?kg=0079655123 HTTP/1.1" 404 9742 "-" "Mozilla/5.0 AppleWebKit/537.36 (KHTML, like Gecko; compatible; ClaudeBot/1.0; +claudebot@anthropic.com)"
20.171.207.56 - - [05/Oct/2025:12:02:43 -0400] "GET /products210578916?kg=0208010963 HTTP/1.1" 404 9744 "-" "Mozilla/5.0 AppleWebKit/537.36 (KHTML, like Gecko; compatible; GPTBot/1.2; +https://openai.com/gptbot)"
216.73.216.221 - - [05/Oct/2025:12:02:51 -0400] "GET /products80639342?kg=0079656018 HTTP/1.1" 404 9742 "-" "Mozilla/5.0 AppleWebKit/537.36 (KHTML, like Gecko; compatible; ClaudeBot/1.0; +claudebot@anthropic.com)"
185.61.153.107 - - [05/Oct/2025:12:03:09 -0400] "POST /wp-cron.php?doing_wp_cron=1759680189.1715989112854003906250 HTTP/1.1" 200 0 "-" "WordPress/6.8.3; https://salhab360photos.com"
216.73.216.221 - - [05/Oct/2025:12:03:03 -0400] "GET /products80652170?kg=0079668688 HTTP/1.1" 404 9741 "-" "Mozilla/5.0 AppleWebKit/537.36 (KHTML, like Gecko; compatible; ClaudeBot/1.0; +claudebot@anthropic.com)"
216.73.216.221 - - [05/Oct/2025:12:03:27 -0400] "GET /products80627776?kg=0079644593 HTTP/1.1" 404 9741 "-" "Mozilla/5.0 AppleWebKit/537.36 (KHTML, like Gecko; compatible; ClaudeBot/1.0; +claudebot@anthropic.com)"
185.61.153.107 - - [05/Oct/2025:12:04:10 -0400] "POST /wp-cron.php?doing_wp_cron=1759680250.2767889499664306640625 HTTP/1.1" 200 0 "-" "WordPress/6.8.3; https://salhab360photos.com"
51.68.247.217 - - [05/Oct/2025:12:05:02 -0400] "GET /products146514976?kg=0144728289 HTTP/1.1" 404 9741 "-" "Mozilla/5.0 (compatible; AhrefsBot/7.0; +http://ahrefs.com/robot/)"
20.171.207.56 - - [05/Oct/2025:12:05:35 -0400] "GET /products210595384?kg=0208027229 HTTP/1.1" 404 9742 "-" "Mozilla/5.0 AppleWebKit/537.36 (KHTML, like Gecko; compatible; GPTBot/1.2; +https://openai.com/gptbot)"
5.39.109.168 - - [05/Oct/2025:12:00:55 -0400] "GET /products158880280?kg=0156942797 HTTP/1.1" 404 9742 "-" "Mozilla/5.0 (compatible; AhrefsBot/7.0; +http://ahrefs.com/robot/)"
20.171.207.56 - - [05/Oct/2025:12:01:44 -0400] "GET /products210646352?kg=0208077577 HTTP/1.1" 404 9741 "-" "Mozilla/5.0 AppleWebKit/537.36 (KHTML, like Gecko; compatible; GPTBot/1.2; +https://openai.com/gptbot)"
185.61.153.107 - - [05/Oct/2025:12:02:14 -0400] "POST /wp-cron.php?doing_wp_cron=1759680134.5755929946899414062500 HTTP/1.1" 200 0 "-" "WordPress/6.8.3; https://salhab360photos.com"
66.249.73.11 - - [05/Oct/2025:12:02:24 -0400] "GET /categories/11233828 HTTP/1.1" 200 28963 "-" "Mozilla/5.0 (Linux; Android 6.0.1; Nexus 5X Build/MMB29P) AppleWebKit/537.36 (KHTML, like Gecko) Chrome/140.0.7339.207 Mobile Safari/537.36 (compatible; GoogleOther)"
216.73.216.221 - - [05/Oct/2025:12:02:24 -0400] "GET /products80680538?kg=0079696712 HTTP/1.1" 404 9740 "-" "Mozilla/5.0 AppleWebKit/537.36 (KHTML, like Gecko; compatible; ClaudeBot/1.0; +claudebot@anthropic.com)"
216.73.216.221 - - [05/Oct/2025:12:02:30 -0400] "GET /products80672088?kg=0079688365 HTTP/1.1" 404 9741 "-" "Mozilla/5.0 AppleWebKit/537.36 (KHTML, like Gecko; compatible; ClaudeBot/1.0; +claudebot@anthropic.com)"
216.73.216.221 - - [05/Oct/2025:12:02:42 -0400] "GET /products80670898?kg=0079687188 HTTP/1.1" 404 9740 "-" "Mozilla/5.0 AppleWebKit/537.36 (KHTML, like Gecko; compatible; ClaudeBot/1.0; +claudebot@anthropic.com)"
57.141.0.73 - - [05/Oct/2025:12:02:59 -0400] "GET /wp-json/oembed/1.0/embed?url=https%3A%2F%2Fsalhab360photos.com%2Fstandard-post-format%2F HTTP/1.1" 200 2198 "-" "meta-externalagent/1.1 (+https://developers.facebook.com/docs/sharing/webmasters/crawler)"
20.171.207.56 - - [05/Oct/2025:12:03:41 -0400] "GET /products210646110?kg=0208077338 HTTP/1.1" 404 9742 "-" "Mozilla/5.0 AppleWebKit/537.36 (KHTML, like Gecko; compatible; GPTBot/1.2; +https://openai.com/gptbot)"
216.73.216.221 - - [05/Oct/2025:12:04:05 -0400] "GET /products80622268?kg=0079639151 HTTP/1.1" 404 9741 "-" "Mozilla/5.0 AppleWebKit/537.36 (KHTML, like Gecko; compatible; ClaudeBot/1.0; +claudebot@anthropic.com)"
20.171.207.56 - - [05/Oct/2025:12:04:38 -0400] "GET /products210643490?kg=0208074748 HTTP/1.1" 404 9732 "-" "Mozilla/5.0 AppleWebKit/537.36 (KHTML, like Gecko; compatible; GPTBot/1.2; +https://openai.com/gptbot)"
66.249.73.11 - - [05/Oct/2025:12:05:03 -0400] "GET /?products8124350?kg=0008025354 HTTP/1.1" 200 1164 "-" "Mozilla/5.0 (Linux; Android 6.0.1; Nexus 5X Build/MMB29P) AppleWebKit/537.36 (KHTML, like Gecko) Chrome/140.0.7339.207 Mobile Safari/537.36 (compatible; Googlebot/2.1; +http://www.google.com/bot.html)"
185.61.153.107 - - [05/Oct/2025:12:05:09 -0400] "POST /wp-cron.php?doing_wp_cron=1759680308.8708570003509521484375 HTTP/1.1" 200 0 "-" "WordPress/6.8.3; https://salhab360photos.com"
20.171.207.56 - - [05/Oct/2025:12:06:34 -0400] "GET /products210632744?kg=0208064133 HTTP/1.1" 404 9742 "-" "Mozilla/5.0 AppleWebKit/537.36 (KHTML, like Gecko; compatible; GPTBot/1.2; +https://openai.com/gptbot)"
66.249.73.12 - - [05/Oct/2025:12:07:48 -0400] "GET /?ctg/search/similarImageSearchResultView/?ctgItemCd=53195 HTTP/1.1" 200 1164 "-" "Mozilla/5.0 (Linux; Android 6.0.1; Nexus 5X Build/MMB29P) AppleWebKit/537.36 (KHTML, like Gecko) Chrome/140.0.7339.207 Mobile Safari/537.36 (compatible; Googlebot/2.1; +http://www.google.com/bot.html)"
185.61.153.107 - - [05/Oct/2025:12:08:14 -0400] "POST /wp-cron.php?doing_wp_cron=1759680494.2753651142120361328125 HTTP/1.1" 200 0 "-" "WordPress/6.8.3; https://salhab360photos.com"
66.249.73.10 - - [05/Oct/2025:12:08:24 -0400] "GET /?products217186?kg=0000214620 HTTP/1.1" 200 1164 "-" "Mozilla/5.0 (Linux; Android 6.0.1; Nexus 5X Build/MMB29P) AppleWebKit/537.36 (KHTML, like Gecko) Chrome/140.0.7339.207 Mobile Safari/537.36 (compatible; Googlebot/2.1; +http://www.google.com/bot.html)"
185.61.153.107 - - [05/Oct/2025:12:06:09 -0400] "POST /wp-cron.php?doing_wp_cron=1759680368.8756120204925537109375 HTTP/1.1" 200 0 "-" "WordPress/6.8.3; https://salhab360photos.com"
216.73.216.221 - - [05/Oct/2025:12:06:01 -0400] "GET /products113474474?kg=0112090720 HTTP/1.1" 404 9742 "-" "Mozilla/5.0 AppleWebKit/537.36 (KHTML, like Gecko; compatible; ClaudeBot/1.0; +claudebot@anthropic.com)"
66.249.73.10 - - [05/Oct/2025:12:06:30 -0400] "GET /products4981058?kg=0004920396 HTTP/1.1" 200 28935 "-" "Mozilla/5.0 (Linux; Android 6.0.1; Nexus 5X Build/MMB29P) AppleWebKit/537.36 (KHTML, like Gecko) Chrome/140.0.7339.207 Mobile Safari/537.36 (compatible; Googlebot/2.1; +http://www.google.com/bot.html)"
216.73.216.221 - - [05/Oct/2025:12:06:35 -0400] "GET /products80650116?kg=0079666659 HTTP/1.1" 404 9742 "-" "Mozilla/5.0 AppleWebKit/537.36 (KHTML, like Gecko; compatible; ClaudeBot/1.0; +claudebot@anthropic.com)"
66.249.73.10 - - [05/Oct/2025:12:06:48 -0400] "GET /?ctg/search/similarImageSearchResultView/?ctgItemCd=150567 HTTP/1.1" 200 1164 "-" "Mozilla/5.0 (Linux; Android 6.0.1; Nexus 5X Build/MMB29P) AppleWebKit/537.36 (KHTML, like Gecko) Chrome/140.0.7339.207 Mobile Safari/537.36 (compatible; Googlebot/2.1; +http://www.google.com/bot.html)"
185.61.153.107 - - [05/Oct/2025:12:07:26 -0400] "POST /wp-cron.php?doing_wp_cron=1759680446.6755590438842773437500 HTTP/1.1" 200 0 "-" "WordPress/6.8.3; https://salhab360photos.com"
216.73.216.221 - - [05/Oct/2025:12:07:23 -0400] "GET /products80661592?kg=0079677997 HTTP/1.1" 404 9742 "-" "Mozilla/5.0 AppleWebKit/537.36 (KHTML, like Gecko; compatible; ClaudeBot/1.0; +claudebot@anthropic.com)"
20.171.207.56 - - [05/Oct/2025:12:07:33 -0400] "GET /products210597698?kg=0208029516 HTTP/1.1" 404 9742 "-" "Mozilla/5.0 AppleWebKit/537.36 (KHTML, like Gecko; compatible; GPTBot/1.2; +https://openai.com/gptbot)"
216.73.216.221 - - [05/Oct/2025:12:08:11 -0400] "GET /products80687722?kg=0079703808 HTTP/1.1" 404 9742 "-" "Mozilla/5.0 AppleWebKit/537.36 (KHTML, like Gecko; compatible; ClaudeBot/1.0; +claudebot@anthropic.com)"
20.171.207.56 - - [05/Oct/2025:12:08:32 -0400] "GET /products210642178?kg=0208073452 HTTP/1.1" 404 9743 "-" "Mozilla/5.0 AppleWebKit/537.36 (KHTML, like Gecko; compatible; GPTBot/1.2; +https://openai.com/gptbot)"
185.61.153.107 - - [05/Oct/2025:12:09:29 -0400] "POST /wp-cron.php?doing_wp_cron=1759680569.8701479434967041015625 HTTP/1.1" 200 0 "-" "WordPress/6.8.3; https://salhab360photos.com"
37.59.204.148 - - [05/Oct/2025:12:09:24 -0400] "GET /products146508580?kg=0144721971 HTTP/1.1" 404 9741 "-" "Mozilla/5.0 (compatible; AhrefsBot/7.0; +http://ahrefs.com/robot/)"
20.171.207.56 - - [05/Oct/2025:12:09:31 -0400] "GET /products210633728?kg=0208065105 HTTP/1.1" 404 9743 "-" "Mozilla/5.0 AppleWebKit/537.36 (KHTML, like Gecko; compatible; GPTBot/1.2; +https://openai.com/gptbot)"
185.61.153.107 - - [05/Oct/2025:12:10:33 -0400] "POST /wp-cron.php?doing_wp_cron=1759680633.7735219001770019531250 HTTP/1.1" 200 0 "-" "WordPress/6.8.3; https://salhab360photos.com"
185.61.153.107 - - [05/Oct/2025:12:11:13 -0400] "POST /wp-cron.php?doing_wp_cron=1759680673.8824479579925537109375 HTTP/1.1" 200 0 "-" "WordPress/6.8.3; https://salhab360photos.com"
216.73.216.221 - - [05/Oct/2025:12:11:09 -0400] "GET /products236413334?kg=0233530326 HTTP/1.1" 404 9742 "-" "Mozilla/5.0 AppleWebKit/537.36 (KHTML, like Gecko; compatible; ClaudeBot/1.0; +claudebot@anthropic.com)"
66.249.73.10 - - [05/Oct/2025:12:11:23 -0400] "GET /?ctg/search/similarImageSearchResultView/?ctgItemCd=145350 HTTP/1.1" 200 1164 "-" "Mozilla/5.0 (Linux; Android 6.0.1; Nexus 5X Build/MMB29P) AppleWebKit/537.36 (KHTML, like Gecko) Chrome/140.0.7339.207 Mobile Safari/537.36 (compatible; Googlebot/2.1; +http://www.google.com/bot.html)"
20.171.207.56 - - [05/Oct/2025:12:12:19 -0400] "GET /products210586496?kg=0208018449 HTTP/1.1" 404 9741 "-" "Mozilla/5.0 AppleWebKit/537.36 (KHTML, like Gecko; compatible; GPTBot/1.2; +https://openai.com/gptbot)"
216.73.216.221 - - [05/Oct/2025:12:08:58 -0400] "GET /products80623666?kg=0079640532 HTTP/1.1" 404 9733 "-" "Mozilla/5.0 AppleWebKit/537.36 (KHTML, like Gecko; compatible; ClaudeBot/1.0; +claudebot@anthropic.com)"
20.171.207.56 - - [05/Oct/2025:12:10:28 -0400] "GET /products210613424?kg=0208045049 HTTP/1.1" 404 9741 "-" "Mozilla/5.0 AppleWebKit/537.36 (KHTML, like Gecko; compatible; GPTBot/1.2; +https://openai.com/gptbot)"
66.249.73.12 - - [05/Oct/2025:12:11:06 -0400] "GET /shopping/?sc_e=shp_askul HTTP/1.1" 200 29817 "-" "Mozilla/5.0 (Linux; Android 6.0.1; Nexus 5X Build/MMB29P) AppleWebKit/537.36 (KHTML, like Gecko) Chrome/140.0.7339.207 Mobile Safari/537.36 (compatible; Googlebot/2.1; +http://www.google.com/bot.html)"
20.171.207.56 - - [05/Oct/2025:12:11:23 -0400] "GET /products210615852?kg=0208047447 HTTP/1.1" 404 9741 "-" "Mozilla/5.0 AppleWebKit/537.36 (KHTML, like Gecko; compatible; GPTBot/1.2; +https://openai.com/gptbot)"
216.73.216.221 - - [05/Oct/2025:12:11:57 -0400] "GET /products244406412?kg=0241425927 HTTP/1.1" 404 9741 "-" "Mozilla/5.0 AppleWebKit/537.36 (KHTML, like Gecko; compatible; ClaudeBot/1.0; +claudebot@anthropic.com)"
185.61.153.107 - - [05/Oct/2025:12:12:25 -0400] "POST /wp-cron.php?doing_wp_cron=1759680745.2724699974060058593750 HTTP/1.1" 200 0 "-" "WordPress/6.8.3; https://salhab360photos.com"
185.61.153.107 - - [05/Oct/2025:12:13:20 -0400] "POST /wp-cron.php?doing_wp_cron=1759680800.9713189601898193359375 HTTP/1.1" 200 0 "-" "WordPress/6.8.3; https://salhab360photos.com"
5.39.1.238 - - [05/Oct/2025:12:13:43 -0400] "GET /products146508174?kg=0144721570 HTTP/1.1" 404 9732 "-" "Mozilla/5.0 (compatible; AhrefsBot/7.0; +http://ahrefs.com/robot/)"
216.73.216.221 - - [05/Oct/2025:12:14:20 -0400] "GET /products163852072?kg=0161853957 HTTP/1.1" 404 9741 "-" "Mozilla/5.0 AppleWebKit/537.36 (KHTML, like Gecko; compatible; ClaudeBot/1.0; +claudebot@anthropic.com)"
216.73.216.221 - - [05/Oct/2025:12:15:09 -0400] "GET /products236404610?kg=0233521708 HTTP/1.1" 404 9742 "-" "Mozilla/5.0 AppleWebKit/537.36 (KHTML, like Gecko; compatible; ClaudeBot/1.0; +claudebot@anthropic.com)"
216.73.216.221 - - [05/Oct/2025:12:12:45 -0400] "GET /products27062054?kg=0026732110 HTTP/1.1" 404 9741 "-" "Mozilla/5.0 AppleWebKit/537.36 (KHTML, like Gecko; compatible; ClaudeBot/1.0; +claudebot@anthropic.com)"
20.171.207.56 - - [05/Oct/2025:12:13:18 -0400] "GET /products210603146?kg=0208034896 HTTP/1.1" 404 9732 "-" "Mozilla/5.0 AppleWebKit/537.36 (KHTML, like Gecko; compatible; GPTBot/1.2; +https://openai.com/gptbot)"
216.73.216.221 - - [05/Oct/2025:12:13:32 -0400] "GET /products236426956?kg=0233543783 HTTP/1.1" 404 9743 "-" "Mozilla/5.0 AppleWebKit/537.36 (KHTML, like Gecko; compatible; ClaudeBot/1.0; +claudebot@anthropic.com)"
66.249.73.10 - - [05/Oct/2025:12:14:20 -0400] "GET /?ctg/search/similarImageSearchResultView/?ctgItemCd=8257 HTTP/1.1" 200 1164 "-" "Mozilla/5.0 (Linux; Android 6.0.1; Nexus 5X Build/MMB29P) AppleWebKit/537.36 (KHTML, like Gecko) Chrome/140.0.7339.207 Mobile Safari/537.36 (compatible; Googlebot/2.1; +http://www.google.com/bot.html)"
185.61.153.107 - - [05/Oct/2025:12:14:21 -0400] "POST /wp-cron.php?doing_wp_cron=1759680860.9743890762329101562500 HTTP/1.1" 200 0 "-" "WordPress/6.8.3; https://salhab360photos.com"
20.171.207.56 - - [05/Oct/2025:12:14:16 -0400] "GET /products210633104?kg=0208064489 HTTP/1.1" 404 9742 "-" "Mozilla/5.0 AppleWebKit/537.36 (KHTML, like Gecko; compatible; GPTBot/1.2; +https://openai.com/gptbot)"
185.61.153.107 - - [05/Oct/2025:12:15:14 -0400] "POST /wp-cron.php?doing_wp_cron=1759680914.0724699497222900390625 HTTP/1.1" 200 0 "-" "WordPress/6.8.3; https://salhab360photos.com"
20.171.207.56 - - [05/Oct/2025:12:15:10 -0400] "GET /products210597448?kg=0208029269 HTTP/1.1" 404 9743 "-" "Mozilla/5.0 AppleWebKit/537.36 (KHTML, like Gecko; compatible; GPTBot/1.2; +https://openai.com/gptbot)"
20.171.207.56 - - [05/Oct/2025:12:16:08 -0400] "GET /products210627164?kg=0208058623 HTTP/1.1" 404 9733 "-" "Mozilla/5.0 AppleWebKit/537.36 (KHTML, like Gecko; compatible; GPTBot/1.2; +https://openai.com/gptbot)"
216.73.216.221 - - [05/Oct/2025:12:16:27 -0400] "GET /products163856988?kg=0161858815 HTTP/1.1" 404 9745 "-" "Mozilla/5.0 AppleWebKit/537.36 (KHTML, like Gecko; compatible; ClaudeBot/1.0; +claudebot@anthropic.com)"
66.249.73.11 - - [05/Oct/2025:12:16:49 -0400] "GET /products12046488?kg=0011899661 HTTP/1.1" 200 28770 "-" "Mozilla/5.0 (Linux; Android 6.0.1; Nexus 5X Build/MMB29P) AppleWebKit/537.36 (KHTML, like Gecko) Chrome/140.0.7339.207 Mobile Safari/537.36 (compatible; Googlebot/2.1; +http://www.google.com/bot.html)"
185.61.153.107 - - [05/Oct/2025:12:17:06 -0400] "POST /wp-cron.php?doing_wp_cron=1759681026.6767289638519287109375 HTTP/1.1" 200 0 "-" "WordPress/6.8.3; https://salhab360photos.com"
216.73.216.221 - - [05/Oct/2025:12:17:02 -0400] "GET /products163843704?kg=0161845693 HTTP/1.1" 404 9741 "-" "Mozilla/5.0 AppleWebKit/537.36 (KHTML, like Gecko; compatible; ClaudeBot/1.0; +claudebot@anthropic.com)"
216.73.216.221 - - [05/Oct/2025:12:17:08 -0400] "GET /products236448472?kg=0233565037 HTTP/1.1" 404 9742 "-" "Mozilla/5.0 AppleWebKit/537.36 (KHTML, like Gecko; compatible; ClaudeBot/1.0; +claudebot@anthropic.com)"
216.73.216.221 - - [05/Oct/2025:12:17:21 -0400] "GET /products236405340?kg=0233522431 HTTP/1.1" 404 9741 "-" "Mozilla/5.0 AppleWebKit/537.36 (KHTML, like Gecko; compatible; ClaudeBot/1.0; +claudebot@anthropic.com)"
185.61.153.107 - - [05/Oct/2025:12:18:07 -0400] "POST /wp-cron.php?doing_wp_cron=1759681087.3725409507751464843750 HTTP/1.1" 200 0 "-" "WordPress/6.8.3; https://salhab360photos.com"
20.171.207.56 - - [05/Oct/2025:12:18:01 -0400] "GET /products210634908?kg=0208066271 HTTP/1.1" 404 9741 "-" "Mozilla/5.0 AppleWebKit/537.36 (KHTML, like Gecko; compatible; GPTBot/1.2; +https://openai.com/gptbot)"
216.73.216.221 - - [05/Oct/2025:12:18:07 -0400] "GET /products236408948?kg=0233525995 HTTP/1.1" 404 9742 "-" "Mozilla/5.0 AppleWebKit/537.36 (KHTML, like Gecko; compatible; ClaudeBot/1.0; +claudebot@anthropic.com)"
5.39.1.251 - - [05/Oct/2025:12:18:14 -0400] "GET /products14566640?kg=0014389081 HTTP/1.1" 404 9732 "-" "Mozilla/5.0 (compatible; AhrefsBot/7.0; +http://ahrefs.com/robot/)"
66.249.73.11 - - [05/Oct/2025:12:18:49 -0400] "GET /?products8158868?kg=0008059451 HTTP/1.1" 304 0 "-" "Mozilla/5.0 (Linux; Android 6.0.1; Nexus 5X Build/MMB29P) AppleWebKit/537.36 (KHTML, like Gecko) Chrome/140.0.7339.207 Mobile Safari/537.36 (compatible; Googlebot/2.1; +http://www.google.com/bot.html)"
216.73.216.221 - - [05/Oct/2025:12:19:08 -0400] "GET /products236456380?kg=0233572847 HTTP/1.1" 404 9743 "-" "Mozilla/5.0 AppleWebKit/537.36 (KHTML, like Gecko; compatible; ClaudeBot/1.0; +claudebot@anthropic.com)"
20.171.207.56 - - [05/Oct/2025:12:19:54 -0400] "GET /products210587366?kg=0208019310 HTTP/1.1" 404 9742 "-" "Mozilla/5.0 AppleWebKit/537.36 (KHTML, like Gecko; compatible; GPTBot/1.2; +https://openai.com/gptbot)"
216.73.216.221 - - [05/Oct/2025:12:19:56 -0400] "GET /products55930688?kg=0055248689 HTTP/1.1" 404 9740 "-" "Mozilla/5.0 AppleWebKit/537.36 (KHTML, like Gecko; compatible; ClaudeBot/1.0; +claudebot@anthropic.com)"
35.177.77.190 - - [05/Oct/2025:12:20:50 -0400] "GET /index.html HTTP/1.1" 200 1404 "-" "Mozilla/5.0 (Windows NT 10.0; Win64; x64) AppleWebKit/537.36 (KHTML, like Gecko) Chrome/132.0.0.0 Safari/537.36 Edg/132.0.0.0"
46.101.70.221 - - [05/Oct/2025:12:20:50 -0400] "GET /index.html HTTP/1.1" 200 1404 "-" "Mozilla/5.0 (Windows NT 10.0; Win64; x64) AppleWebKit/537.36 (KHTML, like Gecko) Chrome/132.0.0.0 Safari/537.36 Edg/132.0.0.0"
174.138.112.39 - - [05/Oct/2025:12:20:51 -0400] "GET /index.html HTTP/1.1" 200 1404 "-" "Mozilla/5.0 (Windows NT 10.0; Win64; x64) AppleWebKit/537.36 (KHTML, like Gecko) Chrome/132.0.0.0 Safari/537.36 Edg/132.0.0.0"
185.61.153.107 - - [05/Oct/2025:12:16:13 -0400] "POST /wp-cron.php?doing_wp_cron=1759680973.6737110614776611328125 HTTP/1.1" 200 0 "-" "WordPress/6.8.3; https://salhab360photos.com"
216.73.216.221 - - [05/Oct/2025:12:16:35 -0400] "GET /products163824602?kg=0161826824 HTTP/1.1" 404 9743 "-" "Mozilla/5.0 AppleWebKit/537.36 (KHTML, like Gecko; compatible; ClaudeBot/1.0; +claudebot@anthropic.com)"
216.73.216.221 - - [05/Oct/2025:12:16:41 -0400] "GET /products163823622?kg=0161825854 HTTP/1.1" 404 9732 "-" "Mozilla/5.0 AppleWebKit/537.36 (KHTML, like Gecko; compatible; ClaudeBot/1.0; +claudebot@anthropic.com)"
216.73.216.221 - - [05/Oct/2025:12:16:47 -0400] "GET /products163806894?kg=0161809330 HTTP/1.1" 404 9743 "-" "Mozilla/5.0 AppleWebKit/537.36 (KHTML, like Gecko; compatible; ClaudeBot/1.0; +claudebot@anthropic.com)"
216.73.216.221 - - [05/Oct/2025:12:16:53 -0400] "GET /products236397764?kg=0233514947 HTTP/1.1" 404 9742 "-" "Mozilla/5.0 AppleWebKit/537.36 (KHTML, like Gecko; compatible; ClaudeBot/1.0; +claudebot@anthropic.com)"
