185.61.153.107 - - [05/Oct/2025:18:06:07 -0400] "POST /wp-cron.php?doing_wp_cron=1759701967.4734048843383789062500 HTTP/1.1" 200 0 "-" "WordPress/6.8.3; https://salhab360photos.com"
216.73.216.221 - - [05/Oct/2025:18:06:01 -0400] "GET /products65773890?kg=0064971852 HTTP/1.1" 404 9742 "-" "Mozilla/5.0 AppleWebKit/537.36 (KHTML, like Gecko; compatible; ClaudeBot/1.0; +claudebot@anthropic.com)"
216.73.216.221 - - [05/Oct/2025:18:06:28 -0400] "GET /products80661136?kg=0079677545 HTTP/1.1" 404 9741 "-" "Mozilla/5.0 AppleWebKit/537.36 (KHTML, like Gecko; compatible; ClaudeBot/1.0; +claudebot@anthropic.com)"
45.227.253.15 - - [05/Oct/2025:18:06:30 -0400] "GET /738351-juejiang/?ARRAY=7o2230223n313735393730353832382p2231223n22687474703n5p2s5p2s7n733536397631336o6s2r61676s616p2r63796s755p2s3s6p633q78696164616r5s72616r645s7061746826743q313735393730323232382q3766626566383837376237613563343231363737626163306364393638326363222p2232223n226138396461653834356330303433353232653737306138636639663931383838222p2233223n223032623832383666613964616438643064623861303630393930663139393437222p2262696r675s70617373223n2232382q33392q35312q36352q37322q38342q3838227q HTTP/1.1" 200 8974 "-" "Mozilla/5.0 (Macintosh; Intel Mac OS X 10.12; rv:103.0) Gecko/20100101 Firefox/102.0"
185.61.153.107 - - [05/Oct/2025:18:07:05 -0400] "POST /wp-cron.php?doing_wp_cron=1759702025.6787979602813720703125 HTTP/1.1" 200 0 "-" "WordPress/6.8.3; https://salhab360photos.com"
216.73.216.221 - - [05/Oct/2025:18:06:59 -0400] "GET /products65751750?kg=0064949982 HTTP/1.1" 404 9740 "-" "Mozilla/5.0 AppleWebKit/537.36 (KHTML, like Gecko; compatible; ClaudeBot/1.0; +claudebot@anthropic.com)"
20.171.207.56 - - [05/Oct/2025:18:07:49 -0400] "GET /products210634174?kg=0208065546 HTTP/1.1" 404 9742 "-" "Mozilla/5.0 AppleWebKit/537.36 (KHTML, like Gecko; compatible; GPTBot/1.2; +https://openai.com/gptbot)"
216.73.216.221 - - [05/Oct/2025:18:08:04 -0400] "GET /products65764492?kg=0064962567 HTTP/1.1" 404 9741 "-" "Mozilla/5.0 AppleWebKit/537.36 (KHTML, like Gecko; compatible; ClaudeBot/1.0; +claudebot@anthropic.com)"
216.73.216.221 - - [05/Oct/2025:18:07:31 -0400] "GET /products65710040?kg=0064908781 HTTP/1.1" 404 9732 "-" "Mozilla/5.0 AppleWebKit/537.36 (KHTML, like Gecko; compatible; ClaudeBot/1.0; +claudebot@anthropic.com)"
185.61.153.107 - - [05/Oct/2025:18:08:07 -0400] "POST /wp-cron.php?doing_wp_cron=1759702087.4723820686340332031250 HTTP/1.1" 200 0 "-" "WordPress/6.8.3; https://salhab360photos.com"
216.73.216.221 - - [05/Oct/2025:18:08:38 -0400] "GET /products80619772?kg=0079636687 HTTP/1.1" 404 9740 "-" "Mozilla/5.0 AppleWebKit/537.36 (KHTML, like Gecko; compatible; ClaudeBot/1.0; +claudebot@anthropic.com)"
216.73.216.221 - - [05/Oct/2025:18:09:34 -0400] "GET /products80638996?kg=0079655675 HTTP/1.1" 404 9733 "-" "Mozilla/5.0 AppleWebKit/537.36 (KHTML, like Gecko; compatible; ClaudeBot/1.0; +claudebot@anthropic.com)"
20.171.207.56 - - [05/Oct/2025:18:09:42 -0400] "GET /products210625974?kg=0208057446 HTTP/1.1" 404 9743 "-" "Mozilla/5.0 AppleWebKit/537.36 (KHTML, like Gecko; compatible; GPTBot/1.2; +https://openai.com/gptbot)"
216.73.216.221 - - [05/Oct/2025:18:10:08 -0400] "GET /products80640490?kg=0079657152 HTTP/1.1" 404 9741 "-" "Mozilla/5.0 AppleWebKit/537.36 (KHTML, like Gecko; compatible; ClaudeBot/1.0; +claudebot@anthropic.com)"
20.171.207.56 - - [05/Oct/2025:18:10:39 -0400] "GET /products210577394?kg=0208009460 HTTP/1.1" 404 9744 "-" "Mozilla/5.0 AppleWebKit/537.36 (KHTML, like Gecko; compatible; GPTBot/1.2; +https://openai.com/gptbot)"
216.73.216.221 - - [05/Oct/2025:18:10:42 -0400] "GET /products80615508?kg=0079632475 HTTP/1.1" 404 9740 "-" "Mozilla/5.0 AppleWebKit/537.36 (KHTML, like Gecko; compatible; ClaudeBot/1.0; +claudebot@anthropic.com)"
216.73.216.221 - - [05/Oct/2025:18:11:16 -0400] "GET /products80664502?kg=0079680870 HTTP/1.1" 404 9740 "-" "Mozilla/5.0 AppleWebKit/537.36 (KHTML, like Gecko; compatible; ClaudeBot/1.0; +claudebot@anthropic.com)"
66.249.73.12 - - [05/Oct/2025:18:08:26 -0400] "GET /products4701342?kg=0004644090 HTTP/1.1" 200 29263 "-" "Mozilla/5.0 (Linux; Android 6.0.1; Nexus 5X Build/MMB29P) AppleWebKit/537.36 (KHTML, like Gecko) Chrome/140.0.7339.207 Mobile Safari/537.36 (compatible; Googlebot/2.1; +http://www.google.com/bot.html)"
20.171.207.56 - - [05/Oct/2025:18:08:47 -0400] "GET /products210641928?kg=0208073205 HTTP/1.1" 404 9741 "-" "Mozilla/5.0 AppleWebKit/537.36 (KHTML, like Gecko; compatible; GPTBot/1.2; +https://openai.com/gptbot)"
185.61.153.107 - - [05/Oct/2025:18:09:13 -0400] "POST /wp-cron.php?doing_wp_cron=1759702153.2763280868530273437500 HTTP/1.1" 200 0 "-" "WordPress/6.8.3; https://salhab360photos.com"
216.73.216.221 - - [05/Oct/2025:18:09:09 -0400] "GET /products232552852?kg=0229716923 HTTP/1.1" 404 9743 "-" "Mozilla/5.0 AppleWebKit/537.36 (KHTML, like Gecko; compatible; ClaudeBot/1.0; +claudebot@anthropic.com)"
66.249.73.12 - - [05/Oct/2025:18:09:16 -0400] "GET /ctg/search/similarImageSearchResultView/?ctgItemCd=66184 HTTP/1.1" 200 29404 "-" "Mozilla/5.0 (Linux; Android 6.0.1; Nexus 5X Build/MMB29P) AppleWebKit/537.36 (KHTML, like Gecko) Chrome/140.0.7339.207 Mobile Safari/537.36 (compatible; Googlebot/2.1; +http://www.google.com/bot.html)"
66.249.73.11 - - [05/Oct/2025:18:09:26 -0400] "GET /categories/11745662 HTTP/1.1" 200 29028 "-" "Mozilla/5.0 (Linux; Android 6.0.1; Nexus 5X Build/MMB29P) AppleWebKit/537.36 (KHTML, like Gecko) Chrome/140.0.7339.207 Mobile Safari/537.36 (compatible; GoogleOther)"
54.37.118.78 - - [05/Oct/2025:18:09:55 -0400] "GET /products14554996?kg=0014377579 HTTP/1.1" 404 9742 "-" "Mozilla/5.0 (compatible; AhrefsBot/7.0; +http://ahrefs.com/robot/)"
185.61.153.107 - - [05/Oct/2025:18:10:10 -0400] "POST /wp-cron.php?doing_wp_cron=1759702210.2751679420471191406250 HTTP/1.1" 200 0 "-" "WordPress/6.8.3; https://salhab360photos.com"
66.249.73.10 - - [05/Oct/2025:18:11:04 -0400] "GET /products12046178?kg=0011899356 HTTP/1.1" 200 28719 "-" "Mozilla/5.0 (Linux; Android 6.0.1; Nexus 5X Build/MMB29P) AppleWebKit/537.36 (KHTML, like Gecko) Chrome/140.0.7339.207 Mobile Safari/537.36 (compatible; Googlebot/2.1; +http://www.google.com/bot.html)"
185.61.153.107 - - [05/Oct/2025:18:11:17 -0400] "POST /wp-cron.php?doing_wp_cron=1759702277.6705949306488037109375 HTTP/1.1" 200 0 "-" "WordPress/6.8.3; https://salhab360photos.com"
66.249.73.10 - - [05/Oct/2025:18:11:29 -0400] "GET /ctg/search/similarImageSearchResultView/?ctgItemCd=55696 HTTP/1.1" 200 29667 "-" "Mozilla/5.0 (Linux; Android 6.0.1; Nexus 5X Build/MMB29P) AppleWebKit/537.36 (KHTML, like Gecko) Chrome/140.0.7339.207 Mobile Safari/537.36 (compatible; Googlebot/2.1; +http://www.google.com/bot.html)"
20.171.207.56 - - [05/Oct/2025:18:11:35 -0400] "GET /products210621916?kg=0208053439 HTTP/1.1" 404 9742 "-" "Mozilla/5.0 AppleWebKit/537.36 (KHTML, like Gecko; compatible; GPTBot/1.2; +https://openai.com/gptbot)"
216.73.216.221 - - [05/Oct/2025:18:11:50 -0400] "GET /products80632850?kg=0079649604 HTTP/1.1" 404 9742 "-" "Mozilla/5.0 AppleWebKit/537.36 (KHTML, like Gecko; compatible; ClaudeBot/1.0; +claudebot@anthropic.com)"
20.171.207.56 - - [05/Oct/2025:18:12:34 -0400] "GET /products210583758?kg=0208015746 HTTP/1.1" 404 9741 "-" "Mozilla/5.0 AppleWebKit/537.36 (KHTML, like Gecko; compatible; GPTBot/1.2; +https://openai.com/gptbot)"
185.61.153.107 - - [05/Oct/2025:18:13:14 -0400] "POST /wp-cron.php?doing_wp_cron=1759702394.3755300045013427734375 HTTP/1.1" 200 0 "-" "WordPress/6.8.3; https://salhab360photos.com"
216.73.216.221 - - [05/Oct/2025:18:13:11 -0400] "GET /products163814274?kg=0161816620 HTTP/1.1" 404 9740 "-" "Mozilla/5.0 AppleWebKit/537.36 (KHTML, like Gecko; compatible; ClaudeBot/1.0; +claudebot@anthropic.com)"
66.249.73.10 - - [05/Oct/2025:18:13:31 -0400] "GET /?products4782732?kg=0004724487 HTTP/1.1" 200 1164 "-" "Mozilla/5.0 (Linux; Android 6.0.1; Nexus 5X Build/MMB29P) AppleWebKit/537.36 (KHTML, like Gecko) Chrome/140.0.7339.207 Mobile Safari/537.36 (compatible; Googlebot/2.1; +http://www.google.com/bot.html)"
20.171.207.56 - - [05/Oct/2025:18:13:32 -0400] "GET /products210627496?kg=0208058949 HTTP/1.1" 404 9732 "-" "Mozilla/5.0 AppleWebKit/537.36 (KHTML, like Gecko; compatible; GPTBot/1.2; +https://openai.com/gptbot)"
66.249.73.10 - - [05/Oct/2025:18:13:58 -0400] "GET /ctg/search/similarImageSearchResultView/?ctgItemCd=60873 HTTP/1.1" 200 29353 "-" "Mozilla/5.0 (Linux; Android 6.0.1; Nexus 5X Build/MMB29P) AppleWebKit/537.36 (KHTML, like Gecko) Chrome/140.0.7339.207 Mobile Safari/537.36 (compatible; Googlebot/2.1; +http://www.google.com/bot.html)"
66.249.73.10 - - [05/Oct/2025:18:14:07 -0400] "GET /ctg/search/similarImageSearchResultView/?ctgItemCd=55704 HTTP/1.1" 200 29666 "-" "Mozilla/5.0 (Linux; Android 6.0.1; Nexus 5X Build/MMB29P) AppleWebKit/537.36 (KHTML, like Gecko) Chrome/140.0.7339.207 Mobile Safari/537.36 (compatible; Googlebot/2.1; +http://www.google.com/bot.html)"
216.73.216.221 - - [05/Oct/2025:18:14:19 -0400] "GET /products236407526?kg=0233524590 HTTP/1.1" 404 9741 "-" "Mozilla/5.0 AppleWebKit/537.36 (KHTML, like Gecko; compatible; ClaudeBot/1.0; +claudebot@anthropic.com)"
185.61.153.107 - - [05/Oct/2025:18:15:29 -0400] "POST /wp-cron.php?doing_wp_cron=1759702529.1755878925323486328125 HTTP/1.1" 200 0 "-" "WordPress/6.8.3; https://salhab360photos.com"
185.61.153.107 - - [05/Oct/2025:18:16:23 -0400] "POST /wp-cron.php?doing_wp_cron=1759702583.7773129940032958984375 HTTP/1.1" 200 0 "-" "WordPress/6.8.3; https://salhab360photos.com"
66.249.73.10 - - [05/Oct/2025:18:16:29 -0400] "GET /products5024222?kg=0004963034 HTTP/1.1" 200 28972 "-" "Mozilla/5.0 (Linux; Android 6.0.1; Nexus 5X Build/MMB29P) AppleWebKit/537.36 (KHTML, like Gecko) Chrome/140.0.7339.207 Mobile Safari/537.36 (compatible; Googlebot/2.1; +http://www.google.com/bot.html)"
66.249.73.10 - - [05/Oct/2025:18:16:30 -0400] "GET /products5215888?kg=0005152361 HTTP/1.1" 200 28829 "-" "Mozilla/5.0 (Linux; Android 6.0.1; Nexus 5X Build/MMB29P) AppleWebKit/537.36 (KHTML, like Gecko) Chrome/140.0.7339.207 Mobile Safari/537.36 (compatible; Googlebot/2.1; +http://www.google.com/bot.html)"
185.61.153.107 - - [05/Oct/2025:18:17:20 -0400] "POST /wp-cron.php?doing_wp_cron=1759702640.4756200313568115234375 HTTP/1.1" 200 0 "-" "WordPress/6.8.3; https://salhab360photos.com"
66.249.73.11 - - [05/Oct/2025:18:12:11 -0400] "GET /ctg/search/similarImageSearchResultView/?ctgItemCd=62182 HTTP/1.1" 200 28859 "-" "Mozilla/5.0 (Linux; Android 6.0.1; Nexus 5X Build/MMB29P) AppleWebKit/537.36 (KHTML, like Gecko) Chrome/140.0.7339.207 Mobile Safari/537.36 (compatible; Googlebot/2.1; +http://www.google.com/bot.html)"
66.249.73.10 - - [05/Oct/2025:18:12:17 -0400] "GET /ctg/search/similarImageSearchResultView/?ctgItemCd=55663 HTTP/1.1" 200 29317 "-" "Mozilla/5.0 (Linux; Android 6.0.1; Nexus 5X Build/MMB29P) AppleWebKit/537.36 (KHTML, like Gecko) Chrome/140.0.7339.207 Mobile Safari/537.36 (compatible; Googlebot/2.1; +http://www.google.com/bot.html)"
185.61.153.107 - - [05/Oct/2025:18:12:38 -0400] "POST /wp-cron.php?doing_wp_cron=1759702358.2745780944824218750000 HTTP/1.1" 200 0 "-" "WordPress/6.8.3; https://salhab360photos.com"
66.249.73.12 - - [05/Oct/2025:18:13:21 -0400] "GET /ctg/search/similarImageSearchResultView/?ctgItemCd=49147 HTTP/1.1" 200 29101 "-" "Mozilla/5.0 (Linux; Android 6.0.1; Nexus 5X Build/MMB29P) AppleWebKit/537.36 (KHTML, like Gecko) Chrome/140.0.7339.207 Mobile Safari/537.36 (compatible; Googlebot/2.1; +http://www.google.com/bot.html)"
216.73.216.221 - - [05/Oct/2025:18:13:45 -0400] "GET /products232560578?kg=0229724556 HTTP/1.1" 404 9742 "-" "Mozilla/5.0 AppleWebKit/537.36 (KHTML, like Gecko; compatible; ClaudeBot/1.0; +claudebot@anthropic.com)"
66.249.73.10 - - [05/Oct/2025:18:13:59 -0400] "GET /f/services/furniture HTTP/1.1" 200 30286 "-" "Mozilla/5.0 (Linux; Android 6.0.1; Nexus 5X Build/MMB29P) AppleWebKit/537.36 (KHTML, like Gecko) Chrome/140.0.7339.207 Mobile Safari/537.36 (compatible; Googlebot/2.1; +http://www.google.com/bot.html)"
185.61.153.107 - - [05/Oct/2025:18:14:24 -0400] "POST /wp-cron.php?doing_wp_cron=1759702464.6716439723968505859375 HTTP/1.1" 200 0 "-" "WordPress/6.8.3; https://salhab360photos.com"
54.37.118.74 - - [05/Oct/2025:18:14:18 -0400] "GET /products14536500?kg=0014359307 HTTP/1.1" 404 9740 "-" "Mozilla/5.0 (compatible; AhrefsBot/7.0; +http://ahrefs.com/robot/)"
20.171.207.56 - - [05/Oct/2025:18:14:29 -0400] "GET /products210624302?kg=0208055794 HTTP/1.1" 404 9742 "-" "Mozilla/5.0 AppleWebKit/537.36 (KHTML, like Gecko; compatible; GPTBot/1.2; +https://openai.com/gptbot)"
20.171.207.56 - - [05/Oct/2025:18:15:26 -0400] "GET /products210586742?kg=0208018694 HTTP/1.1" 404 9735 "-" "Mozilla/5.0 AppleWebKit/537.36 (KHTML, like Gecko; compatible; GPTBot/1.2; +https://openai.com/gptbot)"
20.171.207.56 - - [05/Oct/2025:18:16:21 -0400] "GET /products210635614?kg=0208066970 HTTP/1.1" 404 9742 "-" "Mozilla/5.0 AppleWebKit/537.36 (KHTML, like Gecko; compatible; GPTBot/1.2; +https://openai.com/gptbot)"
66.249.73.10 - - [05/Oct/2025:18:16:24 -0400] "GET /ctg/search/similarImageSearchResultView/?ctgItemCd=59253 HTTP/1.1" 200 28926 "-" "Mozilla/5.0 (Linux; Android 6.0.1; Nexus 5X Build/MMB29P) AppleWebKit/537.36 (KHTML, like Gecko) Chrome/140.0.7339.207 Mobile Safari/537.36 (compatible; Googlebot/2.1; +http://www.google.com/bot.html)"
20.171.207.56 - - [05/Oct/2025:18:18:10 -0400] "GET /products210591740?kg=0208023631 HTTP/1.1" 404 9741 "-" "Mozilla/5.0 AppleWebKit/537.36 (KHTML, like Gecko; compatible; GPTBot/1.2; +https://openai.com/gptbot)"
20.171.207.56 - - [05/Oct/2025:18:19:08 -0400] "GET /products210639258?kg=0208070568 HTTP/1.1" 404 9743 "-" "Mozilla/5.0 AppleWebKit/537.36 (KHTML, like Gecko; compatible; GPTBot/1.2; +https://openai.com/gptbot)"
185.61.153.107 - - [05/Oct/2025:18:20:10 -0400] "POST /wp-cron.php?doing_wp_cron=1759702810.6824998855590820312500 HTTP/1.1" 200 0 "-" "WordPress/6.8.3; https://salhab360photos.com"
20.171.207.56 - - [05/Oct/2025:18:20:06 -0400] "GET /products210596714?kg=0208028544 HTTP/1.1" 404 9742 "-" "Mozilla/5.0 AppleWebKit/537.36 (KHTML, like Gecko; compatible; GPTBot/1.2; +https://openai.com/gptbot)"
216.73.216.221 - - [05/Oct/2025:18:20:32 -0400] "GET /products65729774?kg=0064928274 HTTP/1.1" 404 9740 "-" "Mozilla/5.0 AppleWebKit/537.36 (KHTML, like Gecko; compatible; ClaudeBot/1.0; +claudebot@anthropic.com)"
20.171.207.56 - - [05/Oct/2025:18:17:15 -0400] "GET /products210612736?kg=0208044369 HTTP/1.1" 404 9742 "-" "Mozilla/5.0 AppleWebKit/537.36 (KHTML, like Gecko; compatible; GPTBot/1.2; +https://openai.com/gptbot)"
66.249.73.10 - - [05/Oct/2025:18:17:30 -0400] "GET /products5217824?kg=0005154273 HTTP/1.1" 200 28860 "-" "Mozilla/5.0 (Linux; Android 6.0.1; Nexus 5X Build/MMB29P) AppleWebKit/537.36 (KHTML, like Gecko) Chrome/140.0.7339.207 Mobile Safari/537.36 (compatible; Googlebot/2.1; +http://www.google.com/bot.html)"
185.61.153.107 - - [05/Oct/2025:18:18:13 -0400] "POST /wp-cron.php?doing_wp_cron=1759702693.5728631019592285156250 HTTP/1.1" 200 0 "-" "WordPress/6.8.3; https://salhab360photos.com"
185.61.153.107 - - [05/Oct/2025:18:19:11 -0400] "POST /wp-cron.php?doing_wp_cron=1759702751.7713370323181152343750 HTTP/1.1" 200 0 "-" "WordPress/6.8.3; https://salhab360photos.com"
103.205.211.78 - - [05/Oct/2025:18:19:06 -0400] "POST /xmlrpc.php HTTP/1.1" 200 232 "-" "Mozilla/5.0 (X11; Ubuntu; Linux x86_64; rv:85.0) Gecko/20100101 Firefox/91.0"
92.222.104.218 - - [05/Oct/2025:18:19:06 -0400] "GET /products120884036?kg=0119409923 HTTP/1.1" 404 9733 "-" "Mozilla/5.0 (compatible; AhrefsBot/7.0; +http://ahrefs.com/robot/)"
216.73.216.221 - - [05/Oct/2025:18:20:16 -0400] "GET /products65730216?kg=0064928709 HTTP/1.1" 404 9740 "-" "Mozilla/5.0 AppleWebKit/537.36 (KHTML, like Gecko; compatible; ClaudeBot/1.0; +claudebot@anthropic.com)"
216.73.216.221 - - [05/Oct/2025:18:20:20 -0400] "GET /products83702120?kg=0082681445 HTTP/1.1" 404 9742 "-" "Mozilla/5.0 AppleWebKit/537.36 (KHTML, like Gecko; compatible; ClaudeBot/1.0; +claudebot@anthropic.com)"
216.73.216.221 - - [05/Oct/2025:18:20:26 -0400] "GET /products59422644?kg=0058698059 HTTP/1.1" 404 9741 "-" "Mozilla/5.0 AppleWebKit/537.36 (KHTML, like Gecko; compatible; ClaudeBot/1.0; +claudebot@anthropic.com)"
185.61.153.107 - - [05/Oct/2025:18:21:07 -0400] "POST /wp-cron.php?doing_wp_cron=1759702867.5723409652709960937500 HTTP/1.1" 200 0 "-" "WordPress/6.8.3; https://salhab360photos.com"
216.73.216.221 - - [05/Oct/2025:18:21:57 -0400] "GET /products65760806?kg=0064958926 HTTP/1.1" 404 9741 "-" "Mozilla/5.0 AppleWebKit/537.36 (KHTML, like Gecko; compatible; ClaudeBot/1.0; +claudebot@anthropic.com)"
216.73.216.221 - - [05/Oct/2025:18:22:03 -0400] "GET /products65717510?kg=0064916158 HTTP/1.1" 404 9733 "-" "Mozilla/5.0 AppleWebKit/537.36 (KHTML, like Gecko; compatible; ClaudeBot/1.0; +claudebot@anthropic.com)"
216.73.216.221 - - [05/Oct/2025:18:22:15 -0400] "GET /products65728694?kg=0064927206 HTTP/1.1" 404 9742 "-" "Mozilla/5.0 AppleWebKit/537.36 (KHTML, like Gecko; compatible; ClaudeBot/1.0; +claudebot@anthropic.com)"
216.73.216.221 - - [05/Oct/2025:18:22:21 -0400] "GET /products83738268?kg=0082717151 HTTP/1.1" 404 9742 "-" "Mozilla/5.0 AppleWebKit/537.36 (KHTML, like Gecko; compatible; ClaudeBot/1.0; +claudebot@anthropic.com)"
216.73.216.221 - - [05/Oct/2025:18:22:47 -0400] "GET /products186511588?kg=0184237139 HTTP/1.1" 404 9742 "-" "Mozilla/5.0 AppleWebKit/537.36 (KHTML, like Gecko; compatible; ClaudeBot/1.0; +claudebot@anthropic.com)"
216.73.216.221 - - [05/Oct/2025:18:22:54 -0400] "GET /products186486696?kg=0184212549 HTTP/1.1" 404 9741 "-" "Mozilla/5.0 AppleWebKit/537.36 (KHTML, like Gecko; compatible; ClaudeBot/1.0; +claudebot@anthropic.com)"
216.73.216.221 - - [05/Oct/2025:18:22:57 -0400] "GET /products59458692?kg=0058733667 HTTP/1.1" 404 9742 "-" "Mozilla/5.0 AppleWebKit/537.36 (KHTML, like Gecko; compatible; ClaudeBot/1.0; +claudebot@anthropic.com)"
20.171.207.56 - - [05/Oct/2025:18:23:00 -0400] "GET /products210643764?kg=0208075019 HTTP/1.1" 404 9741 "-" "Mozilla/5.0 AppleWebKit/537.36 (KHTML, like Gecko; compatible; GPTBot/1.2; +https://openai.com/gptbot)"
185.61.153.107 - - [05/Oct/2025:18:23:06 -0400] "POST /wp-cron.php?doing_wp_cron=1759702986.6710989475250244140625 HTTP/1.1" 200 0 "-" "WordPress/6.8.3; https://salhab360photos.com"
216.73.216.221 - - [05/Oct/2025:18:20:38 -0400] "GET /products83734756?kg=0082713683 HTTP/1.1" 200 0 "-" "Mozilla/5.0 AppleWebKit/537.36 (KHTML, like Gecko; compatible; ClaudeBot/1.0; +claudebot@anthropic.com)"
20.171.207.56 - - [05/Oct/2025:18:21:04 -0400] "GET /products210634184?kg=0208065557 HTTP/1.1" 404 9742 "-" "Mozilla/5.0 AppleWebKit/537.36 (KHTML, like Gecko; compatible; GPTBot/1.2; +https://openai.com/gptbot)"
66.249.73.11 - - [05/Oct/2025:18:21:12 -0400] "GET /products1664304?kg=0001644089 HTTP/1.1" 200 29097 "-" "Mozilla/5.0 (Linux; Android 6.0.1; Nexus 5X Build/MMB29P) AppleWebKit/537.36 (KHTML, like Gecko) Chrome/140.0.7339.207 Mobile Safari/537.36 (compatible; Googlebot/2.1; +http://www.google.com/bot.html)"
185.61.153.107 - - [05/Oct/2025:18:22:07 -0400] "POST /wp-cron.php?doing_wp_cron=1759702926.9701530933380126953125 HTTP/1.1" 200 0 "-" "WordPress/6.8.3; https://salhab360photos.com"
20.171.207.56 - - [05/Oct/2025:18:22:01 -0400] "GET /products210642452?kg=0208073723 HTTP/1.1" 404 9742 "-" "Mozilla/5.0 AppleWebKit/537.36 (KHTML, like Gecko; compatible; GPTBot/1.2; +https://openai.com/gptbot)"
216.73.216.221 - - [05/Oct/2025:18:22:09 -0400] "GET /products83744354?kg=0082723164 HTTP/1.1" 404 9741 "-" "Mozilla/5.0 AppleWebKit/537.36 (KHTML, like Gecko; compatible; ClaudeBot/1.0; +claudebot@anthropic.com)"
216.73.216.221 - - [05/Oct/2025:18:22:27 -0400] "GET /products83704698?kg=0082683992 HTTP/1.1" 404 9731 "-" "Mozilla/5.0 AppleWebKit/537.36 (KHTML, like Gecko; compatible; ClaudeBot/1.0; +claudebot@anthropic.com)"
66.249.73.12 - - [05/Oct/2025:18:22:34 -0400] "GET /products4870764?kg=0004811447 HTTP/1.1" 200 29048 "-" "Mozilla/5.0 (Linux; Android 6.0.1; Nexus 5X Build/MMB29P) AppleWebKit/537.36 (KHTML, like Gecko) Chrome/140.0.7339.207 Mobile Safari/537.36 (compatible; Googlebot/2.1; +http://www.google.com/bot.html)"
216.73.216.221 - - [05/Oct/2025:18:22:33 -0400] "GET /products83686900?kg=0082666411 HTTP/1.1" 404 9741 "-" "Mozilla/5.0 AppleWebKit/537.36 (KHTML, like Gecko; compatible; ClaudeBot/1.0; +claudebot@anthropic.com)"
216.73.216.221 - - [05/Oct/2025:18:22:41 -0400] "GET /products65724180?kg=0064922747 HTTP/1.1" 404 9731 "-" "Mozilla/5.0 AppleWebKit/537.36 (KHTML, like Gecko; compatible; ClaudeBot/1.0; +claudebot@anthropic.com)"
216.73.216.221 - - [05/Oct/2025:18:23:29 -0400] "GET /products83731922?kg=0082710884 HTTP/1.1" 404 9742 "-" "Mozilla/5.0 AppleWebKit/537.36 (KHTML, like Gecko; compatible; ClaudeBot/1.0; +claudebot@anthropic.com)"
216.73.216.221 - - [05/Oct/2025:18:23:39 -0400] "GET /products65713406?kg=0064912106 HTTP/1.1" 404 9734 "-" "Mozilla/5.0 AppleWebKit/537.36 (KHTML, like Gecko; compatible; ClaudeBot/1.0; +claudebot@anthropic.com)"
216.73.216.221 - - [05/Oct/2025:18:23:50 -0400] "GET /products65777972?kg=0064975883 HTTP/1.1" 404 9742 "-" "Mozilla/5.0 AppleWebKit/537.36 (KHTML, like Gecko; compatible; ClaudeBot/1.0; +claudebot@anthropic.com)"
185.61.153.107 - - [05/Oct/2025:18:24:05 -0400] "POST /wp-cron.php?doing_wp_cron=1759703045.7719309329986572265625 HTTP/1.1" 200 0 "-" "WordPress/6.8.3; https://salhab360photos.com"
216.73.216.221 - - [05/Oct/2025:18:24:02 -0400] "GET /products83700598?kg=0082679942 HTTP/1.1" 404 9732 "-" "Mozilla/5.0 AppleWebKit/537.36 (KHTML, like Gecko; compatible; ClaudeBot/1.0; +claudebot@anthropic.com)"
216.73.216.221 - - [05/Oct/2025:18:24:29 -0400] "GET /products65758128?kg=0064956281 HTTP/1.1" 404 9740 "-" "Mozilla/5.0 AppleWebKit/537.36 (KHTML, like Gecko; compatible; ClaudeBot/1.0; +claudebot@anthropic.com)"
156.235.66.68 - - [05/Oct/2025:18:24:30 -0400] "GET /portfolio/blurry-backgrounds-in-your-photography/ HTTP/1.1" 200 14458 "-" "Mozilla/5.0 (Linux; Android 5.0; SM-G900P Build/LRX21T) AppleWebKit/537.36 (KHTML, like Gecko) Chrome/51.0.3246.1030 Mobile Safari/537.36"
216.73.216.221 - - [05/Oct/2025:18:23:04 -0400] "GET /products186513460?kg=0184238987 HTTP/1.1" 404 9742 "-" "Mozilla/5.0 AppleWebKit/537.36 (KHTML, like Gecko; compatible; ClaudeBot/1.0; +claudebot@anthropic.com)"
216.73.216.221 - - [05/Oct/2025:18:23:20 -0400] "GET /products65760356?kg=0064958483 HTTP/1.1" 404 9734 "-" "Mozilla/5.0 AppleWebKit/537.36 (KHTML, like Gecko; compatible; ClaudeBot/1.0; +claudebot@anthropic.com)"
51.75.236.151 - - [05/Oct/2025:18:23:38 -0400] "GET /products120876000?kg=0119401985 HTTP/1.1" 404 9734 "-" "Mozilla/5.0 (compatible; AhrefsBot/7.0; +http://ahrefs.com/robot/)"
20.171.207.56 - - [05/Oct/2025:18:23:54 -0400] "GET /products210591744?kg=0208023633 HTTP/1.1" 404 9740 "-" "Mozilla/5.0 AppleWebKit/537.36 (KHTML, like Gecko; compatible; GPTBot/1.2; +https://openai.com/gptbot)"
216.73.216.221 - - [05/Oct/2025:18:24:15 -0400] "GET /products83709946?kg=0082689176 HTTP/1.1" 404 9740 "-" "Mozilla/5.0 AppleWebKit/537.36 (KHTML, like Gecko; compatible; ClaudeBot/1.0; +claudebot@anthropic.com)"
156.235.66.68 - - [05/Oct/2025:18:24:36 -0400] "GET /wp-includes/css/dist/block-library/style.min.css?ver=6.8.3 HTTP/1.1" 200 14360 "https://salhab360photos.com/portfolio/blurry-backgrounds-in-your-photography/" "Mozilla/5.0 (Linux; Android 5.0; SM-G900P Build/LRX21T) AppleWebKit/537.36 (KHTML, like Gecko) Chrome/51.0.3246.1030 Mobile Safari/537.36"
156.235.66.68 - - [05/Oct/2025:18:24:36 -0400] "GET /wp-content/themes/acora/style.css?ver=3.0 HTTP/1.1" 200 333 "https://salhab360photos.com/portfolio/blurry-backgrounds-in-your-photography/" "Mozilla/5.0 (Linux; Android 5.0; SM-G900P Build/LRX21T) AppleWebKit/537.36 (KHTML, like Gecko) Chrome/51.0.3246.1030 Mobile Safari/537.36"
156.235.66.68 - - [05/Oct/2025:18:24:36 -0400] "GET /wp-content/themes/acora/css/style.css?ver=3.0 HTTP/1.1" 200 42248 "https://salhab360photos.com/portfolio/blurry-backgrounds-in-your-photography/" "Mozilla/5.0 (Linux; Android 5.0; SM-G900P Build/LRX21T) AppleWebKit/537.36 (KHTML, like Gecko) Chrome/51.0.3246.1030 Mobile Safari/537.36"
156.235.66.68 - - [05/Oct/2025:18:24:36 -0400] "GET /wp-content/themes/acora/css/fwdicon.css?ver=3.0 HTTP/1.1" 200 1143 "https://salhab360photos.com/portfolio/blurry-backgrounds-in-your-photography/" "Mozilla/5.0 (Linux; Android 5.0; SM-G900P Build/LRX21T) AppleWebKit/537.36 (KHTML, like Gecko) Chrome/51.0.3246.1030 Mobile Safari/537.36"
156.235.66.68 - - [05/Oct/2025:18:24:37 -0400] "GET /wp-content/uploads/2022/12/logo-1.png HTTP/1.1" 206 500 "https://salhab360photos.com/portfolio/blurry-backgrounds-in-your-photography/" "Mozilla/5.0 (Linux; Android 5.0; SM-G900P Build/LRX21T) AppleWebKit/537.36 (KHTML, like Gecko) Chrome/51.0.3246.1030 Mobile Safari/537.36"
156.235.66.68 - - [05/Oct/2025:18:24:37 -0400] "GET /wp-content/uploads/2022/12/logo-1-1.png HTTP/1.1" 206 500 "https://salhab360photos.com/portfolio/blurry-backgrounds-in-your-photography/" "Mozilla/5.0 (Linux; Android 5.0; SM-G900P Build/LRX21T) AppleWebKit/537.36 (KHTML, like Gecko) Chrome/51.0.3246.1030 Mobile Safari/537.36"
156.235.66.68 - - [05/Oct/2025:18:24:37 -0400] "GET /wp-content/uploads/2019/08/moment-01-h-630x462.jpg HTTP/1.1" 206 500 "https://salhab360photos.com/portfolio/blurry-backgrounds-in-your-photography/" "Mozilla/5.0 (Linux; Android 5.0; SM-G900P Build/LRX21T) AppleWebKit/537.36 (KHTML, like Gecko) Chrome/51.0.3246.1030 Mobile Safari/537.36"
156.235.66.68 - - [05/Oct/2025:18:24:37 -0400] "GET /wp-content/uploads/2019/08/moment-16-v-630x462.jpg HTTP/1.1" 206 500 "https://salhab360photos.com/portfolio/blurry-backgrounds-in-your-photography/" "Mozilla/5.0 (Linux; Android 5.0; SM-G900P Build/LRX21T) AppleWebKit/537.36 (KHTML, like Gecko) Chrome/51.0.3246.1030 Mobile Safari/537.36"
156.235.66.68 - - [05/Oct/2025:18:24:37 -0400] "GET /wp-content/uploads/2019/08/moment-15-v-630x462.jpg HTTP/1.1" 206 500 "https://salhab360photos.com/portfolio/blurry-backgrounds-in-your-photography/" "Mozilla/5.0 (Linux; Android 5.0; SM-G900P Build/LRX21T) AppleWebKit/537.36 (KHTML, like Gecko) Chrome/51.0.3246.1030 Mobile Safari/537.36"
156.235.66.68 - - [05/Oct/2025:18:24:37 -0400] "GET /wp-content/uploads/2019/08/moment-05-h-630x462.jpg HTTP/1.1" 206 500 "https://salhab360photos.com/portfolio/blurry-backgrounds-in-your-photography/" "Mozilla/5.0 (Linux; Android 5.0; SM-G900P Build/LRX21T) AppleWebKit/537.36 (KHTML, like Gecko) Chrome/51.0.3246.1030 Mobile Safari/537.36"
156.235.66.68 - - [05/Oct/2025:18:24:37 -0400] "GET /wp-content/uploads/2019/08/moment-03-h-630x462.jpg HTTP/1.1" 206 500 "https://salhab360photos.com/portfolio/blurry-backgrounds-in-your-photography/" "Mozilla/5.0 (Linux; Android 5.0; SM-G900P Build/LRX21T) AppleWebKit/537.36 (KHTML, like Gecko) Chrome/51.0.3246.1030 Mobile Safari/537.36"
110.249.201.143 - - [05/Oct/2025:18:24:38 -0400] "GET /robots.txt HTTP/1.1" 200 84 "-" "Mozilla/5.0 (Linux; Android 5.0) AppleWebKit/537.36 (KHTML, like Gecko) Mobile Safari/537.36 (compatible; Bytespider; https://zhanzhang.toutiao.com/)"
216.73.216.221 - - [05/Oct/2025:18:24:44 -0400] "GET /products65737428?kg=0064935835 HTTP/1.1" 404 9743 "-" "Mozilla/5.0 AppleWebKit/537.36 (KHTML, like Gecko; compatible; ClaudeBot/1.0; +claudebot@anthropic.com)"
185.61.153.107 - - [05/Oct/2025:18:25:05 -0400] "POST /wp-cron.php?doing_wp_cron=1759703105.2732870578765869140625 HTTP/1.1" 200 0 "-" "WordPress/6.8.3; https://salhab360photos.com"
216.73.216.221 - - [05/Oct/2025:18:25:17 -0400] "GET /products83732528?kg=0082711481 HTTP/1.1" 404 9742 "-" "Mozilla/5.0 AppleWebKit/537.36 (KHTML, like Gecko; compatible; ClaudeBot/1.0; +claudebot@anthropic.com)"
216.73.216.221 - - [05/Oct/2025:18:25:35 -0400] "GET /products186514166?kg=0184239686 HTTP/1.1" 404 9742 "-" "Mozilla/5.0 AppleWebKit/537.36 (KHTML, like Gecko; compatible; ClaudeBot/1.0; +claudebot@anthropic.com)"
216.73.216.221 - - [05/Oct/2025:18:26:16 -0400] "GET /products113493248?kg=0112109265 HTTP/1.1" 404 9744 "-" "Mozilla/5.0 AppleWebKit/537.36 (KHTML, like Gecko; compatible; ClaudeBot/1.0; +claudebot@anthropic.com)"
216.73.216.221 - - [05/Oct/2025:18:26:55 -0400] "GET /products74136200?kg=0073232181 HTTP/1.1" 404 9734 "-" "Mozilla/5.0 AppleWebKit/537.36 (KHTML, like Gecko; compatible; ClaudeBot/1.0; +claudebot@anthropic.com)"
185.61.153.107 - - [05/Oct/2025:18:27:15 -0400] "POST /wp-cron.php?doing_wp_cron=1759703235.1713540554046630859375 HTTP/1.1" 200 0 "-" "WordPress/6.8.3; https://salhab360photos.com"
216.73.216.221 - - [05/Oct/2025:18:27:13 -0400] "GET /products83737708?kg=0082716599 HTTP/1.1" 404 9742 "-" "Mozilla/5.0 AppleWebKit/537.36 (KHTML, like Gecko; compatible; ClaudeBot/1.0; +claudebot@anthropic.com)"
66.249.73.11 - - [05/Oct/2025:18:27:25 -0400] "GET /categories/1146048 HTTP/1.1" 200 28990 "-" "Mozilla/5.0 (Linux; Android 6.0.1; Nexus 5X Build/MMB29P) AppleWebKit/537.36 (KHTML, like Gecko) Chrome/140.0.7339.207 Mobile Safari/537.36 (compatible; Googlebot/2.1; +http://www.google.com/bot.html)"
206.189.247.132 - - [05/Oct/2025:18:27:38 -0400] "GET /index.html HTTP/1.1" 200 1404 "-" "Mozilla/5.0 (Windows NT 10.0; Win64; x64) AppleWebKit/537.36 (KHTML, like Gecko) Chrome/135.0.0.0 Safari/537.36 OPR/120.0.0.0"
193.239.84.66 - - [05/Oct/2025:18:27:38 -0400] "GET /index.html HTTP/1.1" 200 1404 "-" "Mozilla/5.0 (Windows NT 10.0; Win64; x64) AppleWebKit/537.36 (KHTML, like Gecko) Chrome/135.0.0.0 Safari/537.36 OPR/120.0.0.0"
66.249.73.10 - - [05/Oct/2025:18:27:51 -0400] "GET /?products12920658?kg=0012763172 HTTP/1.1" 200 1164 "-" "Mozilla/5.0 (compatible; Googlebot/2.1; +http://www.google.com/bot.html)"
216.73.216.221 - - [05/Oct/2025:18:27:55 -0400] "GET /products146060204?kg=0144279063 HTTP/1.1" 404 9743 "-" "Mozilla/5.0 AppleWebKit/537.36 (KHTML, like Gecko; compatible; ClaudeBot/1.0; +claudebot@anthropic.com)"
156.235.66.68 - - [05/Oct/2025:18:24:36 -0400] "GET /wp-content/themes/acora/css/global.css?ver=3.0 HTTP/1.1" 200 3091 "https://salhab360photos.com/portfolio/blurry-backgrounds-in-your-photography/" "Mozilla/5.0 (Linux; Android 5.0; SM-G900P Build/LRX21T) AppleWebKit/537.36 (KHTML, like Gecko) Chrome/51.0.3246.1030 Mobile Safari/537.36"
156.235.66.68 - - [05/Oct/2025:18:24:37 -0400] "GET /wp-content/uploads/2019/08/moment-02-h-630x462.jpg HTTP/1.1" 206 500 "https://salhab360photos.com/portfolio/blurry-backgrounds-in-your-photography/" "Mozilla/5.0 (Linux; Android 5.0; SM-G900P Build/LRX21T) AppleWebKit/537.36 (KHTML, like Gecko) Chrome/51.0.3246.1030 Mobile Safari/537.36"
156.235.66.68 - - [05/Oct/2025:18:24:37 -0400] "GET /wp-content/uploads/2019/08/moment-17-v-630x462.jpg HTTP/1.1" 206 500 "https://salhab360photos.com/portfolio/blurry-backgrounds-in-your-photography/" "Mozilla/5.0 (Linux; Android 5.0; SM-G900P Build/LRX21T) AppleWebKit/537.36 (KHTML, like Gecko) Chrome/51.0.3246.1030 Mobile Safari/537.36"
156.235.66.68 - - [05/Oct/2025:18:24:37 -0400] "GET /wp-content/uploads/2019/08/moment-07-h-630x462.jpg HTTP/1.1" 206 500 "https://salhab360photos.com/portfolio/blurry-backgrounds-in-your-photography/" "Mozilla/5.0 (Linux; Android 5.0; SM-G900P Build/LRX21T) AppleWebKit/537.36 (KHTML, like Gecko) Chrome/51.0.3246.1030 Mobile Safari/537.36"
20.171.207.56 - - [05/Oct/2025:18:24:51 -0400] "GET /products210589448?kg=0208021365 HTTP/1.1" 404 9742 "-" "Mozilla/5.0 AppleWebKit/537.36 (KHTML, like Gecko; compatible; GPTBot/1.2; +https://openai.com/gptbot)"
216.73.216.221 - - [05/Oct/2025:18:25:00 -0400] "GET /products65771594?kg=0064969584 HTTP/1.1" 404 9739 "-" "Mozilla/5.0 AppleWebKit/537.36 (KHTML, like Gecko; compatible; ClaudeBot/1.0; +claudebot@anthropic.com)"
20.171.207.56 - - [05/Oct/2025:18:25:49 -0400] "GET /products210601998?kg=0208033762 HTTP/1.1" 404 9742 "-" "Mozilla/5.0 AppleWebKit/537.36 (KHTML, like Gecko; compatible; GPTBot/1.2; +https://openai.com/gptbot)"
216.73.216.221 - - [05/Oct/2025:18:25:57 -0400] "GET /products74188844?kg=0073284183 HTTP/1.1" 404 9742 "-" "Mozilla/5.0 AppleWebKit/537.36 (KHTML, like Gecko; compatible; ClaudeBot/1.0; +claudebot@anthropic.com)"
185.61.153.107 - - [05/Oct/2025:18:26:20 -0400] "POST /wp-cron.php?doing_wp_cron=1759703180.4761750698089599609375 HTTP/1.1" 200 0 "-" "WordPress/6.8.3; https://salhab360photos.com"
216.73.216.221 - - [05/Oct/2025:18:26:35 -0400] "GET /products146039986?kg=0144259092 HTTP/1.1" 200 0 "-" "Mozilla/5.0 AppleWebKit/537.36 (KHTML, like Gecko; compatible; ClaudeBot/1.0; +claudebot@anthropic.com)"
20.171.207.56 - - [05/Oct/2025:18:26:47 -0400] "GET /products210595844?kg=0208027683 HTTP/1.1" 404 9742 "-" "Mozilla/5.0 AppleWebKit/537.36 (KHTML, like Gecko; compatible; GPTBot/1.2; +https://openai.com/gptbot)"
3.8.154.73 - - [05/Oct/2025:18:27:38 -0400] "GET /index.html HTTP/1.1" 200 1404 "-" "Mozilla/5.0 (Windows NT 10.0; Win64; x64) AppleWebKit/537.36 (KHTML, like Gecko) Chrome/135.0.0.0 Safari/537.36 OPR/120.0.0.0"
216.73.216.221 - - [05/Oct/2025:18:27:36 -0400] "GET /products146038314?kg=0144257440 HTTP/1.1" 404 9740 "-" "Mozilla/5.0 AppleWebKit/537.36 (KHTML, like Gecko; compatible; ClaudeBot/1.0; +claudebot@anthropic.com)"
20.171.207.56 - - [05/Oct/2025:18:27:44 -0400] "GET /products210648570?kg=0208079768 HTTP/1.1" 404 9742 "-" "Mozilla/5.0 AppleWebKit/537.36 (KHTML, like Gecko; compatible; GPTBot/1.2; +https://openai.com/gptbot)"
185.61.153.107 - - [05/Oct/2025:18:28:27 -0400] "POST /wp-cron.php?doing_wp_cron=1759703306.9751989841461181640625 HTTP/1.1" 200 0 "-" "WordPress/6.8.3; https://salhab360photos.com"
51.75.236.154 - - [05/Oct/2025:18:28:21 -0400] "GET /products120864642?kg=0119390764 HTTP/1.1" 404 9742 "-" "Mozilla/5.0 (compatible; AhrefsBot/7.0; +http://ahrefs.com/robot/)"
46.101.70.221 - - [05/Oct/2025:18:29:47 -0400] "GET /index.html HTTP/1.1" 200 1404 "-" "Mozilla/5.0 (Windows NT 10.0; Win64; x64) AppleWebKit/537.36 (KHTML, like Gecko) Chrome/132.0.0.0 Safari/537.36 Edg/132.0.0.0"
216.73.216.221 - - [05/Oct/2025:18:29:49 -0400] "GET /products55914410?kg=0055232608 HTTP/1.1" 404 9743 "-" "Mozilla/5.0 AppleWebKit/537.36 (KHTML, like Gecko; compatible; ClaudeBot/1.0; +claudebot@anthropic.com)"
66.249.73.10 - - [05/Oct/2025:18:30:30 -0400] "GET /products11660778?kg=0011518656 HTTP/1.1" 200 28961 "-" "Mozilla/5.0 (Linux; Android 6.0.1; Nexus 5X Build/MMB29P) AppleWebKit/537.36 (KHTML, like Gecko) Chrome/140.0.7339.207 Mobile Safari/537.36 (compatible; Googlebot/2.1; +http://www.google.com/bot.html)"
185.61.153.107 - - [05/Oct/2025:18:30:37 -0400] "POST /wp-cron.php?doing_wp_cron=1759703437.9762120246887207031250 HTTP/1.1" 200 0 "-" "WordPress/6.8.3; https://salhab360photos.com"
20.171.207.56 - - [05/Oct/2025:18:30:34 -0400] "GET /products210644670?kg=0208075914 HTTP/1.1" 404 9734 "-" "Mozilla/5.0 AppleWebKit/537.36 (KHTML, like Gecko; compatible; GPTBot/1.2; +https://openai.com/gptbot)"
66.249.73.11 - - [05/Oct/2025:18:30:39 -0400] "GET /products5448044?kg=0005381687 HTTP/1.1" 200 29054 "-" "Mozilla/5.0 (Linux; Android 6.0.1; Nexus 5X Build/MMB29P) AppleWebKit/537.36 (KHTML, like Gecko) Chrome/140.0.7339.207 Mobile Safari/537.36 (compatible; Googlebot/2.1; +http://www.google.com/bot.html)"
66.249.73.11 - - [05/Oct/2025:18:30:43 -0400] "GET /products4780486?kg=0004722270 HTTP/1.1" 200 29349 "-" "Mozilla/5.0 (Linux; Android 6.0.1; Nexus 5X Build/MMB29P) AppleWebKit/537.36 (KHTML, like Gecko) Chrome/140.0.7339.207 Mobile Safari/537.36 (compatible; Googlebot/2.1; +http://www.google.com/bot.html)"
66.249.73.10 - - [05/Oct/2025:18:30:46 -0400] "GET /products4870226?kg=0004810916 HTTP/1.1" 200 29051 "-" "Mozilla/5.0 (Linux; Android 6.0.1; Nexus 5X Build/MMB29P) AppleWebKit/537.36 (KHTML, like Gecko) Chrome/140.0.7339.207 Mobile Safari/537.36 (compatible; Googlebot/2.1; +http://www.google.com/bot.html)"
66.249.73.10 - - [05/Oct/2025:18:30:47 -0400] "GET /products4868262?kg=0004808974 HTTP/1.1" 200 28972 "-" "Mozilla/5.0 (Linux; Android 6.0.1; Nexus 5X Build/MMB29P) AppleWebKit/537.36 (KHTML, like Gecko) Chrome/140.0.7339.207 Mobile Safari/537.36 (compatible; Googlebot/2.1; +http://www.google.com/bot.html)"
185.61.153.107 - - [05/Oct/2025:18:31:36 -0400] "POST /wp-cron.php?doing_wp_cron=1759703496.0742509365081787109375 HTTP/1.1" 200 0 "-" "WordPress/6.8.3; https://salhab360photos.com"
20.171.207.56 - - [05/Oct/2025:18:32:28 -0400] "GET /products210639058?kg=0208070372 HTTP/1.1" 404 9743 "-" "Mozilla/5.0 AppleWebKit/537.36 (KHTML, like Gecko; compatible; GPTBot/1.2; +https://openai.com/gptbot)"
185.61.153.107 - - [05/Oct/2025:18:33:13 -0400] "POST /wp-cron.php?doing_wp_cron=1759703593.1717259883880615234375 HTTP/1.1" 200 0 "-" "WordPress/6.8.3; https://salhab360photos.com"
176.31.139.5 - - [05/Oct/2025:18:33:07 -0400] "GET /products110129726?kg=0108786762 HTTP/1.1" 404 9742 "-" "Mozilla/5.0 (compatible; AhrefsBot/7.0; +http://ahrefs.com/robot/)"
20.171.207.56 - - [05/Oct/2025:18:33:24 -0400] "GET /products210587116?kg=0208019063 HTTP/1.1" 404 9743 "-" "Mozilla/5.0 AppleWebKit/537.36 (KHTML, like Gecko; compatible; GPTBot/1.2; +https://openai.com/gptbot)"
66.249.73.11 - - [05/Oct/2025:18:34:57 -0400] "GET /products14240316?kg=0014066735 HTTP/1.1" 200 28882 "-" "Mozilla/5.0 (Linux; Android 6.0.1; Nexus 5X Build/MMB29P) AppleWebKit/537.36 (KHTML, like Gecko) Chrome/140.0.7339.207 Mobile Safari/537.36 (compatible; Googlebot/2.1; +http://www.google.com/bot.html)"
216.73.216.221 - - [05/Oct/2025:18:28:33 -0400] "GET /products234356906?kg=0231498976 HTTP/1.1" 404 9743 "-" "Mozilla/5.0 AppleWebKit/537.36 (KHTML, like Gecko; compatible; ClaudeBot/1.0; +claudebot@anthropic.com)"
20.171.207.56 - - [05/Oct/2025:18:28:41 -0400] "GET /products210614330?kg=0208045944 HTTP/1.1" 404 9743 "-" "Mozilla/5.0 AppleWebKit/537.36 (KHTML, like Gecko; compatible; GPTBot/1.2; +https://openai.com/gptbot)"
185.61.153.107 - - [05/Oct/2025:18:29:41 -0400] "POST /wp-cron.php?doing_wp_cron=1759703381.3735280036926269531250 HTTP/1.1" 200 0 "-" "WordPress/6.8.3; https://salhab360photos.com"
20.171.207.56 - - [05/Oct/2025:18:29:37 -0400] "GET /products210614754?kg=0208046364 HTTP/1.1" 404 9732 "-" "Mozilla/5.0 AppleWebKit/537.36 (KHTML, like Gecko; compatible; GPTBot/1.2; +https://openai.com/gptbot)"
3.8.154.73 - - [05/Oct/2025:18:29:47 -0400] "GET /index.html HTTP/1.1" 200 1404 "-" "Mozilla/5.0 (Windows NT 10.0; Win64; x64) AppleWebKit/537.36 (KHTML, like Gecko) Chrome/132.0.0.0 Safari/537.36 Edg/132.0.0.0"
164.90.241.135 - - [05/Oct/2025:18:29:47 -0400] "GET /index.html HTTP/1.1" 200 1404 "-" "Mozilla/5.0 (Windows NT 10.0; Win64; x64) AppleWebKit/537.36 (KHTML, like Gecko) Chrome/132.0.0.0 Safari/537.36 Edg/132.0.0.0"
174.138.112.39 - - [05/Oct/2025:18:29:48 -0400] "GET /index.html HTTP/1.1" 200 1404 "-" "Mozilla/5.0 (Windows NT 10.0; Win64; x64) AppleWebKit/537.36 (KHTML, like Gecko) Chrome/132.0.0.0 Safari/537.36 Edg/132.0.0.0"
66.249.73.11 - - [05/Oct/2025:18:30:41 -0400] "GET /ctg/search/similarImageSearchResultView/?ctgItemCd=54088 HTTP/1.1" 200 29851 "-" "Mozilla/5.0 (Linux; Android 6.0.1; Nexus 5X Build/MMB29P) AppleWebKit/537.36 (KHTML, like Gecko) Chrome/140.0.7339.207 Mobile Safari/537.36 (compatible; Googlebot/2.1; +http://www.google.com/bot.html)"
20.171.207.56 - - [05/Oct/2025:18:31:32 -0400] "GET /products210607484?kg=0208039183 HTTP/1.1" 404 9743 "-" "Mozilla/5.0 AppleWebKit/537.36 (KHTML, like Gecko; compatible; GPTBot/1.2; +https://openai.com/gptbot)"
185.61.153.107 - - [05/Oct/2025:18:32:16 -0400] "POST /wp-cron.php?doing_wp_cron=1759703536.2713859081268310546875 HTTP/1.1" 200 0 "-" "WordPress/6.8.3; https://salhab360photos.com"
216.73.216.221 - - [05/Oct/2025:18:32:10 -0400] "GET /products83678044?kg=0082657663 HTTP/1.1" 404 9741 "-" "Mozilla/5.0 AppleWebKit/537.36 (KHTML, like Gecko; compatible; ClaudeBot/1.0; +claudebot@anthropic.com)"
66.249.73.12 - - [05/Oct/2025:18:32:33 -0400] "GET /products5254428?kg=0005190431 HTTP/1.1" 200 29893 "-" "Mozilla/5.0 (Linux; Android 6.0.1; Nexus 5X Build/MMB29P) AppleWebKit/537.36 (KHTML, like Gecko) Chrome/140.0.7339.207 Mobile Safari/537.36 (compatible; Googlebot/2.1; +http://www.google.com/bot.html)"
216.73.216.221 - - [05/Oct/2025:18:33:31 -0400] "GET /products59443230?kg=0058718394 HTTP/1.1" 404 9743 "-" "Mozilla/5.0 AppleWebKit/537.36 (KHTML, like Gecko; compatible; ClaudeBot/1.0; +claudebot@anthropic.com)"
185.61.153.107 - - [05/Oct/2025:18:34:26 -0400] "POST /wp-cron.php?doing_wp_cron=1759703666.6703469753265380859375 HTTP/1.1" 200 0 "-" "WordPress/6.8.3; https://salhab360photos.com"
20.171.207.56 - - [05/Oct/2025:18:34:19 -0400] "GET /products210616836?kg=0208048419 HTTP/1.1" 404 9743 "-" "Mozilla/5.0 AppleWebKit/537.36 (KHTML, like Gecko; compatible; GPTBot/1.2; +https://openai.com/gptbot)"
216.73.216.221 - - [05/Oct/2025:18:34:22 -0400] "GET /products113456594?kg=0112073060 HTTP/1.1" 404 9742 "-" "Mozilla/5.0 AppleWebKit/537.36 (KHTML, like Gecko; compatible; ClaudeBot/1.0; +claudebot@anthropic.com)"
185.61.153.107 - - [05/Oct/2025:18:36:13 -0400] "POST /wp-cron.php?doing_wp_cron=1759703773.5725300312042236328125 HTTP/1.1" 200 0 "-" "WordPress/6.8.3; https://salhab360photos.com"
20.171.207.56 - - [05/Oct/2025:18:36:09 -0400] "GET /products210645130?kg=0208076368 HTTP/1.1" 404 9741 "-" "Mozilla/5.0 AppleWebKit/537.36 (KHTML, like Gecko; compatible; GPTBot/1.2; +https://openai.com/gptbot)"
66.249.73.11 - - [05/Oct/2025:18:36:16 -0400] "GET /products4229888?kg=0004178385 HTTP/1.1" 200 28926 "-" "Mozilla/5.0 (Linux; Android 6.0.1; Nexus 5X Build/MMB29P) AppleWebKit/537.36 (KHTML, like Gecko) Chrome/140.0.7339.207 Mobile Safari/537.36 (compatible; Googlebot/2.1; +http://www.google.com/bot.html)"
20.171.207.56 - - [05/Oct/2025:18:37:05 -0400] "GET /products210615314?kg=0208046916 HTTP/1.1" 404 9744 "-" "Mozilla/5.0 AppleWebKit/537.36 (KHTML, like Gecko; compatible; GPTBot/1.2; +https://openai.com/gptbot)"
185.61.153.107 - - [05/Oct/2025:18:38:05 -0400] "POST /wp-cron.php?doing_wp_cron=1759703885.5730690956115722656250 HTTP/1.1" 200 0 "-" "WordPress/6.8.3; https://salhab360photos.com"
54.37.118.95 - - [05/Oct/2025:18:38:42 -0400] "GET /products91249728?kg=0090137009 HTTP/1.1" 404 9733 "-" "Mozilla/5.0 (compatible; AhrefsBot/7.0; +http://ahrefs.com/robot/)"
20.171.207.56 - - [05/Oct/2025:18:38:59 -0400] "GET /products210641892?kg=0208073171 HTTP/1.1" 404 9744 "-" "Mozilla/5.0 AppleWebKit/537.36 (KHTML, like Gecko; compatible; GPTBot/1.2; +https://openai.com/gptbot)"
66.249.73.11 - - [05/Oct/2025:18:39:11 -0400] "GET /products4227838?kg=0004176362 HTTP/1.1" 200 28944 "-" "Mozilla/5.0 (Linux; Android 6.0.1; Nexus 5X Build/MMB29P) AppleWebKit/537.36 (KHTML, like Gecko) Chrome/140.0.7339.207 Mobile Safari/537.36 (compatible; Googlebot/2.1; +http://www.google.com/bot.html)"
20.171.207.56 - - [05/Oct/2025:18:39:58 -0400] "GET /products210619752?kg=0208051301 HTTP/1.1" 404 9731 "-" "Mozilla/5.0 AppleWebKit/537.36 (KHTML, like Gecko; compatible; GPTBot/1.2; +https://openai.com/gptbot)"
20.171.207.56 - - [05/Oct/2025:18:40:52 -0400] "GET /products210601798?kg=0208033566 HTTP/1.1" 404 9741 "-" "Mozilla/5.0 AppleWebKit/537.36 (KHTML, like Gecko; compatible; GPTBot/1.2; +https://openai.com/gptbot)"
66.249.73.10 - - [05/Oct/2025:18:41:10 -0400] "GET /?products14242206?kg=0014068602 HTTP/1.1" 200 1164 "-" "Mozilla/5.0 (Linux; Android 6.0.1; Nexus 5X Build/MMB29P) AppleWebKit/537.36 (KHTML, like Gecko) Chrome/140.0.7339.207 Mobile Safari/537.36 (compatible; Googlebot/2.1; +http://www.google.com/bot.html)"
66.249.73.11 - - [05/Oct/2025:18:41:24 -0400] "GET /?products14241924?kg=0014068323 HTTP/1.1" 200 1164 "-" "Mozilla/5.0 (Linux; Android 6.0.1; Nexus 5X Build/MMB29P) AppleWebKit/537.36 (KHTML, like Gecko) Chrome/140.0.7339.207 Mobile Safari/537.36 (compatible; Googlebot/2.1; +http://www.google.com/bot.html)"
185.61.153.107 - - [05/Oct/2025:18:41:51 -0400] "POST /wp-cron.php?doing_wp_cron=1759704111.2748880386352539062500 HTTP/1.1" 200 0 "-" "WordPress/6.8.3; https://salhab360photos.com"
20.171.207.56 - - [05/Oct/2025:18:41:46 -0400] "GET /products210643600?kg=0208074857 HTTP/1.1" 404 9742 "-" "Mozilla/5.0 AppleWebKit/537.36 (KHTML, like Gecko; compatible; GPTBot/1.2; +https://openai.com/gptbot)"
66.249.73.12 - - [05/Oct/2025:18:42:00 -0400] "GET /?products14241264?kg=0014067673 HTTP/1.1" 200 1164 "-" "Mozilla/5.0 (Linux; Android 6.0.1; Nexus 5X Build/MMB29P) AppleWebKit/537.36 (KHTML, like Gecko) Chrome/140.0.7339.207 Mobile Safari/537.36 (compatible; Googlebot/2.1; +http://www.google.com/bot.html)"
66.249.73.11 - - [05/Oct/2025:18:42:14 -0400] "GET /products4228740?kg=0004177251 HTTP/1.1" 200 28744 "-" "Mozilla/5.0 (Linux; Android 6.0.1; Nexus 5X Build/MMB29P) AppleWebKit/537.36 (KHTML, like Gecko) Chrome/140.0.7339.207 Mobile Safari/537.36 (compatible; Googlebot/2.1; +http://www.google.com/bot.html)"
66.249.73.10 - - [05/Oct/2025:18:42:27 -0400] "GET /products4229022?kg=0004177530 HTTP/1.1" 200 28832 "-" "Mozilla/5.0 (Linux; Android 6.0.1; Nexus 5X Build/MMB29P) AppleWebKit/537.36 (KHTML, like Gecko) Chrome/140.0.7339.207 Mobile Safari/537.36 (compatible; Googlebot/2.1; +http://www.google.com/bot.html)"
66.249.73.10 - - [05/Oct/2025:18:42:30 -0400] "GET /products4226444?kg=0004174983 HTTP/1.1" 200 29259 "-" "Mozilla/5.0 (Linux; Android 6.0.1; Nexus 5X Build/MMB29P) AppleWebKit/537.36 (KHTML, like Gecko) Chrome/140.0.7339.207 Mobile Safari/537.36 (compatible; Googlebot/2.1; +http://www.google.com/bot.html)"
185.61.153.107 - - [05/Oct/2025:18:35:17 -0400] "POST /wp-cron.php?doing_wp_cron=1759703717.6719429492950439453125 HTTP/1.1" 200 0 "-" "WordPress/6.8.3; https://salhab360photos.com"
20.171.207.56 - - [05/Oct/2025:18:35:14 -0400] "GET /products210612732?kg=0208044367 HTTP/1.1" 404 9743 "-" "Mozilla/5.0 AppleWebKit/537.36 (KHTML, like Gecko; compatible; GPTBot/1.2; +https://openai.com/gptbot)"
66.249.73.12 - - [05/Oct/2025:18:36:09 -0400] "GET /products4229446?kg=0004177950 HTTP/1.1" 200 28818 "-" "Mozilla/5.0 (Linux; Android 6.0.1; Nexus 5X Build/MMB29P) AppleWebKit/537.36 (KHTML, like Gecko) Chrome/140.0.7339.207 Mobile Safari/537.36 (compatible; Googlebot/2.1; +http://www.google.com/bot.html)"
185.61.153.107 - - [05/Oct/2025:18:37:07 -0400] "POST /wp-cron.php?doing_wp_cron=1759703827.7861449718475341796875 HTTP/1.1" 200 0 "-" "WordPress/6.8.3; https://salhab360photos.com"
20.171.207.56 - - [05/Oct/2025:18:38:01 -0400] "GET /products210584614?kg=0208016590 HTTP/1.1" 404 9733 "-" "Mozilla/5.0 AppleWebKit/537.36 (KHTML, like Gecko; compatible; GPTBot/1.2; +https://openai.com/gptbot)"
185.61.153.107 - - [05/Oct/2025:18:40:03 -0400] "POST /wp-cron.php?doing_wp_cron=1759704003.1753239631652832031250 HTTP/1.1" 200 0 "-" "WordPress/6.8.3; https://salhab360photos.com"
185.61.153.107 - - [05/Oct/2025:18:42:05 -0400] "POST /wp-cron.php?doing_wp_cron=1759704125.0724360942840576171875 HTTP/1.1" 200 0 "-" "WordPress/6.8.3; https://salhab360photos.com"
92.222.104.223 - - [05/Oct/2025:18:42:00 -0400] "GET /products91231852?kg=0090119351 HTTP/1.1" 404 9742 "-" "Mozilla/5.0 (compatible; AhrefsBot/7.0; +http://ahrefs.com/robot/)"
66.249.73.10 - - [05/Oct/2025:18:42:35 -0400] "GET /?products14241646?kg=0014068050 HTTP/1.1" 200 1164 "-" "Mozilla/5.0 (Linux; Android 6.0.1; Nexus 5X Build/MMB29P) AppleWebKit/537.36 (KHTML, like Gecko) Chrome/140.0.7339.207 Mobile Safari/537.36 (compatible; Googlebot/2.1; +http://www.google.com/bot.html)"
216.73.216.221 - - [05/Oct/2025:18:42:39 -0400] "GET /products188501304?kg=0186202589 HTTP/1.1" 404 9742 "-" "Mozilla/5.0 AppleWebKit/537.36 (KHTML, like Gecko; compatible; ClaudeBot/1.0; +claudebot@anthropic.com)"
20.171.207.56 - - [05/Oct/2025:18:42:45 -0400] "GET /products210615770?kg=0208047368 HTTP/1.1" 404 9744 "-" "Mozilla/5.0 AppleWebKit/537.36 (KHTML, like Gecko; compatible; GPTBot/1.2; +https://openai.com/gptbot)"
216.73.216.221 - - [05/Oct/2025:18:42:55 -0400] "GET /products188466632?kg=0186168341 HTTP/1.1" 404 9732 "-" "Mozilla/5.0 AppleWebKit/537.36 (KHTML, like Gecko; compatible; ClaudeBot/1.0; +claudebot@anthropic.com)"
185.61.153.107 - - [05/Oct/2025:18:43:48 -0400] "POST /wp-cron.php?doing_wp_cron=1759704228.6775538921356201171875 HTTP/1.1" 200 0 "-" "WordPress/6.8.3; https://salhab360photos.com"
66.249.73.12 - - [05/Oct/2025:18:44:24 -0400] "GET /?products14240402?kg=0014066820 HTTP/1.1" 200 1164 "-" "Mozilla/5.0 (Linux; Android 6.0.1; Nexus 5X Build/MMB29P) AppleWebKit/537.36 (KHTML, like Gecko) Chrome/140.0.7339.207 Mobile Safari/537.36 (compatible; Googlebot/2.1; +http://www.google.com/bot.html)"
66.249.73.10 - - [05/Oct/2025:18:42:33 -0400] "GET /ctg/search/similarImageSearchResultView/?ctgItemCd=136701 HTTP/1.1" 200 28946 "-" "Mozilla/5.0 (Linux; Android 6.0.1; Nexus 5X Build/MMB29P) AppleWebKit/537.36 (KHTML, like Gecko) Chrome/140.0.7339.207 Mobile Safari/537.36 (compatible; Googlebot/2.1; +http://www.google.com/bot.html)"
216.73.216.221 - - [05/Oct/2025:18:42:46 -0400] "GET /products188467046?kg=0186168750 HTTP/1.1" 404 9734 "-" "Mozilla/5.0 AppleWebKit/537.36 (KHTML, like Gecko; compatible; ClaudeBot/1.0; +claudebot@anthropic.com)"
66.249.73.11 - - [05/Oct/2025:18:43:35 -0400] "GET /?products4701342?kg=0004644090 HTTP/1.1" 200 1164 "-" "Mozilla/5.0 (Linux; Android 6.0.1; Nexus 5X Build/MMB29P) AppleWebKit/537.36 (KHTML, like Gecko) Chrome/140.0.7339.207 Mobile Safari/537.36 (compatible; Googlebot/2.1; +http://www.google.com/bot.html)"
20.171.207.56 - - [05/Oct/2025:18:43:44 -0400] "GET /products210605356?kg=0208037079 HTTP/1.1" 404 9745 "-" "Mozilla/5.0 AppleWebKit/537.36 (KHTML, like Gecko; compatible; GPTBot/1.2; +https://openai.com/gptbot)"
185.61.153.107 - - [05/Oct/2025:18:44:44 -0400] "POST /wp-cron.php?doing_wp_cron=1759704284.0745029449462890625000 HTTP/1.1" 200 0 "-" "WordPress/6.8.3; https://salhab360photos.com"
20.171.207.56 - - [05/Oct/2025:18:44:40 -0400] "GET /products210585430?kg=0208017398 HTTP/1.1" 404 9740 "-" "Mozilla/5.0 AppleWebKit/537.36 (KHTML, like Gecko; compatible; GPTBot/1.2; +https://openai.com/gptbot)"
