66.249.73.10 - - [05/Oct/2025:22:03:28 -0400] "GET /products5446066?kg=0005379732 HTTP/1.1" 200 28878 "-" "Mozilla/5.0 (Linux; Android 6.0.1; Nexus 5X Build/MMB29P) AppleWebKit/537.36 (KHTML, like Gecko) Chrome/140.0.7339.207 Mobile Safari/537.36 (compatible; Googlebot/2.1; +http://www.google.com/bot.html)"
216.73.216.221 - - [05/Oct/2025:22:03:33 -0400] "GET /products236425142?kg=0233541990 HTTP/1.1" 404 9738 "-" "Mozilla/5.0 AppleWebKit/537.36 (KHTML, like Gecko; compatible; ClaudeBot/1.0; +claudebot@anthropic.com)"
20.171.207.56 - - [05/Oct/2025:22:04:24 -0400] "GET /products210599484?kg=0208031279 HTTP/1.1" 404 9737 "-" "Mozilla/5.0 AppleWebKit/537.36 (KHTML, like Gecko; compatible; GPTBot/1.2; +https://openai.com/gptbot)"
216.73.216.221 - - [05/Oct/2025:22:04:32 -0400] "GET /products178912684?kg=0176730903 HTTP/1.1" 404 9739 "-" "Mozilla/5.0 AppleWebKit/537.36 (KHTML, like Gecko; compatible; ClaudeBot/1.0; +claudebot@anthropic.com)"
185.61.153.107 - - [05/Oct/2025:22:05:28 -0400] "POST /wp-cron.php?doing_wp_cron=1759716328.8790390491485595703125 HTTP/1.1" 200 0 "-" "WordPress/6.8.3; https://salhab360photos.com"
216.73.216.221 - - [05/Oct/2025:22:05:24 -0400] "GET /products106688360?kg=0105387365 HTTP/1.1" 404 9738 "-" "Mozilla/5.0 AppleWebKit/537.36 (KHTML, like Gecko; compatible; ClaudeBot/1.0; +claudebot@anthropic.com)"
20.171.207.56 - - [05/Oct/2025:22:05:29 -0400] "GET /products210607944?kg=0208039637 HTTP/1.1" 404 9739 "-" "Mozilla/5.0 AppleWebKit/537.36 (KHTML, like Gecko; compatible; GPTBot/1.2; +https://openai.com/gptbot)"
66.249.73.10 - - [05/Oct/2025:22:06:15 -0400] "GET /products5445816?kg=0005379485 HTTP/1.1" 200 29091 "-" "Mozilla/5.0 (Linux; Android 6.0.1; Nexus 5X Build/MMB29P) AppleWebKit/537.36 (KHTML, like Gecko) Chrome/140.0.7339.207 Mobile Safari/537.36 (compatible; Googlebot/2.1; +http://www.google.com/bot.html)"
20.171.207.56 - - [05/Oct/2025:22:06:30 -0400] "GET /products210617360?kg=0208048937 HTTP/1.1" 404 9738 "-" "Mozilla/5.0 AppleWebKit/537.36 (KHTML, like Gecko; compatible; GPTBot/1.2; +https://openai.com/gptbot)"
66.249.73.11 - - [05/Oct/2025:22:07:17 -0400] "GET /products5448736?kg=0005382369 HTTP/1.1" 200 29017 "-" "Mozilla/5.0 (Linux; Android 6.0.1; Nexus 5X Build/MMB29P) AppleWebKit/537.36 (KHTML, like Gecko) Chrome/140.0.7339.207 Mobile Safari/537.36 (compatible; Googlebot/2.1; +http://www.google.com/bot.html)"
66.249.73.11 - - [05/Oct/2025:22:07:22 -0400] "GET /products14739750?kg=0014560078 HTTP/1.1" 200 28877 "-" "Mozilla/5.0 (Linux; Android 6.0.1; Nexus 5X Build/MMB29P) AppleWebKit/537.36 (KHTML, like Gecko) Chrome/140.0.7339.207 Mobile Safari/537.36 (compatible; Googlebot/2.1; +http://www.google.com/bot.html)"
185.61.153.107 - - [05/Oct/2025:22:07:41 -0400] "POST /wp-cron.php?doing_wp_cron=1759716461.3762669563293457031250 HTTP/1.1" 200 0 "-" "WordPress/6.8.3; https://salhab360photos.com"
20.171.207.56 - - [05/Oct/2025:22:07:36 -0400] "GET /products210599570?kg=0208031364 HTTP/1.1" 404 9738 "-" "Mozilla/5.0 AppleWebKit/537.36 (KHTML, like Gecko; compatible; GPTBot/1.2; +https://openai.com/gptbot)"
216.73.216.221 - - [05/Oct/2025:22:04:58 -0400] "GET /products11508696?kg=0011368429 HTTP/1.1" 404 9738 "-" "Mozilla/5.0 AppleWebKit/537.36 (KHTML, like Gecko; compatible; ClaudeBot/1.0; +claudebot@anthropic.com)"
66.249.73.11 - - [05/Oct/2025:22:05:52 -0400] "GET /products7792378?kg=0007697432 HTTP/1.1" 200 29100 "-" "Mozilla/5.0 (Linux; Android 6.0.1; Nexus 5X Build/MMB29P) AppleWebKit/537.36 (KHTML, like Gecko) Chrome/140.0.7339.207 Mobile Safari/537.36 (compatible; Googlebot/2.1; +http://www.google.com/bot.html)"
185.61.153.107 - - [05/Oct/2025:22:06:33 -0400] "POST /wp-cron.php?doing_wp_cron=1759716393.9782459735870361328125 HTTP/1.1" 200 0 "-" "WordPress/6.8.3; https://salhab360photos.com"
66.249.73.10 - - [05/Oct/2025:22:08:25 -0400] "GET /products5448294?kg=0005381934 HTTP/1.1" 200 29002 "-" "Mozilla/5.0 (Linux; Android 6.0.1; Nexus 5X Build/MMB29P) AppleWebKit/537.36 (KHTML, like Gecko) Chrome/140.0.7339.207 Mobile Safari/537.36 (compatible; Googlebot/2.1; +http://www.google.com/bot.html)"
185.61.153.107 - - [05/Oct/2025:22:08:26 -0400] "POST /wp-cron.php?doing_wp_cron=1759716506.5771069526672363281250 HTTP/1.1" 200 0 "-" "WordPress/6.8.3; https://salhab360photos.com"
20.171.207.56 - - [05/Oct/2025:22:08:41 -0400] "GET /products210646716?kg=0208077935 HTTP/1.1" 404 9737 "-" "Mozilla/5.0 AppleWebKit/537.36 (KHTML, like Gecko; compatible; GPTBot/1.2; +https://openai.com/gptbot)"
185.61.153.107 - - [05/Oct/2025:22:09:41 -0400] "POST /wp-cron.php?doing_wp_cron=1759716581.2705819606781005859375 HTTP/1.1" 200 0 "-" "WordPress/6.8.3; https://salhab360photos.com"
5.39.1.229 - - [05/Oct/2025:22:09:37 -0400] "GET /products158879096?kg=0156941629 HTTP/1.1" 404 9730 "-" "Mozilla/5.0 (compatible; AhrefsBot/7.0; +http://ahrefs.com/robot/)"
66.249.73.12 - - [05/Oct/2025:22:10:16 -0400] "GET /products5448404?kg=0005382043 HTTP/1.1" 200 28993 "-" "Mozilla/5.0 (Linux; Android 6.0.1; Nexus 5X Build/MMB29P) AppleWebKit/537.36 (KHTML, like Gecko) Chrome/140.0.7339.207 Mobile Safari/537.36 (compatible; Googlebot/2.1; +http://www.google.com/bot.html)"
66.249.73.11 - - [05/Oct/2025:22:10:17 -0400] "GET /products5446276?kg=0005379939 HTTP/1.1" 200 28900 "-" "Mozilla/5.0 (Linux; Android 6.0.1; Nexus 5X Build/MMB29P) AppleWebKit/537.36 (KHTML, like Gecko) Chrome/140.0.7339.207 Mobile Safari/537.36 (compatible; Googlebot/2.1; +http://www.google.com/bot.html)"
185.61.153.107 - - [05/Oct/2025:22:10:50 -0400] "POST /wp-cron.php?doing_wp_cron=1759716650.2752490043640136718750 HTTP/1.1" 200 0 "-" "WordPress/6.8.3; https://salhab360photos.com"
20.171.207.56 - - [05/Oct/2025:22:10:48 -0400] "GET /products210624376?kg=0208055869 HTTP/1.1" 404 9738 "-" "Mozilla/5.0 AppleWebKit/537.36 (KHTML, like Gecko; compatible; GPTBot/1.2; +https://openai.com/gptbot)"
66.249.73.12 - - [05/Oct/2025:22:11:06 -0400] "GET /products1797144?kg=0001775309 HTTP/1.1" 200 29327 "-" "Mozilla/5.0 (Linux; Android 6.0.1; Nexus 5X Build/MMB29P) AppleWebKit/537.36 (KHTML, like Gecko) Chrome/140.0.7339.207 Mobile Safari/537.36 (compatible; Googlebot/2.1; +http://www.google.com/bot.html)"
66.249.73.11 - - [05/Oct/2025:22:11:53 -0400] "GET /?products14737814?kg=0014558166 HTTP/1.1" 200 1164 "-" "Mozilla/5.0 (Linux; Android 6.0.1; Nexus 5X Build/MMB29P) AppleWebKit/537.36 (KHTML, like Gecko) Chrome/140.0.7339.207 Mobile Safari/537.36 (compatible; Googlebot/2.1; +http://www.google.com/bot.html)"
66.249.73.10 - - [05/Oct/2025:22:12:48 -0400] "GET /?ctg/search/similarImageSearchResultView/?ctgItemCd=175638 HTTP/1.1" 200 1164 "-" "Mozilla/5.0 (Linux; Android 6.0.1; Nexus 5X Build/MMB29P) AppleWebKit/537.36 (KHTML, like Gecko) Chrome/140.0.7339.207 Mobile Safari/537.36 (compatible; Googlebot/2.1; +http://www.google.com/bot.html)"
185.61.153.107 - - [05/Oct/2025:22:12:57 -0400] "POST /wp-cron.php?doing_wp_cron=1759716777.7717359066009521484375 HTTP/1.1" 200 0 "-" "WordPress/6.8.3; https://salhab360photos.com"
66.249.73.12 - - [05/Oct/2025:22:13:10 -0400] "GET /?products14404612?kg=0014229027 HTTP/1.1" 200 1164 "-" "Mozilla/5.0 (Linux; Android 6.0.1; Nexus 5X Build/MMB29P) AppleWebKit/537.36 (KHTML, like Gecko) Chrome/140.0.7339.207 Mobile Safari/537.36 (compatible; Googlebot/2.1; +http://www.google.com/bot.html)"
66.249.73.10 - - [05/Oct/2025:22:13:23 -0400] "GET /?products13910676?kg=0013741115 HTTP/1.1" 200 1164 "-" "Mozilla/5.0 (Linux; Android 6.0.1; Nexus 5X Build/MMB29P) AppleWebKit/537.36 (KHTML, like Gecko) Chrome/140.0.7339.207 Mobile Safari/537.36 (compatible; Googlebot/2.1; +http://www.google.com/bot.html)"
20.171.207.56 - - [05/Oct/2025:22:13:59 -0400] "GET /products210616376?kg=0208047965 HTTP/1.1" 404 9729 "-" "Mozilla/5.0 AppleWebKit/537.36 (KHTML, like Gecko; compatible; GPTBot/1.2; +https://openai.com/gptbot)"
57.141.0.51 - - [05/Oct/2025:22:08:23 -0400] "GET /wp-json/oembed/1.0/embed?url=https%3A%2F%2Fsalhab360photos.com%2Fportfolio%2Fvideo-thumbnails-preview%2F HTTP/1.1" 200 2240 "-" "meta-externalagent/1.1 (+https://developers.facebook.com/docs/sharing/webmasters/crawler)"
20.171.207.56 - - [05/Oct/2025:22:09:44 -0400] "GET /products210611752?kg=0208043397 HTTP/1.1" 404 9739 "-" "Mozilla/5.0 AppleWebKit/537.36 (KHTML, like Gecko; compatible; GPTBot/1.2; +https://openai.com/gptbot)"
66.249.73.11 - - [05/Oct/2025:22:10:31 -0400] "GET /products5445378?kg=0005379052 HTTP/1.1" 200 29141 "-" "Mozilla/5.0 (Linux; Android 6.0.1; Nexus 5X Build/MMB29P) AppleWebKit/537.36 (KHTML, like Gecko) Chrome/140.0.7339.207 Mobile Safari/537.36 (compatible; Googlebot/2.1; +http://www.google.com/bot.html)"
185.61.153.107 - - [05/Oct/2025:22:11:55 -0400] "POST /wp-cron.php?doing_wp_cron=1759716715.1816639900207519531250 HTTP/1.1" 200 0 "-" "WordPress/6.8.3; https://salhab360photos.com"
20.171.207.56 - - [05/Oct/2025:22:11:52 -0400] "GET /products210644912?kg=0208076153 HTTP/1.1" 404 9738 "-" "Mozilla/5.0 AppleWebKit/537.36 (KHTML, like Gecko; compatible; GPTBot/1.2; +https://openai.com/gptbot)"
20.171.207.56 - - [05/Oct/2025:22:12:54 -0400] "GET /products210639956?kg=0208071259 HTTP/1.1" 404 9730 "-" "Mozilla/5.0 AppleWebKit/537.36 (KHTML, like Gecko; compatible; GPTBot/1.2; +https://openai.com/gptbot)"
185.61.153.107 - - [05/Oct/2025:22:14:04 -0400] "POST /wp-cron.php?doing_wp_cron=1759716844.3760299682617187500000 HTTP/1.1" 200 0 "-" "WordPress/6.8.3; https://salhab360photos.com"
51.68.247.200 - - [05/Oct/2025:22:14:28 -0400] "GET /products14554508?kg=0014377095 HTTP/1.1" 404 9737 "-" "Mozilla/5.0 (compatible; AhrefsBot/7.0; +http://ahrefs.com/robot/)"
66.249.73.10 - - [05/Oct/2025:22:14:53 -0400] "GET /?products14569068?kg=0014391479 HTTP/1.1" 200 1164 "-" "Mozilla/5.0 (Linux; Android 6.0.1; Nexus 5X Build/MMB29P) AppleWebKit/537.36 (KHTML, like Gecko) Chrome/140.0.7339.207 Mobile Safari/537.36 (compatible; Googlebot/2.1; +http://www.google.com/bot.html)"
185.61.153.107 - - [05/Oct/2025:22:15:06 -0400] "POST /wp-cron.php?doing_wp_cron=1759716906.3741910457611083984375 HTTP/1.1" 200 0 "-" "WordPress/6.8.3; https://salhab360photos.com"
20.171.207.56 - - [05/Oct/2025:22:15:00 -0400] "GET /products210615934?kg=0208047530 HTTP/1.1" 404 9740 "-" "Mozilla/5.0 AppleWebKit/537.36 (KHTML, like Gecko; compatible; GPTBot/1.2; +https://openai.com/gptbot)"
52.167.144.174 - - [05/Oct/2025:22:15:59 -0400] "GET /mbr/reminder/loginIdPasswordInquiryView/ HTTP/1.1" 200 28811 "-" "Mozilla/5.0 AppleWebKit/537.36 (KHTML, like Gecko; compatible; bingbot/2.0; +http://www.bing.com/bingbot.htm) Chrome/116.0.1938.76 Safari/537.36"
66.249.73.11 - - [05/Oct/2025:22:15:59 -0400] "GET /slider-example-4 HTTP/1.1" 200 29041 "-" "Mozilla/5.0 (Linux; Android 6.0.1; Nexus 5X Build/MMB29P) AppleWebKit/537.36 (KHTML, like Gecko) Chrome/140.0.7339.207 Mobile Safari/537.36 (compatible; Googlebot/2.1; +http://www.google.com/bot.html)"
185.61.153.107 - - [05/Oct/2025:22:16:09 -0400] "POST /wp-cron.php?doing_wp_cron=1759716969.4754190444946289062500 HTTP/1.1" 200 0 "-" "WordPress/6.8.3; https://salhab360photos.com"
66.249.73.11 - - [05/Oct/2025:22:16:14 -0400] "GET /?products14575500?kg=0014397831 HTTP/1.1" 200 1164 "-" "Mozilla/5.0 (Linux; Android 6.0.1; Nexus 5X Build/MMB29P) AppleWebKit/537.36 (KHTML, like Gecko) Chrome/140.0.7339.207 Mobile Safari/537.36 (compatible; Googlebot/2.1; +http://www.google.com/bot.html)"
216.73.216.221 - - [05/Oct/2025:22:16:10 -0400] "GET /products188476048?kg=0186177641 HTTP/1.1" 404 9737 "-" "Mozilla/5.0 AppleWebKit/537.36 (KHTML, like Gecko; compatible; ClaudeBot/1.0; +claudebot@anthropic.com)"
216.73.216.221 - - [05/Oct/2025:22:16:16 -0400] "GET /products188526938?kg=0186227912 HTTP/1.1" 404 9737 "-" "Mozilla/5.0 AppleWebKit/537.36 (KHTML, like Gecko; compatible; ClaudeBot/1.0; +claudebot@anthropic.com)"
66.249.73.11 - - [05/Oct/2025:22:14:17 -0400] "GET /?products14573254?kg=0014395614 HTTP/1.1" 200 1164 "-" "Mozilla/5.0 (Linux; Android 6.0.1; Nexus 5X Build/MMB29P) AppleWebKit/537.36 (KHTML, like Gecko) Chrome/140.0.7339.207 Mobile Safari/537.36 (compatible; Googlebot/2.1; +http://www.google.com/bot.html)"
66.249.73.10 - - [05/Oct/2025:22:14:47 -0400] "GET /products5445128?kg=0005378805 HTTP/1.1" 200 29240 "-" "Mozilla/5.0 (Linux; Android 6.0.1; Nexus 5X Build/MMB29P) AppleWebKit/537.36 (KHTML, like Gecko) Chrome/140.0.7339.207 Mobile Safari/537.36 (compatible; Googlebot/2.1; +http://www.google.com/bot.html)"
20.171.207.56 - - [05/Oct/2025:22:16:06 -0400] "GET /products210646734?kg=0208077954 HTTP/1.1" 404 9738 "-" "Mozilla/5.0 AppleWebKit/537.36 (KHTML, like Gecko; compatible; GPTBot/1.2; +https://openai.com/gptbot)"
216.73.216.221 - - [05/Oct/2025:22:16:10 -0400] "GET /robots.txt HTTP/1.1" 200 84 "-" "Mozilla/5.0 AppleWebKit/537.36 (KHTML, like Gecko; compatible; ClaudeBot/1.0; +claudebot@anthropic.com)"
216.73.216.221 - - [05/Oct/2025:22:16:22 -0400] "GET /products46005038?kg=0045444082 HTTP/1.1" 404 9738 "-" "Mozilla/5.0 AppleWebKit/537.36 (KHTML, like Gecko; compatible; ClaudeBot/1.0; +claudebot@anthropic.com)"
216.73.216.221 - - [05/Oct/2025:22:16:31 -0400] "GET /products45982698?kg=0045422016 HTTP/1.1" 404 9729 "-" "Mozilla/5.0 AppleWebKit/537.36 (KHTML, like Gecko; compatible; ClaudeBot/1.0; +claudebot@anthropic.com)"
66.249.73.10 - - [05/Oct/2025:22:16:42 -0400] "GET /?products14577760?kg=0014400065 HTTP/1.1" 200 1164 "-" "Mozilla/5.0 (Linux; Android 6.0.1; Nexus 5X Build/MMB29P) AppleWebKit/537.36 (KHTML, like Gecko) Chrome/140.0.7339.207 Mobile Safari/537.36 (compatible; Googlebot/2.1; +http://www.google.com/bot.html)"
66.249.73.12 - - [05/Oct/2025:22:17:06 -0400] "GET /products4735290?kg=0004677624 HTTP/1.1" 200 29421 "-" "Mozilla/5.0 (Linux; Android 6.0.1; Nexus 5X Build/MMB29P) AppleWebKit/537.36 (KHTML, like Gecko) Chrome/140.0.7339.207 Mobile Safari/537.36 (compatible; Googlebot/2.1; +http://www.google.com/bot.html)"
185.61.153.107 - - [05/Oct/2025:22:17:11 -0400] "POST /wp-cron.php?doing_wp_cron=1759717031.9722909927368164062500 HTTP/1.1" 200 0 "-" "WordPress/6.8.3; https://salhab360photos.com"
216.73.216.221 - - [05/Oct/2025:22:17:45 -0400] "GET /products46036144?kg=0045474809 HTTP/1.1" 404 9738 "-" "Mozilla/5.0 AppleWebKit/537.36 (KHTML, like Gecko; compatible; ClaudeBot/1.0; +claudebot@anthropic.com)"
66.249.73.10 - - [05/Oct/2025:22:17:53 -0400] "GET /?products14569318?kg=0014391726 HTTP/1.1" 200 1164 "-" "Mozilla/5.0 (Linux; Android 6.0.1; Nexus 5X Build/MMB29P) AppleWebKit/537.36 (KHTML, like Gecko) Chrome/140.0.7339.207 Mobile Safari/537.36 (compatible; Googlebot/2.1; +http://www.google.com/bot.html)"
185.61.153.107 - - [05/Oct/2025:22:18:09 -0400] "POST /wp-cron.php?doing_wp_cron=1759717089.6802990436553955078125 HTTP/1.1" 200 0 "-" "WordPress/6.8.3; https://salhab360photos.com"
66.249.73.12 - - [05/Oct/2025:22:18:29 -0400] "GET /?products14575824?kg=0014398153 HTTP/1.1" 200 1164 "-" "Mozilla/5.0 (Linux; Android 6.0.1; Nexus 5X Build/MMB29P) AppleWebKit/537.36 (KHTML, like Gecko) Chrome/140.0.7339.207 Mobile Safari/537.36 (compatible; Googlebot/2.1; +http://www.google.com/bot.html)"
216.73.216.221 - - [05/Oct/2025:22:18:39 -0400] "GET /products62185570?kg=0061427292 HTTP/1.1" 404 9737 "-" "Mozilla/5.0 AppleWebKit/537.36 (KHTML, like Gecko; compatible; ClaudeBot/1.0; +claudebot@anthropic.com)"
185.61.153.107 - - [05/Oct/2025:22:19:19 -0400] "POST /wp-cron.php?doing_wp_cron=1759717159.1736140251159667968750 HTTP/1.1" 200 0 "-" "WordPress/6.8.3; https://salhab360photos.com"
20.171.207.56 - - [05/Oct/2025:22:19:15 -0400] "GET /products210585630?kg=0208017594 HTTP/1.1" 404 9740 "-" "Mozilla/5.0 AppleWebKit/537.36 (KHTML, like Gecko; compatible; GPTBot/1.2; +https://openai.com/gptbot)"
216.73.216.221 - - [05/Oct/2025:22:16:28 -0400] "GET /products46015084?kg=0045454007 HTTP/1.1" 404 9738 "-" "Mozilla/5.0 AppleWebKit/537.36 (KHTML, like Gecko; compatible; ClaudeBot/1.0; +claudebot@anthropic.com)"
20.171.207.56 - - [05/Oct/2025:22:17:08 -0400] "GET /products210613716?kg=0208045339 HTTP/1.1" 404 9738 "-" "Mozilla/5.0 AppleWebKit/537.36 (KHTML, like Gecko; compatible; GPTBot/1.2; +https://openai.com/gptbot)"
66.249.73.11 - - [05/Oct/2025:22:17:34 -0400] "GET /products5447424?kg=0005381073 HTTP/1.1" 200 29214 "-" "Mozilla/5.0 (Linux; Android 6.0.1; Nexus 5X Build/MMB29P) AppleWebKit/537.36 (KHTML, like Gecko) Chrome/140.0.7339.207 Mobile Safari/537.36 (compatible; Googlebot/2.1; +http://www.google.com/bot.html)"
216.73.216.221 - - [05/Oct/2025:22:17:53 -0400] "GET /products45993304?kg=0045432493 HTTP/1.1" 404 9736 "-" "Mozilla/5.0 AppleWebKit/537.36 (KHTML, like Gecko; compatible; ClaudeBot/1.0; +claudebot@anthropic.com)"
216.73.216.221 - - [05/Oct/2025:22:17:59 -0400] "GET /products62183634?kg=0061425380 HTTP/1.1" 404 9736 "-" "Mozilla/5.0 AppleWebKit/537.36 (KHTML, like Gecko; compatible; ClaudeBot/1.0; +claudebot@anthropic.com)"
216.73.216.221 - - [05/Oct/2025:22:18:05 -0400] "GET /products46041848?kg=0045480445 HTTP/1.1" 404 9729 "-" "Mozilla/5.0 AppleWebKit/537.36 (KHTML, like Gecko; compatible; ClaudeBot/1.0; +claudebot@anthropic.com)"
20.171.207.56 - - [05/Oct/2025:22:18:11 -0400] "GET /products210613356?kg=0208044983 HTTP/1.1" 404 9738 "-" "Mozilla/5.0 AppleWebKit/537.36 (KHTML, like Gecko; compatible; GPTBot/1.2; +https://openai.com/gptbot)"
216.73.216.221 - - [05/Oct/2025:22:18:27 -0400] "GET /products46016068?kg=0045454979 HTTP/1.1" 404 9739 "-" "Mozilla/5.0 AppleWebKit/537.36 (KHTML, like Gecko; compatible; ClaudeBot/1.0; +claudebot@anthropic.com)"
216.73.216.221 - - [05/Oct/2025:22:18:33 -0400] "GET /products62182486?kg=0061424246 HTTP/1.1" 404 9738 "-" "Mozilla/5.0 AppleWebKit/537.36 (KHTML, like Gecko; compatible; ClaudeBot/1.0; +claudebot@anthropic.com)"
66.249.73.10 - - [05/Oct/2025:22:19:05 -0400] "GET /?products14408962?kg=0014233324 HTTP/1.1" 200 1164 "-" "Mozilla/5.0 (Linux; Android 6.0.1; Nexus 5X Build/MMB29P) AppleWebKit/537.36 (KHTML, like Gecko) Chrome/140.0.7339.207 Mobile Safari/537.36 (compatible; Googlebot/2.1; +http://www.google.com/bot.html)"
51.68.247.209 - - [05/Oct/2025:22:19:15 -0400] "GET /products14531794?kg=0014354660 HTTP/1.1" 404 9728 "-" "Mozilla/5.0 (compatible; AhrefsBot/7.0; +http://ahrefs.com/robot/)"
66.249.73.10 - - [05/Oct/2025:22:19:21 -0400] "GET /products5445374?kg=0005379050 HTTP/1.1" 200 29294 "-" "Mozilla/5.0 (Linux; Android 6.0.1; Nexus 5X Build/MMB29P) AppleWebKit/537.36 (KHTML, like Gecko) Chrome/140.0.7339.207 Mobile Safari/537.36 (compatible; Googlebot/2.1; +http://www.google.com/bot.html)"
66.249.73.12 - - [05/Oct/2025:22:20:10 -0400] "GET /products5448330?kg=0005381968 HTTP/1.1" 200 29160 "-" "Mozilla/5.0 (Linux; Android 6.0.1; Nexus 5X Build/MMB29P) AppleWebKit/537.36 (KHTML, like Gecko) Chrome/140.0.7339.207 Mobile Safari/537.36 (compatible; Googlebot/2.1; +http://www.google.com/bot.html)"
66.249.73.10 - - [05/Oct/2025:22:20:16 -0400] "GET /products5447420?kg=0005381071 HTTP/1.1" 200 29150 "-" "Mozilla/5.0 (Linux; Android 6.0.1; Nexus 5X Build/MMB29P) AppleWebKit/537.36 (KHTML, like Gecko) Chrome/140.0.7339.207 Mobile Safari/537.36 (compatible; Googlebot/2.1; +http://www.google.com/bot.html)"
66.249.73.11 - - [05/Oct/2025:22:20:17 -0400] "GET /categories/11607452 HTTP/1.1" 200 28977 "-" "Mozilla/5.0 (Linux; Android 6.0.1; Nexus 5X Build/MMB29P) AppleWebKit/537.36 (KHTML, like Gecko) Chrome/140.0.7339.207 Mobile Safari/537.36 (compatible; Googlebot/2.1; +http://www.google.com/bot.html)"
185.61.153.107 - - [05/Oct/2025:22:20:22 -0400] "POST /wp-cron.php?doing_wp_cron=1759717222.6717219352722167968750 HTTP/1.1" 200 0 "-" "WordPress/6.8.3; https://salhab360photos.com"
66.249.73.10 - - [05/Oct/2025:22:20:35 -0400] "GET /?ctg/search/similarImageSearchResultView/?ctgItemCd=161091 HTTP/1.1" 200 1164 "-" "Mozilla/5.0 (Linux; Android 6.0.1; Nexus 5X Build/MMB29P) AppleWebKit/537.36 (KHTML, like Gecko) Chrome/140.0.7339.207 Mobile Safari/537.36 (compatible; Googlebot/2.1; +http://www.google.com/bot.html)"
66.249.73.10 - - [05/Oct/2025:22:20:53 -0400] "GET /products12709590?kg=0012554678 HTTP/1.1" 200 30104 "-" "Mozilla/5.0 (Linux; Android 6.0.1; Nexus 5X Build/MMB29P) AppleWebKit/537.36 (KHTML, like Gecko) Chrome/140.0.7339.207 Mobile Safari/537.36 (compatible; Googlebot/2.1; +http://www.google.com/bot.html)"
20.171.207.56 - - [05/Oct/2025:22:21:23 -0400] "GET /products210612276?kg=0208043915 HTTP/1.1" 404 9738 "-" "Mozilla/5.0 AppleWebKit/537.36 (KHTML, like Gecko; compatible; GPTBot/1.2; +https://openai.com/gptbot)"
216.73.216.221 - - [05/Oct/2025:22:21:32 -0400] "GET /products45987782?kg=0045427038 HTTP/1.1" 404 9738 "-" "Mozilla/5.0 AppleWebKit/537.36 (KHTML, like Gecko; compatible; ClaudeBot/1.0; +claudebot@anthropic.com)"
216.73.216.221 - - [05/Oct/2025:22:21:46 -0400] "GET /products45978010?kg=0045417384 HTTP/1.1" 404 9739 "-" "Mozilla/5.0 AppleWebKit/537.36 (KHTML, like Gecko; compatible; ClaudeBot/1.0; +claudebot@anthropic.com)"
216.73.216.221 - - [05/Oct/2025:22:21:52 -0400] "GET /products46037748?kg=0045476395 HTTP/1.1" 404 9738 "-" "Mozilla/5.0 AppleWebKit/537.36 (KHTML, like Gecko; compatible; ClaudeBot/1.0; +claudebot@anthropic.com)"
185.61.153.107 - - [05/Oct/2025:22:22:10 -0400] "POST /wp-cron.php?doing_wp_cron=1759717330.3799660205841064453125 HTTP/1.1" 200 0 "-" "WordPress/6.8.3; https://salhab360photos.com"
216.73.216.221 - - [05/Oct/2025:22:22:08 -0400] "GET /products188500580?kg=0186201875 HTTP/1.1" 404 9736 "-" "Mozilla/5.0 AppleWebKit/537.36 (KHTML, like Gecko; compatible; ClaudeBot/1.0; +claudebot@anthropic.com)"
66.249.73.12 - - [05/Oct/2025:22:22:14 -0400] "GET /?products11610180?kg=0011468675 HTTP/1.1" 200 1164 "-" "Mozilla/5.0 (Linux; Android 6.0.1; Nexus 5X Build/MMB29P) AppleWebKit/537.36 (KHTML, like Gecko) Chrome/140.0.7339.207 Mobile Safari/537.36 (compatible; Googlebot/2.1; +http://www.google.com/bot.html)"
66.249.73.11 - - [05/Oct/2025:22:22:43 -0400] "GET /?products14742252?kg=0014562551 HTTP/1.1" 200 1164 "-" "Mozilla/5.0 (Linux; Android 6.0.1; Nexus 5X Build/MMB29P) AppleWebKit/537.36 (KHTML, like Gecko) Chrome/140.0.7339.207 Mobile Safari/537.36 (compatible; Googlebot/2.1; +http://www.google.com/bot.html)"
66.249.73.10 - - [05/Oct/2025:22:22:48 -0400] "GET /products5445616?kg=0005379289 HTTP/1.1" 200 31918 "-" "Mozilla/5.0 (Linux; Android 6.0.1; Nexus 5X Build/MMB29P) AppleWebKit/537.36 (KHTML, like Gecko) Chrome/140.0.7339.207 Mobile Safari/537.36 (compatible; Googlebot/2.1; +http://www.google.com/bot.html)"
66.249.73.11 - - [05/Oct/2025:22:23:47 -0400] "GET /products5446982?kg=0005380638 HTTP/1.1" 200 29264 "-" "Mozilla/5.0 (Linux; Android 6.0.1; Nexus 5X Build/MMB29P) AppleWebKit/537.36 (KHTML, like Gecko) Chrome/140.0.7339.207 Mobile Safari/537.36 (compatible; Googlebot/2.1; +http://www.google.com/bot.html)"
66.249.73.11 - - [05/Oct/2025:22:23:55 -0400] "GET /?products14574152?kg=0014396501 HTTP/1.1" 200 1164 "-" "Mozilla/5.0 (Linux; Android 6.0.1; Nexus 5X Build/MMB29P) AppleWebKit/537.36 (KHTML, like Gecko) Chrome/140.0.7339.207 Mobile Safari/537.36 (compatible; Googlebot/2.1; +http://www.google.com/bot.html)"
94.23.188.205 - - [05/Oct/2025:22:23:51 -0400] "GET /products140662390?kg=0138947078 HTTP/1.1" 404 9737 "-" "Mozilla/5.0 (compatible; AhrefsBot/7.0; +http://ahrefs.com/robot/)"
216.73.216.221 - - [05/Oct/2025:22:24:06 -0400] "GET /products46031976?kg=0045470693 HTTP/1.1" 404 9737 "-" "Mozilla/5.0 AppleWebKit/537.36 (KHTML, like Gecko; compatible; ClaudeBot/1.0; +claudebot@anthropic.com)"
216.73.216.221 - - [05/Oct/2025:22:24:15 -0400] "GET /products46032700?kg=0045471407 HTTP/1.1" 404 9738 "-" "Mozilla/5.0 AppleWebKit/537.36 (KHTML, like Gecko; compatible; ClaudeBot/1.0; +claudebot@anthropic.com)"
66.249.73.11 - - [05/Oct/2025:22:19:23 -0400] "GET /products11278822?kg=0011141358 HTTP/1.1" 200 28732 "-" "Mozilla/5.0 (Linux; Android 6.0.1; Nexus 5X Build/MMB29P) AppleWebKit/537.36 (KHTML, like Gecko) Chrome/140.0.7339.207 Mobile Safari/537.36 (compatible; Googlebot/2.1; +http://www.google.com/bot.html)"
20.171.207.56 - - [05/Oct/2025:22:20:18 -0400] "GET /products210644388?kg=0208075635 HTTP/1.1" 404 9737 "-" "Mozilla/5.0 AppleWebKit/537.36 (KHTML, like Gecko; compatible; GPTBot/1.2; +https://openai.com/gptbot)"
185.61.153.107 - - [05/Oct/2025:22:21:28 -0400] "POST /wp-cron.php?doing_wp_cron=1759717288.4754590988159179687500 HTTP/1.1" 200 0 "-" "WordPress/6.8.3; https://salhab360photos.com"
216.73.216.221 - - [05/Oct/2025:22:21:40 -0400] "GET /products46050016?kg=0045488513 HTTP/1.1" 404 9728 "-" "Mozilla/5.0 AppleWebKit/537.36 (KHTML, like Gecko; compatible; ClaudeBot/1.0; +claudebot@anthropic.com)"
216.73.216.221 - - [05/Oct/2025:22:22:02 -0400] "GET /products46047132?kg=0045485663 HTTP/1.1" 404 9737 "-" "Mozilla/5.0 AppleWebKit/537.36 (KHTML, like Gecko; compatible; ClaudeBot/1.0; +claudebot@anthropic.com)"
216.73.216.221 - - [05/Oct/2025:22:22:11 -0400] "GET /products46035288?kg=0045473965 HTTP/1.1" 404 9739 "-" "Mozilla/5.0 AppleWebKit/537.36 (KHTML, like Gecko; compatible; ClaudeBot/1.0; +claudebot@anthropic.com)"
20.171.207.56 - - [05/Oct/2025:22:22:28 -0400] "GET /products210599744?kg=0208031537 HTTP/1.1" 404 9738 "-" "Mozilla/5.0 AppleWebKit/537.36 (KHTML, like Gecko; compatible; GPTBot/1.2; +https://openai.com/gptbot)"
185.61.153.107 - - [05/Oct/2025:22:23:39 -0400] "POST /wp-cron.php?doing_wp_cron=1759717419.3707480430603027343750 HTTP/1.1" 200 0 "-" "WordPress/6.8.3; https://salhab360photos.com"
20.171.207.56 - - [05/Oct/2025:22:23:34 -0400] "GET /products210641304?kg=0208072589 HTTP/1.1" 404 9737 "-" "Mozilla/5.0 AppleWebKit/537.36 (KHTML, like Gecko; compatible; GPTBot/1.2; +https://openai.com/gptbot)"
66.249.73.11 - - [05/Oct/2025:22:23:48 -0400] "GET /products5445652?kg=0005379323 HTTP/1.1" 200 29787 "-" "Mozilla/5.0 (Linux; Android 6.0.1; Nexus 5X Build/MMB29P) AppleWebKit/537.36 (KHTML, like Gecko) Chrome/140.0.7339.207 Mobile Safari/537.36 (compatible; Googlebot/2.1; +http://www.google.com/bot.html)"
66.249.73.12 - - [05/Oct/2025:22:24:02 -0400] "GET /products5445834?kg=0005379504 HTTP/1.1" 200 29025 "-" "Mozilla/5.0 (Linux; Android 6.0.1; Nexus 5X Build/MMB29P) AppleWebKit/537.36 (KHTML, like Gecko) Chrome/140.0.7339.207 Mobile Safari/537.36 (compatible; Googlebot/2.1; +http://www.google.com/bot.html)"
185.61.153.107 - - [05/Oct/2025:22:24:10 -0400] "POST /wp-cron.php?doing_wp_cron=1759717450.7715890407562255859375 HTTP/1.1" 200 0 "-" "WordPress/6.8.3; https://salhab360photos.com"
216.73.216.221 - - [05/Oct/2025:22:24:21 -0400] "GET /products46026104?kg=0045464893 HTTP/1.1" 404 9737 "-" "Mozilla/5.0 AppleWebKit/537.36 (KHTML, like Gecko; compatible; ClaudeBot/1.0; +claudebot@anthropic.com)"
216.73.216.221 - - [05/Oct/2025:22:24:28 -0400] "GET /products27058688?kg=0026728785 HTTP/1.1" 404 9738 "-" "Mozilla/5.0 AppleWebKit/537.36 (KHTML, like Gecko; compatible; ClaudeBot/1.0; +claudebot@anthropic.com)"
20.171.207.56 - - [05/Oct/2025:22:24:34 -0400] "GET /products210584724?kg=0208016699 HTTP/1.1" 404 9738 "-" "Mozilla/5.0 AppleWebKit/537.36 (KHTML, like Gecko; compatible; GPTBot/1.2; +https://openai.com/gptbot)"
216.73.216.221 - - [05/Oct/2025:22:24:46 -0400] "GET /products236465528?kg=0233581885 HTTP/1.1" 404 9739 "-" "Mozilla/5.0 AppleWebKit/537.36 (KHTML, like Gecko; compatible; ClaudeBot/1.0; +claudebot@anthropic.com)"
66.249.73.11 - - [05/Oct/2025:22:25:34 -0400] "GET /?ctg/search/similarImageSearchResultView/?ctgItemCd=12024 HTTP/1.1" 200 1164 "-" "Mozilla/5.0 (Linux; Android 6.0.1; Nexus 5X Build/MMB29P) AppleWebKit/537.36 (KHTML, like Gecko) Chrome/140.0.7339.207 Mobile Safari/537.36 (compatible; Googlebot/2.1; +http://www.google.com/bot.html)"
20.171.207.56 - - [05/Oct/2025:22:25:37 -0400] "GET /products210648324?kg=0208079523 HTTP/1.1" 404 9740 "-" "Mozilla/5.0 AppleWebKit/537.36 (KHTML, like Gecko; compatible; GPTBot/1.2; +https://openai.com/gptbot)"
216.73.216.221 - - [05/Oct/2025:22:26:25 -0400] "GET /products234389998?kg=0231531666 HTTP/1.1" 404 9731 "-" "Mozilla/5.0 AppleWebKit/537.36 (KHTML, like Gecko; compatible; ClaudeBot/1.0; +claudebot@anthropic.com)"
66.249.73.11 - - [05/Oct/2025:22:26:36 -0400] "GET /?products14741632?kg=0014561937 HTTP/1.1" 200 1164 "-" "Mozilla/5.0 (Linux; Android 6.0.1; Nexus 5X Build/MMB29P) AppleWebKit/537.36 (KHTML, like Gecko) Chrome/140.0.7339.207 Mobile Safari/537.36 (compatible; Googlebot/2.1; +http://www.google.com/bot.html)"
20.171.207.56 - - [05/Oct/2025:22:26:38 -0400] "GET /products210583376?kg=0208015369 HTTP/1.1" 404 9737 "-" "Mozilla/5.0 AppleWebKit/537.36 (KHTML, like Gecko; compatible; GPTBot/1.2; +https://openai.com/gptbot)"
66.249.73.10 - - [05/Oct/2025:22:26:58 -0400] "GET /products5447870?kg=0005381514 HTTP/1.1" 200 28914 "-" "Mozilla/5.0 (Linux; Android 6.0.1; Nexus 5X Build/MMB29P) AppleWebKit/537.36 (KHTML, like Gecko) Chrome/140.0.7339.207 Mobile Safari/537.36 (compatible; Googlebot/2.1; +http://www.google.com/bot.html)"
216.73.216.221 - - [05/Oct/2025:22:27:00 -0400] "GET /products106674050?kg=0105373228 HTTP/1.1" 404 9738 "-" "Mozilla/5.0 AppleWebKit/537.36 (KHTML, like Gecko; compatible; ClaudeBot/1.0; +claudebot@anthropic.com)"
216.73.216.221 - - [05/Oct/2025:22:27:06 -0400] "GET /products11519606?kg=0011379206 HTTP/1.1" 404 9737 "-" "Mozilla/5.0 AppleWebKit/537.36 (KHTML, like Gecko; compatible; ClaudeBot/1.0; +claudebot@anthropic.com)"
216.73.216.221 - - [05/Oct/2025:22:27:12 -0400] "GET /products109342162?kg=0108008804 HTTP/1.1" 404 9739 "-" "Mozilla/5.0 AppleWebKit/537.36 (KHTML, like Gecko; compatible; ClaudeBot/1.0; +claudebot@anthropic.com)"
20.171.207.56 - - [05/Oct/2025:22:27:38 -0400] "GET /products210581936?kg=0208013945 HTTP/1.1" 404 9739 "-" "Mozilla/5.0 AppleWebKit/537.36 (KHTML, like Gecko; compatible; GPTBot/1.2; +https://openai.com/gptbot)"
66.249.73.11 - - [05/Oct/2025:22:28:29 -0400] "GET /products5447588?kg=0005381235 HTTP/1.1" 200 28924 "-" "Mozilla/5.0 (Linux; Android 6.0.1; Nexus 5X Build/MMB29P) AppleWebKit/537.36 (KHTML, like Gecko) Chrome/140.0.7339.207 Mobile Safari/537.36 (compatible; Googlebot/2.1; +http://www.google.com/bot.html)"
164.90.241.135 - - [05/Oct/2025:22:28:55 -0400] "GET /index.html HTTP/1.1" 200 1404 "-" "Mozilla/5.0 (Windows NT 10.0; Win64; x64) AppleWebKit/537.36 (KHTML, like Gecko) Chrome/132.0.0.0 Safari/537.36 Edg/132.0.0.0"
174.138.112.39 - - [05/Oct/2025:22:28:55 -0400] "GET /index.html HTTP/1.1" 200 1404 "-" "Mozilla/5.0 (Windows NT 10.0; Win64; x64) AppleWebKit/537.36 (KHTML, like Gecko) Chrome/132.0.0.0 Safari/537.36 Edg/132.0.0.0"
92.222.108.118 - - [05/Oct/2025:22:29:00 -0400] "GET /products120846876?kg=0119373215 HTTP/1.1" 404 9738 "-" "Mozilla/5.0 (compatible; AhrefsBot/7.0; +http://ahrefs.com/robot/)"
216.73.216.221 - - [05/Oct/2025:22:24:34 -0400] "GET /products146021746?kg=0144241076 HTTP/1.1" 404 9739 "-" "Mozilla/5.0 AppleWebKit/537.36 (KHTML, like Gecko; compatible; ClaudeBot/1.0; +claudebot@anthropic.com)"
216.73.216.221 - - [05/Oct/2025:22:24:40 -0400] "GET /products109377208?kg=0108043421 HTTP/1.1" 404 9737 "-" "Mozilla/5.0 AppleWebKit/537.36 (KHTML, like Gecko; compatible; ClaudeBot/1.0; +claudebot@anthropic.com)"
66.249.73.10 - - [05/Oct/2025:22:25:19 -0400] "GET /products444308?kg=0000438971 HTTP/1.1" 200 29812 "-" "Mozilla/5.0 (Linux; Android 6.0.1; Nexus 5X Build/MMB29P) AppleWebKit/537.36 (KHTML, like Gecko) Chrome/140.0.7339.207 Mobile Safari/537.36 (compatible; Googlebot/2.1; +http://www.google.com/bot.html)"
185.61.153.107 - - [05/Oct/2025:22:25:39 -0400] "POST /wp-cron.php?doing_wp_cron=1759717539.8731191158294677734375 HTTP/1.1" 200 0 "-" "WordPress/6.8.3; https://salhab360photos.com"
66.249.73.10 - - [05/Oct/2025:22:25:47 -0400] "GET /products5840158?kg=0005769018 HTTP/1.1" 200 28714 "-" "Mozilla/5.0 (Linux; Android 6.0.1; Nexus 5X Build/MMB29P) AppleWebKit/537.36 (KHTML, like Gecko) Chrome/140.0.7339.207 Mobile Safari/537.36 (compatible; Googlebot/2.1; +http://www.google.com/bot.html)"
66.249.73.12 - - [05/Oct/2025:22:26:02 -0400] "GET /products14577336?kg=0014399645 HTTP/1.1" 200 28569 "-" "Mozilla/5.0 (Linux; Android 6.0.1; Nexus 5X Build/MMB29P) AppleWebKit/537.36 (KHTML, like Gecko) Chrome/140.0.7339.207 Mobile Safari/537.36 (compatible; Googlebot/2.1; +http://www.google.com/bot.html)"
185.61.153.107 - - [05/Oct/2025:22:26:21 -0400] "POST /wp-cron.php?doing_wp_cron=1759717581.6750359535217285156250 HTTP/1.1" 200 0 "-" "WordPress/6.8.3; https://salhab360photos.com"
216.73.216.221 - - [05/Oct/2025:22:26:17 -0400] "GET /products55908712?kg=0055226981 HTTP/1.1" 404 9728 "-" "Mozilla/5.0 AppleWebKit/537.36 (KHTML, like Gecko; compatible; ClaudeBot/1.0; +claudebot@anthropic.com)"
216.73.216.221 - - [05/Oct/2025:22:26:31 -0400] "GET /products236456180?kg=0233572651 HTTP/1.1" 404 9730 "-" "Mozilla/5.0 AppleWebKit/537.36 (KHTML, like Gecko; compatible; ClaudeBot/1.0; +claudebot@anthropic.com)"
216.73.216.221 - - [05/Oct/2025:22:26:37 -0400] "GET /products27049586?kg=0026719796 HTTP/1.1" 404 9738 "-" "Mozilla/5.0 AppleWebKit/537.36 (KHTML, like Gecko; compatible; ClaudeBot/1.0; +claudebot@anthropic.com)"
216.73.216.221 - - [05/Oct/2025:22:26:51 -0400] "GET /products236396160?kg=0233513361 HTTP/1.1" 404 9739 "-" "Mozilla/5.0 AppleWebKit/537.36 (KHTML, like Gecko; compatible; ClaudeBot/1.0; +claudebot@anthropic.com)"
216.73.216.221 - - [05/Oct/2025:22:26:57 -0400] "GET /products106689334?kg=0105388326 HTTP/1.1" 404 9737 "-" "Mozilla/5.0 AppleWebKit/537.36 (KHTML, like Gecko; compatible; ClaudeBot/1.0; +claudebot@anthropic.com)"
185.61.153.107 - - [05/Oct/2025:22:27:09 -0400] "POST /wp-cron.php?doing_wp_cron=1759717629.3734700679779052734375 HTTP/1.1" 200 0 "-" "WordPress/6.8.3; https://salhab360photos.com"
185.61.153.107 - - [05/Oct/2025:22:28:44 -0400] "POST /wp-cron.php?doing_wp_cron=1759717724.5762999057769775390625 HTTP/1.1" 200 0 "-" "WordPress/6.8.3; https://salhab360photos.com"
20.171.207.56 - - [05/Oct/2025:22:28:40 -0400] "GET /products210607652?kg=0208039347 HTTP/1.1" 404 9736 "-" "Mozilla/5.0 AppleWebKit/537.36 (KHTML, like Gecko; compatible; GPTBot/1.2; +https://openai.com/gptbot)"
35.179.112.109 - - [05/Oct/2025:22:28:54 -0400] "GET /index.html HTTP/1.1" 200 1404 "-" "Mozilla/5.0 (Windows NT 10.0; Win64; x64) AppleWebKit/537.36 (KHTML, like Gecko) Chrome/132.0.0.0 Safari/537.36 Edg/132.0.0.0"
46.101.70.221 - - [05/Oct/2025:22:28:55 -0400] "GET /index.html HTTP/1.1" 200 1404 "-" "Mozilla/5.0 (Windows NT 10.0; Win64; x64) AppleWebKit/537.36 (KHTML, like Gecko) Chrome/132.0.0.0 Safari/537.36 Edg/132.0.0.0"
66.249.73.11 - - [05/Oct/2025:22:29:24 -0400] "GET /products5446558?kg=0005380218 HTTP/1.1" 200 31071 "-" "Mozilla/5.0 (Linux; Android 6.0.1; Nexus 5X Build/MMB29P) AppleWebKit/537.36 (KHTML, like Gecko) Chrome/140.0.7339.207 Mobile Safari/537.36 (compatible; Googlebot/2.1; +http://www.google.com/bot.html)"
66.249.73.12 - - [05/Oct/2025:22:29:26 -0400] "GET /products5447506?kg=0005381156 HTTP/1.1" 200 28856 "-" "Mozilla/5.0 (Linux; Android 6.0.1; Nexus 5X Build/MMB29P) AppleWebKit/537.36 (KHTML, like Gecko) Chrome/140.0.7339.207 Mobile Safari/537.36 (compatible; Googlebot/2.1; +http://www.google.com/bot.html)"
185.61.153.107 - - [05/Oct/2025:22:29:49 -0400] "POST /wp-cron.php?doing_wp_cron=1759717789.6707470417022705078125 HTTP/1.1" 200 0 "-" "WordPress/6.8.3; https://salhab360photos.com"
66.249.73.11 - - [05/Oct/2025:22:30:18 -0400] "GET /products1964880?kg=0001941001 HTTP/1.1" 200 30035 "-" "Mozilla/5.0 (Linux; Android 6.0.1; Nexus 5X Build/MMB29P) AppleWebKit/537.36 (KHTML, like Gecko) Chrome/140.0.7339.207 Mobile Safari/537.36 (compatible; Googlebot/2.1; +http://www.google.com/bot.html)"
66.249.73.10 - - [05/Oct/2025:22:30:48 -0400] "GET /products11949236?kg=0011803595 HTTP/1.1" 200 28960 "-" "Mozilla/5.0 (Linux; Android 6.0.1; Nexus 5X Build/MMB29P) AppleWebKit/537.36 (KHTML, like Gecko) Chrome/140.0.7339.207 Mobile Safari/537.36 (compatible; Googlebot/2.1; +http://www.google.com/bot.html)"
66.249.73.11 - - [05/Oct/2025:22:31:15 -0400] "GET /products5448494?kg=0005382130 HTTP/1.1" 200 29122 "-" "Mozilla/5.0 (Linux; Android 6.0.1; Nexus 5X Build/MMB29P) AppleWebKit/537.36 (KHTML, like Gecko) Chrome/140.0.7339.207 Mobile Safari/537.36 (compatible; Googlebot/2.1; +http://www.google.com/bot.html)"
66.249.73.11 - - [05/Oct/2025:22:31:20 -0400] "GET /products5446800?kg=0005380457 HTTP/1.1" 200 29223 "-" "Mozilla/5.0 (Linux; Android 6.0.1; Nexus 5X Build/MMB29P) AppleWebKit/537.36 (KHTML, like Gecko) Chrome/140.0.7339.207 Mobile Safari/537.36 (compatible; Googlebot/2.1; +http://www.google.com/bot.html)"
146.190.11.185 - - [05/Oct/2025:22:31:36 -0400] "GET /index.html HTTP/1.1" 200 1404 "-" "Mozilla/5.0 (Windows NT 10.0; Win64; x64) AppleWebKit/537.36 (KHTML, like Gecko) Chrome/135.0.0.0 Safari/537.36 OPR/120.0.0.0"
66.249.73.11 - - [05/Oct/2025:22:32:09 -0400] "GET /products7357692?kg=0007268047 HTTP/1.1" 200 29786 "-" "Mozilla/5.0 (Linux; Android 6.0.1; Nexus 5X Build/MMB29P) AppleWebKit/537.36 (KHTML, like Gecko) Chrome/140.0.7339.207 Mobile Safari/537.36 (compatible; Googlebot/2.1; +http://www.google.com/bot.html)"
66.249.73.11 - - [05/Oct/2025:22:32:16 -0400] "GET /products5449018?kg=0005382648 HTTP/1.1" 200 29043 "-" "Mozilla/5.0 (Linux; Android 6.0.1; Nexus 5X Build/MMB29P) AppleWebKit/537.36 (KHTML, like Gecko) Chrome/140.0.7339.207 Mobile Safari/537.36 (compatible; Googlebot/2.1; +http://www.google.com/bot.html)"
66.249.73.10 - - [05/Oct/2025:22:32:20 -0400] "GET /products14082876?kg=0013911215 HTTP/1.1" 200 29065 "-" "Mozilla/5.0 (Linux; Android 6.0.1; Nexus 5X Build/MMB29P) AppleWebKit/537.36 (KHTML, like Gecko) Chrome/140.0.7339.207 Mobile Safari/537.36 (compatible; Googlebot/2.1; +http://www.google.com/bot.html)"
185.61.153.107 - - [05/Oct/2025:22:32:27 -0400] "POST /wp-cron.php?doing_wp_cron=1759717947.1710739135742187500000 HTTP/1.1" 200 0 "-" "WordPress/6.8.3; https://salhab360photos.com"
216.73.216.221 - - [05/Oct/2025:22:32:23 -0400] "GET /products83769970?kg=0082748468 HTTP/1.1" 404 9738 "-" "Mozilla/5.0 AppleWebKit/537.36 (KHTML, like Gecko; compatible; ClaudeBot/1.0; +claudebot@anthropic.com)"
66.249.73.10 - - [05/Oct/2025:22:32:36 -0400] "GET /products5598714?kg=0005530520 HTTP/1.1" 200 29111 "-" "Mozilla/5.0 (Linux; Android 6.0.1; Nexus 5X Build/MMB29P) AppleWebKit/537.36 (KHTML, like Gecko) Chrome/140.0.7339.207 Mobile Safari/537.36 (compatible; Googlebot/2.1; +http://www.google.com/bot.html)"
66.249.73.10 - - [05/Oct/2025:22:29:34 -0400] "GET /products5449028?kg=0005382659 HTTP/1.1" 200 29092 "-" "Mozilla/5.0 (Linux; Android 6.0.1; Nexus 5X Build/MMB29P) AppleWebKit/537.36 (KHTML, like Gecko) Chrome/140.0.7339.207 Mobile Safari/537.36 (compatible; Googlebot/2.1; +http://www.google.com/bot.html)"
20.171.207.56 - - [05/Oct/2025:22:29:44 -0400] "GET /products210639846?kg=0208071150 HTTP/1.1" 404 9737 "-" "Mozilla/5.0 AppleWebKit/537.36 (KHTML, like Gecko; compatible; GPTBot/1.2; +https://openai.com/gptbot)"
185.61.153.107 - - [05/Oct/2025:22:30:54 -0400] "POST /wp-cron.php?doing_wp_cron=1759717854.5747509002685546875000 HTTP/1.1" 200 0 "-" "WordPress/6.8.3; https://salhab360photos.com"
20.171.207.56 - - [05/Oct/2025:22:30:49 -0400] "GET /products210646976?kg=0208078193 HTTP/1.1" 404 9737 "-" "Mozilla/5.0 AppleWebKit/537.36 (KHTML, like Gecko; compatible; GPTBot/1.2; +https://openai.com/gptbot)"
35.179.112.109 - - [05/Oct/2025:22:31:34 -0400] "GET /index.html HTTP/1.1" 200 1404 "-" "Mozilla/5.0 (Windows NT 10.0; Win64; x64) AppleWebKit/537.36 (KHTML, like Gecko) Chrome/135.0.0.0 Safari/537.36 OPR/120.0.0.0"
206.189.247.132 - - [05/Oct/2025:22:31:34 -0400] "GET /index.html HTTP/1.1" 200 1404 "-" "Mozilla/5.0 (Windows NT 10.0; Win64; x64) AppleWebKit/537.36 (KHTML, like Gecko) Chrome/135.0.0.0 Safari/537.36 OPR/120.0.0.0"
185.61.153.107 - - [05/Oct/2025:22:31:54 -0400] "POST /wp-cron.php?doing_wp_cron=1759717914.4768490791320800781250 HTTP/1.1" 200 0 "-" "WordPress/6.8.3; https://salhab360photos.com"
20.171.207.56 - - [05/Oct/2025:22:31:51 -0400] "GET /products210643982?kg=0208075234 HTTP/1.1" 404 9739 "-" "Mozilla/5.0 AppleWebKit/537.36 (KHTML, like Gecko; compatible; GPTBot/1.2; +https://openai.com/gptbot)"
66.249.73.10 - - [05/Oct/2025:22:32:26 -0400] "GET /products5447256?kg=0005380909 HTTP/1.1" 200 29303 "-" "Mozilla/5.0 (Linux; Android 6.0.1; Nexus 5X Build/MMB29P) AppleWebKit/537.36 (KHTML, like Gecko) Chrome/140.0.7339.207 Mobile Safari/537.36 (compatible; Googlebot/2.1; +http://www.google.com/bot.html)"
216.73.216.221 - - [05/Oct/2025:22:32:29 -0400] "GET /products83806492?kg=0082784543 HTTP/1.1" 404 9737 "-" "Mozilla/5.0 AppleWebKit/537.36 (KHTML, like Gecko; compatible; ClaudeBot/1.0; +claudebot@anthropic.com)"
216.73.216.221 - - [05/Oct/2025:22:32:41 -0400] "GET /products83785008?kg=0082763321 HTTP/1.1" 404 9739 "-" "Mozilla/5.0 AppleWebKit/537.36 (KHTML, like Gecko; compatible; ClaudeBot/1.0; +claudebot@anthropic.com)"
66.249.73.11 - - [05/Oct/2025:22:33:10 -0400] "GET /products4735464?kg=0004677797 HTTP/1.1" 200 29224 "-" "Mozilla/5.0 (Linux; Android 6.0.1; Nexus 5X Build/MMB29P) AppleWebKit/537.36 (KHTML, like Gecko) Chrome/140.0.7339.207 Mobile Safari/537.36 (compatible; Googlebot/2.1; +http://www.google.com/bot.html)"
185.61.153.107 - - [05/Oct/2025:22:33:32 -0400] "POST /wp-cron.php?doing_wp_cron=1759718012.0745689868927001953125 HTTP/1.1" 200 0 "-" "WordPress/6.8.3; https://salhab360photos.com"
216.73.216.221 - - [05/Oct/2025:22:33:28 -0400] "GET /products83824258?kg=0082802092 HTTP/1.1" 404 9740 "-" "Mozilla/5.0 AppleWebKit/537.36 (KHTML, like Gecko; compatible; ClaudeBot/1.0; +claudebot@anthropic.com)"
216.73.216.221 - - [05/Oct/2025:22:33:34 -0400] "GET /products83800510?kg=0082778634 HTTP/1.1" 404 9738 "-" "Mozilla/5.0 AppleWebKit/537.36 (KHTML, like Gecko; compatible; ClaudeBot/1.0; +claudebot@anthropic.com)"
216.73.216.221 - - [05/Oct/2025:22:33:40 -0400] "GET /products83824532?kg=0082802363 HTTP/1.1" 404 9739 "-" "Mozilla/5.0 AppleWebKit/537.36 (KHTML, like Gecko; compatible; ClaudeBot/1.0; +claudebot@anthropic.com)"
216.73.216.221 - - [05/Oct/2025:22:33:46 -0400] "GET /products83814942?kg=0082792890 HTTP/1.1" 404 9740 "-" "Mozilla/5.0 AppleWebKit/537.36 (KHTML, like Gecko; compatible; ClaudeBot/1.0; +claudebot@anthropic.com)"
216.73.216.221 - - [05/Oct/2025:22:33:52 -0400] "GET /products83773820?kg=0082752271 HTTP/1.1" 404 9739 "-" "Mozilla/5.0 AppleWebKit/537.36 (KHTML, like Gecko; compatible; ClaudeBot/1.0; +claudebot@anthropic.com)"
216.73.216.221 - - [05/Oct/2025:22:32:35 -0400] "GET /products83769482?kg=0082747984 HTTP/1.1" 404 9736 "-" "Mozilla/5.0 AppleWebKit/537.36 (KHTML, like Gecko; compatible; ClaudeBot/1.0; +claudebot@anthropic.com)"
20.171.207.56 - - [05/Oct/2025:22:32:54 -0400] "GET /products210641554?kg=0208072836 HTTP/1.1" 404 9738 "-" "Mozilla/5.0 AppleWebKit/537.36 (KHTML, like Gecko; compatible; GPTBot/1.2; +https://openai.com/gptbot)"
103.204.76.210 - - [05/Oct/2025:22:33:25 -0400] "GET /?rest_route=/wp/v2/users HTTP/1.1" 200 1404 "-" "Mozilla/5.0 (Windows NT 10.0; WOW64) AppleWebKit/537.36 (KHTML, like Gecko) Chrome/44.0.2403.155 Safari/537.36 OPR/31.0.1889.174"
103.204.76.210 - - [05/Oct/2025:22:33:37 -0400] "GET /wp-json/wp/v2/users/ HTTP/1.1" 200 706 "-" "Mozilla/5.0 (Windows NT 10.0; WOW64) AppleWebKit/537.36 (KHTML, like Gecko) Chrome/42.0.0.9895 Safari/537.36"
185.61.153.107 - - [05/Oct/2025:22:34:08 -0400] "POST /wp-cron.php?doing_wp_cron=1759718048.1751708984375000000000 HTTP/1.1" 200 0 "-" "WordPress/6.8.3; https://salhab360photos.com"
216.73.216.221 - - [05/Oct/2025:22:34:08 -0400] "GET /products83802392?kg=0082780493 HTTP/1.1" 200 0 "-" "Mozilla/5.0 AppleWebKit/537.36 (KHTML, like Gecko; compatible; ClaudeBot/1.0; +claudebot@anthropic.com)"
66.249.73.11 - - [05/Oct/2025:22:34:25 -0400] "GET /products4869902?kg=0004810594 HTTP/1.1" 200 30382 "-" "Mozilla/5.0 (Linux; Android 6.0.1; Nexus 5X Build/MMB29P) AppleWebKit/537.36 (KHTML, like Gecko) Chrome/140.0.7339.207 Mobile Safari/537.36 (compatible; Googlebot/2.1; +http://www.google.com/bot.html)"
66.249.73.11 - - [05/Oct/2025:22:34:25 -0400] "GET /products5162966?kg=0005100086 HTTP/1.1" 200 29354 "-" "Mozilla/5.0 (Linux; Android 6.0.1; Nexus 5X Build/MMB29P) AppleWebKit/537.36 (KHTML, like Gecko) Chrome/140.0.7339.207 Mobile Safari/537.36 (compatible; Googlebot/2.1; +http://www.google.com/bot.html)"
216.73.216.221 - - [05/Oct/2025:22:34:24 -0400] "GET /products83805768?kg=0082783829 HTTP/1.1" 404 9738 "-" "Mozilla/5.0 AppleWebKit/537.36 (KHTML, like Gecko; compatible; ClaudeBot/1.0; +claudebot@anthropic.com)"
20.171.207.56 - - [05/Oct/2025:22:34:59 -0400] "GET /products210645294?kg=0208076530 HTTP/1.1" 404 9737 "-" "Mozilla/5.0 AppleWebKit/537.36 (KHTML, like Gecko; compatible; GPTBot/1.2; +https://openai.com/gptbot)"
103.204.76.210 - - [05/Oct/2025:22:35:04 -0400] "GET /wp-login.php HTTP/1.1" 200 2345 "http://www.salhab360photos.com" "Mozilla/5.0 (Windows NT 10.0; WOW64) AppleWebKit/537.36 (KHTML, like Gecko) Chrome/44.0.2403.155 Safari/537.36 OPR/31.0.1889.174"
216.73.216.221 - - [05/Oct/2025:22:35:19 -0400] "GET /products225093038?kg=0222348082 HTTP/1.1" 404 9738 "-" "Mozilla/5.0 AppleWebKit/537.36 (KHTML, like Gecko; compatible; ClaudeBot/1.0; +claudebot@anthropic.com)"
216.73.216.221 - - [05/Oct/2025:22:35:27 -0400] "GET /products83810318?kg=0082788322 HTTP/1.1" 200 0 "-" "Mozilla/5.0 AppleWebKit/537.36 (KHTML, like Gecko; compatible; ClaudeBot/1.0; +claudebot@anthropic.com)"
20.171.207.56 - - [05/Oct/2025:22:36:03 -0400] "GET /products210581694?kg=0208013706 HTTP/1.1" 404 9739 "-" "Mozilla/5.0 AppleWebKit/537.36 (KHTML, like Gecko; compatible; GPTBot/1.2; +https://openai.com/gptbot)"
216.73.216.221 - - [05/Oct/2025:22:36:49 -0400] "GET /products62166000?kg=0061407961 HTTP/1.1" 404 9739 "-" "Mozilla/5.0 AppleWebKit/537.36 (KHTML, like Gecko; compatible; ClaudeBot/1.0; +claudebot@anthropic.com)"
216.73.216.221 - - [05/Oct/2025:22:37:02 -0400] "GET /products83837420?kg=0082815095 HTTP/1.1" 404 9739 "-" "Mozilla/5.0 AppleWebKit/537.36 (KHTML, like Gecko; compatible; ClaudeBot/1.0; +claudebot@anthropic.com)"
185.61.153.107 - - [05/Oct/2025:22:37:12 -0400] "POST /wp-cron.php?doing_wp_cron=1759718232.3759779930114746093750 HTTP/1.1" 200 0 "-" "WordPress/6.8.3; https://salhab360photos.com"
216.73.216.221 - - [05/Oct/2025:22:37:10 -0400] "GET /products83785632?kg=0082763937 HTTP/1.1" 404 9737 "-" "Mozilla/5.0 AppleWebKit/537.36 (KHTML, like Gecko; compatible; ClaudeBot/1.0; +claudebot@anthropic.com)"
216.73.216.221 - - [05/Oct/2025:22:33:58 -0400] "GET /products83806916?kg=0082784963 HTTP/1.1" 404 9737 "-" "Mozilla/5.0 AppleWebKit/537.36 (KHTML, like Gecko; compatible; ClaudeBot/1.0; +claudebot@anthropic.com)"
20.171.207.56 - - [05/Oct/2025:22:33:59 -0400] "GET /products210645094?kg=0208076334 HTTP/1.1" 404 9738 "-" "Mozilla/5.0 AppleWebKit/537.36 (KHTML, like Gecko; compatible; GPTBot/1.2; +https://openai.com/gptbot)"
216.73.216.221 - - [05/Oct/2025:22:34:04 -0400] "GET /products83809694?kg=0082787706 HTTP/1.1" 404 9730 "-" "Mozilla/5.0 AppleWebKit/537.36 (KHTML, like Gecko; compatible; ClaudeBot/1.0; +claudebot@anthropic.com)"
66.249.73.11 - - [05/Oct/2025:22:34:13 -0400] "GET /products5447670?kg=0005381318 HTTP/1.1" 200 29067 "-" "Mozilla/5.0 (Linux; Android 6.0.1; Nexus 5X Build/MMB29P) AppleWebKit/537.36 (KHTML, like Gecko) Chrome/140.0.7339.207 Mobile Safari/537.36 (compatible; Googlebot/2.1; +http://www.google.com/bot.html)"
37.59.204.141 - - [05/Oct/2025:22:34:09 -0400] "GET /products110128820?kg=0108785867 HTTP/1.1" 404 9737 "-" "Mozilla/5.0 (compatible; AhrefsBot/7.0; +http://ahrefs.com/robot/)"
216.73.216.221 - - [05/Oct/2025:22:34:20 -0400] "GET /products83780958?kg=0082759322 HTTP/1.1" 404 9739 "-" "Mozilla/5.0 AppleWebKit/537.36 (KHTML, like Gecko; compatible; ClaudeBot/1.0; +claudebot@anthropic.com)"
66.249.73.10 - - [05/Oct/2025:22:34:41 -0400] "GET /?products6379354?kg=0006301640 HTTP/1.1" 200 1164 "-" "Mozilla/5.0 (Linux; Android 6.0.1; Nexus 5X Build/MMB29P) AppleWebKit/537.36 (KHTML, like Gecko) Chrome/140.0.7339.207 Mobile Safari/537.36 (compatible; Googlebot/2.1; +http://www.google.com/bot.html)"
185.61.153.107 - - [05/Oct/2025:22:35:10 -0400] "POST /wp-cron.php?doing_wp_cron=1759718110.0742909908294677734375 HTTP/1.1" 200 0 "-" "WordPress/6.8.3; https://salhab360photos.com"
66.249.73.10 - - [05/Oct/2025:22:35:14 -0400] "GET /products4869684?kg=0004810379 HTTP/1.1" 200 31666 "-" "Mozilla/5.0 (Linux; Android 6.0.1; Nexus 5X Build/MMB29P) AppleWebKit/537.36 (KHTML, like Gecko) Chrome/140.0.7339.207 Mobile Safari/537.36 (compatible; Googlebot/2.1; +http://www.google.com/bot.html)"
216.73.216.221 - - [05/Oct/2025:22:35:57 -0400] "GET /products83770794?kg=0082749280 HTTP/1.1" 404 9739 "-" "Mozilla/5.0 AppleWebKit/537.36 (KHTML, like Gecko; compatible; ClaudeBot/1.0; +claudebot@anthropic.com)"
66.249.73.10 - - [05/Oct/2025:22:36:11 -0400] "GET /products4869702?kg=0004810398 HTTP/1.1" 200 29107 "-" "Mozilla/5.0 (Linux; Android 6.0.1; Nexus 5X Build/MMB29P) AppleWebKit/537.36 (KHTML, like Gecko) Chrome/140.0.7339.207 Mobile Safari/537.36 (compatible; Googlebot/2.1; +http://www.google.com/bot.html)"
216.73.216.221 - - [05/Oct/2025:22:36:05 -0400] "GET /products83833606?kg=0082811326 HTTP/1.1" 200 0 "-" "Mozilla/5.0 AppleWebKit/537.36 (KHTML, like Gecko; compatible; ClaudeBot/1.0; +claudebot@anthropic.com)"
216.73.216.221 - - [05/Oct/2025:22:36:58 -0400] "GET /products83821338?kg=0082799208 HTTP/1.1" 404 9738 "-" "Mozilla/5.0 AppleWebKit/537.36 (KHTML, like Gecko; compatible; ClaudeBot/1.0; +claudebot@anthropic.com)"
20.171.207.56 - - [05/Oct/2025:22:37:09 -0400] "GET /products210616394?kg=0208047984 HTTP/1.1" 404 9737 "-" "Mozilla/5.0 AppleWebKit/537.36 (KHTML, like Gecko; compatible; GPTBot/1.2; +https://openai.com/gptbot)"
216.73.216.221 - - [05/Oct/2025:22:37:22 -0400] "GET /products225072288?kg=0222327585 HTTP/1.1" 404 9739 "-" "Mozilla/5.0 AppleWebKit/537.36 (KHTML, like Gecko; compatible; ClaudeBot/1.0; +claudebot@anthropic.com)"
