20.171.207.56 - - [05/Oct/2025:12:17:05 -0400] "GET /products210636644?kg=0208067987 HTTP/1.1" 404 9742 "-" "Mozilla/5.0 AppleWebKit/537.36 (KHTML, like Gecko; compatible; GPTBot/1.2; +https://openai.com/gptbot)"
216.73.216.221 - - [05/Oct/2025:12:17:35 -0400] "GET /products163832520?kg=0161834645 HTTP/1.1" 404 9743 "-" "Mozilla/5.0 AppleWebKit/537.36 (KHTML, like Gecko; compatible; ClaudeBot/1.0; +claudebot@anthropic.com)"
20.171.207.56 - - [05/Oct/2025:12:18:58 -0400] "GET /products210594236?kg=0208026095 HTTP/1.1" 404 9733 "-" "Mozilla/5.0 AppleWebKit/537.36 (KHTML, like Gecko; compatible; GPTBot/1.2; +https://openai.com/gptbot)"
185.61.153.107 - - [05/Oct/2025:12:19:12 -0400] "POST /wp-cron.php?doing_wp_cron=1759681152.6769809722900390625000 HTTP/1.1" 200 0 "-" "WordPress/6.8.3; https://salhab360photos.com"
164.90.241.135 - - [05/Oct/2025:12:20:50 -0400] "GET /index.html HTTP/1.1" 200 1404 "-" "Mozilla/5.0 (Windows NT 10.0; Win64; x64) AppleWebKit/537.36 (KHTML, like Gecko) Chrome/132.0.0.0 Safari/537.36 Edg/132.0.0.0"
185.61.153.107 - - [05/Oct/2025:12:20:55 -0400] "POST /wp-cron.php?doing_wp_cron=1759681254.9730999469757080078125 HTTP/1.1" 200 0 "-" "WordPress/6.8.3; https://salhab360photos.com"
66.249.73.11 - - [05/Oct/2025:12:22:06 -0400] "GET /e/01/ HTTP/1.1" 200 29012 "-" "Mozilla/5.0 (Linux; Android 6.0.1; Nexus 5X Build/MMB29P) AppleWebKit/537.36 (KHTML, like Gecko) Chrome/140.0.7339.207 Mobile Safari/537.36 (compatible; Googlebot/2.1; +http://www.google.com/bot.html)"
185.61.153.107 - - [05/Oct/2025:12:22:40 -0400] "POST /wp-cron.php?doing_wp_cron=1759681360.5736420154571533203125 HTTP/1.1" 200 0 "-" "WordPress/6.8.3; https://salhab360photos.com"
20.171.207.56 - - [05/Oct/2025:12:22:44 -0400] "GET /products210595676?kg=0208027519 HTTP/1.1" 404 9741 "-" "Mozilla/5.0 AppleWebKit/537.36 (KHTML, like Gecko; compatible; GPTBot/1.2; +https://openai.com/gptbot)"
185.61.153.107 - - [05/Oct/2025:12:23:41 -0400] "POST /wp-cron.php?doing_wp_cron=1759681421.4743680953979492187500 HTTP/1.1" 200 0 "-" "WordPress/6.8.3; https://salhab360photos.com"
185.61.153.107 - - [05/Oct/2025:12:24:11 -0400] "POST /wp-cron.php?doing_wp_cron=1759681451.1747970581054687500000 HTTP/1.1" 200 0 "-" "WordPress/6.8.3; https://salhab360photos.com"
66.249.73.10 - - [05/Oct/2025:12:24:36 -0400] "GET /categories/1176214 HTTP/1.1" 200 28968 "-" "Mozilla/5.0 (Linux; Android 6.0.1; Nexus 5X Build/MMB29P) AppleWebKit/537.36 (KHTML, like Gecko) Chrome/140.0.7339.207 Mobile Safari/537.36 (compatible; Googlebot/2.1; +http://www.google.com/bot.html)"
20.171.207.56 - - [05/Oct/2025:12:24:35 -0400] "GET /products210604008?kg=0208035749 HTTP/1.1" 404 9742 "-" "Mozilla/5.0 AppleWebKit/537.36 (KHTML, like Gecko; compatible; GPTBot/1.2; +https://openai.com/gptbot)"
57.141.0.2 - - [05/Oct/2025:12:24:58 -0400] "GET /tag/standard/ HTTP/1.1" 200 97012 "-" "meta-externalagent/1.1 (+https://developers.facebook.com/docs/sharing/webmasters/crawler)"
20.171.207.56 - - [05/Oct/2025:12:20:49 -0400] "GET /products210617980?kg=0208049551 HTTP/1.1" 404 9742 "-" "Mozilla/5.0 AppleWebKit/537.36 (KHTML, like Gecko; compatible; GPTBot/1.2; +https://openai.com/gptbot)"
185.61.153.107 - - [05/Oct/2025:12:21:50 -0400] "POST /wp-cron.php?doing_wp_cron=1759681310.5708858966827392578125 HTTP/1.1" 200 0 "-" "WordPress/6.8.3; https://salhab360photos.com"
20.171.207.56 - - [05/Oct/2025:12:21:45 -0400] "GET /products210594860?kg=0208026711 HTTP/1.1" 404 9742 "-" "Mozilla/5.0 AppleWebKit/537.36 (KHTML, like Gecko; compatible; GPTBot/1.2; +https://openai.com/gptbot)"
94.23.188.220 - - [05/Oct/2025:12:22:35 -0400] "GET /products14566316?kg=0014388759 HTTP/1.1" 404 9741 "-" "Mozilla/5.0 (compatible; AhrefsBot/7.0; +http://ahrefs.com/robot/)"
216.73.216.221 - - [05/Oct/2025:12:23:38 -0400] "GET /products80668612?kg=0079684931 HTTP/1.1" 404 9743 "-" "Mozilla/5.0 AppleWebKit/537.36 (KHTML, like Gecko; compatible; ClaudeBot/1.0; +claudebot@anthropic.com)"
20.171.207.56 - - [05/Oct/2025:12:23:40 -0400] "GET /products210638352?kg=0208069673 HTTP/1.1" 404 9741 "-" "Mozilla/5.0 AppleWebKit/537.36 (KHTML, like Gecko; compatible; GPTBot/1.2; +https://openai.com/gptbot)"
216.73.216.221 - - [05/Oct/2025:12:24:05 -0400] "GET /products80662666?kg=0079679056 HTTP/1.1" 404 9742 "-" "Mozilla/5.0 AppleWebKit/537.36 (KHTML, like Gecko; compatible; ClaudeBot/1.0; +claudebot@anthropic.com)"
216.73.216.221 - - [05/Oct/2025:12:25:50 -0400] "GET /products29012124?kg=0028658399 HTTP/1.1" 404 9743 "-" "Mozilla/5.0 AppleWebKit/537.36 (KHTML, like Gecko; compatible; ClaudeBot/1.0; +claudebot@anthropic.com)"
94.23.188.213 - - [05/Oct/2025:12:25:53 -0400] "GET /products14547178?kg=0014369856 HTTP/1.1" 404 9744 "-" "Mozilla/5.0 (compatible; AhrefsBot/7.0; +http://ahrefs.com/robot/)"
185.61.153.107 - - [05/Oct/2025:12:26:30 -0400] "POST /wp-cron.php?doing_wp_cron=1759681590.2719819545745849609375 HTTP/1.1" 200 0 "-" "WordPress/6.8.3; https://salhab360photos.com"
185.61.153.107 - - [05/Oct/2025:12:27:30 -0400] "POST /wp-cron.php?doing_wp_cron=1759681650.7704920768737792968750 HTTP/1.1" 200 0 "-" "WordPress/6.8.3; https://salhab360photos.com"
20.171.207.56 - - [05/Oct/2025:12:27:26 -0400] "GET /products210631514?kg=0208062920 HTTP/1.1" 404 9742 "-" "Mozilla/5.0 AppleWebKit/537.36 (KHTML, like Gecko; compatible; GPTBot/1.2; +https://openai.com/gptbot)"
185.61.153.107 - - [05/Oct/2025:12:28:28 -0400] "POST /wp-cron.php?doing_wp_cron=1759681708.7711861133575439453125 HTTP/1.1" 200 0 "-" "WordPress/6.8.3; https://salhab360photos.com"
20.171.207.56 - - [05/Oct/2025:12:28:22 -0400] "GET /products210595808?kg=0208027649 HTTP/1.1" 404 9744 "-" "Mozilla/5.0 AppleWebKit/537.36 (KHTML, like Gecko; compatible; GPTBot/1.2; +https://openai.com/gptbot)"
92.222.104.192 - - [05/Oct/2025:12:29:18 -0400] "GET /products14508424?kg=0014331573 HTTP/1.1" 404 9741 "-" "Mozilla/5.0 (compatible; AhrefsBot/7.0; +http://ahrefs.com/robot/)"
206.189.247.132 - - [05/Oct/2025:12:29:36 -0400] "GET /index.html HTTP/1.1" 200 1404 "-" "Mozilla/5.0 (Windows NT 10.0; Win64; x64) AppleWebKit/537.36 (KHTML, like Gecko) Chrome/135.0.0.0 Safari/537.36 OPR/120.0.0.0"
185.61.153.107 - - [05/Oct/2025:12:30:20 -0400] "POST /wp-cron.php?doing_wp_cron=1759681820.8756790161132812500000 HTTP/1.1" 200 0 "-" "WordPress/6.8.3; https://salhab360photos.com"
20.171.207.56 - - [05/Oct/2025:12:30:16 -0400] "GET /products210633560?kg=0208064941 HTTP/1.1" 404 9742 "-" "Mozilla/5.0 AppleWebKit/537.36 (KHTML, like Gecko; compatible; GPTBot/1.2; +https://openai.com/gptbot)"
66.249.73.12 - - [05/Oct/2025:12:30:50 -0400] "GET /?products344486?kg=0000340366 HTTP/1.1" 200 1164 "-" "Mozilla/5.0 (Linux; Android 6.0.1; Nexus 5X Build/MMB29P) AppleWebKit/537.36 (KHTML, like Gecko) Chrome/140.0.7339.207 Mobile Safari/537.36 (compatible; Googlebot/2.1; +http://www.google.com/bot.html)"
185.61.153.107 - - [05/Oct/2025:12:31:17 -0400] "POST /wp-cron.php?doing_wp_cron=1759681877.1818621158599853515625 HTTP/1.1" 200 0 "-" "WordPress/6.8.3; https://salhab360photos.com"
185.61.153.107 - - [05/Oct/2025:12:25:38 -0400] "POST /wp-cron.php?doing_wp_cron=1759681538.4723351001739501953125 HTTP/1.1" 200 0 "-" "WordPress/6.8.3; https://salhab360photos.com"
20.171.207.56 - - [05/Oct/2025:12:25:34 -0400] "GET /products210597274?kg=0208029096 HTTP/1.1" 404 9743 "-" "Mozilla/5.0 AppleWebKit/537.36 (KHTML, like Gecko; compatible; GPTBot/1.2; +https://openai.com/gptbot)"
66.249.73.12 - - [05/Oct/2025:12:25:59 -0400] "GET /products6135618?kg=0006060876 HTTP/1.1" 200 29184 "-" "Mozilla/5.0 (Linux; Android 6.0.1; Nexus 5X Build/MMB29P) AppleWebKit/537.36 (KHTML, like Gecko) Chrome/140.0.7339.207 Mobile Safari/537.36 (compatible; Googlebot/2.1; +http://www.google.com/bot.html)"
216.73.216.221 - - [05/Oct/2025:12:26:25 -0400] "GET /products27052998?kg=0026723166 HTTP/1.1" 404 9734 "-" "Mozilla/5.0 AppleWebKit/537.36 (KHTML, like Gecko; compatible; ClaudeBot/1.0; +claudebot@anthropic.com)"
20.171.207.56 - - [05/Oct/2025:12:26:31 -0400] "GET /products210598596?kg=0208030403 HTTP/1.1" 404 9741 "-" "Mozilla/5.0 AppleWebKit/537.36 (KHTML, like Gecko; compatible; GPTBot/1.2; +https://openai.com/gptbot)"
66.249.73.12 - - [05/Oct/2025:12:27:31 -0400] "GET /products4697866?kg=0004640656 HTTP/1.1" 200 30213 "-" "Mozilla/5.0 (Linux; Android 6.0.1; Nexus 5X Build/MMB29P) AppleWebKit/537.36 (KHTML, like Gecko) Chrome/140.0.7339.207 Mobile Safari/537.36 (compatible; Googlebot/2.1; +http://www.google.com/bot.html)"
66.249.73.10 - - [05/Oct/2025:12:27:55 -0400] "GET /ctg/search/similarImageSearchResultView/?ctgItemCd=139436 HTTP/1.1" 200 29028 "-" "Mozilla/5.0 (Linux; Android 6.0.1; Nexus 5X Build/MMB29P) AppleWebKit/537.36 (KHTML, like Gecko) Chrome/140.0.7339.207 Mobile Safari/537.36 (compatible; Googlebot/2.1; +http://www.google.com/bot.html)"
216.73.216.221 - - [05/Oct/2025:12:27:53 -0400] "GET /products113515634?kg=0112131380 HTTP/1.1" 404 9741 "-" "Mozilla/5.0 AppleWebKit/537.36 (KHTML, like Gecko; compatible; ClaudeBot/1.0; +claudebot@anthropic.com)"
66.249.73.11 - - [05/Oct/2025:12:28:42 -0400] "GET /products5448818?kg=0005382452 HTTP/1.1" 200 29175 "-" "Mozilla/5.0 (Linux; Android 6.0.1; Nexus 5X Build/MMB29P) AppleWebKit/537.36 (KHTML, like Gecko) Chrome/140.0.7339.207 Mobile Safari/537.36 (compatible; Googlebot/2.1; +http://www.google.com/bot.html)"
185.61.153.107 - - [05/Oct/2025:12:29:22 -0400] "POST /wp-cron.php?doing_wp_cron=1759681762.7716879844665527343750 HTTP/1.1" 200 0 "-" "WordPress/6.8.3; https://salhab360photos.com"
20.171.207.56 - - [05/Oct/2025:12:29:17 -0400] "GET /products210598760?kg=0208030565 HTTP/1.1" 404 9742 "-" "Mozilla/5.0 AppleWebKit/537.36 (KHTML, like Gecko; compatible; GPTBot/1.2; +https://openai.com/gptbot)"
35.177.77.190 - - [05/Oct/2025:12:29:36 -0400] "GET /index.html HTTP/1.1" 200 1404 "-" "Mozilla/5.0 (Windows NT 10.0; Win64; x64) AppleWebKit/537.36 (KHTML, like Gecko) Chrome/135.0.0.0 Safari/537.36 OPR/120.0.0.0"
193.239.84.66 - - [05/Oct/2025:12:29:36 -0400] "GET /index.html HTTP/1.1" 200 1404 "-" "Mozilla/5.0 (Windows NT 10.0; Win64; x64) AppleWebKit/537.36 (KHTML, like Gecko) Chrome/135.0.0.0 Safari/537.36 OPR/120.0.0.0"
20.171.207.56 - - [05/Oct/2025:12:31:13 -0400] "GET /products210634708?kg=0208066075 HTTP/1.1" 404 9742 "-" "Mozilla/5.0 AppleWebKit/537.36 (KHTML, like Gecko; compatible; GPTBot/1.2; +https://openai.com/gptbot)"
216.73.216.221 - - [05/Oct/2025:12:31:47 -0400] "GET /robots.txt HTTP/1.1" 200 84 "-" "Mozilla/5.0 AppleWebKit/537.36 (KHTML, like Gecko; compatible; ClaudeBot/1.0; +claudebot@anthropic.com)"
216.73.216.221 - - [05/Oct/2025:12:31:47 -0400] "GET /products83677064?kg=0082656693 HTTP/1.1" 404 9741 "-" "Mozilla/5.0 AppleWebKit/537.36 (KHTML, like Gecko; compatible; ClaudeBot/1.0; +claudebot@anthropic.com)"
185.61.153.107 - - [05/Oct/2025:12:32:07 -0400] "POST /wp-cron.php?doing_wp_cron=1759681927.4764909744262695312500 HTTP/1.1" 200 0 "-" "WordPress/6.8.3; https://salhab360photos.com"
66.249.73.12 - - [05/Oct/2025:12:32:06 -0400] "GET /f/special/souji/ HTTP/1.1" 200 28951 "-" "Mozilla/5.0 (Linux; Android 6.0.1; Nexus 5X Build/MMB29P) AppleWebKit/537.36 (KHTML, like Gecko) Chrome/140.0.7339.207 Mobile Safari/537.36 (compatible; Googlebot/2.1; +http://www.google.com/bot.html)"
20.171.207.56 - - [05/Oct/2025:12:32:09 -0400] "GET /products210599944?kg=0208031733 HTTP/1.1" 404 9742 "-" "Mozilla/5.0 AppleWebKit/537.36 (KHTML, like Gecko; compatible; GPTBot/1.2; +https://openai.com/gptbot)"
216.73.216.221 - - [05/Oct/2025:12:32:11 -0400] "GET /products83743930?kg=0082722744 HTTP/1.1" 404 9742 "-" "Mozilla/5.0 AppleWebKit/537.36 (KHTML, like Gecko; compatible; ClaudeBot/1.0; +claudebot@anthropic.com)"
216.73.216.221 - - [05/Oct/2025:12:32:20 -0400] "GET /products83740204?kg=0082719063 HTTP/1.1" 404 9745 "-" "Mozilla/5.0 AppleWebKit/537.36 (KHTML, like Gecko; compatible; ClaudeBot/1.0; +claudebot@anthropic.com)"
216.73.216.221 - - [05/Oct/2025:12:32:26 -0400] "GET /products83673944?kg=0082653613 HTTP/1.1" 404 9743 "-" "Mozilla/5.0 AppleWebKit/537.36 (KHTML, like Gecko; compatible; ClaudeBot/1.0; +claudebot@anthropic.com)"
54.37.118.67 - - [05/Oct/2025:12:32:34 -0400] "GET /products120887962?kg=0119413800 HTTP/1.1" 404 9743 "-" "Mozilla/5.0 (compatible; AhrefsBot/7.0; +http://ahrefs.com/robot/)"
216.73.216.221 - - [05/Oct/2025:12:31:53 -0400] "GET /products83685228?kg=0082664759 HTTP/1.1" 404 9741 "-" "Mozilla/5.0 AppleWebKit/537.36 (KHTML, like Gecko; compatible; ClaudeBot/1.0; +claudebot@anthropic.com)"
216.73.216.221 - - [05/Oct/2025:12:31:59 -0400] "GET /products83685678?kg=0082665202 HTTP/1.1" 404 9742 "-" "Mozilla/5.0 AppleWebKit/537.36 (KHTML, like Gecko; compatible; ClaudeBot/1.0; +claudebot@anthropic.com)"
216.73.216.221 - - [05/Oct/2025:12:32:05 -0400] "GET /products83685064?kg=0082664597 HTTP/1.1" 404 9741 "-" "Mozilla/5.0 AppleWebKit/537.36 (KHTML, like Gecko; compatible; ClaudeBot/1.0; +claudebot@anthropic.com)"
45.227.253.15 - - [05/Oct/2025:12:32:47 -0400] "GET /wp-admin/css/colors/ocean/ocean/index.php?ARRAY=7o2230223n313735393638353830352p2231223n22687474703n5p2s5p2s7n733536397631336o6s2r61676s616p2r63796s755p2s3s6p633q78696164616r5s72616r645s7061746826743q313735393638323230352q6365646364396637363161326438316136636661666635323834643664616265222p2232223n226434623734346365303235353133643262363463366132393134386637353835222p2233223n223236313736316262613936313838633038333939626534333630613935386237222p2262696r675s70617373223n2231392q34392q36302q36352q37322q38392q3330227q HTTP/1.1" 200 493 "-" "Mozilla/5.0 (Macintosh; Intel Mac OS X 10_15_7) AppleWebKit/537.36 (KHTML, like Gecko) Chrome/86.0.4240.111 Safari/537.36 Edg/86.0.622.51"
216.73.216.221 - - [05/Oct/2025:12:32:47 -0400] "GET /products83706580?kg=0082685851 HTTP/1.1" 404 9742 "-" "Mozilla/5.0 AppleWebKit/537.36 (KHTML, like Gecko; compatible; ClaudeBot/1.0; +claudebot@anthropic.com)"
216.73.216.221 - - [05/Oct/2025:12:32:53 -0400] "GET /products83692074?kg=0082671520 HTTP/1.1" 404 9743 "-" "Mozilla/5.0 AppleWebKit/537.36 (KHTML, like Gecko; compatible; ClaudeBot/1.0; +claudebot@anthropic.com)"
216.73.216.221 - - [05/Oct/2025:12:33:01 -0400] "GET /products83717526?kg=0082696662 HTTP/1.1" 404 9742 "-" "Mozilla/5.0 AppleWebKit/537.36 (KHTML, like Gecko; compatible; ClaudeBot/1.0; +claudebot@anthropic.com)"
20.171.207.56 - - [05/Oct/2025:12:33:05 -0400] "GET /products210595634?kg=0208027476 HTTP/1.1" 404 9742 "-" "Mozilla/5.0 AppleWebKit/537.36 (KHTML, like Gecko; compatible; GPTBot/1.2; +https://openai.com/gptbot)"
216.73.216.221 - - [05/Oct/2025:12:33:09 -0400] "GET /products83673870?kg=0082653538 HTTP/1.1" 404 9743 "-" "Mozilla/5.0 AppleWebKit/537.36 (KHTML, like Gecko; compatible; ClaudeBot/1.0; +claudebot@anthropic.com)"
185.61.153.107 - - [05/Oct/2025:12:34:06 -0400] "POST /wp-cron.php?doing_wp_cron=1759682046.6709389686584472656250 HTTP/1.1" 200 0 "-" "WordPress/6.8.3; https://salhab360photos.com"
20.171.207.56 - - [05/Oct/2025:12:34:57 -0400] "GET /products210591576?kg=0208023469 HTTP/1.1" 404 9742 "-" "Mozilla/5.0 AppleWebKit/537.36 (KHTML, like Gecko; compatible; GPTBot/1.2; +https://openai.com/gptbot)"
185.61.153.107 - - [05/Oct/2025:12:35:07 -0400] "POST /wp-cron.php?doing_wp_cron=1759682107.5776970386505126953125 HTTP/1.1" 200 0 "-" "WordPress/6.8.3; https://salhab360photos.com"
216.73.216.221 - - [05/Oct/2025:12:34:59 -0400] "GET /products83696708?kg=0082676099 HTTP/1.1" 404 9741 "-" "Mozilla/5.0 AppleWebKit/537.36 (KHTML, like Gecko; compatible; ClaudeBot/1.0; +claudebot@anthropic.com)"
66.249.73.11 - - [05/Oct/2025:12:35:14 -0400] "GET /?products4878590?kg=0004819178 HTTP/1.1" 200 1164 "-" "Mozilla/5.0 (Linux; Android 6.0.1; Nexus 5X Build/MMB29P) AppleWebKit/537.36 (KHTML, like Gecko) Chrome/140.0.7339.207 Mobile Safari/537.36 (compatible; Googlebot/2.1; +http://www.google.com/bot.html)"
216.73.216.221 - - [05/Oct/2025:12:35:12 -0400] "GET /products65779576?kg=0064977469 HTTP/1.1" 404 9742 "-" "Mozilla/5.0 AppleWebKit/537.36 (KHTML, like Gecko; compatible; ClaudeBot/1.0; +claudebot@anthropic.com)"
216.73.216.221 - - [05/Oct/2025:12:35:30 -0400] "GET /products113471632?kg=0112087913 HTTP/1.1" 404 9741 "-" "Mozilla/5.0 AppleWebKit/537.36 (KHTML, like Gecko; compatible; ClaudeBot/1.0; +claudebot@anthropic.com)"
216.73.216.221 - - [05/Oct/2025:12:35:50 -0400] "GET /products83708966?kg=0082688206 HTTP/1.1" 404 9744 "-" "Mozilla/5.0 AppleWebKit/537.36 (KHTML, like Gecko; compatible; ClaudeBot/1.0; +claudebot@anthropic.com)"
20.171.207.56 - - [05/Oct/2025:12:35:55 -0400] "GET /products210621874?kg=0208053396 HTTP/1.1" 404 9742 "-" "Mozilla/5.0 AppleWebKit/537.36 (KHTML, like Gecko; compatible; GPTBot/1.2; +https://openai.com/gptbot)"
20.171.207.56 - - [05/Oct/2025:12:36:53 -0400] "GET /products210601506?kg=0208033276 HTTP/1.1" 404 9742 "-" "Mozilla/5.0 AppleWebKit/537.36 (KHTML, like Gecko; compatible; GPTBot/1.2; +https://openai.com/gptbot)"
185.61.153.107 - - [05/Oct/2025:12:33:07 -0400] "POST /wp-cron.php?doing_wp_cron=1759681987.5743839740753173828125 HTTP/1.1" 200 0 "-" "WordPress/6.8.3; https://salhab360photos.com"
216.73.216.221 - - [05/Oct/2025:12:33:17 -0400] "GET /products83672504?kg=0082652189 HTTP/1.1" 404 9743 "-" "Mozilla/5.0 AppleWebKit/537.36 (KHTML, like Gecko; compatible; ClaudeBot/1.0; +claudebot@anthropic.com)"
216.73.216.221 - - [05/Oct/2025:12:33:21 -0400] "GET /products83678458?kg=0082658072 HTTP/1.1" 404 9735 "-" "Mozilla/5.0 AppleWebKit/537.36 (KHTML, like Gecko; compatible; ClaudeBot/1.0; +claudebot@anthropic.com)"
216.73.216.221 - - [05/Oct/2025:12:33:29 -0400] "GET /products83714948?kg=0082694115 HTTP/1.1" 404 9744 "-" "Mozilla/5.0 AppleWebKit/537.36 (KHTML, like Gecko; compatible; ClaudeBot/1.0; +claudebot@anthropic.com)"
216.73.216.221 - - [05/Oct/2025:12:33:45 -0400] "GET /products83696990?kg=0082676378 HTTP/1.1" 404 9743 "-" "Mozilla/5.0 AppleWebKit/537.36 (KHTML, like Gecko; compatible; ClaudeBot/1.0; +claudebot@anthropic.com)"
216.73.216.221 - - [05/Oct/2025:12:33:49 -0400] "GET /products83677314?kg=0082656940 HTTP/1.1" 404 9733 "-" "Mozilla/5.0 AppleWebKit/537.36 (KHTML, like Gecko; compatible; ClaudeBot/1.0; +claudebot@anthropic.com)"
20.171.207.56 - - [05/Oct/2025:12:34:01 -0400] "GET /products210646516?kg=0208077739 HTTP/1.1" 404 9742 "-" "Mozilla/5.0 AppleWebKit/537.36 (KHTML, like Gecko; compatible; GPTBot/1.2; +https://openai.com/gptbot)"
216.73.216.221 - - [05/Oct/2025:12:34:02 -0400] "GET /products83733858?kg=0082712796 HTTP/1.1" 404 9741 "-" "Mozilla/5.0 AppleWebKit/537.36 (KHTML, like Gecko; compatible; ClaudeBot/1.0; +claudebot@anthropic.com)"
216.73.216.221 - - [05/Oct/2025:12:34:20 -0400] "GET /products83730938?kg=0082709912 HTTP/1.1" 404 9743 "-" "Mozilla/5.0 AppleWebKit/537.36 (KHTML, like Gecko; compatible; ClaudeBot/1.0; +claudebot@anthropic.com)"
216.73.216.221 - - [05/Oct/2025:12:34:39 -0400] "GET /products83680540?kg=0082660127 HTTP/1.1" 404 9743 "-" "Mozilla/5.0 AppleWebKit/537.36 (KHTML, like Gecko; compatible; ClaudeBot/1.0; +claudebot@anthropic.com)"
5.39.109.177 - - [05/Oct/2025:12:36:25 -0400] "GET /sitemap.xml HTTP/1.1" 200 5994 "-" "Mozilla/5.0 (compatible; AhrefsBot/7.0; +http://ahrefs.com/robot/)"
185.61.153.107 - - [05/Oct/2025:12:36:56 -0400] "POST /wp-cron.php?doing_wp_cron=1759682216.1749711036682128906250 HTTP/1.1" 200 0 "-" "WordPress/6.8.3; https://salhab360photos.com"
185.61.153.107 - - [05/Oct/2025:12:37:14 -0400] "POST /wp-cron.php?doing_wp_cron=1759682234.5723938941955566406250 HTTP/1.1" 200 0 "-" "WordPress/6.8.3; https://salhab360photos.com"
216.73.216.221 - - [05/Oct/2025:12:37:43 -0400] "GET /products163798070?kg=0161800614 HTTP/1.1" 404 9743 "-" "Mozilla/5.0 AppleWebKit/537.36 (KHTML, like Gecko; compatible; ClaudeBot/1.0; +claudebot@anthropic.com)"
20.171.207.56 - - [05/Oct/2025:12:37:51 -0400] "GET /products210594322?kg=0208026180 HTTP/1.1" 404 9742 "-" "Mozilla/5.0 AppleWebKit/537.36 (KHTML, like Gecko; compatible; GPTBot/1.2; +https://openai.com/gptbot)"
185.61.153.107 - - [05/Oct/2025:12:38:20 -0400] "POST /wp-cron.php?doing_wp_cron=1759682300.4774539470672607421875 HTTP/1.1" 200 0 "-" "WordPress/6.8.3; https://salhab360photos.com"
20.171.207.56 - - [05/Oct/2025:12:38:45 -0400] "GET /products210612002?kg=0208043644 HTTP/1.1" 404 9743 "-" "Mozilla/5.0 AppleWebKit/537.36 (KHTML, like Gecko; compatible; GPTBot/1.2; +https://openai.com/gptbot)"
66.249.73.10 - - [05/Oct/2025:12:39:02 -0400] "GET /?products8127836?kg=0008028799 HTTP/1.1" 200 1164 "-" "Mozilla/5.0 (Linux; Android 6.0.1; Nexus 5X Build/MMB29P) AppleWebKit/537.36 (KHTML, like Gecko) Chrome/140.0.7339.207 Mobile Safari/537.36 (compatible; Googlebot/2.1; +http://www.google.com/bot.html)"
20.171.207.56 - - [05/Oct/2025:12:39:42 -0400] "GET /products210636056?kg=0208067405 HTTP/1.1" 404 9743 "-" "Mozilla/5.0 AppleWebKit/537.36 (KHTML, like Gecko; compatible; GPTBot/1.2; +https://openai.com/gptbot)"
216.73.216.221 - - [05/Oct/2025:12:40:21 -0400] "GET /products59419984?kg=0058695433 HTTP/1.1" 404 9742 "-" "Mozilla/5.0 AppleWebKit/537.36 (KHTML, like Gecko; compatible; ClaudeBot/1.0; +claudebot@anthropic.com)"
20.171.207.56 - - [05/Oct/2025:12:40:39 -0400] "GET /products210595220?kg=0208027067 HTTP/1.1" 404 9740 "-" "Mozilla/5.0 AppleWebKit/537.36 (KHTML, like Gecko; compatible; GPTBot/1.2; +https://openai.com/gptbot)"
66.249.73.10 - - [05/Oct/2025:12:40:46 -0400] "GET /products1231472?kg=0001216537 HTTP/1.1" 200 28906 "-" "Mozilla/5.0 (Linux; Android 6.0.1; Nexus 5X Build/MMB29P) AppleWebKit/537.36 (KHTML, like Gecko) Chrome/140.0.7339.207 Mobile Safari/537.36 (compatible; Googlebot/2.1; +http://www.google.com/bot.html)"
66.249.73.10 - - [05/Oct/2025:12:40:59 -0400] "GET /products2344540?kg=0002316031 HTTP/1.1" 200 29126 "-" "Mozilla/5.0 (Linux; Android 6.0.1; Nexus 5X Build/MMB29P) AppleWebKit/537.36 (KHTML, like Gecko) Chrome/140.0.7339.207 Mobile Safari/537.36 (compatible; Googlebot/2.1; +http://www.google.com/bot.html)"
185.61.153.107 - - [05/Oct/2025:12:41:17 -0400] "POST /wp-cron.php?doing_wp_cron=1759682477.4709820747375488281250 HTTP/1.1" 200 0 "-" "WordPress/6.8.3; https://salhab360photos.com"
34.206.212.24 - - [05/Oct/2025:12:41:13 -0400] "GET /portfolio/video-hls-http-live-streaming-support/ HTTP/1.1" 200 17462 "-" "Mozilla/5.0 AppleWebKit/537.36 (KHTML, like Gecko; compatible; Amazonbot/0.1; +https://developer.amazon.com/support/amazonbot) Chrome/119.0.6045.214 Safari/537.36"
98.83.226.125 - - [05/Oct/2025:12:41:22 -0400] "GET /wp-content/uploads/2023/04/v-thumbnails-preview.jpg?685532 HTTP/1.1" 200 50074 "-" "Mozilla/5.0 AppleWebKit/537.36 (KHTML, like Gecko; compatible; Amazonbot/0.1; +https://developer.amazon.com/support/amazonbot) Chrome/119.0.6045.214 Safari/537.36"
20.171.207.56 - - [05/Oct/2025:12:41:37 -0400] "GET /products210616800?kg=0208048385 HTTP/1.1" 404 9743 "-" "Mozilla/5.0 AppleWebKit/537.36 (KHTML, like Gecko; compatible; GPTBot/1.2; +https://openai.com/gptbot)"
185.61.153.107 - - [05/Oct/2025:12:42:08 -0400] "POST /wp-cron.php?doing_wp_cron=1759682528.4751799106597900390625 HTTP/1.1" 200 0 "-" "WordPress/6.8.3; https://salhab360photos.com"
216.73.216.221 - - [05/Oct/2025:12:42:06 -0400] "GET /products65759034?kg=0064957176 HTTP/1.1" 404 9742 "-" "Mozilla/5.0 AppleWebKit/537.36 (KHTML, like Gecko; compatible; ClaudeBot/1.0; +claudebot@anthropic.com)"
20.171.207.56 - - [05/Oct/2025:12:43:29 -0400] "GET /products210630084?kg=0208061507 HTTP/1.1" 404 9742 "-" "Mozilla/5.0 AppleWebKit/537.36 (KHTML, like Gecko; compatible; GPTBot/1.2; +https://openai.com/gptbot)"
66.249.73.11 - - [05/Oct/2025:12:43:59 -0400] "GET /?ctg/search/similarImageSearchResultView/?ctgItemCd=65791 HTTP/1.1" 200 1164 "-" "Mozilla/5.0 (Linux; Android 6.0.1; Nexus 5X Build/MMB29P) AppleWebKit/537.36 (KHTML, like Gecko) Chrome/140.0.7339.207 Mobile Safari/537.36 (compatible; Googlebot/2.1; +http://www.google.com/bot.html)"
185.61.153.107 - - [05/Oct/2025:12:44:27 -0400] "POST /wp-cron.php?doing_wp_cron=1759682667.7814810276031494140625 HTTP/1.1" 200 0 "-" "WordPress/6.8.3; https://salhab360photos.com"
66.249.73.12 - - [05/Oct/2025:12:45:20 -0400] "GET /?products347962?kg=0000343800 HTTP/1.1" 200 1164 "-" "Mozilla/5.0 (Linux; Android 6.0.1; Nexus 5X Build/MMB29P) AppleWebKit/537.36 (KHTML, like Gecko) Chrome/140.0.7339.207 Mobile Safari/537.36 (compatible; Googlebot/2.1; +http://www.google.com/bot.html)"
185.61.153.107 - - [05/Oct/2025:12:45:23 -0400] "POST /wp-cron.php?doing_wp_cron=1759682723.6718780994415283203125 HTTP/1.1" 200 0 "-" "WordPress/6.8.3; https://salhab360photos.com"
20.171.207.56 - - [05/Oct/2025:12:45:20 -0400] "GET /products210596008?kg=0208027845 HTTP/1.1" 404 9734 "-" "Mozilla/5.0 AppleWebKit/537.36 (KHTML, like Gecko; compatible; GPTBot/1.2; +https://openai.com/gptbot)"
92.222.104.198 - - [05/Oct/2025:12:45:43 -0400] "GET /products91255422?kg=0090142634 HTTP/1.1" 404 9744 "-" "Mozilla/5.0 (compatible; AhrefsBot/7.0; +http://ahrefs.com/robot/)"
185.61.153.107 - - [05/Oct/2025:12:46:18 -0400] "POST /wp-cron.php?doing_wp_cron=1759682778.6765649318695068359375 HTTP/1.1" 200 0 "-" "WordPress/6.8.3; https://salhab360photos.com"
18.232.12.157 - - [05/Oct/2025:12:46:26 -0400] "GET /portfolio/vimeo-support/ HTTP/1.1" 200 17400 "-" "Mozilla/5.0 AppleWebKit/537.36 (KHTML, like Gecko; compatible; Amazonbot/0.1; +https://developer.amazon.com/support/amazonbot) Chrome/119.0.6045.214 Safari/537.36"
52.5.232.250 - - [05/Oct/2025:12:46:35 -0400] "GET /wp-content/uploads/2023/04/v-gd.jpg?153258 HTTP/1.1" 200 74488 "-" "Mozilla/5.0 AppleWebKit/537.36 (KHTML, like Gecko; compatible; Amazonbot/0.1; +https://developer.amazon.com/support/amazonbot) Chrome/119.0.6045.214 Safari/537.36"
52.44.148.203 - - [05/Oct/2025:12:46:31 -0400] "GET /infinite-grid-full-width-and-height/ HTTP/1.1" 200 16716 "-" "Mozilla/5.0 AppleWebKit/537.36 (KHTML, like Gecko; compatible; Amazonbot/0.1; +https://developer.amazon.com/support/amazonbot) Chrome/119.0.6045.214 Safari/537.36"
52.6.5.24 - - [05/Oct/2025:12:46:33 -0400] "GET /blog/ HTTP/1.1" 200 16770 "-" "Mozilla/5.0 AppleWebKit/537.36 (KHTML, like Gecko; compatible; Amazonbot/0.1; +https://developer.amazon.com/support/amazonbot) Chrome/119.0.6045.214 Safari/537.36"
20.171.207.56 - - [05/Oct/2025:12:47:09 -0400] "GET /products210591010?kg=0208022908 HTTP/1.1" 404 9745 "-" "Mozilla/5.0 AppleWebKit/537.36 (KHTML, like Gecko; compatible; GPTBot/1.2; +https://openai.com/gptbot)"
66.249.73.10 - - [05/Oct/2025:12:48:43 -0400] "GET /products5269156?kg=0005204979 HTTP/1.1" 200 29148 "-" "Mozilla/5.0 (Linux; Android 6.0.1; Nexus 5X Build/MMB29P) AppleWebKit/537.36 (KHTML, like Gecko) Chrome/140.0.7339.207 Mobile Safari/537.36 (compatible; Googlebot/2.1; +http://www.google.com/bot.html)"
185.61.153.107 - - [05/Oct/2025:12:49:11 -0400] "POST /wp-cron.php?doing_wp_cron=1759682950.9725909233093261718750 HTTP/1.1" 200 0 "-" "WordPress/6.8.3; https://salhab360photos.com"
216.73.216.221 - - [05/Oct/2025:12:37:10 -0400] "GET /products83690302?kg=0082669770 HTTP/1.1" 404 9745 "-" "Mozilla/5.0 AppleWebKit/537.36 (KHTML, like Gecko; compatible; ClaudeBot/1.0; +claudebot@anthropic.com)"
216.73.216.221 - - [05/Oct/2025:12:38:16 -0400] "GET /products106730170?kg=0105428664 HTTP/1.1" 404 9742 "-" "Mozilla/5.0 AppleWebKit/537.36 (KHTML, like Gecko; compatible; ClaudeBot/1.0; +claudebot@anthropic.com)"
185.61.153.107 - - [05/Oct/2025:12:39:46 -0400] "POST /wp-cron.php?doing_wp_cron=1759682386.4726450443267822265625 HTTP/1.1" 200 0 "-" "WordPress/6.8.3; https://salhab360photos.com"
216.73.216.221 - - [05/Oct/2025:12:39:50 -0400] "GET /products83680672?kg=0082660257 HTTP/1.1" 404 9741 "-" "Mozilla/5.0 AppleWebKit/537.36 (KHTML, like Gecko; compatible; ClaudeBot/1.0; +claudebot@anthropic.com)"
185.61.153.107 - - [05/Oct/2025:12:40:23 -0400] "POST /wp-cron.php?doing_wp_cron=1759682423.7789590358734130859375 HTTP/1.1" 200 0 "-" "WordPress/6.8.3; https://salhab360photos.com"
176.31.139.23 - - [05/Oct/2025:12:41:31 -0400] "GET /products98838336?kg=0097633073 HTTP/1.1" 404 9741 "-" "Mozilla/5.0 (compatible; AhrefsBot/7.0; +http://ahrefs.com/robot/)"
20.171.207.56 - - [05/Oct/2025:12:42:32 -0400] "GET /products210646278?kg=0208077502 HTTP/1.1" 404 9742 "-" "Mozilla/5.0 AppleWebKit/537.36 (KHTML, like Gecko; compatible; GPTBot/1.2; +https://openai.com/gptbot)"
185.61.153.107 - - [05/Oct/2025:12:43:35 -0400] "POST /wp-cron.php?doing_wp_cron=1759682614.9734280109405517578125 HTTP/1.1" 200 0 "-" "WordPress/6.8.3; https://salhab360photos.com"
66.249.73.11 - - [05/Oct/2025:12:43:57 -0400] "GET /ctg/search/similarImageSearchResultView/?ctgItemCd=13918 HTTP/1.1" 200 29195 "-" "Mozilla/5.0 (Linux; Android 6.0.1; Nexus 5X Build/MMB29P) AppleWebKit/537.36 (KHTML, like Gecko) Chrome/140.0.7339.207 Mobile Safari/537.36 (compatible; Googlebot/2.1; +http://www.google.com/bot.html)"
20.171.207.56 - - [05/Oct/2025:12:44:24 -0400] "GET /products210623314?kg=0208054820 HTTP/1.1" 404 9742 "-" "Mozilla/5.0 AppleWebKit/537.36 (KHTML, like Gecko; compatible; GPTBot/1.2; +https://openai.com/gptbot)"
20.171.207.56 - - [05/Oct/2025:12:46:14 -0400] "GET /products210596300?kg=0208028135 HTTP/1.1" 404 9743 "-" "Mozilla/5.0 AppleWebKit/537.36 (KHTML, like Gecko; compatible; GPTBot/1.2; +https://openai.com/gptbot)"
52.45.77.169 - - [05/Oct/2025:12:46:14 -0400] "GET /portfolio/outfit-combination-to-wear-on-every-flight/ HTTP/1.1" 200 16541 "-" "Mozilla/5.0 AppleWebKit/537.36 (KHTML, like Gecko; compatible; Amazonbot/0.1; +https://developer.amazon.com/support/amazonbot) Chrome/119.0.6045.214 Safari/537.36"
35.173.38.202 - - [05/Oct/2025:12:46:22 -0400] "GET /wp-content/uploads/2019/08/travel-11-h.jpg?664297 HTTP/1.1" 200 1796572 "-" "Mozilla/5.0 AppleWebKit/537.36 (KHTML, like Gecko; compatible; Amazonbot/0.1; +https://developer.amazon.com/support/amazonbot) Chrome/119.0.6045.214 Safari/537.36"
185.61.153.107 - - [05/Oct/2025:12:47:16 -0400] "POST /wp-cron.php?doing_wp_cron=1759682836.0742399692535400390625 HTTP/1.1" 200 0 "-" "WordPress/6.8.3; https://salhab360photos.com"
66.249.73.12 - - [05/Oct/2025:12:47:33 -0400] "GET /?products1108198?kg=0001094766 HTTP/1.1" 200 1164 "-" "Mozilla/5.0 (Linux; Android 6.0.1; Nexus 5X Build/MMB29P) AppleWebKit/537.36 (KHTML, like Gecko) Chrome/140.0.7339.207 Mobile Safari/537.36 (compatible; Googlebot/2.1; +http://www.google.com/bot.html)"
185.61.153.107 - - [05/Oct/2025:12:48:12 -0400] "POST /wp-cron.php?doing_wp_cron=1759682892.1733860969543457031250 HTTP/1.1" 200 0 "-" "WordPress/6.8.3; https://salhab360photos.com"
20.171.207.56 - - [05/Oct/2025:12:48:08 -0400] "GET /products210613880?kg=0208045501 HTTP/1.1" 404 9742 "-" "Mozilla/5.0 AppleWebKit/537.36 (KHTML, like Gecko; compatible; GPTBot/1.2; +https://openai.com/gptbot)"
20.171.207.56 - - [05/Oct/2025:12:49:06 -0400] "GET /products210629660?kg=0208061087 HTTP/1.1" 404 9743 "-" "Mozilla/5.0 AppleWebKit/537.36 (KHTML, like Gecko; compatible; GPTBot/1.2; +https://openai.com/gptbot)"
51.68.247.207 - - [05/Oct/2025:12:49:57 -0400] "GET /products91248156?kg=0090135455 HTTP/1.1" 404 9732 "-" "Mozilla/5.0 (compatible; AhrefsBot/7.0; +http://ahrefs.com/robot/)"
216.73.216.221 - - [05/Oct/2025:12:49:58 -0400] "GET /products188463256?kg=0186165005 HTTP/1.1" 404 9740 "-" "Mozilla/5.0 AppleWebKit/537.36 (KHTML, like Gecko; compatible; ClaudeBot/1.0; +claudebot@anthropic.com)"
20.171.207.56 - - [05/Oct/2025:12:50:02 -0400] "GET /products210602404?kg=0208034163 HTTP/1.1" 404 9742 "-" "Mozilla/5.0 AppleWebKit/537.36 (KHTML, like Gecko; compatible; GPTBot/1.2; +https://openai.com/gptbot)"
66.249.73.11 - - [05/Oct/2025:12:50:12 -0400] "GET /?products4739026?kg=0004681316 HTTP/1.1" 200 1164 "-" "Mozilla/5.0 (Linux; Android 6.0.1; Nexus 5X Build/MMB29P) AppleWebKit/537.36 (KHTML, like Gecko) Chrome/140.0.7339.207 Mobile Safari/537.36 (compatible; Googlebot/2.1; +http://www.google.com/bot.html)"
164.90.241.135 - - [05/Oct/2025:12:50:27 -0400] "GET /index.html HTTP/1.1" 200 1404 "-" "Mozilla/5.0 (Windows NT 10.0; Win64; x64) AppleWebKit/537.36 (KHTML, like Gecko) Chrome/132.0.0.0 Safari/537.36 Edg/132.0.0.0"
46.101.70.221 - - [05/Oct/2025:12:50:27 -0400] "GET /index.html HTTP/1.1" 200 1404 "-" "Mozilla/5.0 (Windows NT 10.0; Win64; x64) AppleWebKit/537.36 (KHTML, like Gecko) Chrome/132.0.0.0 Safari/537.36 Edg/132.0.0.0"
216.73.216.221 - - [05/Oct/2025:12:50:31 -0400] "GET /products188466458?kg=0186168168 HTTP/1.1" 404 9742 "-" "Mozilla/5.0 AppleWebKit/537.36 (KHTML, like Gecko; compatible; ClaudeBot/1.0; +claudebot@anthropic.com)"
216.73.216.221 - - [05/Oct/2025:12:50:49 -0400] "GET /products188462532?kg=0186164291 HTTP/1.1" 404 9742 "-" "Mozilla/5.0 AppleWebKit/537.36 (KHTML, like Gecko; compatible; ClaudeBot/1.0; +claudebot@anthropic.com)"
216.73.216.221 - - [05/Oct/2025:12:50:55 -0400] "GET /products188501554?kg=0186202836 HTTP/1.1" 404 9743 "-" "Mozilla/5.0 AppleWebKit/537.36 (KHTML, like Gecko; compatible; ClaudeBot/1.0; +claudebot@anthropic.com)"
185.61.153.107 - - [05/Oct/2025:12:51:05 -0400] "POST /wp-cron.php?doing_wp_cron=1759683065.2719569206237792968750 HTTP/1.1" 200 0 "-" "WordPress/6.8.3; https://salhab360photos.com"
216.73.216.221 - - [05/Oct/2025:12:51:02 -0400] "GET /products188487874?kg=0186189324 HTTP/1.1" 404 9742 "-" "Mozilla/5.0 AppleWebKit/537.36 (KHTML, like Gecko; compatible; ClaudeBot/1.0; +claudebot@anthropic.com)"
216.73.216.221 - - [05/Oct/2025:12:51:13 -0400] "GET /products188478726?kg=0186180286 HTTP/1.1" 404 9741 "-" "Mozilla/5.0 AppleWebKit/537.36 (KHTML, like Gecko; compatible; ClaudeBot/1.0; +claudebot@anthropic.com)"
66.249.73.10 - - [05/Oct/2025:12:51:37 -0400] "GET /products6803426?kg=0006720540 HTTP/1.1" 200 28726 "-" "Mozilla/5.0 (Linux; Android 6.0.1; Nexus 5X Build/MMB29P) AppleWebKit/537.36 (KHTML, like Gecko) Chrome/140.0.7339.207 Mobile Safari/537.36 (compatible; Googlebot/2.1; +http://www.google.com/bot.html)"
20.171.207.56 - - [05/Oct/2025:12:51:56 -0400] "GET /products210578952?kg=0208010997 HTTP/1.1" 404 9742 "-" "Mozilla/5.0 AppleWebKit/537.36 (KHTML, like Gecko; compatible; GPTBot/1.2; +https://openai.com/gptbot)"
66.249.73.10 - - [05/Oct/2025:12:52:43 -0400] "GET /?products5228812?kg=0005165127 HTTP/1.1" 200 1164 "-" "Mozilla/5.0 (Linux; Android 6.0.1; Nexus 5X Build/MMB29P) AppleWebKit/537.36 (KHTML, like Gecko) Chrome/140.0.7339.207 Mobile Safari/537.36 (compatible; Googlebot/2.1; +http://www.google.com/bot.html)"
185.61.153.107 - - [05/Oct/2025:12:52:52 -0400] "POST /wp-cron.php?doing_wp_cron=1759683172.3745410442352294921875 HTTP/1.1" 200 0 "-" "WordPress/6.8.3; https://salhab360photos.com"
20.171.207.56 - - [05/Oct/2025:12:52:55 -0400] "GET /products210620494?kg=0208052034 HTTP/1.1" 404 9743 "-" "Mozilla/5.0 AppleWebKit/537.36 (KHTML, like Gecko; compatible; GPTBot/1.2; +https://openai.com/gptbot)"
185.61.153.107 - - [05/Oct/2025:12:53:08 -0400] "POST /wp-cron.php?doing_wp_cron=1759683187.9765028953552246093750 HTTP/1.1" 200 0 "-" "WordPress/6.8.3; https://salhab360photos.com"
185.61.153.107 - - [05/Oct/2025:12:50:08 -0400] "POST /wp-cron.php?doing_wp_cron=1759683008.5710530281066894531250 HTTP/1.1" 200 0 "-" "WordPress/6.8.3; https://salhab360photos.com"
18.130.235.165 - - [05/Oct/2025:12:50:27 -0400] "GET /index.html HTTP/1.1" 200 1404 "-" "Mozilla/5.0 (Windows NT 10.0; Win64; x64) AppleWebKit/537.36 (KHTML, like Gecko) Chrome/132.0.0.0 Safari/537.36 Edg/132.0.0.0"
174.138.112.39 - - [05/Oct/2025:12:50:27 -0400] "GET /index.html HTTP/1.1" 200 1404 "-" "Mozilla/5.0 (Windows NT 10.0; Win64; x64) AppleWebKit/537.36 (KHTML, like Gecko) Chrome/132.0.0.0 Safari/537.36 Edg/132.0.0.0"
216.73.216.221 - - [05/Oct/2025:12:50:37 -0400] "GET /products188510046?kg=0186211226 HTTP/1.1" 404 9741 "-" "Mozilla/5.0 AppleWebKit/537.36 (KHTML, like Gecko; compatible; ClaudeBot/1.0; +claudebot@anthropic.com)"
216.73.216.221 - - [05/Oct/2025:12:50:43 -0400] "GET /products188525958?kg=0186226942 HTTP/1.1" 404 9741 "-" "Mozilla/5.0 AppleWebKit/537.36 (KHTML, like Gecko; compatible; ClaudeBot/1.0; +claudebot@anthropic.com)"
66.249.73.10 - - [05/Oct/2025:12:50:48 -0400] "GET /products6968478?kg=0006883578 HTTP/1.1" 200 28975 "-" "Mozilla/5.0 (Linux; Android 6.0.1; Nexus 5X Build/MMB29P) AppleWebKit/537.36 (KHTML, like Gecko) Chrome/140.0.7339.207 Mobile Safari/537.36 (compatible; Googlebot/2.1; +http://www.google.com/bot.html)"
216.73.216.221 - - [05/Oct/2025:12:50:58 -0400] "GET /products188496348?kg=0186197695 HTTP/1.1" 404 9743 "-" "Mozilla/5.0 AppleWebKit/537.36 (KHTML, like Gecko; compatible; ClaudeBot/1.0; +claudebot@anthropic.com)"
20.171.207.56 - - [05/Oct/2025:12:51:01 -0400] "GET /products210600924?kg=0208032703 HTTP/1.1" 404 9742 "-" "Mozilla/5.0 AppleWebKit/537.36 (KHTML, like Gecko; compatible; GPTBot/1.2; +https://openai.com/gptbot)"
216.73.216.221 - - [05/Oct/2025:12:51:07 -0400] "GET /products188520948?kg=0186221995 HTTP/1.1" 404 9742 "-" "Mozilla/5.0 AppleWebKit/537.36 (KHTML, like Gecko; compatible; ClaudeBot/1.0; +claudebot@anthropic.com)"
216.73.216.221 - - [05/Oct/2025:12:51:20 -0400] "GET /products188476230?kg=0186177822 HTTP/1.1" 404 9742 "-" "Mozilla/5.0 AppleWebKit/537.36 (KHTML, like Gecko; compatible; ClaudeBot/1.0; +claudebot@anthropic.com)"
216.73.216.221 - - [05/Oct/2025:12:51:28 -0400] "GET /products188529840?kg=0186230777 HTTP/1.1" 404 9740 "-" "Mozilla/5.0 AppleWebKit/537.36 (KHTML, like Gecko; compatible; ClaudeBot/1.0; +claudebot@anthropic.com)"
216.73.216.221 - - [05/Oct/2025:12:52:46 -0400] "GET /products188517922?kg=0186219004 HTTP/1.1" 404 9742 "-" "Mozilla/5.0 AppleWebKit/537.36 (KHTML, like Gecko; compatible; ClaudeBot/1.0; +claudebot@anthropic.com)"
216.73.216.221 - - [05/Oct/2025:12:52:54 -0400] "GET /products188479588?kg=0186181139 HTTP/1.1" 404 9733 "-" "Mozilla/5.0 AppleWebKit/537.36 (KHTML, like Gecko; compatible; ClaudeBot/1.0; +claudebot@anthropic.com)"
216.73.216.221 - - [05/Oct/2025:12:53:02 -0400] "GET /products188500174?kg=0186201474 HTTP/1.1" 404 9743 "-" "Mozilla/5.0 AppleWebKit/537.36 (KHTML, like Gecko; compatible; ClaudeBot/1.0; +claudebot@anthropic.com)"
216.73.216.221 - - [05/Oct/2025:12:53:18 -0400] "GET /products188502178?kg=0186203452 HTTP/1.1" 404 9742 "-" "Mozilla/5.0 AppleWebKit/537.36 (KHTML, like Gecko; compatible; ClaudeBot/1.0; +claudebot@anthropic.com)"
185.61.153.107 - - [05/Oct/2025:12:53:41 -0400] "POST /wp-cron.php?doing_wp_cron=1759683221.2779259681701660156250 HTTP/1.1" 200 0 "-" "WordPress/6.8.3; https://salhab360photos.com"
216.73.216.221 - - [05/Oct/2025:12:53:46 -0400] "GET /products113476188?kg=0112092415 HTTP/1.1" 404 9743 "-" "Mozilla/5.0 AppleWebKit/537.36 (KHTML, like Gecko; compatible; ClaudeBot/1.0; +claudebot@anthropic.com)"
92.222.104.219 - - [05/Oct/2025:12:53:51 -0400] "GET /products91225706?kg=0090113280 HTTP/1.1" 404 9744 "-" "Mozilla/5.0 (compatible; AhrefsBot/7.0; +http://ahrefs.com/robot/)"
20.171.207.56 - - [05/Oct/2025:12:53:51 -0400] "GET /products210619128?kg=0208050685 HTTP/1.1" 404 9742 "-" "Mozilla/5.0 AppleWebKit/537.36 (KHTML, like Gecko; compatible; GPTBot/1.2; +https://openai.com/gptbot)"
185.61.153.107 - - [05/Oct/2025:12:54:07 -0400] "POST /wp-cron.php?doing_wp_cron=1759683247.7802989482879638671875 HTTP/1.1" 200 0 "-" "WordPress/6.8.3; https://salhab360photos.com"
66.249.73.12 - - [05/Oct/2025:12:54:28 -0400] "GET /products111180648?kg=0109824869 HTTP/1.1" 200 28811 "-" "Mozilla/5.0 (Linux; Android 6.0.1; Nexus 5X Build/MMB29P) AppleWebKit/537.36 (KHTML, like Gecko) Chrome/140.0.7339.207 Mobile Safari/537.36 (compatible; GoogleOther)"
185.61.153.107 - - [05/Oct/2025:12:55:52 -0400] "POST /wp-cron.php?doing_wp_cron=1759683351.8728029727935791015625 HTTP/1.1" 200 0 "-" "WordPress/6.8.3; https://salhab360photos.com"
66.249.73.11 - - [05/Oct/2025:12:56:08 -0400] "GET /?products842008?kg=0000831821 HTTP/1.1" 200 1164 "-" "Mozilla/5.0 (Linux; Android 6.0.1; Nexus 5X Build/MMB29P) AppleWebKit/537.36 (KHTML, like Gecko) Chrome/140.0.7339.207 Mobile Safari/537.36 (compatible; Googlebot/2.1; +http://www.google.com/bot.html)"
66.249.73.10 - - [05/Oct/2025:12:56:31 -0400] "GET /products7386678?kg=0007296678 HTTP/1.1" 200 28945 "-" "Mozilla/5.0 (Linux; Android 6.0.1; Nexus 5X Build/MMB29P) AppleWebKit/537.36 (KHTML, like Gecko) Chrome/140.0.7339.207 Mobile Safari/537.36 (compatible; Googlebot/2.1; +http://www.google.com/bot.html)"
20.171.207.56 - - [05/Oct/2025:12:56:43 -0400] "GET /products210600882?kg=0208032660 HTTP/1.1" 404 9742 "-" "Mozilla/5.0 AppleWebKit/537.36 (KHTML, like Gecko; compatible; GPTBot/1.2; +https://openai.com/gptbot)"
66.249.73.10 - - [05/Oct/2025:12:57:07 -0400] "GET /?products5392730?kg=0005327048 HTTP/1.1" 200 1164 "-" "Mozilla/5.0 (Linux; Android 6.0.1; Nexus 5X Build/MMB29P) AppleWebKit/537.36 (KHTML, like Gecko) Chrome/140.0.7339.207 Mobile Safari/537.36 (compatible; Googlebot/2.1; +http://www.google.com/bot.html)"
66.249.73.10 - - [05/Oct/2025:12:57:41 -0400] "GET /products12203928?kg=0012055181 HTTP/1.1" 200 29063 "-" "Mozilla/5.0 (Linux; Android 6.0.1; Nexus 5X Build/MMB29P) AppleWebKit/537.36 (KHTML, like Gecko) Chrome/140.0.7339.207 Mobile Safari/537.36 (compatible; Googlebot/2.1; +http://www.google.com/bot.html)"
92.222.108.122 - - [05/Oct/2025:12:57:40 -0400] "GET /products91196300?kg=0090084231 HTTP/1.1" 404 9743 "-" "Mozilla/5.0 (compatible; AhrefsBot/7.0; +http://ahrefs.com/robot/)"
66.249.73.11 - - [05/Oct/2025:12:58:04 -0400] "GET /?products451948?kg=0000446519 HTTP/1.1" 200 1164 "-" "Mozilla/5.0 (Linux; Android 6.0.1; Nexus 5X Build/MMB29P) AppleWebKit/537.36 (KHTML, like Gecko) Chrome/140.0.7339.207 Mobile Safari/537.36 (compatible; Googlebot/2.1; +http://www.google.com/bot.html)"
185.61.153.107 - - [05/Oct/2025:12:58:40 -0400] "POST /wp-cron.php?doing_wp_cron=1759683520.5732190608978271484375 HTTP/1.1" 200 0 "-" "WordPress/6.8.3; https://salhab360photos.com"
20.171.207.56 - - [05/Oct/2025:12:58:38 -0400] "GET /products210620112?kg=0208051657 HTTP/1.1" 404 9743 "-" "Mozilla/5.0 AppleWebKit/537.36 (KHTML, like Gecko; compatible; GPTBot/1.2; +https://openai.com/gptbot)"
197.238.5.249 - - [05/Oct/2025:12:58:47 -0400] "GET /.well-known/ HTTP/1.1" 200 761 "https://salhab360photos.com/.well-known/index.php" "Go-http-client/2.0"
66.249.73.10 - - [05/Oct/2025:12:58:50 -0400] "GET /products1501010?kg=0001482788 HTTP/1.1" 200 29427 "-" "Mozilla/5.0 (Linux; Android 6.0.1; Nexus 5X Build/MMB29P) AppleWebKit/537.36 (KHTML, like Gecko) Chrome/140.0.7339.207 Mobile Safari/537.36 (compatible; Googlebot/2.1; +http://www.google.com/bot.html)"
197.238.5.249 - - [05/Oct/2025:12:58:48 -0400] "GET /radio.php HTTP/1.1" 404 10903 "http://salhab360photos.com/radio.php" "Go-http-client/2.0"
197.238.5.249 - - [05/Oct/2025:12:58:52 -0400] "GET /.well-known/acme-challenge/index.php HTTP/1.1" 301 0 "http://salhab360photos.com/.well-known/acme-challenge/index.php" "Go-http-client/2.0"
185.61.153.107 - - [05/Oct/2025:12:59:05 -0400] "POST /wp-cron.php?doing_wp_cron=1759683545.2707641124725341796875 HTTP/1.1" 200 0 "-" "WordPress/6.8.3; https://salhab360photos.com"
216.73.216.221 - - [05/Oct/2025:12:53:10 -0400] "GET /products188471588?kg=0186173235 HTTP/1.1" 404 9743 "-" "Mozilla/5.0 AppleWebKit/537.36 (KHTML, like Gecko; compatible; ClaudeBot/1.0; +claudebot@anthropic.com)"
216.73.216.221 - - [05/Oct/2025:12:53:26 -0400] "GET /products188515900?kg=0186217007 HTTP/1.1" 404 9743 "-" "Mozilla/5.0 AppleWebKit/537.36 (KHTML, like Gecko; compatible; ClaudeBot/1.0; +claudebot@anthropic.com)"
216.73.216.221 - - [05/Oct/2025:12:53:38 -0400] "GET /products214118400?kg=0211507281 HTTP/1.1" 404 9743 "-" "Mozilla/5.0 AppleWebKit/537.36 (KHTML, like Gecko; compatible; ClaudeBot/1.0; +claudebot@anthropic.com)"
216.73.216.221 - - [05/Oct/2025:12:53:54 -0400] "GET /products74186908?kg=0073282271 HTTP/1.1" 404 9743 "-" "Mozilla/5.0 AppleWebKit/537.36 (KHTML, like Gecko; compatible; ClaudeBot/1.0; +claudebot@anthropic.com)"
216.73.216.221 - - [05/Oct/2025:12:54:02 -0400] "GET /products146034488?kg=0144253661 HTTP/1.1" 404 9743 "-" "Mozilla/5.0 AppleWebKit/537.36 (KHTML, like Gecko; compatible; ClaudeBot/1.0; +claudebot@anthropic.com)"
66.249.73.10 - - [05/Oct/2025:12:54:48 -0400] "GET /?products6968478?kg=0006883578 HTTP/1.1" 200 1164 "-" "Mozilla/5.0 (Linux; Android 6.0.1; Nexus 5X Build/MMB29P) AppleWebKit/537.36 (KHTML, like Gecko) Chrome/140.0.7339.207 Mobile Safari/537.36 (compatible; Googlebot/2.1; +http://www.google.com/bot.html)"
20.171.207.56 - - [05/Oct/2025:12:54:46 -0400] "GET /products210617082?kg=0208048664 HTTP/1.1" 404 9741 "-" "Mozilla/5.0 AppleWebKit/537.36 (KHTML, like Gecko; compatible; GPTBot/1.2; +https://openai.com/gptbot)"
20.171.207.56 - - [05/Oct/2025:12:55:44 -0400] "GET /products210636930?kg=0208068268 HTTP/1.1" 404 9742 "-" "Mozilla/5.0 AppleWebKit/537.36 (KHTML, like Gecko; compatible; GPTBot/1.2; +https://openai.com/gptbot)"
185.61.153.107 - - [05/Oct/2025:12:56:47 -0400] "POST /wp-cron.php?doing_wp_cron=1759683407.3810749053955078125000 HTTP/1.1" 200 0 "-" "WordPress/6.8.3; https://salhab360photos.com"
185.61.153.107 - - [05/Oct/2025:12:57:44 -0400] "POST /wp-cron.php?doing_wp_cron=1759683464.4732310771942138671875 HTTP/1.1" 200 0 "-" "WordPress/6.8.3; https://salhab360photos.com"
20.171.207.56 - - [05/Oct/2025:12:57:41 -0400] "GET /products210601256?kg=0208033029 HTTP/1.1" 404 9743 "-" "Mozilla/5.0 AppleWebKit/537.36 (KHTML, like Gecko; compatible; GPTBot/1.2; +https://openai.com/gptbot)"
197.238.5.249 - - [05/Oct/2025:12:58:44 -0400] "GET /.well-known/index.php HTTP/1.1" 301 0 "http://salhab360photos.com/.well-known/index.php" "Go-http-client/2.0"
197.238.5.249 - - [05/Oct/2025:12:58:48 -0400] "GET /wp-content/themes/too.php HTTP/1.1" 200 0 "http://salhab360photos.com/wp-content/themes/too.php" "Go-http-client/2.0"
197.238.5.249 - - [05/Oct/2025:12:58:52 -0400] "GET /wp-content/plugins/index.php HTTP/1.1" 403 1242 "http://salhab360photos.com/wp-content/plugins/index.php" "Go-http-client/2.0"
197.238.5.249 - - [05/Oct/2025:12:58:55 -0400] "GET /.well-known/acme-challenge/ HTTP/1.1" 404 10897 "https://salhab360photos.com/.well-known/acme-challenge/index.php" "Go-http-client/2.0"
197.238.5.249 - - [05/Oct/2025:12:59:01 -0400] "GET /.well-known/index.php HTTP/1.1" 301 0 "http://salhab360photos.com/.well-known/index.php" "Go-http-client/2.0"
197.238.5.249 - - [05/Oct/2025:12:59:28 -0400] "GET /wp-content/uploads/makeasmtp.php?p= HTTP/1.1" 200 0 "http://salhab360photos.com/wp-content/uploads/makeasmtp.php?p=" "Go-http-client/2.0"
197.238.5.249 - - [05/Oct/2025:12:59:28 -0400] "GET /wp-includes/rest-api/about.php HTTP/1.1" 404 12366 "http://salhab360photos.com/wp-includes/rest-api/about.php" "Go-http-client/2.0"
197.238.5.249 - - [05/Oct/2025:12:59:34 -0400] "GET /wp-content/banners/about.php HTTP/1.1" 200 0 "http://salhab360photos.com/wp-content/banners/about.php" "Go-http-client/2.0"
197.238.5.249 - - [05/Oct/2025:12:59:34 -0400] "GET /wp-includes/Text/about.php HTTP/1.1" 404 12355 "http://salhab360photos.com/wp-includes/Text/about.php" "Go-http-client/2.0"
20.171.207.56 - - [05/Oct/2025:12:59:35 -0400] "GET /products210582642?kg=0208014644 HTTP/1.1" 404 9741 "-" "Mozilla/5.0 AppleWebKit/537.36 (KHTML, like Gecko; compatible; GPTBot/1.2; +https://openai.com/gptbot)"
66.249.73.10 - - [05/Oct/2025:12:59:45 -0400] "GET /?products5074574?kg=0005012770 HTTP/1.1" 200 1164 "-" "Mozilla/5.0 (Linux; Android 6.0.1; Nexus 5X Build/MMB29P) AppleWebKit/537.36 (KHTML, like Gecko) Chrome/140.0.7339.207 Mobile Safari/537.36 (compatible; Googlebot/2.1; +http://www.google.com/bot.html)"
197.238.5.249 - - [05/Oct/2025:12:59:42 -0400] "GET /asd.php HTTP/1.1" 404 10903 "http://salhab360photos.com/asd.php" "Go-http-client/2.0"
66.249.73.11 - - [05/Oct/2025:13:00:20 -0400] "GET /?products839220?kg=0000829067 HTTP/1.1" 200 1164 "-" "Mozilla/5.0 (Linux; Android 6.0.1; Nexus 5X Build/MMB29P) AppleWebKit/537.36 (KHTML, like Gecko) Chrome/140.0.7339.207 Mobile Safari/537.36 (compatible; Googlebot/2.1; +http://www.google.com/bot.html)"
185.61.153.107 - - [05/Oct/2025:13:00:26 -0400] "POST /wp-cron.php?doing_wp_cron=1759683626.5830919742584228515625 HTTP/1.1" 200 0 "-" "WordPress/6.8.3; https://salhab360photos.com"
216.73.216.221 - - [05/Oct/2025:13:00:31 -0400] "GET /products113499116?kg=0112115063 HTTP/1.1" 404 9742 "-" "Mozilla/5.0 AppleWebKit/537.36 (KHTML, like Gecko; compatible; ClaudeBot/1.0; +claudebot@anthropic.com)"
197.238.5.249 - - [05/Oct/2025:13:00:39 -0400] "GET /wp-content/cong.php HTTP/1.1" 200 0 "http://salhab360photos.com/wp-content/cong.php" "Go-http-client/2.0"
216.73.216.221 - - [05/Oct/2025:13:00:40 -0400] "GET /products27065704?kg=0026735717 HTTP/1.1" 404 9740 "-" "Mozilla/5.0 AppleWebKit/537.36 (KHTML, like Gecko; compatible; ClaudeBot/1.0; +claudebot@anthropic.com)"
35.227.32.130 - - [05/Oct/2025:13:00:48 -0400] "GET /.git/config HTTP/1.1" 403 1242 "-" "-"
197.238.5.249 - - [05/Oct/2025:13:00:45 -0400] "GET /wp-login.php?redirect_to=https%3A%2F%2Fsalhab360photos.com%2Fwp-admin%2Fclasswithtostring.php&reauth=1 HTTP/1.1" 200 2371 "https://salhab360photos.com/wp-admin/classwithtostring.php" "Go-http-client/2.0"
197.238.5.249 - - [05/Oct/2025:13:00:55 -0400] "GET /wp-includes/images/wp-login.php HTTP/1.1" 404 12365 "http://salhab360photos.com/wp-includes/images/wp-login.php" "Go-http-client/2.0"
197.238.5.249 - - [05/Oct/2025:13:01:08 -0400] "GET /wp-content/radio.php HTTP/1.1" 200 0 "http://salhab360photos.com/wp-content/radio.php" "Go-http-client/2.0"
197.238.5.249 - - [05/Oct/2025:13:01:08 -0400] "GET /wp-admin/dropdown.php HTTP/1.1" 302 0 "http://salhab360photos.com/wp-admin/dropdown.php" "Go-http-client/2.0"
197.238.5.249 - - [05/Oct/2025:13:01:16 -0400] "GET /wp-login.php?redirect_to=https%3A%2F%2Fsalhab360photos.com%2Fwp-admin%2Fdropdown.php&reauth=1 HTTP/1.1" 200 2368 "https://salhab360photos.com/wp-admin/dropdown.php" "Go-http-client/2.0"
197.238.5.249 - - [05/Oct/2025:13:01:25 -0400] "GET /login.php HTTP/1.1" 302 0 "http://salhab360photos.com/login.php" "Go-http-client/2.0"
