HEX
Server: LiteSpeed
System: Linux server257.web-hosting.com 4.18.0-553.54.1.lve.el8.x86_64 #1 SMP Wed Jun 4 13:01:13 UTC 2025 x86_64
User: salhiscp (12590)
PHP: 8.4.12
Disabled: NONE
Upload Files
File: //home/salhiscp/access-logs/salhab360photos.com.salhab360booth.com
3.8.131.166 - - [04/Oct/2025:08:38:22 -0400] "GET /index.html HTTP/1.1" 301 795 "-" "Mozilla/5.0 (Windows NT 10.0; Win64; x64) AppleWebKit/537.36 (KHTML, like Gecko) Chrome/135.0.0.0 Safari/537.36 OPR/120.0.0.0"
91.188.75.80 - - [04/Oct/2025:08:27:34 -0400] "GET / HTTP/1.1" 301 795 "-" "Mozilla/5.0 (Windows NT 10.0; Win64; x64) AppleWebKit/537.36 (KHTML, like Gecko) Chrome/58.0.3029.110 Safari/537.36"
91.188.75.80 - - [04/Oct/2025:08:31:13 -0400] "GET / HTTP/1.1" 301 795 "-" "Mozilla/5.0 (Windows NT 10.0; Win64; x64) AppleWebKit/537.36 (KHTML, like Gecko) Chrome/58.0.3029.110 Safari/537.36"
185.61.153.107 - - [04/Oct/2025:08:33:00 -0400] "GET / HTTP/1.1" 301 795 "-" "Mozilla/5.0 (Windows NT 10.0; Win64; x64; rv:122.0) Gecko/20100101 Firefox/122.0"
206.189.247.132 - - [04/Oct/2025:08:38:22 -0400] "GET /index.html HTTP/1.1" 301 795 "-" "Mozilla/5.0 (Windows NT 10.0; Win64; x64) AppleWebKit/537.36 (KHTML, like Gecko) Chrome/135.0.0.0 Safari/537.36 OPR/120.0.0.0"
45.133.172.87 - - [04/Oct/2025:08:38:22 -0400] "GET /index.html HTTP/1.1" 301 795 "-" "Mozilla/5.0 (Windows NT 10.0; Win64; x64) AppleWebKit/537.36 (KHTML, like Gecko) Chrome/135.0.0.0 Safari/537.36 OPR/120.0.0.0"
146.190.11.185 - - [04/Oct/2025:08:38:22 -0400] "GET /index.html HTTP/1.1" 200 1404 "-" "Mozilla/5.0 (Windows NT 10.0; Win64; x64) AppleWebKit/537.36 (KHTML, like Gecko) Chrome/135.0.0.0 Safari/537.36 OPR/120.0.0.0"
206.189.247.132 - - [04/Oct/2025:09:11:23 -0400] "GET /index.html HTTP/1.1" 301 795 "-" "Mozilla/5.0 (Windows NT 10.0; Win64; x64) AppleWebKit/537.36 (KHTML, like Gecko) Chrome/135.0.0.0 Safari/537.36 OPR/120.0.0.0"
45.133.173.18 - - [04/Oct/2025:09:11:23 -0400] "GET /index.html HTTP/1.1" 301 795 "-" "Mozilla/5.0 (Windows NT 10.0; Win64; x64) AppleWebKit/537.36 (KHTML, like Gecko) Chrome/135.0.0.0 Safari/537.36 OPR/120.0.0.0"
43.166.240.231 - - [04/Oct/2025:09:12:13 -0400] "GET / HTTP/1.1" 301 795 "-" "Mozilla/5.0 (iPhone; CPU iPhone OS 13_2_3 like Mac OS X) AppleWebKit/605.1.15 (KHTML, like Gecko) Version/13.0.3 Mobile/15E148 Safari/604.1"
146.190.11.185 - - [04/Oct/2025:09:11:23 -0400] "GET /index.html HTTP/1.1" 200 1404 "-" "Mozilla/5.0 (Windows NT 10.0; Win64; x64) AppleWebKit/537.36 (KHTML, like Gecko) Chrome/135.0.0.0 Safari/537.36 OPR/120.0.0.0"
177.63.88.68 - - [04/Oct/2025:09:20:26 -0400] "GET /wp-json/wp/v2/posts HTTP/1.1" 301 795 "-" "Mozilla/5.0 (Windows NT 10.0; Win64; x64) AppleWebKit/537.36 (KHTML, like Gecko) Chrome/120.0.0.0 Safari/537.36"
43.155.162.41 - - [04/Oct/2025:09:32:48 -0400] "GET / HTTP/1.1" 301 795 "-" "Mozilla/5.0 (iPhone; CPU iPhone OS 13_2_3 like Mac OS X) AppleWebKit/605.1.15 (KHTML, like Gecko) Version/13.0.3 Mobile/15E148 Safari/604.1"
206.189.247.132 - - [04/Oct/2025:09:42:40 -0400] "GET /index.html HTTP/1.1" 301 795 "-" "Mozilla/5.0 (Windows NT 10.0; Win64; x64) AppleWebKit/537.36 (KHTML, like Gecko) Chrome/135.0.0.0 Safari/537.36 OPR/120.0.0.0"
45.133.173.18 - - [04/Oct/2025:09:42:40 -0400] "GET /index.html HTTP/1.1" 301 795 "-" "Mozilla/5.0 (Windows NT 10.0; Win64; x64) AppleWebKit/537.36 (KHTML, like Gecko) Chrome/135.0.0.0 Safari/537.36 OPR/120.0.0.0"
146.190.11.185 - - [04/Oct/2025:09:42:41 -0400] "GET /index.html HTTP/1.1" 200 1404 "-" "Mozilla/5.0 (Windows NT 10.0; Win64; x64) AppleWebKit/537.36 (KHTML, like Gecko) Chrome/135.0.0.0 Safari/537.36 OPR/120.0.0.0"
69.197.163.250 - - [04/Oct/2025:10:03:37 -0400] "GET /wp-json/wp/v2/posts HTTP/1.1" 301 795 "-" "Mozilla/5.0 (Windows NT 10.0; Win64; x64) AppleWebKit/537.36 (KHTML, like Gecko) Chrome/120.0.0.0 Safari/537.36"
18.170.230.237 - - [04/Oct/2025:10:15:23 -0400] "GET /index.html HTTP/1.1" 301 795 "-" "Mozilla/5.0 (Windows NT 10.0; Win64; x64) AppleWebKit/537.36 (KHTML, like Gecko) Chrome/135.0.0.0 Safari/537.36 OPR/120.0.0.0"
45.133.173.18 - - [04/Oct/2025:10:15:23 -0400] "GET /index.html HTTP/1.1" 301 795 "-" "Mozilla/5.0 (Windows NT 10.0; Win64; x64) AppleWebKit/537.36 (KHTML, like Gecko) Chrome/135.0.0.0 Safari/537.36 OPR/120.0.0.0"
206.189.247.132 - - [04/Oct/2025:10:15:23 -0400] "GET /index.html HTTP/1.1" 301 795 "-" "Mozilla/5.0 (Windows NT 10.0; Win64; x64) AppleWebKit/537.36 (KHTML, like Gecko) Chrome/135.0.0.0 Safari/537.36 OPR/120.0.0.0"
146.190.11.185 - - [04/Oct/2025:10:15:24 -0400] "GET /index.html HTTP/1.1" 301 795 "-" "Mozilla/5.0 (Windows NT 10.0; Win64; x64) AppleWebKit/537.36 (KHTML, like Gecko) Chrome/135.0.0.0 Safari/537.36 OPR/120.0.0.0"
148.253.255.92 - - [04/Oct/2025:10:36:38 -0400] "GET /simple.php HTTP/1.1" 301 795 "-" "Mozilla/5.0 (Linux; Android 11; M2010J19SI) AppleWebKit/537.36 (KHTML, like Gecko) Chrome/109.0.0.0 Mobile Safari/537.36"
148.253.255.92 - - [04/Oct/2025:10:36:54 -0400] "GET /cong.php HTTP/1.1" 301 795 "-" "Mozilla/5.0 (Linux; Android 11; M2010J19SI) AppleWebKit/537.36 (KHTML, like Gecko) Chrome/109.0.0.0 Mobile Safari/537.36"
148.253.255.92 - - [04/Oct/2025:10:38:22 -0400] "GET /wp-cron.php?ac=3 HTTP/1.1" 301 795 "-" "Mozilla/5.0 (Linux; Android 11; M2010J19SI) AppleWebKit/537.36 (KHTML, like Gecko) Chrome/109.0.0.0 Mobile Safari/537.36"
148.253.255.92 - - [04/Oct/2025:10:38:33 -0400] "GET /wp-content/themes/pridmag/db.php?u HTTP/1.1" 301 795 "-" "Mozilla/5.0 (Linux; Android 11; M2010J19SI) AppleWebKit/537.36 (KHTML, like Gecko) Chrome/109.0.0.0 Mobile Safari/537.36"
148.253.255.92 - - [04/Oct/2025:10:39:03 -0400] "GET /wp-content/themes/seotheme/mar.php HTTP/1.1" 301 795 "-" "Mozilla/5.0 (Linux; Android 11; M2010J19SI) AppleWebKit/537.36 (KHTML, like Gecko) Chrome/109.0.0.0 Mobile Safari/537.36"
148.253.255.92 - - [04/Oct/2025:10:36:30 -0400] "GET /wp-content/themes/wp-pridmag/up.php HTTP/1.1" 301 795 "-" "Mozilla/5.0 (Linux; Android 11; M2010J19SI) AppleWebKit/537.36 (KHTML, like Gecko) Chrome/109.0.0.0 Mobile Safari/537.36"
148.253.255.92 - - [04/Oct/2025:10:37:16 -0400] "GET /xxx.php HTTP/1.1" 301 795 "-" "Mozilla/5.0 (Linux; Android 11; M2010J19SI) AppleWebKit/537.36 (KHTML, like Gecko) Chrome/109.0.0.0 Mobile Safari/537.36"
148.253.255.92 - - [04/Oct/2025:10:37:31 -0400] "GET /tmpls.php HTTP/1.1" 301 795 "-" "Mozilla/5.0 (Linux; Android 11; M2010J19SI) AppleWebKit/537.36 (KHTML, like Gecko) Chrome/109.0.0.0 Mobile Safari/537.36"
148.253.255.92 - - [04/Oct/2025:10:37:50 -0400] "GET /wp-content/themes/travelscape/json.php HTTP/1.1" 301 795 "-" "Mozilla/5.0 (Linux; Android 11; M2010J19SI) AppleWebKit/537.36 (KHTML, like Gecko) Chrome/109.0.0.0 Mobile Safari/537.36"
148.253.255.92 - - [04/Oct/2025:10:37:58 -0400] "GET /chosen.php?p= HTTP/1.1" 301 795 "-" "Mozilla/5.0 (Linux; Android 11; M2010J19SI) AppleWebKit/537.36 (KHTML, like Gecko) Chrome/109.0.0.0 Mobile Safari/537.36"
148.253.255.92 - - [04/Oct/2025:10:38:41 -0400] "GET /wp-content/themes/seotheme/mar.php HTTP/1.1" 301 795 "-" "Mozilla/5.0 (Linux; Android 11; M2010J19SI) AppleWebKit/537.36 (KHTML, like Gecko) Chrome/109.0.0.0 Mobile Safari/537.36"
148.253.255.92 - - [04/Oct/2025:10:38:50 -0400] "GET /wp-includes/Text/index.php HTTP/1.1" 301 795 "-" "Mozilla/5.0 (Linux; Android 11; M2010J19SI) AppleWebKit/537.36 (KHTML, like Gecko) Chrome/109.0.0.0 Mobile Safari/537.36"
148.253.255.92 - - [04/Oct/2025:10:39:15 -0400] "GET /Njima.php HTTP/1.1" 301 795 "-" "Mozilla/5.0 (Linux; Android 11; M2010J19SI) AppleWebKit/537.36 (KHTML, like Gecko) Chrome/109.0.0.0 Mobile Safari/537.36"
148.253.255.92 - - [04/Oct/2025:10:39:26 -0400] "GET /wp-admin/images/Mhbgf.php HTTP/1.1" 301 795 "-" "Mozilla/5.0 (Linux; Android 11; M2010J19SI) AppleWebKit/537.36 (KHTML, like Gecko) Chrome/109.0.0.0 Mobile Safari/537.36"
206.189.247.132 - - [04/Oct/2025:10:45:34 -0400] "GET /index.html HTTP/1.1" 301 795 "-" "Mozilla/5.0 (Windows NT 10.0; Win64; x64) AppleWebKit/537.36 (KHTML, like Gecko) Chrome/135.0.0.0 Safari/537.36 OPR/120.0.0.0"
18.134.249.123 - - [04/Oct/2025:10:45:34 -0400] "GET /index.html HTTP/1.1" 301 795 "-" "Mozilla/5.0 (Windows NT 10.0; Win64; x64) AppleWebKit/537.36 (KHTML, like Gecko) Chrome/135.0.0.0 Safari/537.36 OPR/120.0.0.0"
146.190.11.185 - - [04/Oct/2025:10:45:34 -0400] "GET /index.html HTTP/1.1" 200 1404 "-" "Mozilla/5.0 (Windows NT 10.0; Win64; x64) AppleWebKit/537.36 (KHTML, like Gecko) Chrome/135.0.0.0 Safari/537.36 OPR/120.0.0.0"
45.133.172.42 - - [04/Oct/2025:10:45:54 -0400] "GET /index.html HTTP/1.1" 301 795 "-" "Mozilla/5.0 (Windows NT 10.0; Win64; x64) AppleWebKit/537.36 (KHTML, like Gecko) Chrome/135.0.0.0 Safari/537.36 OPR/120.0.0.0"
216.244.66.198 - - [04/Oct/2025:10:54:29 -0400] "GET /robots.txt HTTP/1.1" 301 795 "-" "Mozilla/5.0 (compatible; DotBot/1.2; +https://opensiteexplorer.org/dotbot; help@moz.com)"
146.190.11.185 - - [04/Oct/2025:11:17:59 -0400] "GET /index.html HTTP/1.1" 301 795 "-" "Mozilla/5.0 (Windows NT 10.0; Win64; x64) AppleWebKit/537.36 (KHTML, like Gecko) Chrome/135.0.0.0 Safari/537.36 OPR/120.0.0.0"
18.134.249.123 - - [04/Oct/2025:11:17:59 -0400] "GET /index.html HTTP/1.1" 301 795 "-" "Mozilla/5.0 (Windows NT 10.0; Win64; x64) AppleWebKit/537.36 (KHTML, like Gecko) Chrome/135.0.0.0 Safari/537.36 OPR/120.0.0.0"
206.189.247.132 - - [04/Oct/2025:11:17:59 -0400] "GET /index.html HTTP/1.1" 301 795 "-" "Mozilla/5.0 (Windows NT 10.0; Win64; x64) AppleWebKit/537.36 (KHTML, like Gecko) Chrome/135.0.0.0 Safari/537.36 OPR/120.0.0.0"
45.133.172.15 - - [04/Oct/2025:11:17:59 -0400] "GET /index.html HTTP/1.1" 301 795 "-" "Mozilla/5.0 (Windows NT 10.0; Win64; x64) AppleWebKit/537.36 (KHTML, like Gecko) Chrome/135.0.0.0 Safari/537.36 OPR/120.0.0.0"
165.232.171.92 - - [04/Oct/2025:11:24:41 -0400] "GET / HTTP/1.1" 301 795 "https://nepalbreaking.com//wp-login.php" "Mozilla/5.0 (Windows NT 10.0; Win64; x64) AppleWebKit/537.36 (KHTML, like Gecko) Chrome/134.0.0.0 Safari/537.36"
162.14.210.15 - - [04/Oct/2025:11:39:36 -0400] "GET / HTTP/1.1" 301 795 "-" "Mozilla/5.0 (iPhone; CPU iPhone OS 13_2_3 like Mac OS X) AppleWebKit/605.1.15 (KHTML, like Gecko) Version/13.0.3 Mobile/15E148 Safari/604.1"
18.171.204.251 - - [04/Oct/2025:11:47:50 -0400] "GET /index.html HTTP/1.1" 301 795 "-" "Mozilla/5.0 (Windows NT 10.0; Win64; x64) AppleWebKit/537.36 (KHTML, like Gecko) Chrome/135.0.0.0 Safari/537.36 OPR/120.0.0.0"
206.189.247.132 - - [04/Oct/2025:11:47:50 -0400] "GET /index.html HTTP/1.1" 301 795 "-" "Mozilla/5.0 (Windows NT 10.0; Win64; x64) AppleWebKit/537.36 (KHTML, like Gecko) Chrome/135.0.0.0 Safari/537.36 OPR/120.0.0.0"
193.239.84.60 - - [04/Oct/2025:11:47:50 -0400] "GET /index.html HTTP/1.1" 301 795 "-" "Mozilla/5.0 (Windows NT 10.0; Win64; x64) AppleWebKit/537.36 (KHTML, like Gecko) Chrome/135.0.0.0 Safari/537.36 OPR/120.0.0.0"
146.190.11.185 - - [04/Oct/2025:11:47:50 -0400] "GET /index.html HTTP/1.1" 301 795 "-" "Mozilla/5.0 (Windows NT 10.0; Win64; x64) AppleWebKit/537.36 (KHTML, like Gecko) Chrome/135.0.0.0 Safari/537.36 OPR/120.0.0.0"
206.189.247.132 - - [04/Oct/2025:12:17:32 -0400] "GET /index.html HTTP/1.1" 301 795 "-" "Mozilla/5.0 (Windows NT 10.0; Win64; x64) AppleWebKit/537.36 (KHTML, like Gecko) Chrome/135.0.0.0 Safari/537.36 OPR/120.0.0.0"
146.190.11.185 - - [04/Oct/2025:12:17:33 -0400] "GET /index.html HTTP/1.1" 200 1404 "-" "Mozilla/5.0 (Windows NT 10.0; Win64; x64) AppleWebKit/537.36 (KHTML, like Gecko) Chrome/135.0.0.0 Safari/537.36 OPR/120.0.0.0"
18.207.89.138 - - [04/Oct/2025:12:07:30 -0400] "GET /wp-content/uploads/2019/08/architect-09-h.jpg?828706 HTTP/1.1" 301 795 "-" "Mozilla/5.0 AppleWebKit/537.36 (KHTML, like Gecko; compatible; Amazonbot/0.1; +https://developer.amazon.com/support/amazonbot) Chrome/119.0.6045.214 Safari/537.36"
18.171.204.251 - - [04/Oct/2025:12:17:32 -0400] "GET /index.html HTTP/1.1" 301 795 "-" "Mozilla/5.0 (Windows NT 10.0; Win64; x64) AppleWebKit/537.36 (KHTML, like Gecko) Chrome/135.0.0.0 Safari/537.36 OPR/120.0.0.0"
193.239.84.60 - - [04/Oct/2025:12:17:33 -0400] "GET /index.html HTTP/1.1" 301 795 "-" "Mozilla/5.0 (Windows NT 10.0; Win64; x64) AppleWebKit/537.36 (KHTML, like Gecko) Chrome/135.0.0.0 Safari/537.36 OPR/120.0.0.0"
91.188.75.80 - - [04/Oct/2025:12:28:05 -0400] "GET / HTTP/1.1" 301 795 "-" "Mozilla/5.0 (Windows NT 10.0; Win64; x64) AppleWebKit/537.36 (KHTML, like Gecko) Chrome/58.0.3029.110 Safari/537.36"
91.188.75.80 - - [04/Oct/2025:12:32:31 -0400] "GET / HTTP/1.1" 301 795 "-" "Mozilla/5.0 (Windows NT 10.0; Win64; x64) AppleWebKit/537.36 (KHTML, like Gecko) Chrome/58.0.3029.110 Safari/537.36"
148.253.255.92 - - [04/Oct/2025:12:38:22 -0400] "GET /cong.php HTTP/1.1" 301 795 "-" "Mozilla/5.0 (Linux; Android 11; M2010J19SI) AppleWebKit/537.36 (KHTML, like Gecko) Chrome/109.0.0.0 Mobile Safari/537.36"
148.253.255.92 - - [04/Oct/2025:12:38:58 -0400] "GET /tmpls.php HTTP/1.1" 301 795 "-" "Mozilla/5.0 (Linux; Android 11; M2010J19SI) AppleWebKit/537.36 (KHTML, like Gecko) Chrome/109.0.0.0 Mobile Safari/537.36"
148.253.255.92 - - [04/Oct/2025:12:39:16 -0400] "GET /wp-content/themes/travelscape/json.php HTTP/1.1" 301 795 "-" "Mozilla/5.0 (Linux; Android 11; M2010J19SI) AppleWebKit/537.36 (KHTML, like Gecko) Chrome/109.0.0.0 Mobile Safari/537.36"
148.253.255.92 - - [04/Oct/2025:12:39:21 -0400] "GET /chosen.php?p= HTTP/1.1" 301 795 "-" "Mozilla/5.0 (Linux; Android 11; M2010J19SI) AppleWebKit/537.36 (KHTML, like Gecko) Chrome/109.0.0.0 Mobile Safari/537.36"
148.253.255.92 - - [04/Oct/2025:12:39:47 -0400] "GET /wp-content/themes/pridmag/db.php?u HTTP/1.1" 301 795 "-" "Mozilla/5.0 (Linux; Android 11; M2010J19SI) AppleWebKit/537.36 (KHTML, like Gecko) Chrome/109.0.0.0 Mobile Safari/537.36"
148.253.255.92 - - [04/Oct/2025:12:39:51 -0400] "GET /wp-content/themes/seotheme/mar.php HTTP/1.1" 301 795 "-" "Mozilla/5.0 (Linux; Android 11; M2010J19SI) AppleWebKit/537.36 (KHTML, like Gecko) Chrome/109.0.0.0 Mobile Safari/537.36"
148.253.255.92 - - [04/Oct/2025:12:40:36 -0400] "GET /wp-admin/images/Mhbgf.php HTTP/1.1" 301 795 "-" "Mozilla/5.0 (Linux; Android 11; M2010J19SI) AppleWebKit/537.36 (KHTML, like Gecko) Chrome/109.0.0.0 Mobile Safari/537.36"
193.239.84.60 - - [04/Oct/2025:12:47:05 -0400] "GET /index.html HTTP/1.1" 301 795 "-" "Mozilla/5.0 (Windows NT 10.0; Win64; x64) AppleWebKit/537.36 (KHTML, like Gecko) Chrome/135.0.0.0 Safari/537.36 OPR/120.0.0.0"
148.253.255.92 - - [04/Oct/2025:12:38:04 -0400] "GET /wp-content/themes/wp-pridmag/up.php HTTP/1.1" 301 795 "-" "Mozilla/5.0 (Linux; Android 11; M2010J19SI) AppleWebKit/537.36 (KHTML, like Gecko) Chrome/109.0.0.0 Mobile Safari/537.36"
148.253.255.92 - - [04/Oct/2025:12:38:09 -0400] "GET /simple.php HTTP/1.1" 301 795 "-" "Mozilla/5.0 (Linux; Android 11; M2010J19SI) AppleWebKit/537.36 (KHTML, like Gecko) Chrome/109.0.0.0 Mobile Safari/537.36"
148.253.255.92 - - [04/Oct/2025:12:38:40 -0400] "GET /xxx.php HTTP/1.1" 301 795 "-" "Mozilla/5.0 (Linux; Android 11; M2010J19SI) AppleWebKit/537.36 (KHTML, like Gecko) Chrome/109.0.0.0 Mobile Safari/537.36"
148.253.255.92 - - [04/Oct/2025:12:39:42 -0400] "GET /wp-cron.php?ac=3 HTTP/1.1" 301 795 "-" "Mozilla/5.0 (Linux; Android 11; M2010J19SI) AppleWebKit/537.36 (KHTML, like Gecko) Chrome/109.0.0.0 Mobile Safari/537.36"
148.253.255.92 - - [04/Oct/2025:12:39:54 -0400] "GET /wp-includes/Text/index.php HTTP/1.1" 301 795 "-" "Mozilla/5.0 (Linux; Android 11; M2010J19SI) AppleWebKit/537.36 (KHTML, like Gecko) Chrome/109.0.0.0 Mobile Safari/537.36"
148.253.255.92 - - [04/Oct/2025:12:40:14 -0400] "GET /wp-content/themes/seotheme/mar.php HTTP/1.1" 301 795 "-" "Mozilla/5.0 (Linux; Android 11; M2010J19SI) AppleWebKit/537.36 (KHTML, like Gecko) Chrome/109.0.0.0 Mobile Safari/537.36"
148.253.255.92 - - [04/Oct/2025:12:40:21 -0400] "GET /Njima.php HTTP/1.1" 301 795 "-" "Mozilla/5.0 (Linux; Android 11; M2010J19SI) AppleWebKit/537.36 (KHTML, like Gecko) Chrome/109.0.0.0 Mobile Safari/537.36"
3.8.210.163 - - [04/Oct/2025:12:47:05 -0400] "GET /index.html HTTP/1.1" 301 795 "-" "Mozilla/5.0 (Windows NT 10.0; Win64; x64) AppleWebKit/537.36 (KHTML, like Gecko) Chrome/135.0.0.0 Safari/537.36 OPR/120.0.0.0"
206.189.247.132 - - [04/Oct/2025:12:47:05 -0400] "GET /index.html HTTP/1.1" 301 795 "-" "Mozilla/5.0 (Windows NT 10.0; Win64; x64) AppleWebKit/537.36 (KHTML, like Gecko) Chrome/135.0.0.0 Safari/537.36 OPR/120.0.0.0"
146.190.11.185 - - [04/Oct/2025:12:47:06 -0400] "GET /index.html HTTP/1.1" 301 795 "-" "Mozilla/5.0 (Windows NT 10.0; Win64; x64) AppleWebKit/537.36 (KHTML, like Gecko) Chrome/135.0.0.0 Safari/537.36 OPR/120.0.0.0"
18.171.174.81 - - [04/Oct/2025:13:15:45 -0400] "GET /index.html HTTP/1.1" 301 795 "-" "Mozilla/5.0 (Windows NT 10.0; Win64; x64) AppleWebKit/537.36 (KHTML, like Gecko) Chrome/135.0.0.0 Safari/537.36 OPR/120.0.0.0"
206.189.247.132 - - [04/Oct/2025:13:15:45 -0400] "GET /index.html HTTP/1.1" 301 795 "-" "Mozilla/5.0 (Windows NT 10.0; Win64; x64) AppleWebKit/537.36 (KHTML, like Gecko) Chrome/135.0.0.0 Safari/537.36 OPR/120.0.0.0"
193.239.84.60 - - [04/Oct/2025:13:15:45 -0400] "GET /index.html HTTP/1.1" 301 795 "-" "Mozilla/5.0 (Windows NT 10.0; Win64; x64) AppleWebKit/537.36 (KHTML, like Gecko) Chrome/135.0.0.0 Safari/537.36 OPR/120.0.0.0"
146.190.11.185 - - [04/Oct/2025:13:15:46 -0400] "GET /index.html HTTP/1.1" 301 795 "-" "Mozilla/5.0 (Windows NT 10.0; Win64; x64) AppleWebKit/537.36 (KHTML, like Gecko) Chrome/135.0.0.0 Safari/537.36 OPR/120.0.0.0"
200.105.99.46 - - [04/Oct/2025:13:19:45 -0400] "GET /wp-json/wp/v2/posts HTTP/1.1" 301 795 "-" "Mozilla/5.0 (Windows NT 10.0; Win64; x64) AppleWebKit/537.36 (KHTML, like Gecko) Chrome/120.0.0.0 Safari/537.36"
54.83.23.103 - - [04/Oct/2025:13:23:14 -0400] "GET /wp-content/uploads/2023/04/v-mp3.jpg?596455 HTTP/1.1" 301 795 "-" "Mozilla/5.0 AppleWebKit/537.36 (KHTML, like Gecko; compatible; Amazonbot/0.1; +https://developer.amazon.com/support/amazonbot) Chrome/119.0.6045.214 Safari/537.36"
18.171.174.81 - - [04/Oct/2025:13:42:52 -0400] "GET /index.html HTTP/1.1" 301 795 "-" "Mozilla/5.0 (Windows NT 10.0; Win64; x64) AppleWebKit/537.36 (KHTML, like Gecko) Chrome/135.0.0.0 Safari/537.36 OPR/120.0.0.0"
206.189.247.132 - - [04/Oct/2025:13:42:52 -0400] "GET /index.html HTTP/1.1" 301 795 "-" "Mozilla/5.0 (Windows NT 10.0; Win64; x64) AppleWebKit/537.36 (KHTML, like Gecko) Chrome/135.0.0.0 Safari/537.36 OPR/120.0.0.0"
193.239.84.60 - - [04/Oct/2025:13:42:52 -0400] "GET /index.html HTTP/1.1" 301 795 "-" "Mozilla/5.0 (Windows NT 10.0; Win64; x64) AppleWebKit/537.36 (KHTML, like Gecko) Chrome/135.0.0.0 Safari/537.36 OPR/120.0.0.0"
146.190.11.185 - - [04/Oct/2025:13:42:53 -0400] "GET /index.html HTTP/1.1" 301 795 "-" "Mozilla/5.0 (Windows NT 10.0; Win64; x64) AppleWebKit/537.36 (KHTML, like Gecko) Chrome/135.0.0.0 Safari/537.36 OPR/120.0.0.0"
206.189.247.132 - - [04/Oct/2025:14:12:48 -0400] "GET /index.html HTTP/1.1" 301 795 "-" "Mozilla/5.0 (Windows NT 10.0; Win64; x64) AppleWebKit/537.36 (KHTML, like Gecko) Chrome/135.0.0.0 Safari/537.36 OPR/120.0.0.0"
193.239.84.60 - - [04/Oct/2025:14:12:48 -0400] "GET /index.html HTTP/1.1" 301 795 "-" "Mozilla/5.0 (Windows NT 10.0; Win64; x64) AppleWebKit/537.36 (KHTML, like Gecko) Chrome/135.0.0.0 Safari/537.36 OPR/120.0.0.0"
18.133.229.0 - - [04/Oct/2025:14:12:48 -0400] "GET /index.html HTTP/1.1" 301 795 "-" "Mozilla/5.0 (Windows NT 10.0; Win64; x64) AppleWebKit/537.36 (KHTML, like Gecko) Chrome/135.0.0.0 Safari/537.36 OPR/120.0.0.0"
146.190.11.185 - - [04/Oct/2025:14:12:48 -0400] "GET /index.html HTTP/1.1" 200 1404 "-" "Mozilla/5.0 (Windows NT 10.0; Win64; x64) AppleWebKit/537.36 (KHTML, like Gecko) Chrome/135.0.0.0 Safari/537.36 OPR/120.0.0.0"