119.15.88.110 - - [02/Oct/2025:08:22:52 -0400] "GET /.well-knownold/bala.php HTTP/1.1" 404 10899 "www.google.com" "Mozlila/5.0 (Linux; Android 7.0; SM-G892A Build/NRD90M; wv) AppleWebKit/537.36 (KHTML, like Gecko) Version/4.0 Chrome/60.0.3112.107 Mobile Safari/537.36"
119.15.88.110 - - [02/Oct/2025:08:23:05 -0400] "GET /.well-known/acme-challenge/bala.php HTTP/1.1" 404 12365 "www.google.com" "Mozlila/5.0 (Linux; Android 7.0; SM-G892A Build/NRD90M; wv) AppleWebKit/537.36 (KHTML, like Gecko) Version/4.0 Chrome/60.0.3112.107 Mobile Safari/537.36"
66.249.73.12 - - [02/Oct/2025:08:23:13 -0400] "GET /products251212?kg=0000248231 HTTP/1.1" 200 29243 "-" "Mozilla/5.0 (Linux; Android 6.0.1; Nexus 5X Build/MMB29P) AppleWebKit/537.36 (KHTML, like Gecko) Chrome/140.0.7339.207 Mobile Safari/537.36 (compatible; Googlebot/2.1; +http://www.google.com/bot.html)"
40.81.202.206 - - [02/Oct/2025:08:23:09 -0400] "GET /wp-login.php?redirect_to=https%3A%2F%2Fsalhab360photos.com%2Fwp-admin%2Fstyle.php&reauth=1 HTTP/1.1" 200 2365 "-" "Mozilla/5.0 (Windows NT 10.0; Win64; x64) AppleWebKit/537.36 (KHTML, like Gecko) Chrome/116.0.0.0 Safari/537.36"
66.249.73.11 - - [02/Oct/2025:08:23:15 -0400] "GET /products248784?kg=0000245833 HTTP/1.1" 200 28757 "-" "Mozilla/5.0 (Linux; Android 6.0.1; Nexus 5X Build/MMB29P) AppleWebKit/537.36 (KHTML, like Gecko) Chrome/140.0.7339.207 Mobile Safari/537.36 (compatible; Googlebot/2.1; +http://www.google.com/bot.html)"
170.64.235.160 - - [02/Oct/2025:08:23:11 -0400] "GET /backup/wp-admin/user/74438/ HTTP/1.1" 404 12362 "-" "Mozilla/5.0 (X11; U; Linux i686; nl-NL; rv:1.9.1b4) Gecko/20090423 Firefox/3.5b4"
119.15.88.110 - - [02/Oct/2025:08:23:17 -0400] "GET /wp-mail.php HTTP/1.1" 403 1129 "www.google.com" "Mozlila/5.0 (Linux; Android 7.0; SM-G892A Build/NRD90M; wv) AppleWebKit/537.36 (KHTML, like Gecko) Version/4.0 Chrome/60.0.3112.107 Mobile Safari/537.36"
66.249.73.11 - - [02/Oct/2025:08:23:22 -0400] "GET /products248542?kg=0000245594 HTTP/1.1" 200 28709 "-" "Mozilla/5.0 (Linux; Android 6.0.1; Nexus 5X Build/MMB29P) AppleWebKit/537.36 (KHTML, like Gecko) Chrome/140.0.7339.207 Mobile Safari/537.36 (compatible; Googlebot/2.1; +http://www.google.com/bot.html)"
66.249.73.10 - - [02/Oct/2025:08:23:29 -0400] "GET /products251444?kg=0000248459 HTTP/1.1" 200 30307 "-" "Mozilla/5.0 (Linux; Android 6.0.1; Nexus 5X Build/MMB29P) AppleWebKit/537.36 (KHTML, like Gecko) Chrome/140.0.7339.207 Mobile Safari/537.36 (compatible; Googlebot/2.1; +http://www.google.com/bot.html)"
185.61.153.107 - - [02/Oct/2025:08:23:33 -0400] "POST /wp-cron.php?doing_wp_cron=1759407813.5680880546569824218750 HTTP/1.1" 200 0 "-" "WordPress/6.8.3; https://salhab360photos.com"
66.249.73.11 - - [02/Oct/2025:08:23:16 -0400] "GET /products250756?kg=0000247779 HTTP/1.1" 200 28869 "-" "Mozilla/5.0 (Linux; Android 6.0.1; Nexus 5X Build/MMB29P) AppleWebKit/537.36 (KHTML, like Gecko) Chrome/140.0.7339.207 Mobile Safari/537.36 (compatible; Googlebot/2.1; +http://www.google.com/bot.html)"
40.81.202.206 - - [02/Oct/2025:08:23:16 -0400] "GET /wp-includes/style.php HTTP/1.1" 404 10903 "-" "Mozilla/5.0 (Windows NT 10.0; Win64; x64) AppleWebKit/537.36 (KHTML, like Gecko) Chrome/116.0.0.0 Safari/537.36"
170.64.235.160 - - [02/Oct/2025:08:23:23 -0400] "GET /backups/ HTTP/1.1" 404 10897 "-" "Mozilla/5.0 (X11; U; Linux i686; nl-NL; rv:1.9.1b4) Gecko/20090423 Firefox/3.5b4"
40.81.202.206 - - [02/Oct/2025:08:23:25 -0400] "GET /geju.php HTTP/1.1" 404 10895 "-" "Mozilla/5.0 (Windows NT 10.0; Win64; x64) AppleWebKit/537.36 (KHTML, like Gecko) Chrome/116.0.0.0 Safari/537.36"
119.15.88.110 - - [02/Oct/2025:08:23:38 -0400] "GET /wp-content/themes/mero-magazine/ws.php HTTP/1.1" 200 0 "www.google.com" "Mozlila/5.0 (Linux; Android 7.0; SM-G892A Build/NRD90M; wv) AppleWebKit/537.36 (KHTML, like Gecko) Version/4.0 Chrome/60.0.3112.107 Mobile Safari/537.36"
170.64.235.160 - - [02/Oct/2025:08:23:35 -0400] "GET /bank-data/ HTTP/1.1" 404 10903 "-" "Mozilla/5.0 (X11; U; Linux i686; nl-NL; rv:1.9.1b4) Gecko/20090423 Firefox/3.5b4"
40.81.202.206 - - [02/Oct/2025:08:23:36 -0400] "GET /wp.php HTTP/1.1" 404 10903 "-" "Mozilla/5.0 (Windows NT 10.0; Win64; x64) AppleWebKit/537.36 (KHTML, like Gecko) Chrome/116.0.0.0 Safari/537.36"
40.81.202.206 - - [02/Oct/2025:08:23:44 -0400] "GET /zwso.php HTTP/1.1" 404 10903 "-" "Mozilla/5.0 (Windows NT 10.0; Win64; x64) AppleWebKit/537.36 (KHTML, like Gecko) Chrome/116.0.0.0 Safari/537.36"
170.64.235.160 - - [02/Oct/2025:08:23:45 -0400] "GET /banner/ HTTP/1.1" 404 10899 "-" "Mozilla/5.0 (X11; U; Linux i686; nl-NL; rv:1.9.1b4) Gecko/20090423 Firefox/3.5b4"
119.15.88.110 - - [02/Oct/2025:08:23:46 -0400] "GET /wp-commentin.php?pass=f0aab4595a024d626315fb786dce8282 HTTP/1.1" 404 10903 "www.google.com" "Mozlila/5.0 (Linux; Android 7.0; SM-G892A Build/NRD90M; wv) AppleWebKit/537.36 (KHTML, like Gecko) Version/4.0 Chrome/60.0.3112.107 Mobile Safari/537.36"
40.81.202.206 - - [02/Oct/2025:08:23:58 -0400] "GET /file17.php HTTP/1.1" 404 10903 "-" "Mozilla/5.0 (Windows NT 10.0; Win64; x64) AppleWebKit/537.36 (KHTML, like Gecko) Chrome/116.0.0.0 Safari/537.36"
40.81.202.206 - - [02/Oct/2025:08:24:12 -0400] "GET /wp-content/plugins/hanau/akc.php HTTP/1.1" 200 0 "-" "Mozilla/5.0 (Windows NT 10.0; Win64; x64) AppleWebKit/537.36 (KHTML, like Gecko) Chrome/116.0.0.0 Safari/537.36"
66.249.73.11 - - [02/Oct/2025:08:24:13 -0400] "GET /products249608?kg=0000246645 HTTP/1.1" 200 28835 "-" "Mozilla/5.0 (Linux; Android 6.0.1; Nexus 5X Build/MMB29P) AppleWebKit/537.36 (KHTML, like Gecko) Chrome/140.0.7339.207 Mobile Safari/537.36 (compatible; Googlebot/2.1; +http://www.google.com/bot.html)"
66.249.73.10 - - [02/Oct/2025:08:24:15 -0400] "GET /products248460?kg=0000245511 HTTP/1.1" 200 30289 "-" "Mozilla/5.0 (Linux; Android 6.0.1; Nexus 5X Build/MMB29P) AppleWebKit/537.36 (KHTML, like Gecko) Chrome/140.0.7339.207 Mobile Safari/537.36 (compatible; Googlebot/2.1; +http://www.google.com/bot.html)"
119.15.88.110 - - [02/Oct/2025:08:24:11 -0400] "GET /wordpress/wp-commentin.php?pass=f0aab4595a024d626315fb786dce8282 HTTP/1.1" 404 10906 "www.google.com" "Mozlila/5.0 (Linux; Android 7.0; SM-G892A Build/NRD90M; wv) AppleWebKit/537.36 (KHTML, like Gecko) Version/4.0 Chrome/60.0.3112.107 Mobile Safari/537.36"
170.64.235.160 - - [02/Oct/2025:08:24:13 -0400] "GET /base-legal/ HTTP/1.1" 404 10906 "-" "Mozilla/5.0 (X11; U; Linux i686; nl-NL; rv:1.9.1b4) Gecko/20090423 Firefox/3.5b4"
40.81.202.206 - - [02/Oct/2025:08:24:12 -0400] "GET /aw.php HTTP/1.1" 404 10905 "-" "Mozilla/5.0 (Windows NT 10.0; Win64; x64) AppleWebKit/537.36 (KHTML, like Gecko) Chrome/116.0.0.0 Safari/537.36"
119.15.88.110 - - [02/Oct/2025:08:23:25 -0400] "GET /filefuns.php HTTP/1.1" 404 10905 "www.google.com" "Mozlila/5.0 (Linux; Android 7.0; SM-G892A Build/NRD90M; wv) AppleWebKit/537.36 (KHTML, like Gecko) Version/4.0 Chrome/60.0.3112.107 Mobile Safari/537.36"
40.81.202.206 - - [02/Oct/2025:08:23:35 -0400] "GET /wp-content/plugins/about.php HTTP/1.1" 200 0 "-" "Mozilla/5.0 (Windows NT 10.0; Win64; x64) AppleWebKit/537.36 (KHTML, like Gecko) Chrome/116.0.0.0 Safari/537.36"
40.81.202.206 - - [02/Oct/2025:08:23:43 -0400] "GET /wp-content/plugins/phpad/as.php HTTP/1.1" 200 0 "-" "Mozilla/5.0 (Windows NT 10.0; Win64; x64) AppleWebKit/537.36 (KHTML, like Gecko) Chrome/116.0.0.0 Safari/537.36"
40.81.202.206 - - [02/Oct/2025:08:23:51 -0400] "GET /ioxi-o.php HTTP/1.1" 404 10906 "-" "Mozilla/5.0 (Windows NT 10.0; Win64; x64) AppleWebKit/537.36 (KHTML, like Gecko) Chrome/116.0.0.0 Safari/537.36"
170.64.235.160 - - [02/Oct/2025:08:23:53 -0400] "GET /bantuan/ HTTP/1.1" 404 10900 "-" "Mozilla/5.0 (X11; U; Linux i686; nl-NL; rv:1.9.1b4) Gecko/20090423 Firefox/3.5b4"
66.249.73.12 - - [02/Oct/2025:08:24:01 -0400] "GET /products250720?kg=0000247745 HTTP/1.1" 200 28897 "-" "Mozilla/5.0 (Linux; Android 6.0.1; Nexus 5X Build/MMB29P) AppleWebKit/537.36 (KHTML, like Gecko) Chrome/140.0.7339.207 Mobile Safari/537.36 (compatible; Googlebot/2.1; +http://www.google.com/bot.html)"
119.15.88.110 - - [02/Oct/2025:08:24:00 -0400] "GET /wp/wp-commentin.php?pass=f0aab4595a024d626315fb786dce8282 HTTP/1.1" 404 10899 "www.google.com" "Mozlila/5.0 (Linux; Android 7.0; SM-G892A Build/NRD90M; wv) AppleWebKit/537.36 (KHTML, like Gecko) Version/4.0 Chrome/60.0.3112.107 Mobile Safari/537.36"
40.81.202.206 - - [02/Oct/2025:08:24:03 -0400] "GET /file.php HTTP/1.1" 404 10906 "-" "Mozilla/5.0 (Windows NT 10.0; Win64; x64) AppleWebKit/537.36 (KHTML, like Gecko) Chrome/116.0.0.0 Safari/537.36"
40.81.202.206 - - [02/Oct/2025:08:24:11 -0400] "GET /wp-content/akp.php HTTP/1.1" 200 0 "-" "Mozilla/5.0 (Windows NT 10.0; Win64; x64) AppleWebKit/537.36 (KHTML, like Gecko) Chrome/116.0.0.0 Safari/537.36"
170.64.235.160 - - [02/Oct/2025:08:24:05 -0400] "GET /bantuan/show/ HTTP/1.1" 404 10903 "-" "Mozilla/5.0 (X11; U; Linux i686; nl-NL; rv:1.9.1b4) Gecko/20090423 Firefox/3.5b4"
66.249.73.10 - - [02/Oct/2025:08:24:18 -0400] "GET /products249858?kg=0000246892 HTTP/1.1" 200 29087 "-" "Mozilla/5.0 (Linux; Android 6.0.1; Nexus 5X Build/MMB29P) AppleWebKit/537.36 (KHTML, like Gecko) Chrome/140.0.7339.207 Mobile Safari/537.36 (compatible; Googlebot/2.1; +http://www.google.com/bot.html)"
40.81.202.206 - - [02/Oct/2025:08:24:22 -0400] "GET /wp-content/plugins/view-ad/ms.php HTTP/1.1" 200 0 "-" "Mozilla/5.0 (Windows NT 10.0; Win64; x64) AppleWebKit/537.36 (KHTML, like Gecko) Chrome/116.0.0.0 Safari/537.36"
170.64.235.160 - - [02/Oct/2025:08:24:27 -0400] "GET /images/ HTTP/1.1" 200 829 "https://salhab360photos.com/base/images/" "Mozilla/5.0 (X11; U; Linux i686; nl-NL; rv:1.9.1b4) Gecko/20090423 Firefox/3.5b4"
40.81.202.206 - - [02/Oct/2025:08:24:23 -0400] "GET /bitrix/admin/htmleditor2/simple.php HTTP/1.1" 404 12366 "-" "Mozilla/5.0 (Windows NT 10.0; Win64; x64) AppleWebKit/537.36 (KHTML, like Gecko) Chrome/116.0.0.0 Safari/537.36"
119.15.88.110 - - [02/Oct/2025:08:24:24 -0400] "GET /blog/wp-commentin.php?pass=f0aab4595a024d626315fb786dce8282 HTTP/1.1" 404 10906 "www.google.com" "Mozlila/5.0 (Linux; Android 7.0; SM-G892A Build/NRD90M; wv) AppleWebKit/537.36 (KHTML, like Gecko) Version/4.0 Chrome/60.0.3112.107 Mobile Safari/537.36"
185.61.153.107 - - [02/Oct/2025:08:24:34 -0400] "POST /wp-cron.php?doing_wp_cron=1759407874.2694211006164550781250 HTTP/1.1" 200 0 "-" "WordPress/6.8.3; https://salhab360photos.com"
40.81.202.206 - - [02/Oct/2025:08:24:30 -0400] "GET /simple.php HTTP/1.1" 404 10895 "-" "Mozilla/5.0 (Windows NT 10.0; Win64; x64) AppleWebKit/537.36 (KHTML, like Gecko) Chrome/116.0.0.0 Safari/537.36"
40.81.202.206 - - [02/Oct/2025:08:24:21 -0400] "GET /wp-content/plugins/geu/geu.php HTTP/1.1" 200 0 "-" "Mozilla/5.0 (Windows NT 10.0; Win64; x64) AppleWebKit/537.36 (KHTML, like Gecko) Chrome/116.0.0.0 Safari/537.36"
40.81.202.206 - - [02/Oct/2025:08:24:21 -0400] "GET /wp-content/plugins/deu/ms.php HTTP/1.1" 200 0 "-" "Mozilla/5.0 (Windows NT 10.0; Win64; x64) AppleWebKit/537.36 (KHTML, like Gecko) Chrome/116.0.0.0 Safari/537.36"
170.64.235.160 - - [02/Oct/2025:08:24:22 -0400] "GET /base/images/ HTTP/1.1" 301 0 "-" "Mozilla/5.0 (X11; U; Linux i686; nl-NL; rv:1.9.1b4) Gecko/20090423 Firefox/3.5b4"
66.249.73.10 - - [02/Oct/2025:08:24:27 -0400] "GET /products11753014?kg=0011609766 HTTP/1.1" 200 29767 "-" "Mozilla/5.0 (Linux; Android 6.0.1; Nexus 5X Build/MMB29P) AppleWebKit/537.36 (KHTML, like Gecko) Chrome/140.0.7339.207 Mobile Safari/537.36 (compatible; Googlebot/2.1; +http://www.google.com/bot.html)"
170.64.235.160 - - [02/Oct/2025:08:24:29 -0400] "GET /base/images///images/images/ HTTP/1.1" 301 0 "-" "Mozilla/5.0 (X11; U; Linux i686; nl-NL; rv:1.9.1b4) Gecko/20090423 Firefox/3.5b4"
119.15.88.110 - - [02/Oct/2025:08:24:40 -0400] "GET /wp-content/themes/astra/mar.php HTTP/1.1" 200 0 "www.google.com" "Mozlila/5.0 (Linux; Android 7.0; SM-G892A Build/NRD90M; wv) AppleWebKit/537.36 (KHTML, like Gecko) Version/4.0 Chrome/60.0.3112.107 Mobile Safari/537.36"
170.64.235.160 - - [02/Oct/2025:08:24:35 -0400] "GET /base/images/images/images/ HTTP/1.1" 404 12365 "https://salhab360photos.com/base/images///images/images/" "Mozilla/5.0 (X11; U; Linux i686; nl-NL; rv:1.9.1b4) Gecko/20090423 Firefox/3.5b4"
40.81.202.206 - - [02/Oct/2025:08:24:37 -0400] "GET /-includes/rest-api/about.php HTTP/1.1" 404 12365 "-" "Mozilla/5.0 (Windows NT 10.0; Win64; x64) AppleWebKit/537.36 (KHTML, like Gecko) Chrome/116.0.0.0 Safari/537.36"
40.81.202.206 - - [02/Oct/2025:08:24:43 -0400] "GET /wp-content/languages/about.php HTTP/1.1" 200 0 "-" "Mozilla/5.0 (Windows NT 10.0; Win64; x64) AppleWebKit/537.36 (KHTML, like Gecko) Chrome/116.0.0.0 Safari/537.36"
40.81.202.206 - - [02/Oct/2025:08:24:44 -0400] "GET /wp-content/banners/about.php HTTP/1.1" 200 0 "-" "Mozilla/5.0 (Windows NT 10.0; Win64; x64) AppleWebKit/537.36 (KHTML, like Gecko) Chrome/116.0.0.0 Safari/537.36"
40.81.202.206 - - [02/Oct/2025:08:24:44 -0400] "GET /wp-includes/Text/about.php HTTP/1.1" 404 12359 "-" "Mozilla/5.0 (Windows NT 10.0; Win64; x64) AppleWebKit/537.36 (KHTML, like Gecko) Chrome/116.0.0.0 Safari/537.36"
170.64.235.160 - - [02/Oct/2025:08:24:49 -0400] "GET /bedkosong/ HTTP/1.1" 404 10906 "-" "Mozilla/5.0 (X11; U; Linux i686; nl-NL; rv:1.9.1b4) Gecko/20090423 Firefox/3.5b4"
40.81.202.206 - - [02/Oct/2025:08:24:51 -0400] "GET /wp-includes/css/dist/niil.php HTTP/1.1" 404 12365 "-" "Mozilla/5.0 (Windows NT 10.0; Win64; x64) AppleWebKit/537.36 (KHTML, like Gecko) Chrome/116.0.0.0 Safari/537.36"
170.64.235.160 - - [02/Oct/2025:08:25:15 -0400] "GET /beranda/ HTTP/1.1" 404 10897 "-" "Mozilla/5.0 (X11; U; Linux i686; nl-NL; rv:1.9.1b4) Gecko/20090423 Firefox/3.5b4"
119.15.88.110 - - [02/Oct/2025:08:25:20 -0400] "GET /edit.php HTTP/1.1" 404 10906 "www.google.com" "Mozlila/5.0 (Linux; Android 7.0; SM-G892A Build/NRD90M; wv) AppleWebKit/537.36 (KHTML, like Gecko) Version/4.0 Chrome/60.0.3112.107 Mobile Safari/537.36"
170.64.235.160 - - [02/Oct/2025:08:25:24 -0400] "GET /berita-artikel/index/ HTTP/1.1" 301 0 "-" "Mozilla/5.0 (X11; U; Linux i686; nl-NL; rv:1.9.1b4) Gecko/20090423 Firefox/3.5b4"
40.81.202.206 - - [02/Oct/2025:08:25:31 -0400] "GET /wp-includes/css/ HTTP/1.1" 200 2412 "-" "Mozilla/5.0 (Windows NT 10.0; Win64; x64) AppleWebKit/537.36 (KHTML, like Gecko) Chrome/116.0.0.0 Safari/537.36"
66.249.73.10 - - [02/Oct/2025:08:25:31 -0400] "GET /products249408?kg=0000246449 HTTP/1.1" 200 30347 "-" "Mozilla/5.0 (Linux; Android 6.0.1; Nexus 5X Build/MMB29P) AppleWebKit/537.36 (KHTML, like Gecko) Chrome/140.0.7339.207 Mobile Safari/537.36 (compatible; Googlebot/2.1; +http://www.google.com/bot.html)"
119.15.88.110 - - [02/Oct/2025:08:24:44 -0400] "GET /wp-content/plugins/simple-google-recaptcha/recaptcha.php HTTP/1.1" 200 0 "www.google.com" "Mozlila/5.0 (Linux; Android 7.0; SM-G892A Build/NRD90M; wv) AppleWebKit/537.36 (KHTML, like Gecko) Version/4.0 Chrome/60.0.3112.107 Mobile Safari/537.36"
170.64.235.160 - - [02/Oct/2025:08:24:43 -0400] "GET /bedah/ HTTP/1.1" 404 10906 "-" "Mozilla/5.0 (X11; U; Linux i686; nl-NL; rv:1.9.1b4) Gecko/20090423 Firefox/3.5b4"
119.15.88.110 - - [02/Oct/2025:08:24:51 -0400] "GET /wp-includes/SimplePie/IRI-stream.php HTTP/1.1" 404 12365 "www.google.com" "Mozlila/5.0 (Linux; Android 7.0; SM-G892A Build/NRD90M; wv) AppleWebKit/537.36 (KHTML, like Gecko) Version/4.0 Chrome/60.0.3112.107 Mobile Safari/537.36"
170.64.235.160 - - [02/Oct/2025:08:24:57 -0400] "GET /bem-feb-news/ HTTP/1.1" 404 10900 "-" "Mozilla/5.0 (X11; U; Linux i686; nl-NL; rv:1.9.1b4) Gecko/20090423 Firefox/3.5b4"
40.81.202.206 - - [02/Oct/2025:08:25:01 -0400] "GET /asd.php HTTP/1.1" 404 10896 "-" "Mozilla/5.0 (Windows NT 10.0; Win64; x64) AppleWebKit/537.36 (KHTML, like Gecko) Chrome/116.0.0.0 Safari/537.36"
119.15.88.110 - - [02/Oct/2025:08:25:08 -0400] "GET /woh.php HTTP/1.1" 404 10897 "www.google.com" "Mozlila/5.0 (Linux; Android 7.0; SM-G892A Build/NRD90M; wv) AppleWebKit/537.36 (KHTML, like Gecko) Version/4.0 Chrome/60.0.3112.107 Mobile Safari/537.36"
40.81.202.206 - - [02/Oct/2025:08:25:11 -0400] "GET /1.php HTTP/1.1" 404 10905 "-" "Mozilla/5.0 (Windows NT 10.0; Win64; x64) AppleWebKit/537.36 (KHTML, like Gecko) Chrome/116.0.0.0 Safari/537.36"
40.81.202.206 - - [02/Oct/2025:08:25:17 -0400] "GET /ws.php HTTP/1.1" 404 10901 "-" "Mozilla/5.0 (Windows NT 10.0; Win64; x64) AppleWebKit/537.36 (KHTML, like Gecko) Chrome/116.0.0.0 Safari/537.36"
66.249.73.12 - - [02/Oct/2025:08:25:29 -0400] "GET /products248250?kg=0000245304 HTTP/1.1" 200 28651 "-" "Mozilla/5.0 (Linux; Android 6.0.1; Nexus 5X Build/MMB29P) AppleWebKit/537.36 (KHTML, like Gecko) Chrome/140.0.7339.207 Mobile Safari/537.36 (compatible; Googlebot/2.1; +http://www.google.com/bot.html)"
40.81.202.206 - - [02/Oct/2025:08:25:25 -0400] "GET /wp-includes/css/index.php HTTP/1.1" 301 0 "-" "Mozilla/5.0 (Windows NT 10.0; Win64; x64) AppleWebKit/537.36 (KHTML, like Gecko) Chrome/116.0.0.0 Safari/537.36"
40.81.202.206 - - [02/Oct/2025:08:25:32 -0400] "GET /cgi-bin/wp-login.php HTTP/1.1" 403 1242 "-" "Mozilla/5.0 (Windows NT 10.0; Win64; x64) AppleWebKit/537.36 (KHTML, like Gecko) Chrome/116.0.0.0 Safari/537.36"
40.81.202.206 - - [02/Oct/2025:08:25:32 -0400] "GET /wp-content/cong.php HTTP/1.1" 200 0 "-" "Mozilla/5.0 (Windows NT 10.0; Win64; x64) AppleWebKit/537.36 (KHTML, like Gecko) Chrome/116.0.0.0 Safari/537.36"
170.64.235.160 - - [02/Oct/2025:08:25:31 -0400] "GET /index/ HTTP/1.1" 200 12380 "https://salhab360photos.com/berita-artikel/index/" "Mozilla/5.0 (X11; U; Linux i686; nl-NL; rv:1.9.1b4) Gecko/20090423 Firefox/3.5b4"
40.81.202.206 - - [02/Oct/2025:08:25:45 -0400] "GET /wp-includes/images/wp-login.php HTTP/1.1" 404 12362 "-" "Mozilla/5.0 (Windows NT 10.0; Win64; x64) AppleWebKit/537.36 (KHTML, like Gecko) Chrome/116.0.0.0 Safari/537.36"
119.15.88.110 - - [02/Oct/2025:08:25:50 -0400] "GET /include.php HTTP/1.1" 404 10906 "www.google.com" "Mozlila/5.0 (Linux; Android 7.0; SM-G892A Build/NRD90M; wv) AppleWebKit/537.36 (KHTML, like Gecko) Version/4.0 Chrome/60.0.3112.107 Mobile Safari/537.36"
40.81.202.206 - - [02/Oct/2025:08:26:00 -0400] "GET /wp-content/radio.php HTTP/1.1" 200 0 "-" "Mozilla/5.0 (Windows NT 10.0; Win64; x64) AppleWebKit/537.36 (KHTML, like Gecko) Chrome/116.0.0.0 Safari/537.36"
170.64.235.160 - - [02/Oct/2025:08:25:54 -0400] "GET /berita-fakultas/ HTTP/1.1" 404 10903 "-" "Mozilla/5.0 (X11; U; Linux i686; nl-NL; rv:1.9.1b4) Gecko/20090423 Firefox/3.5b4"
40.81.202.206 - - [02/Oct/2025:08:26:00 -0400] "GET /wp-admin/dropdown.php HTTP/1.1" 302 0 "-" "Mozilla/5.0 (Windows NT 10.0; Win64; x64) AppleWebKit/537.36 (KHTML, like Gecko) Chrome/116.0.0.0 Safari/537.36"
185.61.153.107 - - [02/Oct/2025:08:25:36 -0400] "POST /wp-cron.php?doing_wp_cron=1759407936.5720999240875244140625 HTTP/1.1" 200 0 "-" "WordPress/6.8.3; https://salhab360photos.com"
40.81.202.206 - - [02/Oct/2025:08:25:33 -0400] "GET /wp-admin/classwithtostring.php HTTP/1.1" 302 0 "-" "Mozilla/5.0 (Windows NT 10.0; Win64; x64) AppleWebKit/537.36 (KHTML, like Gecko) Chrome/116.0.0.0 Safari/537.36"
119.15.88.110 - - [02/Oct/2025:08:25:35 -0400] "GET /pi.php HTTP/1.1" 404 10900 "www.google.com" "Mozlila/5.0 (Linux; Android 7.0; SM-G892A Build/NRD90M; wv) AppleWebKit/537.36 (KHTML, like Gecko) Version/4.0 Chrome/60.0.3112.107 Mobile Safari/537.36"
40.81.202.206 - - [02/Oct/2025:08:25:39 -0400] "GET /wp-login.php?redirect_to=https%3A%2F%2Fsalhab360photos.com%2Fwp-admin%2Fclasswithtostring.php&reauth=1 HTTP/1.1" 200 2372 "-" "Mozilla/5.0 (Windows NT 10.0; Win64; x64) AppleWebKit/537.36 (KHTML, like Gecko) Chrome/116.0.0.0 Safari/537.36"
170.64.235.160 - - [02/Oct/2025:08:25:47 -0400] "GET /berita-artikel/read/ HTTP/1.1" 404 10903 "-" "Mozilla/5.0 (X11; U; Linux i686; nl-NL; rv:1.9.1b4) Gecko/20090423 Firefox/3.5b4"
40.81.202.206 - - [02/Oct/2025:08:25:50 -0400] "GET /wp-includes/Requests/network.php HTTP/1.1" 404 12360 "-" "Mozilla/5.0 (Windows NT 10.0; Win64; x64) AppleWebKit/537.36 (KHTML, like Gecko) Chrome/116.0.0.0 Safari/537.36"
170.64.235.160 - - [02/Oct/2025:08:26:03 -0400] "GET /berita-kampus/ HTTP/1.1" 404 10898 "-" "Mozilla/5.0 (X11; U; Linux i686; nl-NL; rv:1.9.1b4) Gecko/20090423 Firefox/3.5b4"
40.81.202.206 - - [02/Oct/2025:08:26:11 -0400] "GET /login.php HTTP/1.1" 302 0 "-" "Mozilla/5.0 (Windows NT 10.0; Win64; x64) AppleWebKit/537.36 (KHTML, like Gecko) Chrome/116.0.0.0 Safari/537.36"
170.64.235.160 - - [02/Oct/2025:08:26:10 -0400] "GET /berita-lainnya/ HTTP/1.1" 404 10903 "-" "Mozilla/5.0 (X11; U; Linux i686; nl-NL; rv:1.9.1b4) Gecko/20090423 Firefox/3.5b4"
66.249.73.12 - - [02/Oct/2025:08:26:20 -0400] "GET /products250920?kg=0000247941 HTTP/1.1" 200 28891 "-" "Mozilla/5.0 (Linux; Android 6.0.1; Nexus 5X Build/MMB29P) AppleWebKit/537.36 (KHTML, like Gecko) Chrome/140.0.7339.207 Mobile Safari/537.36 (compatible; Googlebot/2.1; +http://www.google.com/bot.html)"
119.15.88.110 - - [02/Oct/2025:08:26:17 -0400] "GET /.well-known/acme-challenge/ HTTP/1.1" 404 10906 "www.google.com" "Mozlila/5.0 (Linux; Android 7.0; SM-G892A Build/NRD90M; wv) AppleWebKit/537.36 (KHTML, like Gecko) Version/4.0 Chrome/60.0.3112.107 Mobile Safari/537.36"
66.249.73.10 - - [02/Oct/2025:08:26:24 -0400] "GET /products250096?kg=0000247129 HTTP/1.1" 200 28931 "-" "Mozilla/5.0 (Linux; Android 6.0.1; Nexus 5X Build/MMB29P) AppleWebKit/537.36 (KHTML, like Gecko) Chrome/140.0.7339.207 Mobile Safari/537.36 (compatible; Googlebot/2.1; +http://www.google.com/bot.html)"
66.249.73.11 - - [02/Oct/2025:08:26:26 -0400] "GET /products251462?kg=0000248478 HTTP/1.1" 200 29043 "-" "Mozilla/5.0 (Linux; Android 6.0.1; Nexus 5X Build/MMB29P) AppleWebKit/537.36 (KHTML, like Gecko) Chrome/140.0.7339.207 Mobile Safari/537.36 (compatible; Googlebot/2.1; +http://www.google.com/bot.html)"
66.249.73.11 - - [02/Oct/2025:08:26:27 -0400] "GET /products251736?kg=0000248749 HTTP/1.1" 200 29023 "-" "Mozilla/5.0 (Linux; Android 6.0.1; Nexus 5X Build/MMB29P) AppleWebKit/537.36 (KHTML, like Gecko) Chrome/140.0.7339.207 Mobile Safari/537.36 (compatible; Googlebot/2.1; +http://www.google.com/bot.html)"
40.81.202.206 - - [02/Oct/2025:08:26:23 -0400] "GET /hehehehe.php HTTP/1.1" 404 10906 "-" "Mozilla/5.0 (Windows NT 10.0; Win64; x64) AppleWebKit/537.36 (KHTML, like Gecko) Chrome/116.0.0.0 Safari/537.36"
40.81.202.206 - - [02/Oct/2025:08:26:29 -0400] "GET /simple.php HTTP/1.1" 404 10903 "-" "Mozilla/5.0 (Windows NT 10.0; Win64; x64) AppleWebKit/537.36 (KHTML, like Gecko) Chrome/116.0.0.0 Safari/537.36"
40.81.202.206 - - [02/Oct/2025:08:26:37 -0400] "GET /wp-includes/fonts/about.php HTTP/1.1" 404 12362 "-" "Mozilla/5.0 (Windows NT 10.0; Win64; x64) AppleWebKit/537.36 (KHTML, like Gecko) Chrome/116.0.0.0 Safari/537.36"
119.15.88.110 - - [02/Oct/2025:08:26:02 -0400] "GET /cjfuns.php HTTP/1.1" 404 10901 "www.google.com" "Mozlila/5.0 (Linux; Android 7.0; SM-G892A Build/NRD90M; wv) AppleWebKit/537.36 (KHTML, like Gecko) Version/4.0 Chrome/60.0.3112.107 Mobile Safari/537.36"
40.81.202.206 - - [02/Oct/2025:08:26:06 -0400] "GET /wp-login.php?redirect_to=https%3A%2F%2Fsalhab360photos.com%2Fwp-admin%2Fdropdown.php&reauth=1 HTTP/1.1" 200 2368 "-" "Mozilla/5.0 (Windows NT 10.0; Win64; x64) AppleWebKit/537.36 (KHTML, like Gecko) Chrome/116.0.0.0 Safari/537.36"
119.15.88.110 - - [02/Oct/2025:08:26:10 -0400] "GET /.well-known/acme-challenge/index.php HTTP/1.1" 301 0 "www.google.com" "Mozlila/5.0 (Linux; Android 7.0; SM-G892A Build/NRD90M; wv) AppleWebKit/537.36 (KHTML, like Gecko) Version/4.0 Chrome/60.0.3112.107 Mobile Safari/537.36"
40.81.202.206 - - [02/Oct/2025:08:26:17 -0400] "GET /wp-login.php HTTP/1.1" 200 2345 "-" "Mozilla/5.0 (Windows NT 10.0; Win64; x64) AppleWebKit/537.36 (KHTML, like Gecko) Chrome/116.0.0.0 Safari/537.36"
170.64.235.160 - - [02/Oct/2025:08:26:18 -0400] "GET /berita-terbaru/ HTTP/1.1" 404 10904 "-" "Mozilla/5.0 (X11; U; Linux i686; nl-NL; rv:1.9.1b4) Gecko/20090423 Firefox/3.5b4"
119.15.88.110 - - [02/Oct/2025:08:26:26 -0400] "GET /wp-content/plugins/db-toolkit/dbtoolkit_import.php HTTP/1.1" 200 0 "www.google.com" "Mozlila/5.0 (Linux; Android 7.0; SM-G892A Build/NRD90M; wv) AppleWebKit/537.36 (KHTML, like Gecko) Version/4.0 Chrome/60.0.3112.107 Mobile Safari/537.36"
66.249.73.10 - - [02/Oct/2025:08:26:28 -0400] "GET /products249572?kg=0000246611 HTTP/1.1" 200 28811 "-" "Mozilla/5.0 (Linux; Android 6.0.1; Nexus 5X Build/MMB29P) AppleWebKit/537.36 (KHTML, like Gecko) Chrome/140.0.7339.207 Mobile Safari/537.36 (compatible; Googlebot/2.1; +http://www.google.com/bot.html)"
185.61.153.107 - - [02/Oct/2025:08:26:35 -0400] "POST /wp-cron.php?doing_wp_cron=1759407995.2687449455261230468750 HTTP/1.1" 200 0 "-" "WordPress/6.8.3; https://salhab360photos.com"
119.15.88.110 - - [02/Oct/2025:08:26:32 -0400] "GET /.well-known/fierzashell.php HTTP/1.1" 404 10905 "www.google.com" "Mozlila/5.0 (Linux; Android 7.0; SM-G892A Build/NRD90M; wv) AppleWebKit/537.36 (KHTML, like Gecko) Version/4.0 Chrome/60.0.3112.107 Mobile Safari/537.36"
170.64.235.160 - - [02/Oct/2025:08:26:49 -0400] "GET /berita/test-berita/ HTTP/1.1" 404 10906 "-" "Mozilla/5.0 (X11; U; Linux i686; nl-NL; rv:1.9.1b4) Gecko/20090423 Firefox/3.5b4"
119.15.88.110 - - [02/Oct/2025:08:26:50 -0400] "GET /.well-known/worm0.PhP7 HTTP/1.1" 404 10906 "www.google.com" "Mozlila/5.0 (Linux; Android 7.0; SM-G892A Build/NRD90M; wv) AppleWebKit/537.36 (KHTML, like Gecko) Version/4.0 Chrome/60.0.3112.107 Mobile Safari/537.36"
3.10.217.132 - - [02/Oct/2025:08:27:07 -0400] "GET /index.html HTTP/1.1" 200 1404 "-" "Mozilla/5.0 (Windows NT 10.0; Win64; x64) AppleWebKit/537.36 (KHTML, like Gecko) Chrome/132.0.0.0 Safari/537.36 Edg/132.0.0.0"
170.64.235.160 - - [02/Oct/2025:08:27:00 -0400] "GET /berita_bidang/ HTTP/1.1" 404 10906 "-" "Mozilla/5.0 (X11; U; Linux i686; nl-NL; rv:1.9.1b4) Gecko/20090423 Firefox/3.5b4"
164.90.241.135 - - [02/Oct/2025:08:27:08 -0400] "GET /index.html HTTP/1.1" 200 1404 "-" "Mozilla/5.0 (Windows NT 10.0; Win64; x64) AppleWebKit/537.36 (KHTML, like Gecko) Chrome/132.0.0.0 Safari/537.36 Edg/132.0.0.0"
46.101.70.221 - - [02/Oct/2025:08:27:08 -0400] "GET /index.html HTTP/1.1" 200 1404 "-" "Mozilla/5.0 (Windows NT 10.0; Win64; x64) AppleWebKit/537.36 (KHTML, like Gecko) Chrome/132.0.0.0 Safari/537.36 Edg/132.0.0.0"
40.81.202.206 - - [02/Oct/2025:08:27:06 -0400] "GET /wp-includes/Text/index.php HTTP/1.1" 301 0 "-" "Mozilla/5.0 (Windows NT 10.0; Win64; x64) AppleWebKit/537.36 (KHTML, like Gecko) Chrome/116.0.0.0 Safari/537.36"
40.81.202.206 - - [02/Oct/2025:08:27:13 -0400] "GET /content.php HTTP/1.1" 404 10895 "-" "Mozilla/5.0 (Windows NT 10.0; Win64; x64) AppleWebKit/537.36 (KHTML, like Gecko) Chrome/116.0.0.0 Safari/537.36"
119.15.88.110 - - [02/Oct/2025:08:27:14 -0400] "GET /.well-known/acme-challenge/iR7SzrsOUEP.php HTTP/1.1" 404 12355 "www.google.com" "Mozlila/5.0 (Linux; Android 7.0; SM-G892A Build/NRD90M; wv) AppleWebKit/537.36 (KHTML, like Gecko) Version/4.0 Chrome/60.0.3112.107 Mobile Safari/537.36"
40.81.202.206 - - [02/Oct/2025:08:27:24 -0400] "GET /goat.php HTTP/1.1" 404 10899 "-" "Mozilla/5.0 (Windows NT 10.0; Win64; x64) AppleWebKit/537.36 (KHTML, like Gecko) Chrome/116.0.0.0 Safari/537.36"
40.81.202.206 - - [02/Oct/2025:08:27:29 -0400] "GET /.well-known/acme-challenge/admin.php HTTP/1.1" 404 12362 "-" "Mozilla/5.0 (Windows NT 10.0; Win64; x64) AppleWebKit/537.36 (KHTML, like Gecko) Chrome/116.0.0.0 Safari/537.36"
66.249.73.10 - - [02/Oct/2025:08:27:33 -0400] "GET /products250546?kg=0000247572 HTTP/1.1" 200 28688 "-" "Mozilla/5.0 (Linux; Android 6.0.1; Nexus 5X Build/MMB29P) AppleWebKit/537.36 (KHTML, like Gecko) Chrome/140.0.7339.207 Mobile Safari/537.36 (compatible; Googlebot/2.1; +http://www.google.com/bot.html)"
40.81.202.206 - - [02/Oct/2025:08:27:34 -0400] "GET /wp-content/uploads/about.php HTTP/1.1" 200 0 "-" "Mozilla/5.0 (Windows NT 10.0; Win64; x64) AppleWebKit/537.36 (KHTML, like Gecko) Chrome/116.0.0.0 Safari/537.36"
119.15.88.110 - - [02/Oct/2025:08:27:32 -0400] "GET /xleet-shell.php HTTP/1.1" 404 10906 "www.google.com" "Mozlila/5.0 (Linux; Android 7.0; SM-G892A Build/NRD90M; wv) AppleWebKit/537.36 (KHTML, like Gecko) Version/4.0 Chrome/60.0.3112.107 Mobile Safari/537.36"
40.81.202.206 - - [02/Oct/2025:08:27:40 -0400] "GET /wp-login.php?redirect_to=https%3A%2F%2Fsalhab360photos.com%2Fwp-admin%2Fmaint%2Findex.php&reauth=1 HTTP/1.1" 200 2369 "-" "Mozilla/5.0 (Windows NT 10.0; Win64; x64) AppleWebKit/537.36 (KHTML, like Gecko) Chrome/116.0.0.0 Safari/537.36"
119.15.88.110 - - [02/Oct/2025:08:27:41 -0400] "GET /wp-admin/maint/iR7SzrsOUEP.php HTTP/1.1" 302 0 "www.google.com" "Mozlila/5.0 (Linux; Android 7.0; SM-G892A Build/NRD90M; wv) AppleWebKit/537.36 (KHTML, like Gecko) Version/4.0 Chrome/60.0.3112.107 Mobile Safari/537.36"
40.81.202.206 - - [02/Oct/2025:08:27:45 -0400] "GET /dropdown.php HTTP/1.1" 404 10900 "-" "Mozilla/5.0 (Windows NT 10.0; Win64; x64) AppleWebKit/537.36 (KHTML, like Gecko) Chrome/116.0.0.0 Safari/537.36"
119.15.88.110 - - [02/Oct/2025:08:27:47 -0400] "GET /wp-login.php?redirect_to=https%3A%2F%2Fsalhab360photos.com%2Fwp-admin%2Fmaint%2FiR7SzrsOUEP.php&reauth=1 HTTP/1.1" 200 2376 "www.google.com" "Mozlila/5.0 (Linux; Android 7.0; SM-G892A Build/NRD90M; wv) AppleWebKit/537.36 (KHTML, like Gecko) Version/4.0 Chrome/60.0.3112.107 Mobile Safari/537.36"
170.64.235.160 - - [02/Oct/2025:08:27:51 -0400] "GET /berkas-digital/ HTTP/1.1" 404 10899 "-" "Mozilla/5.0 (X11; U; Linux i686; nl-NL; rv:1.9.1b4) Gecko/20090423 Firefox/3.5b4"
119.15.88.110 - - [02/Oct/2025:08:27:55 -0400] "GET /wp-admin/network/iR7SzrsOUEP.php HTTP/1.1" 302 0 "www.google.com" "Mozlila/5.0 (Linux; Android 7.0; SM-G892A Build/NRD90M; wv) AppleWebKit/537.36 (KHTML, like Gecko) Version/4.0 Chrome/60.0.3112.107 Mobile Safari/537.36"
170.64.235.160 - - [02/Oct/2025:08:27:57 -0400] "GET /biaya-pendidikan/ HTTP/1.1" 404 10906 "-" "Mozilla/5.0 (X11; U; Linux i686; nl-NL; rv:1.9.1b4) Gecko/20090423 Firefox/3.5b4"
40.81.202.206 - - [02/Oct/2025:08:27:59 -0400] "GET /radio.php HTTP/1.1" 404 10903 "-" "Mozilla/5.0 (Windows NT 10.0; Win64; x64) AppleWebKit/537.36 (KHTML, like Gecko) Chrome/116.0.0.0 Safari/537.36"
40.81.202.206 - - [02/Oct/2025:08:28:09 -0400] "GET /wp-admin/admin.php HTTP/1.1" 302 0 "-" "Mozilla/5.0 (Windows NT 10.0; Win64; x64) AppleWebKit/537.36 (KHTML, like Gecko) Chrome/116.0.0.0 Safari/537.36"
40.81.202.206 - - [02/Oct/2025:08:28:14 -0400] "GET /wp-login.php?redirect_to=https%3A%2F%2Fsalhab360photos.com%2Fwp-admin%2Fadmin.php&reauth=1 HTTP/1.1" 200 2365 "-" "Mozilla/5.0 (Windows NT 10.0; Win64; x64) AppleWebKit/537.36 (KHTML, like Gecko) Chrome/116.0.0.0 Safari/537.36"
40.81.202.206 - - [02/Oct/2025:08:26:45 -0400] "GET /wp-content/admin.php HTTP/1.1" 200 0 "-" "Mozilla/5.0 (Windows NT 10.0; Win64; x64) AppleWebKit/537.36 (KHTML, like Gecko) Chrome/116.0.0.0 Safari/537.36"
170.64.235.160 - - [02/Oct/2025:08:26:40 -0400] "GET /berita/ HTTP/1.1" 404 10904 "-" "Mozilla/5.0 (X11; U; Linux i686; nl-NL; rv:1.9.1b4) Gecko/20090423 Firefox/3.5b4"
40.81.202.206 - - [02/Oct/2025:08:26:46 -0400] "GET /xmlrpc.php HTTP/1.1" 405 62 "-" "Mozilla/5.0 (Windows NT 10.0; Win64; x64) AppleWebKit/537.36 (KHTML, like Gecko) Chrome/116.0.0.0 Safari/537.36"
40.81.202.206 - - [02/Oct/2025:08:26:51 -0400] "GET /atomlib.php HTTP/1.1" 404 10906 "-" "Mozilla/5.0 (Windows NT 10.0; Win64; x64) AppleWebKit/537.36 (KHTML, like Gecko) Chrome/116.0.0.0 Safari/537.36"
40.81.202.206 - - [02/Oct/2025:08:26:58 -0400] "GET /lv.php HTTP/1.1" 404 10901 "-" "Mozilla/5.0 (Windows NT 10.0; Win64; x64) AppleWebKit/537.36 (KHTML, like Gecko) Chrome/116.0.0.0 Safari/537.36"
174.138.112.39 - - [02/Oct/2025:08:27:08 -0400] "GET /index.html HTTP/1.1" 200 1404 "-" "Mozilla/5.0 (Windows NT 10.0; Win64; x64) AppleWebKit/537.36 (KHTML, like Gecko) Chrome/132.0.0.0 Safari/537.36 Edg/132.0.0.0"
119.15.88.110 - - [02/Oct/2025:08:27:02 -0400] "GET /.tmb/worm0.PhP7 HTTP/1.1" 404 10900 "www.google.com" "Mozlila/5.0 (Linux; Android 7.0; SM-G892A Build/NRD90M; wv) AppleWebKit/537.36 (KHTML, like Gecko) Version/4.0 Chrome/60.0.3112.107 Mobile Safari/537.36"
40.81.202.206 - - [02/Oct/2025:08:27:12 -0400] "GET /wp-includes/Text/ HTTP/1.1" 200 875 "-" "Mozilla/5.0 (Windows NT 10.0; Win64; x64) AppleWebKit/537.36 (KHTML, like Gecko) Chrome/116.0.0.0 Safari/537.36"
170.64.235.160 - - [02/Oct/2025:08:27:10 -0400] "GET /berita_kategori/ HTTP/1.1" 404 10898 "-" "Mozilla/5.0 (X11; U; Linux i686; nl-NL; rv:1.9.1b4) Gecko/20090423 Firefox/3.5b4"
40.81.202.206 - - [02/Oct/2025:08:27:19 -0400] "GET /.well-known/acme-challenge/about.php HTTP/1.1" 404 12354 "-" "Mozilla/5.0 (Windows NT 10.0; Win64; x64) AppleWebKit/537.36 (KHTML, like Gecko) Chrome/116.0.0.0 Safari/537.36"
119.15.88.110 - - [02/Oct/2025:08:27:22 -0400] "GET /wp-admin/js/widgets/users.php HTTP/1.1" 302 0 "www.google.com" "Mozlila/5.0 (Linux; Android 7.0; SM-G892A Build/NRD90M; wv) AppleWebKit/537.36 (KHTML, like Gecko) Version/4.0 Chrome/60.0.3112.107 Mobile Safari/537.36"
119.15.88.110 - - [02/Oct/2025:08:27:25 -0400] "GET /wp-login.php?redirect_to=https%3A%2F%2Fsalhab360photos.com%2Fwp-admin%2Fjs%2Fwidgets%2Fusers.php&reauth=1 HTTP/1.1" 200 2374 "www.google.com" "Mozlila/5.0 (Linux; Android 7.0; SM-G892A Build/NRD90M; wv) AppleWebKit/537.36 (KHTML, like Gecko) Version/4.0 Chrome/60.0.3112.107 Mobile Safari/537.36"
185.61.153.107 - - [02/Oct/2025:08:27:37 -0400] "POST /wp-cron.php?doing_wp_cron=1759408057.4792909622192382812500 HTTP/1.1" 200 0 "-" "WordPress/6.8.3; https://salhab360photos.com"
40.81.202.206 - - [02/Oct/2025:08:27:35 -0400] "GET /wp-admin/maint/index.php HTTP/1.1" 302 0 "-" "Mozilla/5.0 (Windows NT 10.0; Win64; x64) AppleWebKit/537.36 (KHTML, like Gecko) Chrome/116.0.0.0 Safari/537.36"
170.64.235.160 - - [02/Oct/2025:08:27:38 -0400] "GET /berita_lainnya/ HTTP/1.1" 404 10906 "-" "Mozilla/5.0 (X11; U; Linux i686; nl-NL; rv:1.9.1b4) Gecko/20090423 Firefox/3.5b4"
40.81.202.206 - - [02/Oct/2025:08:27:51 -0400] "GET /sad/about.php HTTP/1.1" 404 10895 "-" "Mozilla/5.0 (Windows NT 10.0; Win64; x64) AppleWebKit/537.36 (KHTML, like Gecko) Chrome/116.0.0.0 Safari/537.36"
119.15.88.110 - - [02/Oct/2025:08:28:01 -0400] "GET /wp-login.php?redirect_to=https%3A%2F%2Fsalhab360photos.com%2Fwp-admin%2Fnetwork%2FiR7SzrsOUEP.php&reauth=1 HTTP/1.1" 200 2377 "www.google.com" "Mozlila/5.0 (Linux; Android 7.0; SM-G892A Build/NRD90M; wv) AppleWebKit/537.36 (KHTML, like Gecko) Version/4.0 Chrome/60.0.3112.107 Mobile Safari/537.36"
119.15.88.110 - - [02/Oct/2025:08:28:11 -0400] "GET /wp-admin/user/iR7SzrsOUEP.php HTTP/1.1" 302 0 "www.google.com" "Mozlila/5.0 (Linux; Android 7.0; SM-G892A Build/NRD90M; wv) AppleWebKit/537.36 (KHTML, like Gecko) Version/4.0 Chrome/60.0.3112.107 Mobile Safari/537.36"