HEX
Server: LiteSpeed
System: Linux server257.web-hosting.com 4.18.0-553.54.1.lve.el8.x86_64 #1 SMP Wed Jun 4 13:01:13 UTC 2025 x86_64
User: salhiscp (12590)
PHP: 8.4.12
Disabled: NONE
Upload Files
File: /home/salhiscp/access-logs/salhab360photos.com.salhab360booth.com-ssl_log
139.59.110.117 - - [02/Oct/2025:08:02:25 -0400] "GET /wp-content/languages/chosen.php HTTP/1.1" 200 0 "-" "python-httpx/0.28.1"
139.59.110.117 - - [02/Oct/2025:08:02:26 -0400] "GET /wp-content/languages/themes/chosen.php HTTP/1.1" 200 0 "-" "python-httpx/0.28.1"
139.59.110.117 - - [02/Oct/2025:08:02:32 -0400] "GET /wp-includes/certificates/chosen.php HTTP/1.1" 404 12355 "-" "python-httpx/0.28.1"
170.64.235.160 - - [02/Oct/2025:08:02:38 -0400] "GET /assets/images/favicon/ HTTP/1.1" 404 12359 "-" "Mozilla/5.0 (X11; U; Linux i686; nl-NL; rv:1.9.1b4) Gecko/20090423 Firefox/3.5b4"
139.59.110.117 - - [02/Oct/2025:08:02:39 -0400] "GET /wp-includes/customize/chosen.php HTTP/1.1" 404 12365 "-" "python-httpx/0.28.1"
170.64.235.160 - - [02/Oct/2025:08:02:49 -0400] "GET /assets/img/ HTTP/1.1" 301 0 "-" "Mozilla/5.0 (X11; U; Linux i686; nl-NL; rv:1.9.1b4) Gecko/20090423 Firefox/3.5b4"
37.59.204.129 - - [02/Oct/2025:08:02:51 -0400] "GET /products14519408?kg=0014342425 HTTP/1.1" 404 9741 "-" "Mozilla/5.0 (compatible; AhrefsBot/7.0; +http://ahrefs.com/robot/)"
139.59.110.117 - - [02/Oct/2025:08:02:56 -0400] "GET /about/chosen.php HTTP/1.1" 404 10897 "-" "python-httpx/0.28.1"
170.64.235.160 - - [02/Oct/2025:08:03:06 -0400] "GET /assets/img/alurpelayanan/ HTTP/1.1" 404 12360 "-" "Mozilla/5.0 (X11; U; Linux i686; nl-NL; rv:1.9.1b4) Gecko/20090423 Firefox/3.5b4"
139.59.110.117 - - [02/Oct/2025:08:03:14 -0400] "GET /chosen/chosen.php HTTP/1.1" 404 10898 "-" "python-httpx/0.28.1"
170.64.235.160 - - [02/Oct/2025:08:03:15 -0400] "GET /assets/img/alurpelayanan/ALUR/ HTTP/1.1" 404 12365 "-" "Mozilla/5.0 (X11; U; Linux i686; nl-NL; rv:1.9.1b4) Gecko/20090423 Firefox/3.5b4"
139.59.110.117 - - [02/Oct/2025:08:03:25 -0400] "GET /nice.php?p= HTTP/1.1" 301 0 "-" "python-httpx/0.28.1"
139.59.110.117 - - [02/Oct/2025:08:03:29 -0400] "GET /nice.php HTTP/1.1" 404 10897 "-" "python-httpx/0.28.1"
139.59.110.117 - - [02/Oct/2025:08:03:37 -0400] "GET /atomlib.php HTTP/1.1" 404 10896 "-" "python-httpx/0.28.1"
3.10.217.132 - - [02/Oct/2025:08:03:51 -0400] "GET /index.html HTTP/1.1" 200 1404 "-" "Mozilla/5.0 (Windows NT 10.0; Win64; x64) AppleWebKit/537.36 (KHTML, like Gecko) Chrome/135.0.0.0 Safari/537.36 OPR/120.0.0.0"
206.189.247.132 - - [02/Oct/2025:08:03:52 -0400] "GET /index.html HTTP/1.1" 200 1404 "-" "Mozilla/5.0 (Windows NT 10.0; Win64; x64) AppleWebKit/537.36 (KHTML, like Gecko) Chrome/135.0.0.0 Safari/537.36 OPR/120.0.0.0"
146.190.11.185 - - [02/Oct/2025:08:03:54 -0400] "GET /index.html HTTP/1.1" 200 1404 "-" "Mozilla/5.0 (Windows NT 10.0; Win64; x64) AppleWebKit/537.36 (KHTML, like Gecko) Chrome/135.0.0.0 Safari/537.36 OPR/120.0.0.0"
170.64.235.160 - - [02/Oct/2025:08:03:55 -0400] "GET /assets/img/icons/ HTTP/1.1" 404 12360 "-" "Mozilla/5.0 (X11; U; Linux i686; nl-NL; rv:1.9.1b4) Gecko/20090423 Firefox/3.5b4"
139.59.110.117 - - [02/Oct/2025:08:04:02 -0400] "GET /radio.php HTTP/1.1" 404 10906 "-" "python-httpx/0.28.1"
66.249.73.11 - - [02/Oct/2025:08:04:10 -0400] "GET /products5088428?kg=0005026455 HTTP/1.1" 200 29021 "-" "Mozilla/5.0 (Linux; Android 6.0.1; Nexus 5X Build/MMB29P) AppleWebKit/537.36 (KHTML, like Gecko) Chrome/140.0.7339.207 Mobile Safari/537.36 (compatible; Googlebot/2.1; +http://www.google.com/bot.html)"
45.133.173.16 - - [02/Oct/2025:08:04:12 -0400] "GET /index.html HTTP/1.1" 200 1404 "-" "Mozilla/5.0 (Windows NT 10.0; Win64; x64) AppleWebKit/537.36 (KHTML, like Gecko) Chrome/135.0.0.0 Safari/537.36 OPR/120.0.0.0"
170.64.235.160 - - [02/Oct/2025:08:04:16 -0400] "GET /assets/libs/getID3-1.9.14/ HTTP/1.1" 404 12354 "-" "Mozilla/5.0 (X11; U; Linux i686; nl-NL; rv:1.9.1b4) Gecko/20090423 Firefox/3.5b4"
139.59.110.117 - - [02/Oct/2025:08:04:17 -0400] "GET /cong.php HTTP/1.1" 404 10902 "-" "python-httpx/0.28.1"
66.249.73.11 - - [02/Oct/2025:08:04:21 -0400] "GET /products12039782?kg=0011893038 HTTP/1.1" 200 29164 "-" "Mozilla/5.0 (Linux; Android 6.0.1; Nexus 5X Build/MMB29P) AppleWebKit/537.36 (KHTML, like Gecko) Chrome/140.0.7339.207 Mobile Safari/537.36 (compatible; Googlebot/2.1; +http://www.google.com/bot.html)"
139.59.110.117 - - [02/Oct/2025:08:04:29 -0400] "GET /wp-includes/Text/ HTTP/1.1" 200 875 "-" "python-httpx/0.28.1"
139.59.110.117 - - [02/Oct/2025:08:02:27 -0400] "GET /wp-includes/SimplePie/chosen.php HTTP/1.1" 404 12356 "-" "python-httpx/0.28.1"
185.61.153.107 - - [02/Oct/2025:08:02:35 -0400] "POST /wp-cron.php?doing_wp_cron=1759406555.7693378925323486328125 HTTP/1.1" 200 0 "-" "WordPress/6.8.3; https://salhab360photos.com"
139.59.110.117 - - [02/Oct/2025:08:02:48 -0400] "GET /index/chosen.php HTTP/1.1" 404 10905 "-" "python-httpx/0.28.1"
170.64.235.160 - - [02/Oct/2025:08:02:54 -0400] "GET /img/ HTTP/1.1" 200 12508 "https://salhab360photos.com/assets/img/" "Mozilla/5.0 (X11; U; Linux i686; nl-NL; rv:1.9.1b4) Gecko/20090423 Firefox/3.5b4"
139.59.110.117 - - [02/Oct/2025:08:03:01 -0400] "GET /as/chosen.php HTTP/1.1" 404 10903 "-" "python-httpx/0.28.1"
139.59.110.117 - - [02/Oct/2025:08:03:08 -0400] "GET /file/chosen.php HTTP/1.1" 404 10903 "-" "python-httpx/0.28.1"
139.59.110.117 - - [02/Oct/2025:08:03:19 -0400] "GET /css/chosen.php HTTP/1.1" 404 10906 "-" "python-httpx/0.28.1"
185.61.153.107 - - [02/Oct/2025:08:03:34 -0400] "POST /wp-cron.php?doing_wp_cron=1759406613.9693789482116699218750 HTTP/1.1" 200 0 "-" "WordPress/6.8.3; https://salhab360photos.com"
66.249.73.11 - - [02/Oct/2025:08:03:44 -0400] "GET /?products4337764?kg=0004284947 HTTP/1.1" 200 1164 "-" "Mozilla/5.0 (Linux; Android 6.0.1; Nexus 5X Build/MMB29P) AppleWebKit/537.36 (KHTML, like Gecko) Chrome/140.0.7339.207 Mobile Safari/537.36 (compatible; GoogleOther)"
170.64.235.160 - - [02/Oct/2025:08:03:42 -0400] "GET /assets/img/favicons/ HTTP/1.1" 404 12360 "-" "Mozilla/5.0 (X11; U; Linux i686; nl-NL; rv:1.9.1b4) Gecko/20090423 Firefox/3.5b4"
139.59.110.117 - - [02/Oct/2025:08:03:44 -0400] "GET /uploads/upload_example.php HTTP/1.1" 404 10898 "-" "python-httpx/0.28.1"
139.59.110.117 - - [02/Oct/2025:08:03:55 -0400] "GET /updates.php HTTP/1.1" 404 10899 "-" "python-httpx/0.28.1"
170.64.235.160 - - [02/Oct/2025:08:04:01 -0400] "GET /assets/img/syaratpendaftaran/ HTTP/1.1" 404 12362 "-" "Mozilla/5.0 (X11; U; Linux i686; nl-NL; rv:1.9.1b4) Gecko/20090423 Firefox/3.5b4"
170.64.235.160 - - [02/Oct/2025:08:04:08 -0400] "GET /assets/js/ HTTP/1.1" 404 10899 "-" "Mozilla/5.0 (X11; U; Linux i686; nl-NL; rv:1.9.1b4) Gecko/20090423 Firefox/3.5b4"
119.15.88.110 - - [02/Oct/2025:08:04:08 -0400] "GET /xmrlpc.php7 HTTP/1.1" 404 10897 "www.google.com" "Mozlila/5.0 (Linux; Android 7.0; SM-G892A Build/NRD90M; wv) AppleWebKit/537.36 (KHTML, like Gecko) Version/4.0 Chrome/60.0.3112.107 Mobile Safari/537.36"
139.59.110.117 - - [02/Oct/2025:08:04:09 -0400] "GET /leafmailer2.8.php HTTP/1.1" 404 10897 "-" "python-httpx/0.28.1"
119.15.88.110 - - [02/Oct/2025:08:04:18 -0400] "GET /lock360.php HTTP/1.1" 404 10897 "www.google.com" "Mozlila/5.0 (Linux; Android 7.0; SM-G892A Build/NRD90M; wv) AppleWebKit/537.36 (KHTML, like Gecko) Version/4.0 Chrome/60.0.3112.107 Mobile Safari/537.36"
139.59.110.117 - - [02/Oct/2025:08:04:24 -0400] "GET /wp-includes/Text/index.php HTTP/1.1" 301 0 "-" "python-httpx/0.28.1"
185.61.153.107 - - [02/Oct/2025:08:04:33 -0400] "POST /wp-cron.php?doing_wp_cron=1759406673.4721789360046386718750 HTTP/1.1" 200 0 "-" "WordPress/6.8.3; https://salhab360photos.com"
139.59.110.117 - - [02/Oct/2025:08:04:31 -0400] "GET /wp-ahsera.php HTTP/1.1" 404 10903 "-" "python-httpx/0.28.1"
170.64.235.160 - - [02/Oct/2025:08:04:37 -0400] "GET /assets/libs/select2/dist/css/ HTTP/1.1" 404 12356 "-" "Mozilla/5.0 (X11; U; Linux i686; nl-NL; rv:1.9.1b4) Gecko/20090423 Firefox/3.5b4"
66.249.90.201 - - [02/Oct/2025:08:04:48 -0400] "GET /?products12919884?kg=0012762407 HTTP/1.1" 200 1164 "-" "Mozilla/5.0 (X11; Linux x86_64) AppleWebKit/537.36 (KHTML, like Gecko) Chrome/139.0.7258.127 Safari/537.36"
139.59.110.117 - - [02/Oct/2025:08:04:54 -0400] "GET /class-wp-http-requests-hooks.php HTTP/1.1" 404 10906 "-" "python-httpx/0.28.1"
119.15.88.110 - - [02/Oct/2025:08:04:56 -0400] "GET /.wp-themes.php HTTP/1.1" 404 10904 "www.google.com" "Mozlila/5.0 (Linux; Android 7.0; SM-G892A Build/NRD90M; wv) AppleWebKit/537.36 (KHTML, like Gecko) Version/4.0 Chrome/60.0.3112.107 Mobile Safari/537.36"
170.64.235.160 - - [02/Oct/2025:08:04:28 -0400] "GET /assets/libs/pace-progress/themes/silver/ HTTP/1.1" 404 12366 "-" "Mozilla/5.0 (X11; U; Linux i686; nl-NL; rv:1.9.1b4) Gecko/20090423 Firefox/3.5b4"
119.15.88.110 - - [02/Oct/2025:08:04:30 -0400] "GET /Mshell.php HTTP/1.1" 404 10906 "www.google.com" "Mozlila/5.0 (Linux; Android 7.0; SM-G892A Build/NRD90M; wv) AppleWebKit/537.36 (KHTML, like Gecko) Version/4.0 Chrome/60.0.3112.107 Mobile Safari/537.36"
139.59.110.117 - - [02/Oct/2025:08:04:40 -0400] "GET /wp-easy.php HTTP/1.1" 404 10903 "-" "python-httpx/0.28.1"
119.15.88.110 - - [02/Oct/2025:08:04:43 -0400] "GET /wp-include/xmrlpc.php7 HTTP/1.1" 404 10905 "www.google.com" "Mozlila/5.0 (Linux; Android 7.0; SM-G892A Build/NRD90M; wv) AppleWebKit/537.36 (KHTML, like Gecko) Version/4.0 Chrome/60.0.3112.107 Mobile Safari/537.36"
139.59.110.117 - - [02/Oct/2025:08:04:46 -0400] "GET /wp-video.php HTTP/1.1" 404 10899 "-" "python-httpx/0.28.1"
139.59.110.117 - - [02/Oct/2025:08:04:51 -0400] "GET /wso112233.php HTTP/1.1" 404 10906 "-" "python-httpx/0.28.1"
170.64.235.160 - - [02/Oct/2025:08:05:00 -0400] "GET /assets/libs/toastr/dist/build/ HTTP/1.1" 404 12355 "-" "Mozilla/5.0 (X11; U; Linux i686; nl-NL; rv:1.9.1b4) Gecko/20090423 Firefox/3.5b4"
139.59.110.117 - - [02/Oct/2025:08:05:01 -0400] "GET /fw.php HTTP/1.1" 404 10897 "-" "python-httpx/0.28.1"
139.59.110.117 - - [02/Oct/2025:08:05:06 -0400] "GET /class-envato-market-api.php HTTP/1.1" 404 10906 "-" "python-httpx/0.28.1"
139.59.110.117 - - [02/Oct/2025:08:05:14 -0400] "GET /alfa-ioxi.php HTTP/1.1" 404 10906 "-" "python-httpx/0.28.1"
139.59.110.117 - - [02/Oct/2025:08:05:21 -0400] "GET /wp1.php HTTP/1.1" 404 10906 "-" "python-httpx/0.28.1"
170.64.235.160 - - [02/Oct/2025:08:05:24 -0400] "GET /assets/node_modules/aos/dist/ HTTP/1.1" 404 12366 "-" "Mozilla/5.0 (X11; U; Linux i686; nl-NL; rv:1.9.1b4) Gecko/20090423 Firefox/3.5b4"
139.59.110.117 - - [02/Oct/2025:08:05:25 -0400] "GET /wp2.php HTTP/1.1" 404 10897 "-" "python-httpx/0.28.1"
185.61.153.107 - - [02/Oct/2025:08:05:35 -0400] "POST /wp-cron.php?doing_wp_cron=1759406735.5694880485534667968750 HTTP/1.1" 200 0 "-" "WordPress/6.8.3; https://salhab360photos.com"
139.59.110.117 - - [02/Oct/2025:08:05:32 -0400] "GET /wp3.php HTTP/1.1" 404 10906 "-" "python-httpx/0.28.1"
139.59.110.117 - - [02/Oct/2025:08:05:39 -0400] "GET /wp4.php HTTP/1.1" 404 10904 "-" "python-httpx/0.28.1"
119.15.88.110 - - [02/Oct/2025:08:05:47 -0400] "GET /inputs.php HTTP/1.1" 404 10906 "www.google.com" "Mozlila/5.0 (Linux; Android 7.0; SM-G892A Build/NRD90M; wv) AppleWebKit/537.36 (KHTML, like Gecko) Version/4.0 Chrome/60.0.3112.107 Mobile Safari/537.36"
139.59.110.117 - - [02/Oct/2025:08:05:52 -0400] "GET /wp-23.php HTTP/1.1" 404 10900 "-" "python-httpx/0.28.1"
119.15.88.110 - - [02/Oct/2025:08:05:58 -0400] "GET /wp-content/themes/travelscape/json.php HTTP/1.1" 200 0 "www.google.com" "Mozlila/5.0 (Linux; Android 7.0; SM-G892A Build/NRD90M; wv) AppleWebKit/537.36 (KHTML, like Gecko) Version/4.0 Chrome/60.0.3112.107 Mobile Safari/537.36"
119.15.88.110 - - [02/Oct/2025:08:06:03 -0400] "GET /cgi-bin/install.php HTTP/1.1" 403 1242 "www.google.com" "Mozlila/5.0 (Linux; Android 7.0; SM-G892A Build/NRD90M; wv) AppleWebKit/537.36 (KHTML, like Gecko) Version/4.0 Chrome/60.0.3112.107 Mobile Safari/537.36"
139.59.110.117 - - [02/Oct/2025:08:06:06 -0400] "GET /11index.php HTTP/1.1" 404 10899 "-" "python-httpx/0.28.1"
170.64.235.160 - - [02/Oct/2025:08:06:09 -0400] "GET /assets/node_modules/bootstrap/css/ HTTP/1.1" 404 12366 "-" "Mozilla/5.0 (X11; U; Linux i686; nl-NL; rv:1.9.1b4) Gecko/20090423 Firefox/3.5b4"
119.15.88.110 - - [02/Oct/2025:08:06:21 -0400] "GET /.well-known/pkivalidation/bala.php HTTP/1.1" 404 12355 "www.google.com" "Mozlila/5.0 (Linux; Android 7.0; SM-G892A Build/NRD90M; wv) AppleWebKit/537.36 (KHTML, like Gecko) Version/4.0 Chrome/60.0.3112.107 Mobile Safari/537.36"
139.59.110.117 - - [02/Oct/2025:08:06:21 -0400] "GET /3index.php HTTP/1.1" 404 10899 "-" "python-httpx/0.28.1"
139.59.110.117 - - [02/Oct/2025:08:04:58 -0400] "GET /alfanew.php HTTP/1.1" 404 10906 "-" "python-httpx/0.28.1"
119.15.88.110 - - [02/Oct/2025:08:05:05 -0400] "GET /.wp-themes.php7 HTTP/1.1" 404 10897 "www.google.com" "Mozlila/5.0 (Linux; Android 7.0; SM-G892A Build/NRD90M; wv) AppleWebKit/537.36 (KHTML, like Gecko) Version/4.0 Chrome/60.0.3112.107 Mobile Safari/537.36"
170.64.235.160 - - [02/Oct/2025:08:05:05 -0400] "GET /assets/media/logos/ HTTP/1.1" 404 12366 "-" "Mozilla/5.0 (X11; U; Linux i686; nl-NL; rv:1.9.1b4) Gecko/20090423 Firefox/3.5b4"
170.64.235.160 - - [02/Oct/2025:08:05:13 -0400] "GET /assets/modal_dies/ HTTP/1.1" 404 10903 "-" "Mozilla/5.0 (X11; U; Linux i686; nl-NL; rv:1.9.1b4) Gecko/20090423 Firefox/3.5b4"
119.15.88.110 - - [02/Oct/2025:08:05:14 -0400] "GET /edit-comments.php HTTP/1.1" 404 10897 "www.google.com" "Mozlila/5.0 (Linux; Android 7.0; SM-G892A Build/NRD90M; wv) AppleWebKit/537.36 (KHTML, like Gecko) Version/4.0 Chrome/60.0.3112.107 Mobile Safari/537.36"
119.15.88.110 - - [02/Oct/2025:08:05:25 -0400] "GET /ern1.PhP7 HTTP/1.1" 404 10899 "www.google.com" "Mozlila/5.0 (Linux; Android 7.0; SM-G892A Build/NRD90M; wv) AppleWebKit/537.36 (KHTML, like Gecko) Version/4.0 Chrome/60.0.3112.107 Mobile Safari/537.36"
119.15.88.110 - - [02/Oct/2025:08:05:35 -0400] "GET /heex.php HTTP/1.1" 404 10901 "www.google.com" "Mozlila/5.0 (Linux; Android 7.0; SM-G892A Build/NRD90M; wv) AppleWebKit/537.36 (KHTML, like Gecko) Version/4.0 Chrome/60.0.3112.107 Mobile Safari/537.36"
139.59.110.117 - - [02/Oct/2025:08:05:45 -0400] "GET /wp5.php HTTP/1.1" 404 10905 "-" "python-httpx/0.28.1"
170.64.235.160 - - [02/Oct/2025:08:05:50 -0400] "GET /assets/node_modules/bootstrap-touch-slider/ HTTP/1.1" 404 12366 "-" "Mozilla/5.0 (X11; U; Linux i686; nl-NL; rv:1.9.1b4) Gecko/20090423 Firefox/3.5b4"
139.59.110.117 - - [02/Oct/2025:08:06:00 -0400] "GET /1index.php HTTP/1.1" 404 10906 "-" "python-httpx/0.28.1"
119.15.88.110 - - [02/Oct/2025:08:06:09 -0400] "GET /alfanew.php HTTP/1.1" 404 10897 "www.google.com" "Mozlila/5.0 (Linux; Android 7.0; SM-G892A Build/NRD90M; wv) AppleWebKit/537.36 (KHTML, like Gecko) Version/4.0 Chrome/60.0.3112.107 Mobile Safari/537.36"
139.59.110.117 - - [02/Oct/2025:08:06:16 -0400] "GET /2index.php HTTP/1.1" 404 10903 "-" "python-httpx/0.28.1"
170.64.235.160 - - [02/Oct/2025:08:06:17 -0400] "GET /assets/node_modules/owl.carousel/dist/assets/ HTTP/1.1" 404 12362 "-" "Mozilla/5.0 (X11; U; Linux i686; nl-NL; rv:1.9.1b4) Gecko/20090423 Firefox/3.5b4"
5.39.109.186 - - [02/Oct/2025:08:06:27 -0400] "GET /products140678134?kg=0138962630 HTTP/1.1" 404 9740 "-" "Mozilla/5.0 (compatible; AhrefsBot/7.0; +http://ahrefs.com/robot/)"
119.15.88.110 - - [02/Oct/2025:08:06:35 -0400] "GET /wp-content/uploads/bala.php HTTP/1.1" 200 0 "www.google.com" "Mozlila/5.0 (Linux; Android 7.0; SM-G892A Build/NRD90M; wv) AppleWebKit/537.36 (KHTML, like Gecko) Version/4.0 Chrome/60.0.3112.107 Mobile Safari/537.36"
185.61.153.107 - - [02/Oct/2025:08:06:37 -0400] "POST /wp-cron.php?doing_wp_cron=1759406797.3705389499664306640625 HTTP/1.1" 200 0 "-" "WordPress/6.8.3; https://salhab360photos.com"
170.64.235.160 - - [02/Oct/2025:08:06:44 -0400] "GET /assets/plugins/bootstrap/css/ HTTP/1.1" 404 12359 "-" "Mozilla/5.0 (X11; U; Linux i686; nl-NL; rv:1.9.1b4) Gecko/20090423 Firefox/3.5b4"
119.15.88.110 - - [02/Oct/2025:08:06:47 -0400] "GET /wp-includes/bala.php HTTP/1.1" 404 10906 "www.google.com" "Mozlila/5.0 (Linux; Android 7.0; SM-G892A Build/NRD90M; wv) AppleWebKit/537.36 (KHTML, like Gecko) Version/4.0 Chrome/60.0.3112.107 Mobile Safari/537.36"
139.59.110.117 - - [02/Oct/2025:08:06:55 -0400] "GET /stindex.php HTTP/1.1" 404 10900 "-" "python-httpx/0.28.1"
119.15.88.110 - - [02/Oct/2025:08:07:07 -0400] "GET /wp-login.php?redirect_to=https%3A%2F%2Fsalhab360photos.com%2Fwp-admin%2Fbala.php&reauth=1 HTTP/1.1" 200 2365 "www.google.com" "Mozlila/5.0 (Linux; Android 7.0; SM-G892A Build/NRD90M; wv) AppleWebKit/537.36 (KHTML, like Gecko) Version/4.0 Chrome/60.0.3112.107 Mobile Safari/537.36"
119.15.88.110 - - [02/Oct/2025:08:06:31 -0400] "GET /wp-content/plugins/bala.php HTTP/1.1" 200 0 "www.google.com" "Mozlila/5.0 (Linux; Android 7.0; SM-G892A Build/NRD90M; wv) AppleWebKit/537.36 (KHTML, like Gecko) Version/4.0 Chrome/60.0.3112.107 Mobile Safari/537.36"
139.59.110.117 - - [02/Oct/2025:08:06:28 -0400] "GET /wp_wrong_datlib.php HTTP/1.1" 404 10896 "-" "python-httpx/0.28.1"
139.59.110.117 - - [02/Oct/2025:08:06:33 -0400] "GET /wp-adminincludesclass-wp-media-list-data.php HTTP/1.1" 404 10897 "-" "python-httpx/0.28.1"
119.15.88.110 - - [02/Oct/2025:08:06:41 -0400] "GET /wp-content/bala.php HTTP/1.1" 200 0 "www.google.com" "Mozlila/5.0 (Linux; Android 7.0; SM-G892A Build/NRD90M; wv) AppleWebKit/537.36 (KHTML, like Gecko) Version/4.0 Chrome/60.0.3112.107 Mobile Safari/537.36"
170.64.235.160 - - [02/Oct/2025:08:06:36 -0400] "GET /assets/pictures/ HTTP/1.1" 404 10904 "-" "Mozilla/5.0 (X11; U; Linux i686; nl-NL; rv:1.9.1b4) Gecko/20090423 Firefox/3.5b4"
139.59.110.117 - - [02/Oct/2025:08:06:40 -0400] "GET /wso.php HTTP/1.1" 404 10900 "-" "python-httpx/0.28.1"
139.59.110.117 - - [02/Oct/2025:08:06:46 -0400] "GET /doc.php HTTP/1.1" 404 10897 "-" "python-httpx/0.28.1"
170.64.235.160 - - [02/Oct/2025:08:06:49 -0400] "GET /assets/plugins/font-awesome/css/ HTTP/1.1" 404 12366 "-" "Mozilla/5.0 (X11; U; Linux i686; nl-NL; rv:1.9.1b4) Gecko/20090423 Firefox/3.5b4"
139.59.110.117 - - [02/Oct/2025:08:07:01 -0400] "GET /alwso.php HTTP/1.1" 404 10906 "-" "python-httpx/0.28.1"
119.15.88.110 - - [02/Oct/2025:08:07:02 -0400] "GET /wp-admin/bala.php HTTP/1.1" 302 0 "www.google.com" "Mozlila/5.0 (Linux; Android 7.0; SM-G892A Build/NRD90M; wv) AppleWebKit/537.36 (KHTML, like Gecko) Version/4.0 Chrome/60.0.3112.107 Mobile Safari/537.36"
170.64.235.160 - - [02/Oct/2025:08:07:03 -0400] "GET /assets/plugins/fontawesome/css/ HTTP/1.1" 404 12366 "-" "Mozilla/5.0 (X11; U; Linux i686; nl-NL; rv:1.9.1b4) Gecko/20090423 Firefox/3.5b4"
139.59.110.117 - - [02/Oct/2025:08:07:08 -0400] "GET /ups.php HTTP/1.1" 404 10899 "-" "python-httpx/0.28.1"
170.64.235.160 - - [02/Oct/2025:08:07:09 -0400] "GET /assets/plugins/global/ HTTP/1.1" 404 12366 "-" "Mozilla/5.0 (X11; U; Linux i686; nl-NL; rv:1.9.1b4) Gecko/20090423 Firefox/3.5b4"
119.15.88.110 - - [02/Oct/2025:08:07:16 -0400] "GET /wp-content/themes/bala.php HTTP/1.1" 200 0 "www.google.com" "Mozlila/5.0 (Linux; Android 7.0; SM-G892A Build/NRD90M; wv) AppleWebKit/537.36 (KHTML, like Gecko) Version/4.0 Chrome/60.0.3112.107 Mobile Safari/537.36"
139.59.110.117 - - [02/Oct/2025:08:07:14 -0400] "GET /media-admin.php HTTP/1.1" 404 10906 "-" "python-httpx/0.28.1"
119.15.88.110 - - [02/Oct/2025:08:07:19 -0400] "GET /filefuns.php HTTP/1.1" 404 10898 "www.google.com" "Mozlila/5.0 (Linux; Android 7.0; SM-G892A Build/NRD90M; wv) AppleWebKit/537.36 (KHTML, like Gecko) Version/4.0 Chrome/60.0.3112.107 Mobile Safari/537.36"
119.15.88.110 - - [02/Oct/2025:08:07:28 -0400] "GET /qinfofuns.php HTTP/1.1" 404 10899 "www.google.com" "Mozlila/5.0 (Linux; Android 7.0; SM-G892A Build/NRD90M; wv) AppleWebKit/537.36 (KHTML, like Gecko) Version/4.0 Chrome/60.0.3112.107 Mobile Safari/537.36"
139.59.110.117 - - [02/Oct/2025:08:07:30 -0400] "GET /sym403.php HTTP/1.1" 404 10897 "-" "python-httpx/0.28.1"
119.15.88.110 - - [02/Oct/2025:08:07:34 -0400] "GET /tempfuns.php HTTP/1.1" 404 10906 "www.google.com" "Mozlila/5.0 (Linux; Android 7.0; SM-G892A Build/NRD90M; wv) AppleWebKit/537.36 (KHTML, like Gecko) Version/4.0 Chrome/60.0.3112.107 Mobile Safari/537.36"
139.59.110.117 - - [02/Oct/2025:08:07:35 -0400] "GET /fw.php HTTP/1.1" 404 10902 "-" "python-httpx/0.28.1"
119.15.88.110 - - [02/Oct/2025:08:07:44 -0400] "GET /comdofuns.php HTTP/1.1" 404 10906 "www.google.com" "Mozlila/5.0 (Linux; Android 7.0; SM-G892A Build/NRD90M; wv) AppleWebKit/537.36 (KHTML, like Gecko) Version/4.0 Chrome/60.0.3112.107 Mobile Safari/537.36"
170.64.235.160 - - [02/Oct/2025:08:07:51 -0400] "GET /assets/plugins/iCheck/square/ HTTP/1.1" 404 12362 "-" "Mozilla/5.0 (X11; U; Linux i686; nl-NL; rv:1.9.1b4) Gecko/20090423 Firefox/3.5b4"
119.15.88.110 - - [02/Oct/2025:08:07:54 -0400] "GET /userfuns.php HTTP/1.1" 404 10906 "www.google.com" "Mozlila/5.0 (Linux; Android 7.0; SM-G892A Build/NRD90M; wv) AppleWebKit/537.36 (KHTML, like Gecko) Version/4.0 Chrome/60.0.3112.107 Mobile Safari/537.36"
139.59.110.117 - - [02/Oct/2025:08:08:08 -0400] "GET /data.php HTTP/1.1" 404 10905 "-" "python-httpx/0.28.1"
139.59.110.117 - - [02/Oct/2025:08:08:13 -0400] "GET /wp-blog.php HTTP/1.1" 404 10899 "-" "python-httpx/0.28.1"
170.64.235.160 - - [02/Oct/2025:08:08:12 -0400] "GET /assets/plugins/ionicons/css/ HTTP/1.1" 404 12366 "-" "Mozilla/5.0 (X11; U; Linux i686; nl-NL; rv:1.9.1b4) Gecko/20090423 Firefox/3.5b4"
119.15.88.110 - - [02/Oct/2025:08:08:20 -0400] "GET /chtmlfuns.php HTTP/1.1" 404 10906 "www.google.com" "Mozlila/5.0 (Linux; Android 7.0; SM-G892A Build/NRD90M; wv) AppleWebKit/537.36 (KHTML, like Gecko) Version/4.0 Chrome/60.0.3112.107 Mobile Safari/537.36"
69.171.231.23 - - [02/Oct/2025:08:08:34 -0400] "GET /robots.txt HTTP/1.1" 206 84 "-" "facebookexternalhit/1.1 (+http://www.facebook.com/externalhit_uatext.php)"
69.171.230.8 - - [02/Oct/2025:08:08:34 -0400] "GET /robots.txt HTTP/1.1" 206 84 "-" "facebookexternalhit/1.1 (+http://www.facebook.com/externalhit_uatext.php)"
119.15.88.110 - - [02/Oct/2025:08:08:29 -0400] "GET /wp-admin/images/my1.php HTTP/1.1" 302 0 "www.google.com" "Mozlila/5.0 (Linux; Android 7.0; SM-G892A Build/NRD90M; wv) AppleWebKit/537.36 (KHTML, like Gecko) Version/4.0 Chrome/60.0.3112.107 Mobile Safari/537.36"
139.59.110.117 - - [02/Oct/2025:08:08:30 -0400] "GET /c.php HTTP/1.1" 404 10899 "-" "python-httpx/0.28.1"
170.64.235.160 - - [02/Oct/2025:08:08:29 -0400] "GET /assets/plugins/pace/ HTTP/1.1" 404 12364 "-" "Mozilla/5.0 (X11; U; Linux i686; nl-NL; rv:1.9.1b4) Gecko/20090423 Firefox/3.5b4"
57.141.0.8 - - [02/Oct/2025:08:08:35 -0400] "GET /products132066084?kg=0130455603 HTTP/1.1" 404 49078 "-" "meta-externalagent/1.1 (+https://developers.facebook.com/docs/sharing/webmasters/crawler)"
139.59.110.117 - - [02/Oct/2025:08:08:38 -0400] "GET /shx.php HTTP/1.1" 404 10897 "-" "python-httpx/0.28.1"
119.15.88.110 - - [02/Oct/2025:08:08:46 -0400] "GET /wp-includes/Requests/Cookie/my1.php HTTP/1.1" 404 12361 "www.google.com" "Mozlila/5.0 (Linux; Android 7.0; SM-G892A Build/NRD90M; wv) AppleWebKit/537.36 (KHTML, like Gecko) Version/4.0 Chrome/60.0.3112.107 Mobile Safari/537.36"
170.64.235.160 - - [02/Oct/2025:08:08:51 -0400] "GET /assets/plugins/switchery/css/ HTTP/1.1" 404 12360 "-" "Mozilla/5.0 (X11; U; Linux i686; nl-NL; rv:1.9.1b4) Gecko/20090423 Firefox/3.5b4"
119.15.88.110 - - [02/Oct/2025:08:08:55 -0400] "GET /my1.php HTTP/1.1" 404 10906 "www.google.com" "Mozlila/5.0 (Linux; Android 7.0; SM-G892A Build/NRD90M; wv) AppleWebKit/537.36 (KHTML, like Gecko) Version/4.0 Chrome/60.0.3112.107 Mobile Safari/537.36"
119.15.88.110 - - [02/Oct/2025:08:09:01 -0400] "GET /cgi-bin/my1.php HTTP/1.1" 403 1242 "www.google.com" "Mozlila/5.0 (Linux; Android 7.0; SM-G892A Build/NRD90M; wv) AppleWebKit/537.36 (KHTML, like Gecko) Version/4.0 Chrome/60.0.3112.107 Mobile Safari/537.36"
170.64.235.160 - - [02/Oct/2025:08:08:59 -0400] "GET /assets/public/css/ HTTP/1.1" 404 12355 "-" "Mozilla/5.0 (X11; U; Linux i686; nl-NL; rv:1.9.1b4) Gecko/20090423 Firefox/3.5b4"
119.15.88.110 - - [02/Oct/2025:08:09:04 -0400] "GET /.well-known/acme-challenge/my1.php HTTP/1.1" 404 12365 "www.google.com" "Mozlila/5.0 (Linux; Android 7.0; SM-G892A Build/NRD90M; wv) AppleWebKit/537.36 (KHTML, like Gecko) Version/4.0 Chrome/60.0.3112.107 Mobile Safari/537.36"
139.59.110.117 - - [02/Oct/2025:08:09:05 -0400] "GET /old-index.php HTTP/1.1" 404 10906 "-" "python-httpx/0.28.1"
170.64.235.160 - - [02/Oct/2025:08:09:06 -0400] "GET /assets/public/images/building/ HTTP/1.1" 404 12366 "-" "Mozilla/5.0 (X11; U; Linux i686; nl-NL; rv:1.9.1b4) Gecko/20090423 Firefox/3.5b4"
170.64.235.160 - - [02/Oct/2025:08:07:18 -0400] "GET /assets/plugins/goodlayers-core/include/css/ HTTP/1.1" 404 12365 "-" "Mozilla/5.0 (X11; U; Linux i686; nl-NL; rv:1.9.1b4) Gecko/20090423 Firefox/3.5b4"
139.59.110.117 - - [02/Oct/2025:08:07:22 -0400] "GET /sym.php HTTP/1.1" 404 10900 "-" "python-httpx/0.28.1"
185.61.153.107 - - [02/Oct/2025:08:07:33 -0400] "POST /wp-cron.php?doing_wp_cron=1759406853.5710039138793945312500 HTTP/1.1" 200 0 "-" "WordPress/6.8.3; https://salhab360photos.com"
170.64.235.160 - - [02/Oct/2025:08:07:33 -0400] "GET /assets/plugins/goodlayers-core/plugins/combine/ HTTP/1.1" 404 12361 "-" "Mozilla/5.0 (X11; U; Linux i686; nl-NL; rv:1.9.1b4) Gecko/20090423 Firefox/3.5b4"
139.59.110.117 - - [02/Oct/2025:08:07:45 -0400] "GET /symlink.php HTTP/1.1" 404 10902 "-" "python-httpx/0.28.1"
139.59.110.117 - - [02/Oct/2025:08:07:54 -0400] "GET /shell.php HTTP/1.1" 404 10900 "-" "python-httpx/0.28.1"
139.59.110.117 - - [02/Oct/2025:08:08:01 -0400] "GET /1.php HTTP/1.1" 404 10903 "-" "python-httpx/0.28.1"
119.15.88.110 - - [02/Oct/2025:08:08:02 -0400] "GET /hinfofuns.php HTTP/1.1" 404 10899 "www.google.com" "Mozlila/5.0 (Linux; Android 7.0; SM-G892A Build/NRD90M; wv) AppleWebKit/537.36 (KHTML, like Gecko) Version/4.0 Chrome/60.0.3112.107 Mobile Safari/537.36"
119.15.88.110 - - [02/Oct/2025:08:08:10 -0400] "GET /onclickfuns.php HTTP/1.1" 404 10899 "www.google.com" "Mozlila/5.0 (Linux; Android 7.0; SM-G892A Build/NRD90M; wv) AppleWebKit/537.36 (KHTML, like Gecko) Version/4.0 Chrome/60.0.3112.107 Mobile Safari/537.36"
170.64.235.160 - - [02/Oct/2025:08:08:20 -0400] "GET /assets/plugins/jquery-scrollbar/ HTTP/1.1" 404 12361 "-" "Mozilla/5.0 (X11; U; Linux i686; nl-NL; rv:1.9.1b4) Gecko/20090423 Firefox/3.5b4"
139.59.110.117 - - [02/Oct/2025:08:08:21 -0400] "GET /b.php HTTP/1.1" 404 10906 "-" "python-httpx/0.28.1"
185.61.153.107 - - [02/Oct/2025:08:08:34 -0400] "POST /wp-cron.php?doing_wp_cron=1759406914.5721321105957031250000 HTTP/1.1" 200 0 "-" "WordPress/6.8.3; https://salhab360photos.com"
69.171.231.24 - - [02/Oct/2025:08:08:35 -0400] "GET /robots.txt HTTP/1.1" 206 84 "-" "facebookexternalhit/1.1 (+http://www.facebook.com/externalhit_uatext.php)"
119.15.88.110 - - [02/Oct/2025:08:08:36 -0400] "GET /wp-login.php?redirect_to=https%3A%2F%2Fsalhab360photos.com%2Fwp-admin%2Fimages%2Fmy1.php&reauth=1 HTTP/1.1" 200 2368 "www.google.com" "Mozlila/5.0 (Linux; Android 7.0; SM-G892A Build/NRD90M; wv) AppleWebKit/537.36 (KHTML, like Gecko) Version/4.0 Chrome/60.0.3112.107 Mobile Safari/537.36"
170.64.235.160 - - [02/Oct/2025:08:08:38 -0400] "GET /assets/plugins/revslider/public/assets/css/ HTTP/1.1" 404 12366 "-" "Mozilla/5.0 (X11; U; Linux i686; nl-NL; rv:1.9.1b4) Gecko/20090423 Firefox/3.5b4"
170.64.235.160 - - [02/Oct/2025:08:08:45 -0400] "GET /assets/plugins/select2/css/ HTTP/1.1" 404 12361 "-" "Mozilla/5.0 (X11; U; Linux i686; nl-NL; rv:1.9.1b4) Gecko/20090423 Firefox/3.5b4"
139.59.110.117 - - [02/Oct/2025:08:08:49 -0400] "GET /alfa.php HTTP/1.1" 404 10905 "-" "python-httpx/0.28.1"
139.59.110.117 - - [02/Oct/2025:08:08:58 -0400] "GET /a.php HTTP/1.1" 404 10896 "-" "python-httpx/0.28.1"
170.64.235.160 - - [02/Oct/2025:08:09:22 -0400] "GET /assets/public/js/prettyphoto/css/ HTTP/1.1" 404 12362 "-" "Mozilla/5.0 (X11; U; Linux i686; nl-NL; rv:1.9.1b4) Gecko/20090423 Firefox/3.5b4"
119.15.88.110 - - [02/Oct/2025:08:09:31 -0400] "GET /wp-login.php?redirect_to=https%3A%2F%2Fsalhab360photos.com%2Fwp-admin%2Fcss%2Fcolors%2Fcoffee%2Fmariju.php&reauth=1 HTTP/1.1" 200 2377 "www.google.com" "Mozlila/5.0 (Linux; Android 7.0; SM-G892A Build/NRD90M; wv) AppleWebKit/537.36 (KHTML, like Gecko) Version/4.0 Chrome/60.0.3112.107 Mobile Safari/537.36"
139.59.110.117 - - [02/Oct/2025:08:09:32 -0400] "GET /403.php HTTP/1.1" 404 10897 "-" "python-httpx/0.28.1"
119.15.88.110 - - [02/Oct/2025:08:09:37 -0400] "GET /cgi-bin/mariju.php HTTP/1.1" 403 1242 "www.google.com" "Mozlila/5.0 (Linux; Android 7.0; SM-G892A Build/NRD90M; wv) AppleWebKit/537.36 (KHTML, like Gecko) Version/4.0 Chrome/60.0.3112.107 Mobile Safari/537.36"
119.15.88.110 - - [02/Oct/2025:08:09:39 -0400] "GET /wp-includes/IXR/mariju.php HTTP/1.1" 404 12360 "www.google.com" "Mozlila/5.0 (Linux; Android 7.0; SM-G892A Build/NRD90M; wv) AppleWebKit/537.36 (KHTML, like Gecko) Version/4.0 Chrome/60.0.3112.107 Mobile Safari/537.36"
119.15.88.110 - - [02/Oct/2025:08:09:49 -0400] "GET /.well-known/acme-challenge/mariju.php HTTP/1.1" 404 12362 "www.google.com" "Mozlila/5.0 (Linux; Android 7.0; SM-G892A Build/NRD90M; wv) AppleWebKit/537.36 (KHTML, like Gecko) Version/4.0 Chrome/60.0.3112.107 Mobile Safari/537.36"
139.59.110.117 - - [02/Oct/2025:08:09:53 -0400] "GET /wp-admin/options.php HTTP/1.1" 302 0 "-" "python-httpx/0.28.1"
139.59.110.117 - - [02/Oct/2025:08:10:08 -0400] "GET /edit-form.php HTTP/1.1" 404 10900 "-" "python-httpx/0.28.1"
170.64.235.160 - - [02/Oct/2025:08:10:07 -0400] "GET /assets/upl/files/ HTTP/1.1" 404 12362 "-" "Mozilla/5.0 (X11; U; Linux i686; nl-NL; rv:1.9.1b4) Gecko/20090423 Firefox/3.5b4"
139.59.110.117 - - [02/Oct/2025:08:10:16 -0400] "GET /wikindex.php HTTP/1.1" 404 10903 "-" "python-httpx/0.28.1"
170.64.235.160 - - [02/Oct/2025:08:10:17 -0400] "GET /assets/vendor/ HTTP/1.1" 404 10899 "-" "Mozilla/5.0 (X11; U; Linux i686; nl-NL; rv:1.9.1b4) Gecko/20090423 Firefox/3.5b4"
119.15.88.110 - - [02/Oct/2025:08:10:25 -0400] "GET /wp-login.php?redirect_to=https%3A%2F%2Fsalhab360photos.com%2Fwp-admin%2Fmaint%2Fmariju.php&reauth=1 HTTP/1.1" 200 2370 "www.google.com" "Mozlila/5.0 (Linux; Android 7.0; SM-G892A Build/NRD90M; wv) AppleWebKit/537.36 (KHTML, like Gecko) Version/4.0 Chrome/60.0.3112.107 Mobile Safari/537.36"
185.61.153.107 - - [02/Oct/2025:08:10:39 -0400] "POST /wp-cron.php?doing_wp_cron=1759407039.5698399543762207031250 HTTP/1.1" 200 0 "-" "WordPress/6.8.3; https://salhab360photos.com"
119.15.88.110 - - [02/Oct/2025:08:10:34 -0400] "GET /wp-includes/ID3/mariju.php HTTP/1.1" 404 12354 "www.google.com" "Mozlila/5.0 (Linux; Android 7.0; SM-G892A Build/NRD90M; wv) AppleWebKit/537.36 (KHTML, like Gecko) Version/4.0 Chrome/60.0.3112.107 Mobile Safari/537.36"
170.64.235.160 - - [02/Oct/2025:08:10:33 -0400] "GET /assets/vendor/animate/ HTTP/1.1" 404 12359 "-" "Mozilla/5.0 (X11; U; Linux i686; nl-NL; rv:1.9.1b4) Gecko/20090423 Firefox/3.5b4"
139.59.110.117 - - [02/Oct/2025:08:10:42 -0400] "GET /xx.php HTTP/1.1" 404 10897 "-" "python-httpx/0.28.1"
119.15.88.110 - - [02/Oct/2025:08:09:15 -0400] "GET /wp-includes/sitemaps/providers/mariju.php HTTP/1.1" 404 12365 "www.google.com" "Mozlila/5.0 (Linux; Android 7.0; SM-G892A Build/NRD90M; wv) AppleWebKit/537.36 (KHTML, like Gecko) Version/4.0 Chrome/60.0.3112.107 Mobile Safari/537.36"
139.59.110.117 - - [02/Oct/2025:08:09:15 -0400] "GET /FoxWSO.php HTTP/1.1" 404 10897 "-" "python-httpx/0.28.1"
170.64.235.160 - - [02/Oct/2025:08:09:15 -0400] "GET /assets/public/images/flashinfo/ HTTP/1.1" 404 12366 "-" "Mozilla/5.0 (X11; U; Linux i686; nl-NL; rv:1.9.1b4) Gecko/20090423 Firefox/3.5b4"
119.15.88.110 - - [02/Oct/2025:08:09:23 -0400] "GET /wp-admin/css/colors/coffee/mariju.php HTTP/1.1" 302 0 "www.google.com" "Mozlila/5.0 (Linux; Android 7.0; SM-G892A Build/NRD90M; wv) AppleWebKit/537.36 (KHTML, like Gecko) Version/4.0 Chrome/60.0.3112.107 Mobile Safari/537.36"
139.59.110.117 - - [02/Oct/2025:08:09:24 -0400] "GET /x.php HTTP/1.1" 404 10906 "-" "python-httpx/0.28.1"
185.61.153.107 - - [02/Oct/2025:08:09:33 -0400] "POST /wp-cron.php?doing_wp_cron=1759406973.3720209598541259765625 HTTP/1.1" 200 0 "-" "WordPress/6.8.3; https://salhab360photos.com"
139.59.110.117 - - [02/Oct/2025:08:09:38 -0400] "GET /mini.php HTTP/1.1" 404 10897 "-" "python-httpx/0.28.1"
170.64.235.160 - - [02/Oct/2025:08:09:41 -0400] "GET /assets/sso/assets/css/ HTTP/1.1" 404 12366 "-" "Mozilla/5.0 (X11; U; Linux i686; nl-NL; rv:1.9.1b4) Gecko/20090423 Firefox/3.5b4"
139.59.110.117 - - [02/Oct/2025:08:09:46 -0400] "GET /imagesvuln.php HTTP/1.1" 404 10899 "-" "python-httpx/0.28.1"
170.64.235.160 - - [02/Oct/2025:08:09:47 -0400] "GET /assets/sso/assets/images/ HTTP/1.1" 404 12358 "-" "Mozilla/5.0 (X11; U; Linux i686; nl-NL; rv:1.9.1b4) Gecko/20090423 Firefox/3.5b4"
51.75.236.130 - - [02/Oct/2025:08:09:53 -0400] "GET /products120835446?kg=0119361926 HTTP/1.1" 404 9743 "-" "Mozilla/5.0 (compatible; AhrefsBot/7.0; +http://ahrefs.com/robot/)"
139.59.110.117 - - [02/Oct/2025:08:09:59 -0400] "GET /wp-login.php?redirect_to=https%3A%2F%2Fsalhab360photos.com%2Fwp-admin%2Foptions.php&reauth=1 HTTP/1.1" 200 2366 "-" "python-httpx/0.28.1"
170.64.235.160 - - [02/Oct/2025:08:09:58 -0400] "GET /assets/theme/frontend/css/ HTTP/1.1" 404 12359 "-" "Mozilla/5.0 (X11; U; Linux i686; nl-NL; rv:1.9.1b4) Gecko/20090423 Firefox/3.5b4"
119.15.88.110 - - [02/Oct/2025:08:10:00 -0400] "GET /images/mariju.php HTTP/1.1" 404 10896 "www.google.com" "Mozlila/5.0 (Linux; Android 7.0; SM-G892A Build/NRD90M; wv) AppleWebKit/537.36 (KHTML, like Gecko) Version/4.0 Chrome/60.0.3112.107 Mobile Safari/537.36"
119.15.88.110 - - [02/Oct/2025:08:10:10 -0400] "GET /wp-includes/php-compat/mariju.php HTTP/1.1" 404 12355 "www.google.com" "Mozlila/5.0 (Linux; Android 7.0; SM-G892A Build/NRD90M; wv) AppleWebKit/537.36 (KHTML, like Gecko) Version/4.0 Chrome/60.0.3112.107 Mobile Safari/537.36"
119.15.88.110 - - [02/Oct/2025:08:10:20 -0400] "GET /wp-admin/maint/mariju.php HTTP/1.1" 302 0 "www.google.com" "Mozlila/5.0 (Linux; Android 7.0; SM-G892A Build/NRD90M; wv) AppleWebKit/537.36 (KHTML, like Gecko) Version/4.0 Chrome/60.0.3112.107 Mobile Safari/537.36"
170.64.235.160 - - [02/Oct/2025:08:10:26 -0400] "GET /assets/vendor/animate.css/ HTTP/1.1" 404 12355 "-" "Mozilla/5.0 (X11; U; Linux i686; nl-NL; rv:1.9.1b4) Gecko/20090423 Firefox/3.5b4"
139.59.110.117 - - [02/Oct/2025:08:10:25 -0400] "GET /m.php HTTP/1.1" 404 10903 "-" "python-httpx/0.28.1"
139.59.110.117 - - [02/Oct/2025:08:10:34 -0400] "GET /0byte.php HTTP/1.1" 404 10897 "-" "python-httpx/0.28.1"
119.15.88.110 - - [02/Oct/2025:08:10:45 -0400] "GET /wp-admin/includes/mariju.php HTTP/1.1" 302 0 "www.google.com" "Mozlila/5.0 (Linux; Android 7.0; SM-G892A Build/NRD90M; wv) AppleWebKit/537.36 (KHTML, like Gecko) Version/4.0 Chrome/60.0.3112.107 Mobile Safari/537.36"
119.15.88.110 - - [02/Oct/2025:08:10:52 -0400] "GET /wp-login.php?redirect_to=https%3A%2F%2Fsalhab360photos.com%2Fwp-admin%2Fincludes%2Fmariju.php&reauth=1 HTTP/1.1" 200 2369 "www.google.com" "Mozlila/5.0 (Linux; Android 7.0; SM-G892A Build/NRD90M; wv) AppleWebKit/537.36 (KHTML, like Gecko) Version/4.0 Chrome/60.0.3112.107 Mobile Safari/537.36"
185.61.153.107 - - [02/Oct/2025:08:11:07 -0400] "POST /wp-cron.php?doing_wp_cron=1759407066.8675351142883300781250 HTTP/1.1" 200 0 "-" "WordPress/6.8.3; https://salhab360photos.com"
139.59.110.117 - - [02/Oct/2025:08:11:02 -0400] "GET /wp.php HTTP/1.1" 404 10899 "-" "python-httpx/0.28.1"
119.15.88.110 - - [02/Oct/2025:08:11:03 -0400] "GET /wp-includes/customize/mariju.php HTTP/1.1" 404 12364 "www.google.com" "Mozlila/5.0 (Linux; Android 7.0; SM-G892A Build/NRD90M; wv) AppleWebKit/537.36 (KHTML, like Gecko) Version/4.0 Chrome/60.0.3112.107 Mobile Safari/537.36"
119.15.88.110 - - [02/Oct/2025:08:11:31 -0400] "GET /wp-content/plugins/wp-help/admin/wp-fclass.php HTTP/1.1" 200 0 "www.google.com" "Mozlila/5.0 (Linux; Android 7.0; SM-G892A Build/NRD90M; wv) AppleWebKit/537.36 (KHTML, like Gecko) Version/4.0 Chrome/60.0.3112.107 Mobile Safari/537.36"
119.15.88.110 - - [02/Oct/2025:08:11:34 -0400] "GET /wp-content/plugins/wp-help/index.php HTTP/1.1" 200 0 "www.google.com" "Mozlila/5.0 (Linux; Android 7.0; SM-G892A Build/NRD90M; wv) AppleWebKit/537.36 (KHTML, like Gecko) Version/4.0 Chrome/60.0.3112.107 Mobile Safari/537.36"
139.59.110.117 - - [02/Oct/2025:08:11:32 -0400] "GET /priv8.php HTTP/1.1" 404 10928 "-" "python-httpx/0.28.1"
119.15.88.110 - - [02/Oct/2025:08:11:38 -0400] "GET /wp-content/themes/travel/issue.php HTTP/1.1" 200 0 "www.google.com" "Mozlila/5.0 (Linux; Android 7.0; SM-G892A Build/NRD90M; wv) AppleWebKit/537.36 (KHTML, like Gecko) Version/4.0 Chrome/60.0.3112.107 Mobile Safari/537.36"
119.15.88.110 - - [02/Oct/2025:08:11:44 -0400] "GET /wp-content/themes/intense/block-css.php?mode=upload HTTP/1.1" 200 0 "www.google.com" "Mozlila/5.0 (Linux; Android 7.0; SM-G892A Build/NRD90M; wv) AppleWebKit/537.36 (KHTML, like Gecko) Version/4.0 Chrome/60.0.3112.107 Mobile Safari/537.36"
139.59.110.117 - - [02/Oct/2025:08:11:38 -0400] "GET /minimo.php HTTP/1.1" 404 10904 "-" "python-httpx/0.28.1"
119.15.88.110 - - [02/Oct/2025:08:11:47 -0400] "GET /wp-content/themes/hideo/network.php HTTP/1.1" 200 0 "www.google.com" "Mozlila/5.0 (Linux; Android 7.0; SM-G892A Build/NRD90M; wv) AppleWebKit/537.36 (KHTML, like Gecko) Version/4.0 Chrome/60.0.3112.107 Mobile Safari/537.36"
139.59.110.117 - - [02/Oct/2025:08:11:46 -0400] "GET /xleet.php HTTP/1.1" 404 10899 "-" "python-httpx/0.28.1"
170.64.235.160 - - [02/Oct/2025:08:11:48 -0400] "GET /assets/vendor/bootstrap/css/ HTTP/1.1" 404 12362 "-" "Mozilla/5.0 (X11; U; Linux i686; nl-NL; rv:1.9.1b4) Gecko/20090423 Firefox/3.5b4"
119.15.88.110 - - [02/Oct/2025:08:11:49 -0400] "GET /wp-admin/wp-apxupx.php?apx=upx HTTP/1.1" 302 0 "www.google.com" "Mozlila/5.0 (Linux; Android 7.0; SM-G892A Build/NRD90M; wv) AppleWebKit/537.36 (KHTML, like Gecko) Version/4.0 Chrome/60.0.3112.107 Mobile Safari/537.36"
66.249.73.11 - - [02/Oct/2025:08:12:05 -0400] "GET /products5092328?kg=0005030309 HTTP/1.1" 200 30037 "-" "Mozilla/5.0 (Linux; Android 6.0.1; Nexus 5X Build/MMB29P) AppleWebKit/537.36 (KHTML, like Gecko) Chrome/140.0.7339.207 Mobile Safari/537.36 (compatible; Googlebot/2.1; +http://www.google.com/bot.html)"
66.249.73.11 - - [02/Oct/2025:08:12:10 -0400] "GET /products5091006?kg=0005029002 HTTP/1.1" 200 29004 "-" "Mozilla/5.0 (Linux; Android 6.0.1; Nexus 5X Build/MMB29P) AppleWebKit/537.36 (KHTML, like Gecko) Chrome/140.0.7339.207 Mobile Safari/537.36 (compatible; Googlebot/2.1; +http://www.google.com/bot.html)"
119.15.88.110 - - [02/Oct/2025:08:12:24 -0400] "GET /wp-content/wp-apxupx.php?apx=upx HTTP/1.1" 200 0 "www.google.com" "Mozlila/5.0 (Linux; Android 7.0; SM-G892A Build/NRD90M; wv) AppleWebKit/537.36 (KHTML, like Gecko) Version/4.0 Chrome/60.0.3112.107 Mobile Safari/537.36"
170.64.235.160 - - [02/Oct/2025:08:10:51 -0400] "GET /assets/vendor/animsition/css/ HTTP/1.1" 404 12365 "-" "Mozilla/5.0 (X11; U; Linux i686; nl-NL; rv:1.9.1b4) Gecko/20090423 Firefox/3.5b4"
139.59.110.117 - - [02/Oct/2025:08:10:52 -0400] "GET /new-index.php HTTP/1.1" 404 10897 "-" "python-httpx/0.28.1"
119.15.88.110 - - [02/Oct/2025:08:11:01 -0400] "GET /.well-known/pki-validation/mariju.php HTTP/1.1" 404 1251 "www.google.com" "Mozlila/5.0 (Linux; Android 7.0; SM-G892A Build/NRD90M; wv) AppleWebKit/537.36 (KHTML, like Gecko) Version/4.0 Chrome/60.0.3112.107 Mobile Safari/537.36"
139.59.110.117 - - [02/Oct/2025:08:11:11 -0400] "GET /wp-wso.php HTTP/1.1" 404 10899 "-" "python-httpx/0.28.1"
170.64.235.160 - - [02/Oct/2025:08:11:12 -0400] "GET /assets/vendor/bootstrap/ HTTP/1.1" 404 12366 "-" "Mozilla/5.0 (X11; U; Linux i686; nl-NL; rv:1.9.1b4) Gecko/20090423 Firefox/3.5b4"
119.15.88.110 - - [02/Oct/2025:08:11:15 -0400] "GET /wp-admin/network/mariju.php HTTP/1.1" 302 0 "www.google.com" "Mozlila/5.0 (Linux; Android 7.0; SM-G892A Build/NRD90M; wv) AppleWebKit/537.36 (KHTML, like Gecko) Version/4.0 Chrome/60.0.3112.107 Mobile Safari/537.36"
119.15.88.110 - - [02/Oct/2025:08:11:21 -0400] "GET /wp-login.php?redirect_to=https%3A%2F%2Fsalhab360photos.com%2Fwp-admin%2Fnetwork%2Fmariju.php&reauth=1 HTTP/1.1" 200 2371 "www.google.com" "Mozlila/5.0 (Linux; Android 7.0; SM-G892A Build/NRD90M; wv) AppleWebKit/537.36 (KHTML, like Gecko) Version/4.0 Chrome/60.0.3112.107 Mobile Safari/537.36"
139.59.110.117 - - [02/Oct/2025:08:11:21 -0400] "GET /qindex.php HTTP/1.1" 404 10903 "-" "python-httpx/0.28.1"
185.61.153.107 - - [02/Oct/2025:08:11:36 -0400] "POST /wp-cron.php?doing_wp_cron=1759407096.2679851055145263671875 HTTP/1.1" 200 0 "-" "WordPress/6.8.3; https://salhab360photos.com"
119.15.88.110 - - [02/Oct/2025:08:11:41 -0400] "GET /wp-content/updraft/themes.php HTTP/1.1" 200 0 "www.google.com" "Mozlila/5.0 (Linux; Android 7.0; SM-G892A Build/NRD90M; wv) AppleWebKit/537.36 (KHTML, like Gecko) Version/4.0 Chrome/60.0.3112.107 Mobile Safari/537.36"
139.59.110.117 - - [02/Oct/2025:08:11:51 -0400] "GET /V3.php HTTP/1.1" 404 10897 "-" "python-httpx/0.28.1"
119.15.88.110 - - [02/Oct/2025:08:11:56 -0400] "GET /wp-login.php?redirect_to=https%3A%2F%2Fsalhab360photos.com%2Fwp-admin%2Fwp-apxupx.php%3Fapx%3Dupx&reauth=1 HTTP/1.1" 200 2364 "www.google.com" "Mozlila/5.0 (Linux; Android 7.0; SM-G892A Build/NRD90M; wv) AppleWebKit/537.36 (KHTML, like Gecko) Version/4.0 Chrome/60.0.3112.107 Mobile Safari/537.36"
139.59.110.117 - - [02/Oct/2025:08:11:59 -0400] "GET /V5.php HTTP/1.1" 404 10900 "-" "python-httpx/0.28.1"
119.15.88.110 - - [02/Oct/2025:08:12:05 -0400] "GET /wp-apxupx.php?apx=upx HTTP/1.1" 404 10904 "www.google.com" "Mozlila/5.0 (Linux; Android 7.0; SM-G892A Build/NRD90M; wv) AppleWebKit/537.36 (KHTML, like Gecko) Version/4.0 Chrome/60.0.3112.107 Mobile Safari/537.36"
139.59.110.117 - - [02/Oct/2025:08:12:06 -0400] "GET /404.php HTTP/1.1" 404 10902 "-" "python-httpx/0.28.1"
170.64.235.160 - - [02/Oct/2025:08:12:09 -0400] "GET /assets/vendor/boxicons/css/ HTTP/1.1" 404 12360 "-" "Mozilla/5.0 (X11; U; Linux i686; nl-NL; rv:1.9.1b4) Gecko/20090423 Firefox/3.5b4"
119.15.88.110 - - [02/Oct/2025:08:12:17 -0400] "GET /wp-content/plugins/wp-apxupx.php?apx=upx HTTP/1.1" 200 0 "www.google.com" "Mozlila/5.0 (Linux; Android 7.0; SM-G892A Build/NRD90M; wv) AppleWebKit/537.36 (KHTML, like Gecko) Version/4.0 Chrome/60.0.3112.107 Mobile Safari/537.36"
119.15.88.110 - - [02/Oct/2025:08:12:21 -0400] "GET /wp-content/uploads/wp-apxupx.php?apx=upx HTTP/1.1" 200 0 "www.google.com" "Mozlila/5.0 (Linux; Android 7.0; SM-G892A Build/NRD90M; wv) AppleWebKit/537.36 (KHTML, like Gecko) Version/4.0 Chrome/60.0.3112.107 Mobile Safari/537.36"
185.61.153.107 - - [02/Oct/2025:08:12:33 -0400] "POST /wp-cron.php?doing_wp_cron=1759407153.7700059413909912109375 HTTP/1.1" 200 0 "-" "WordPress/6.8.3; https://salhab360photos.com"
119.15.88.110 - - [02/Oct/2025:08:12:27 -0400] "GET /wp-includes/wp-apxupx.php?apx=upx HTTP/1.1" 404 10897 "www.google.com" "Mozlila/5.0 (Linux; Android 7.0; SM-G892A Build/NRD90M; wv) AppleWebKit/537.36 (KHTML, like Gecko) Version/4.0 Chrome/60.0.3112.107 Mobile Safari/537.36"
119.15.88.110 - - [02/Oct/2025:08:12:40 -0400] "GET /wp-includes/wp-apxupx.php?apx=upx HTTP/1.1" 404 10906 "www.google.com" "Mozlila/5.0 (Linux; Android 7.0; SM-G892A Build/NRD90M; wv) AppleWebKit/537.36 (KHTML, like Gecko) Version/4.0 Chrome/60.0.3112.107 Mobile Safari/537.36"
119.15.88.110 - - [02/Oct/2025:08:12:53 -0400] "GET /.well-known/pki-validation/atomlib.php HTTP/1.1" 404 1251 "www.google.com" "Mozlila/5.0 (Linux; Android 7.0; SM-G892A Build/NRD90M; wv) AppleWebKit/537.36 (KHTML, like Gecko) Version/4.0 Chrome/60.0.3112.107 Mobile Safari/537.36"
170.64.235.160 - - [02/Oct/2025:08:12:53 -0400] "GET /assets/vendor/fancybox/ HTTP/1.1" 404 12361 "-" "Mozilla/5.0 (X11; U; Linux i686; nl-NL; rv:1.9.1b4) Gecko/20090423 Firefox/3.5b4"
119.15.88.110 - - [02/Oct/2025:08:12:55 -0400] "GET /images/atomlib.php HTTP/1.1" 404 10906 "www.google.com" "Mozlila/5.0 (Linux; Android 7.0; SM-G892A Build/NRD90M; wv) AppleWebKit/537.36 (KHTML, like Gecko) Version/4.0 Chrome/60.0.3112.107 Mobile Safari/537.36"
119.15.88.110 - - [02/Oct/2025:08:13:05 -0400] "GET /wp-admin/css/atomlib.php HTTP/1.1" 302 0 "www.google.com" "Mozlila/5.0 (Linux; Android 7.0; SM-G892A Build/NRD90M; wv) AppleWebKit/537.36 (KHTML, like Gecko) Version/4.0 Chrome/60.0.3112.107 Mobile Safari/537.36"
139.59.110.117 - - [02/Oct/2025:08:13:08 -0400] "GET /xox.php HTTP/1.1" 404 10898 "-" "python-httpx/0.28.1"
119.15.88.110 - - [02/Oct/2025:08:13:10 -0400] "GET /wp-login.php?redirect_to=https%3A%2F%2Fsalhab360photos.com%2Fwp-admin%2Fcss%2Fatomlib.php&reauth=1 HTTP/1.1" 200 2370 "www.google.com" "Mozlila/5.0 (Linux; Android 7.0; SM-G892A Build/NRD90M; wv) AppleWebKit/537.36 (KHTML, like Gecko) Version/4.0 Chrome/60.0.3112.107 Mobile Safari/537.36"
119.15.88.110 - - [02/Oct/2025:08:13:17 -0400] "GET /wp-admin/css/colors/blue/atomlib.php HTTP/1.1" 302 0 "www.google.com" "Mozlila/5.0 (Linux; Android 7.0; SM-G892A Build/NRD90M; wv) AppleWebKit/537.36 (KHTML, like Gecko) Version/4.0 Chrome/60.0.3112.107 Mobile Safari/537.36"
54.37.118.76 - - [02/Oct/2025:08:13:20 -0400] "GET /products110125836?kg=0108782919 HTTP/1.1" 404 9742 "-" "Mozilla/5.0 (compatible; AhrefsBot/7.0; +http://ahrefs.com/robot/)"
216.73.216.189 - - [02/Oct/2025:08:13:22 -0400] "GET /products74164044?kg=0073259687 HTTP/1.1" 200 0 "-" "Mozilla/5.0 AppleWebKit/537.36 (KHTML, like Gecko; compatible; ClaudeBot/1.0; +claudebot@anthropic.com)"
185.61.153.107 - - [02/Oct/2025:08:13:42 -0400] "POST /wp-cron.php?doing_wp_cron=1759407222.1691169738769531250000 HTTP/1.1" 200 0 "-" "WordPress/6.8.3; https://salhab360photos.com"
170.64.235.160 - - [02/Oct/2025:08:13:40 -0400] "GET /assets/vendor/icofont/ HTTP/1.1" 404 12356 "-" "Mozilla/5.0 (X11; U; Linux i686; nl-NL; rv:1.9.1b4) Gecko/20090423 Firefox/3.5b4"
216.73.216.189 - - [02/Oct/2025:08:13:46 -0400] "GET /products74168918?kg=0073264502 HTTP/1.1" 404 9743 "-" "Mozilla/5.0 AppleWebKit/537.36 (KHTML, like Gecko; compatible; ClaudeBot/1.0; +claudebot@anthropic.com)"
170.64.235.160 - - [02/Oct/2025:08:13:52 -0400] "GET /assets/vendor/icon-awesome/css/ HTTP/1.1" 404 12356 "-" "Mozilla/5.0 (X11; U; Linux i686; nl-NL; rv:1.9.1b4) Gecko/20090423 Firefox/3.5b4"
139.59.110.117 - - [02/Oct/2025:08:13:58 -0400] "GET /wi.php HTTP/1.1" 404 10903 "-" "python-httpx/0.28.1"
216.73.216.189 - - [02/Oct/2025:08:13:58 -0400] "GET /products29011650?kg=0028657932 HTTP/1.1" 404 9740 "-" "Mozilla/5.0 AppleWebKit/537.36 (KHTML, like Gecko; compatible; ClaudeBot/1.0; +claudebot@anthropic.com)"
139.59.110.117 - - [02/Oct/2025:08:12:18 -0400] "GET /up.php HTTP/1.1" 404 10897 "-" "python-httpx/0.28.1"
139.59.110.117 - - [02/Oct/2025:08:12:26 -0400] "GET /www.php HTTP/1.1" 404 10897 "-" "python-httpx/0.28.1"
170.64.235.160 - - [02/Oct/2025:08:12:30 -0400] "GET /assets/vendor/css-hamburgers/ HTTP/1.1" 404 12359 "-" "Mozilla/5.0 (X11; U; Linux i686; nl-NL; rv:1.9.1b4) Gecko/20090423 Firefox/3.5b4"
139.59.110.117 - - [02/Oct/2025:08:12:35 -0400] "GET /100.php HTTP/1.1" 404 10905 "-" "python-httpx/0.28.1"
170.64.235.160 - - [02/Oct/2025:08:12:44 -0400] "GET /assets/vendor/daterangepicker/ HTTP/1.1" 404 12359 "-" "Mozilla/5.0 (X11; U; Linux i686; nl-NL; rv:1.9.1b4) Gecko/20090423 Firefox/3.5b4"
139.59.110.117 - - [02/Oct/2025:08:12:44 -0400] "GET /777.php HTTP/1.1" 404 10898 "-" "python-httpx/0.28.1"
139.59.110.117 - - [02/Oct/2025:08:12:54 -0400] "GET /defau1t.php HTTP/1.1" 404 10906 "-" "python-httpx/0.28.1"
139.59.110.117 - - [02/Oct/2025:08:13:01 -0400] "GET /f.php HTTP/1.1" 404 10903 "-" "python-httpx/0.28.1"
139.59.110.117 - - [02/Oct/2025:08:13:16 -0400] "GET /o.php HTTP/1.1" 404 10902 "-" "python-httpx/0.28.1"
119.15.88.110 - - [02/Oct/2025:08:13:23 -0400] "GET /wp-login.php?redirect_to=https%3A%2F%2Fsalhab360photos.com%2Fwp-admin%2Fcss%2Fcolors%2Fblue%2Fatomlib.php&reauth=1 HTTP/1.1" 200 2377 "www.google.com" "Mozlila/5.0 (Linux; Android 7.0; SM-G892A Build/NRD90M; wv) AppleWebKit/537.36 (KHTML, like Gecko) Version/4.0 Chrome/60.0.3112.107 Mobile Safari/537.36"
170.64.235.160 - - [02/Oct/2025:08:13:21 -0400] "GET /assets/vendor/hamburgers/ HTTP/1.1" 404 12355 "-" "Mozilla/5.0 (X11; U; Linux i686; nl-NL; rv:1.9.1b4) Gecko/20090423 Firefox/3.5b4"
139.59.110.117 - - [02/Oct/2025:08:13:25 -0400] "GET /new.php HTTP/1.1" 404 10906 "-" "python-httpx/0.28.1"
119.15.88.110 - - [02/Oct/2025:08:13:35 -0400] "GET /wp-admin/includes/atomlib.php HTTP/1.1" 302 0 "www.google.com" "Mozlila/5.0 (Linux; Android 7.0; SM-G892A Build/NRD90M; wv) AppleWebKit/537.36 (KHTML, like Gecko) Version/4.0 Chrome/60.0.3112.107 Mobile Safari/537.36"
216.73.216.189 - - [02/Oct/2025:08:13:34 -0400] "GET /products178883324?kg=0176701903 HTTP/1.1" 200 0 "-" "Mozilla/5.0 AppleWebKit/537.36 (KHTML, like Gecko; compatible; ClaudeBot/1.0; +claudebot@anthropic.com)"
139.59.110.117 - - [02/Oct/2025:08:13:36 -0400] "GET /sindex.php HTTP/1.1" 404 10903 "-" "python-httpx/0.28.1"
119.15.88.110 - - [02/Oct/2025:08:13:44 -0400] "GET /wp-login.php?redirect_to=https%3A%2F%2Fsalhab360photos.com%2Fwp-admin%2Fincludes%2Fatomlib.php&reauth=1 HTTP/1.1" 200 2369 "www.google.com" "Mozlila/5.0 (Linux; Android 7.0; SM-G892A Build/NRD90M; wv) AppleWebKit/537.36 (KHTML, like Gecko) Version/4.0 Chrome/60.0.3112.107 Mobile Safari/537.36"
139.59.110.117 - - [02/Oct/2025:08:13:47 -0400] "GET /baindex.php HTTP/1.1" 404 10906 "-" "python-httpx/0.28.1"
119.15.88.110 - - [02/Oct/2025:08:13:54 -0400] "GET /wp-admin/maint/atomlib.php HTTP/1.1" 302 0 "www.google.com" "Mozlila/5.0 (Linux; Android 7.0; SM-G892A Build/NRD90M; wv) AppleWebKit/537.36 (KHTML, like Gecko) Version/4.0 Chrome/60.0.3112.107 Mobile Safari/537.36"
66.249.73.11 - - [02/Oct/2025:08:14:10 -0400] "GET /products5091990?kg=0005029974 HTTP/1.1" 200 29233 "-" "Mozilla/5.0 (Linux; Android 6.0.1; Nexus 5X Build/MMB29P) AppleWebKit/537.36 (KHTML, like Gecko) Chrome/140.0.7339.207 Mobile Safari/537.36 (compatible; Googlebot/2.1; +http://www.google.com/bot.html)"
