119.15.88.110 - - [02/Oct/2025:08:14:11 -0400] "GET /wp-content/plugins/atomlib.php HTTP/1.1" 200 0 "www.google.com" "Mozlila/5.0 (Linux; Android 7.0; SM-G892A Build/NRD90M; wv) AppleWebKit/537.36 (KHTML, like Gecko) Version/4.0 Chrome/60.0.3112.107 Mobile Safari/537.36"
170.64.235.160 - - [02/Oct/2025:08:14:06 -0400] "GET /assets/vendor/icon-hs/ HTTP/1.1" 404 12362 "-" "Mozilla/5.0 (X11; U; Linux i686; nl-NL; rv:1.9.1b4) Gecko/20090423 Firefox/3.5b4"
216.73.216.189 - - [02/Oct/2025:08:14:06 -0400] "GET /products74128906?kg=0073224976 HTTP/1.1" 404 9741 "-" "Mozilla/5.0 AppleWebKit/537.36 (KHTML, like Gecko; compatible; ClaudeBot/1.0; +claudebot@anthropic.com)"
139.59.110.117 - - [02/Oct/2025:08:14:06 -0400] "GET /mar.php HTTP/1.1" 404 10897 "-" "python-httpx/0.28.1"
119.15.88.110 - - [02/Oct/2025:08:14:14 -0400] "GET /wp-content/themes/atomlib.php HTTP/1.1" 200 0 "www.google.com" "Mozlila/5.0 (Linux; Android 7.0; SM-G892A Build/NRD90M; wv) AppleWebKit/537.36 (KHTML, like Gecko) Version/4.0 Chrome/60.0.3112.107 Mobile Safari/537.36"
139.59.110.117 - - [02/Oct/2025:08:14:16 -0400] "GET /root.php HTTP/1.1" 404 10901 "-" "python-httpx/0.28.1"
216.73.216.189 - - [02/Oct/2025:08:14:15 -0400] "GET /products74157680?kg=0073253401 HTTP/1.1" 404 9741 "-" "Mozilla/5.0 AppleWebKit/537.36 (KHTML, like Gecko; compatible; ClaudeBot/1.0; +claudebot@anthropic.com)"
170.64.235.160 - - [02/Oct/2025:08:14:16 -0400] "GET /assets/vendor/icon-line/css/ HTTP/1.1" 404 12356 "-" "Mozilla/5.0 (X11; U; Linux i686; nl-NL; rv:1.9.1b4) Gecko/20090423 Firefox/3.5b4"
119.15.88.110 - - [02/Oct/2025:08:14:16 -0400] "GET /.well-known/acme-challenge/atomlib.php HTTP/1.1" 404 12362 "www.google.com" "Mozlila/5.0 (Linux; Android 7.0; SM-G892A Build/NRD90M; wv) AppleWebKit/537.36 (KHTML, like Gecko) Version/4.0 Chrome/60.0.3112.107 Mobile Safari/537.36"
119.15.88.110 - - [02/Oct/2025:08:14:27 -0400] "GET /.well-known/pki-validation/atomlib.php HTTP/1.1" 404 1251 "www.google.com" "Mozlila/5.0 (Linux; Android 7.0; SM-G892A Build/NRD90M; wv) AppleWebKit/537.36 (KHTML, like Gecko) Version/4.0 Chrome/60.0.3112.107 Mobile Safari/537.36"
185.61.153.107 - - [02/Oct/2025:08:14:34 -0400] "POST /wp-cron.php?doing_wp_cron=1759407274.1703848838806152343750 HTTP/1.1" 200 0 "-" "WordPress/6.8.3; https://salhab360photos.com"
119.15.88.110 - - [02/Oct/2025:08:14:30 -0400] "GET /atomlib.php HTTP/1.1" 404 10900 "www.google.com" "Mozlila/5.0 (Linux; Android 7.0; SM-G892A Build/NRD90M; wv) AppleWebKit/537.36 (KHTML, like Gecko) Version/4.0 Chrome/60.0.3112.107 Mobile Safari/537.36"
170.64.235.160 - - [02/Oct/2025:08:14:31 -0400] "GET /assets/vendor/owl.carousel/assets/ HTTP/1.1" 404 12355 "-" "Mozilla/5.0 (X11; U; Linux i686; nl-NL; rv:1.9.1b4) Gecko/20090423 Firefox/3.5b4"
216.73.216.189 - - [02/Oct/2025:08:14:34 -0400] "GET /products74120980?kg=0073217147 HTTP/1.1" 404 9732 "-" "Mozilla/5.0 AppleWebKit/537.36 (KHTML, like Gecko; compatible; ClaudeBot/1.0; +claudebot@anthropic.com)"
139.59.110.117 - - [02/Oct/2025:08:14:40 -0400] "GET /z.php HTTP/1.1" 404 10906 "-" "python-httpx/0.28.1"
119.15.88.110 - - [02/Oct/2025:08:14:48 -0400] "GET /wp-admin/css/atomlib.php HTTP/1.1" 302 0 "www.google.com" "Mozlila/5.0 (Linux; Android 7.0; SM-G892A Build/NRD90M; wv) AppleWebKit/537.36 (KHTML, like Gecko) Version/4.0 Chrome/60.0.3112.107 Mobile Safari/537.36"
139.59.110.117 - - [02/Oct/2025:08:14:49 -0400] "GET /g.php HTTP/1.1" 404 10903 "-" "python-httpx/0.28.1"
216.73.216.189 - - [02/Oct/2025:08:14:52 -0400] "GET /products29005004?kg=0028651367 HTTP/1.1" 404 9731 "-" "Mozilla/5.0 AppleWebKit/537.36 (KHTML, like Gecko; compatible; ClaudeBot/1.0; +claudebot@anthropic.com)"
139.59.110.117 - - [02/Oct/2025:08:14:56 -0400] "GET /c99.php HTTP/1.1" 404 10903 "-" "python-httpx/0.28.1"
170.64.235.160 - - [02/Oct/2025:08:14:58 -0400] "GET /assets/vendor/shimmer/ HTTP/1.1" 404 12359 "-" "Mozilla/5.0 (X11; U; Linux i686; nl-NL; rv:1.9.1b4) Gecko/20090423 Firefox/3.5b4"
119.15.88.110 - - [02/Oct/2025:08:15:01 -0400] "GET /wp-admin/css/colors/blue/atomlib.php HTTP/1.1" 302 0 "www.google.com" "Mozlila/5.0 (Linux; Android 7.0; SM-G892A Build/NRD90M; wv) AppleWebKit/537.36 (KHTML, like Gecko) Version/4.0 Chrome/60.0.3112.107 Mobile Safari/537.36"
170.64.235.160 - - [02/Oct/2025:08:15:09 -0400] "GET /assets/vendor/slick-carousel/slick/ HTTP/1.1" 404 12366 "-" "Mozilla/5.0 (X11; U; Linux i686; nl-NL; rv:1.9.1b4) Gecko/20090423 Firefox/3.5b4"
139.59.110.117 - - [02/Oct/2025:08:15:12 -0400] "GET /ws.php HTTP/1.1" 404 10905 "-" "python-httpx/0.28.1"
139.59.110.117 - - [02/Oct/2025:08:15:23 -0400] "GET /2.php HTTP/1.1" 404 10900 "-" "python-httpx/0.28.1"
119.15.88.110 - - [02/Oct/2025:08:14:01 -0400] "GET /wp-login.php?redirect_to=https%3A%2F%2Fsalhab360photos.com%2Fwp-admin%2Fmaint%2Fatomlib.php&reauth=1 HTTP/1.1" 200 2370 "www.google.com" "Mozlila/5.0 (Linux; Android 7.0; SM-G892A Build/NRD90M; wv) AppleWebKit/537.36 (KHTML, like Gecko) Version/4.0 Chrome/60.0.3112.107 Mobile Safari/537.36"
119.15.88.110 - - [02/Oct/2025:08:14:09 -0400] "GET /wp-content/languages/themes/atomlib.php HTTP/1.1" 200 0 "www.google.com" "Mozlila/5.0 (Linux; Android 7.0; SM-G892A Build/NRD90M; wv) AppleWebKit/537.36 (KHTML, like Gecko) Version/4.0 Chrome/60.0.3112.107 Mobile Safari/537.36"
139.59.110.117 - - [02/Oct/2025:08:14:23 -0400] "GET /nee.php HTTP/1.1" 404 10900 "-" "python-httpx/0.28.1"
216.73.216.189 - - [02/Oct/2025:08:14:25 -0400] "GET /products29006676?kg=0028653019 HTTP/1.1" 404 9740 "-" "Mozilla/5.0 AppleWebKit/537.36 (KHTML, like Gecko; compatible; ClaudeBot/1.0; +claudebot@anthropic.com)"
139.59.110.117 - - [02/Oct/2025:08:14:31 -0400] "GET /v.php HTTP/1.1" 404 10906 "-" "python-httpx/0.28.1"
119.15.88.110 - - [02/Oct/2025:08:14:38 -0400] "GET /images/atomlib.php HTTP/1.1" 404 10897 "www.google.com" "Mozlila/5.0 (Linux; Android 7.0; SM-G892A Build/NRD90M; wv) AppleWebKit/537.36 (KHTML, like Gecko) Version/4.0 Chrome/60.0.3112.107 Mobile Safari/537.36"
216.73.216.189 - - [02/Oct/2025:08:14:43 -0400] "GET /products74124520?kg=0073220645 HTTP/1.1" 404 9743 "-" "Mozilla/5.0 AppleWebKit/537.36 (KHTML, like Gecko; compatible; ClaudeBot/1.0; +claudebot@anthropic.com)"
170.64.235.160 - - [02/Oct/2025:08:14:44 -0400] "GET /assets/vendor/select2/ HTTP/1.1" 404 12356 "-" "Mozilla/5.0 (X11; U; Linux i686; nl-NL; rv:1.9.1b4) Gecko/20090423 Firefox/3.5b4"
119.15.88.110 - - [02/Oct/2025:08:14:54 -0400] "GET /wp-login.php?redirect_to=https%3A%2F%2Fsalhab360photos.com%2Fwp-admin%2Fcss%2Fatomlib.php&reauth=1 HTTP/1.1" 200 2370 "www.google.com" "Mozlila/5.0 (Linux; Android 7.0; SM-G892A Build/NRD90M; wv) AppleWebKit/537.36 (KHTML, like Gecko) Version/4.0 Chrome/60.0.3112.107 Mobile Safari/537.36"
139.59.110.117 - - [02/Oct/2025:08:15:01 -0400] "GET /w.php HTTP/1.1" 404 10900 "-" "python-httpx/0.28.1"
85.208.96.205 - - [02/Oct/2025:08:15:03 -0400] "GET /portfolio/adventures-in-the-southwest-not-to-miss/horizontal-fluid-width-fit-images/ HTTP/1.1" 301 0 "-" "Mozilla/5.0 (compatible; SemrushBot/7~bl; +http://www.semrush.com/bot.html)"
216.73.216.189 - - [02/Oct/2025:08:15:04 -0400] "GET /products74120870?kg=0073217038 HTTP/1.1" 200 0 "-" "Mozilla/5.0 AppleWebKit/537.36 (KHTML, like Gecko; compatible; ClaudeBot/1.0; +claudebot@anthropic.com)"
119.15.88.110 - - [02/Oct/2025:08:15:08 -0400] "GET /wp-login.php?redirect_to=https%3A%2F%2Fsalhab360photos.com%2Fwp-admin%2Fcss%2Fcolors%2Fblue%2Fatomlib.php&reauth=1 HTTP/1.1" 200 2377 "www.google.com" "Mozlila/5.0 (Linux; Android 7.0; SM-G892A Build/NRD90M; wv) AppleWebKit/537.36 (KHTML, like Gecko) Version/4.0 Chrome/60.0.3112.107 Mobile Safari/537.36"
119.15.88.110 - - [02/Oct/2025:08:15:18 -0400] "GET /wp-admin/includes/atomlib.php HTTP/1.1" 302 0 "www.google.com" "Mozlila/5.0 (Linux; Android 7.0; SM-G892A Build/NRD90M; wv) AppleWebKit/537.36 (KHTML, like Gecko) Version/4.0 Chrome/60.0.3112.107 Mobile Safari/537.36"
170.64.235.160 - - [02/Oct/2025:08:15:21 -0400] "GET /assets/vendor/sweetalert/ HTTP/1.1" 404 12356 "-" "Mozilla/5.0 (X11; U; Linux i686; nl-NL; rv:1.9.1b4) Gecko/20090423 Firefox/3.5b4"
119.15.88.110 - - [02/Oct/2025:08:15:23 -0400] "GET /wp-login.php?redirect_to=https%3A%2F%2Fsalhab360photos.com%2Fwp-admin%2Fincludes%2Fatomlib.php&reauth=1 HTTP/1.1" 200 2369 "www.google.com" "Mozlila/5.0 (Linux; Android 7.0; SM-G892A Build/NRD90M; wv) AppleWebKit/537.36 (KHTML, like Gecko) Version/4.0 Chrome/60.0.3112.107 Mobile Safari/537.36"
216.73.216.189 - - [02/Oct/2025:08:15:28 -0400] "GET /products74120420?kg=0073216595 HTTP/1.1" 404 9740 "-" "Mozilla/5.0 AppleWebKit/537.36 (KHTML, like Gecko; compatible; ClaudeBot/1.0; +claudebot@anthropic.com)"
139.59.110.117 - - [02/Oct/2025:08:15:31 -0400] "GET /lol.php HTTP/1.1" 200 0 "-" "python-httpx/0.28.1"
170.64.235.160 - - [02/Oct/2025:08:15:26 -0400] "GET /assets/vendor/venobox/ HTTP/1.1" 404 12360 "-" "Mozilla/5.0 (X11; U; Linux i686; nl-NL; rv:1.9.1b4) Gecko/20090423 Firefox/3.5b4"
185.61.153.107 - - [02/Oct/2025:08:15:34 -0400] "POST /wp-cron.php?doing_wp_cron=1759407334.0702559947967529296875 HTTP/1.1" 200 0 "-" "WordPress/6.8.3; https://salhab360photos.com"
119.15.88.110 - - [02/Oct/2025:08:15:31 -0400] "GET /wp-admin/maint/atomlib.php HTTP/1.1" 302 0 "www.google.com" "Mozlila/5.0 (Linux; Android 7.0; SM-G892A Build/NRD90M; wv) AppleWebKit/537.36 (KHTML, like Gecko) Version/4.0 Chrome/60.0.3112.107 Mobile Safari/537.36"
185.61.153.107 - - [02/Oct/2025:08:15:43 -0400] "POST /wp-cron.php?doing_wp_cron=1759407342.8690049648284912109375 HTTP/1.1" 200 0 "-" "WordPress/6.8.3; https://salhab360photos.com"
216.73.216.189 - - [02/Oct/2025:08:15:37 -0400] "GET /products74180480?kg=0073275921 HTTP/1.1" 200 0 "-" "Mozilla/5.0 AppleWebKit/537.36 (KHTML, like Gecko; compatible; ClaudeBot/1.0; +claudebot@anthropic.com)"
170.64.235.160 - - [02/Oct/2025:08:15:33 -0400] "GET /assets/vendors/bootstrap-icons/ HTTP/1.1" 404 12360 "-" "Mozilla/5.0 (X11; U; Linux i686; nl-NL; rv:1.9.1b4) Gecko/20090423 Firefox/3.5b4"
119.15.88.110 - - [02/Oct/2025:08:15:44 -0400] "GET /wp-login.php?redirect_to=https%3A%2F%2Fsalhab360photos.com%2Fwp-admin%2Fmaint%2Fatomlib.php&reauth=1 HTTP/1.1" 200 2370 "www.google.com" "Mozlila/5.0 (Linux; Android 7.0; SM-G892A Build/NRD90M; wv) AppleWebKit/537.36 (KHTML, like Gecko) Version/4.0 Chrome/60.0.3112.107 Mobile Safari/537.36"
119.15.88.110 - - [02/Oct/2025:08:15:55 -0400] "GET /wp-content/languages/themes/atomlib.php HTTP/1.1" 200 0 "www.google.com" "Mozlila/5.0 (Linux; Android 7.0; SM-G892A Build/NRD90M; wv) AppleWebKit/537.36 (KHTML, like Gecko) Version/4.0 Chrome/60.0.3112.107 Mobile Safari/537.36"
119.15.88.110 - - [02/Oct/2025:08:16:02 -0400] "GET /wp-content/themes/atomlib.php HTTP/1.1" 200 0 "www.google.com" "Mozlila/5.0 (Linux; Android 7.0; SM-G892A Build/NRD90M; wv) AppleWebKit/537.36 (KHTML, like Gecko) Version/4.0 Chrome/60.0.3112.107 Mobile Safari/537.36"
66.249.73.11 - - [02/Oct/2025:08:16:13 -0400] "GET /products5091630?kg=0005029618 HTTP/1.1" 200 28854 "-" "Mozilla/5.0 (Linux; Android 6.0.1; Nexus 5X Build/MMB29P) AppleWebKit/537.36 (KHTML, like Gecko) Chrome/140.0.7339.207 Mobile Safari/537.36 (compatible; Googlebot/2.1; +http://www.google.com/bot.html)"
119.15.88.110 - - [02/Oct/2025:08:16:07 -0400] "GET /wp-includes/certificates/plugins.php HTTP/1.1" 404 12361 "www.google.com" "Mozlila/5.0 (Linux; Android 7.0; SM-G892A Build/NRD90M; wv) AppleWebKit/537.36 (KHTML, like Gecko) Version/4.0 Chrome/60.0.3112.107 Mobile Safari/537.36"
170.64.235.160 - - [02/Oct/2025:08:16:07 -0400] "GET /assets2/css/ HTTP/1.1" 404 10899 "-" "Mozilla/5.0 (X11; U; Linux i686; nl-NL; rv:1.9.1b4) Gecko/20090423 Firefox/3.5b4"
216.73.216.189 - - [02/Oct/2025:08:16:27 -0400] "GET /products178891492?kg=0176709971 HTTP/1.1" 200 0 "-" "Mozilla/5.0 AppleWebKit/537.36 (KHTML, like Gecko; compatible; ClaudeBot/1.0; +claudebot@anthropic.com)"
185.61.153.107 - - [02/Oct/2025:08:17:03 -0400] "POST /wp-cron.php?doing_wp_cron=1759407422.6733779907226562500000 HTTP/1.1" 200 0 "-" "WordPress/6.8.3; https://salhab360photos.com"
170.64.235.160 - - [02/Oct/2025:08:16:51 -0400] "GET /assets2/css/themes/layout/brand/ HTTP/1.1" 200 0 "-" "Mozilla/5.0 (X11; U; Linux i686; nl-NL; rv:1.9.1b4) Gecko/20090423 Firefox/3.5b4"
66.249.73.11 - - [02/Oct/2025:08:17:15 -0400] "GET /products250296?kg=0000247325 HTTP/1.1" 200 29181 "-" "Mozilla/5.0 (Linux; Android 6.0.1; Nexus 5X Build/MMB29P) AppleWebKit/537.36 (KHTML, like Gecko) Chrome/140.0.7339.207 Mobile Safari/537.36 (compatible; Googlebot/2.1; +http://www.google.com/bot.html)"
170.64.235.160 - - [02/Oct/2025:08:17:09 -0400] "GET /assets2/css/themes/layout/header/base/ HTTP/1.1" 200 0 "-" "Mozilla/5.0 (X11; U; Linux i686; nl-NL; rv:1.9.1b4) Gecko/20090423 Firefox/3.5b4"
170.64.235.160 - - [02/Oct/2025:08:15:49 -0400] "GET /assets/vendors/chartjs/ HTTP/1.1" 404 12362 "-" "Mozilla/5.0 (X11; U; Linux i686; nl-NL; rv:1.9.1b4) Gecko/20090423 Firefox/3.5b4"
119.15.88.110 - - [02/Oct/2025:08:15:59 -0400] "GET /wp-content/plugins/atomlib.php HTTP/1.1" 200 0 "www.google.com" "Mozlila/5.0 (Linux; Android 7.0; SM-G892A Build/NRD90M; wv) AppleWebKit/537.36 (KHTML, like Gecko) Version/4.0 Chrome/60.0.3112.107 Mobile Safari/537.36"
185.191.171.1 - - [02/Oct/2025:08:15:54 -0400] "GET /portfolio/blurry-backgrounds-in-your-photography/ HTTP/1.1" 200 16522 "-" "Mozilla/5.0 (compatible; SemrushBot/7~bl; +http://www.semrush.com/bot.html)"
216.73.216.189 - - [02/Oct/2025:08:16:00 -0400] "GET /products214121152?kg=0211510001 HTTP/1.1" 404 9741 "-" "Mozilla/5.0 AppleWebKit/537.36 (KHTML, like Gecko; compatible; ClaudeBot/1.0; +claudebot@anthropic.com)"
66.249.73.10 - - [02/Oct/2025:08:16:28 -0400] "GET /products5088788?kg=0005026811 HTTP/1.1" 200 28990 "-" "Mozilla/5.0 (Linux; Android 6.0.1; Nexus 5X Build/MMB29P) AppleWebKit/537.36 (KHTML, like Gecko) Chrome/140.0.7339.207 Mobile Safari/537.36 (compatible; Googlebot/2.1; +http://www.google.com/bot.html)"
119.15.88.110 - - [02/Oct/2025:08:16:23 -0400] "GET /wp-admin/user/plugins.php HTTP/1.1" 302 0 "www.google.com" "Mozlila/5.0 (Linux; Android 7.0; SM-G892A Build/NRD90M; wv) AppleWebKit/537.36 (KHTML, like Gecko) Version/4.0 Chrome/60.0.3112.107 Mobile Safari/537.36"
170.64.235.160 - - [02/Oct/2025:08:16:23 -0400] "GET /assets2/css/themes/layout/aside/ HTTP/1.1" 200 0 "-" "Mozilla/5.0 (X11; U; Linux i686; nl-NL; rv:1.9.1b4) Gecko/20090423 Firefox/3.5b4"
119.15.88.110 - - [02/Oct/2025:08:16:37 -0400] "GET /wp-login.php?redirect_to=https%3A%2F%2Fsalhab360photos.com%2Fwp-admin%2Fuser%2Fplugins.php&reauth=1 HTTP/1.1" 200 0 "www.google.com" "Mozlila/5.0 (Linux; Android 7.0; SM-G892A Build/NRD90M; wv) AppleWebKit/537.36 (KHTML, like Gecko) Version/4.0 Chrome/60.0.3112.107 Mobile Safari/537.36"
185.61.153.107 - - [02/Oct/2025:08:16:55 -0400] "POST /wp-cron.php?doing_wp_cron=1759407414.8690879344940185546875 HTTP/1.1" 200 0 "-" "WordPress/6.8.3; https://salhab360photos.com"
66.249.73.10 - - [02/Oct/2025:08:17:01 -0400] "GET /products5090806?kg=0005028806 HTTP/1.1" 200 29057 "-" "Mozilla/5.0 (Linux; Android 6.0.1; Nexus 5X Build/MMB29P) AppleWebKit/537.36 (KHTML, like Gecko) Chrome/140.0.7339.207 Mobile Safari/537.36 (compatible; Googlebot/2.1; +http://www.google.com/bot.html)"
66.249.73.11 - - [02/Oct/2025:08:17:04 -0400] "GET /products251038?kg=0000248058 HTTP/1.1" 200 28940 "-" "Mozilla/5.0 (Linux; Android 6.0.1; Nexus 5X Build/MMB29P) AppleWebKit/537.36 (KHTML, like Gecko) Chrome/140.0.7339.207 Mobile Safari/537.36 (compatible; Googlebot/2.1; +http://www.google.com/bot.html)"
216.73.216.189 - - [02/Oct/2025:08:17:28 -0400] "GET /products214122040?kg=0211510877 HTTP/1.1" 200 0 "-" "Mozilla/5.0 AppleWebKit/537.36 (KHTML, like Gecko; compatible; ClaudeBot/1.0; +claudebot@anthropic.com)"
170.64.235.160 - - [02/Oct/2025:08:17:43 -0400] "GET /assets2/owl.carousel/ HTTP/1.1" 404 10905 "-" "Mozilla/5.0 (X11; U; Linux i686; nl-NL; rv:1.9.1b4) Gecko/20090423 Firefox/3.5b4"
119.15.88.110 - - [02/Oct/2025:08:18:03 -0400] "GET /wp-admin/css/plugins.php HTTP/1.1" 302 0 "www.google.com" "Mozlila/5.0 (Linux; Android 7.0; SM-G892A Build/NRD90M; wv) AppleWebKit/537.36 (KHTML, like Gecko) Version/4.0 Chrome/60.0.3112.107 Mobile Safari/537.36"
170.64.235.160 - - [02/Oct/2025:08:18:14 -0400] "GET /img/ HTTP/1.1" 200 12512 "https://salhab360photos.com/assets_1/img/" "Mozilla/5.0 (X11; U; Linux i686; nl-NL; rv:1.9.1b4) Gecko/20090423 Firefox/3.5b4"
119.15.88.110 - - [02/Oct/2025:08:18:21 -0400] "GET /wp-admin/includes/plugins.php HTTP/1.1" 302 0 "www.google.com" "Mozlila/5.0 (Linux; Android 7.0; SM-G892A Build/NRD90M; wv) AppleWebKit/537.36 (KHTML, like Gecko) Version/4.0 Chrome/60.0.3112.107 Mobile Safari/537.36"
5.39.109.167 - - [02/Oct/2025:08:17:06 -0400] "GET /products110091478?kg=0108748982 HTTP/1.1" 404 9741 "-" "Mozilla/5.0 (compatible; AhrefsBot/7.0; +http://ahrefs.com/robot/)"
170.64.235.160 - - [02/Oct/2025:08:17:33 -0400] "GET /assets2/css/themes/layout/header/menu/ HTTP/1.1" 404 12366 "-" "Mozilla/5.0 (X11; U; Linux i686; nl-NL; rv:1.9.1b4) Gecko/20090423 Firefox/3.5b4"
170.64.235.160 - - [02/Oct/2025:08:17:47 -0400] "GET /assets2/plugins/custom/fullcalendar/ HTTP/1.1" 404 12359 "-" "Mozilla/5.0 (X11; U; Linux i686; nl-NL; rv:1.9.1b4) Gecko/20090423 Firefox/3.5b4"
170.64.235.160 - - [02/Oct/2025:08:17:52 -0400] "GET /assets2/plugins/custom/prismjs/ HTTP/1.1" 404 12360 "-" "Mozilla/5.0 (X11; U; Linux i686; nl-NL; rv:1.9.1b4) Gecko/20090423 Firefox/3.5b4"
170.64.235.160 - - [02/Oct/2025:08:17:56 -0400] "GET /assets2/plugins/global/ HTTP/1.1" 404 12366 "-" "Mozilla/5.0 (X11; U; Linux i686; nl-NL; rv:1.9.1b4) Gecko/20090423 Firefox/3.5b4"
216.73.216.189 - - [02/Oct/2025:08:17:58 -0400] "GET /products178913208?kg=0176731421 HTTP/1.1" 404 9741 "-" "Mozilla/5.0 AppleWebKit/537.36 (KHTML, like Gecko; compatible; ClaudeBot/1.0; +claudebot@anthropic.com)"
185.61.153.107 - - [02/Oct/2025:08:18:05 -0400] "POST /wp-cron.php?doing_wp_cron=1759407484.9721889495849609375000 HTTP/1.1" 200 0 "-" "WordPress/6.8.3; https://salhab360photos.com"
170.64.235.160 - - [02/Oct/2025:08:18:01 -0400] "GET /assets_1/css/ HTTP/1.1" 404 10897 "-" "Mozilla/5.0 (X11; U; Linux i686; nl-NL; rv:1.9.1b4) Gecko/20090423 Firefox/3.5b4"
185.61.153.107 - - [02/Oct/2025:08:18:09 -0400] "POST /wp-cron.php?doing_wp_cron=1759407489.3708410263061523437500 HTTP/1.1" 200 0 "-" "WordPress/6.8.3; https://salhab360photos.com"
170.64.235.160 - - [02/Oct/2025:08:18:06 -0400] "GET /assets_1/img/ HTTP/1.1" 301 0 "-" "Mozilla/5.0 (X11; U; Linux i686; nl-NL; rv:1.9.1b4) Gecko/20090423 Firefox/3.5b4"
119.15.88.110 - - [02/Oct/2025:08:18:11 -0400] "GET /wp-login.php?redirect_to=https%3A%2F%2Fsalhab360photos.com%2Fwp-admin%2Fcss%2Fplugins.php&reauth=1 HTTP/1.1" 200 2371 "www.google.com" "Mozlila/5.0 (Linux; Android 7.0; SM-G892A Build/NRD90M; wv) AppleWebKit/537.36 (KHTML, like Gecko) Version/4.0 Chrome/60.0.3112.107 Mobile Safari/537.36"
119.15.88.110 - - [02/Oct/2025:08:18:24 -0400] "GET /wp-login.php?redirect_to=https%3A%2F%2Fsalhab360photos.com%2Fwp-admin%2Fincludes%2Fplugins.php&reauth=1 HTTP/1.1" 200 2372 "www.google.com" "Mozlila/5.0 (Linux; Android 7.0; SM-G892A Build/NRD90M; wv) AppleWebKit/537.36 (KHTML, like Gecko) Version/4.0 Chrome/60.0.3112.107 Mobile Safari/537.36"
119.15.88.110 - - [02/Oct/2025:08:18:29 -0400] "GET /wp-admin/network/plugins.php HTTP/1.1" 403 1242 "www.google.com" "Mozlila/5.0 (Linux; Android 7.0; SM-G892A Build/NRD90M; wv) AppleWebKit/537.36 (KHTML, like Gecko) Version/4.0 Chrome/60.0.3112.107 Mobile Safari/537.36"
185.61.153.107 - - [02/Oct/2025:08:18:36 -0400] "POST /wp-cron.php?doing_wp_cron=1759407515.9730350971221923828125 HTTP/1.1" 200 0 "-" "WordPress/6.8.3; https://salhab360photos.com"
170.64.235.160 - - [02/Oct/2025:08:18:31 -0400] "GET /assetss/img/ HTTP/1.1" 301 0 "-" "Mozilla/5.0 (X11; U; Linux i686; nl-NL; rv:1.9.1b4) Gecko/20090423 Firefox/3.5b4"
119.15.88.110 - - [02/Oct/2025:08:18:32 -0400] "GET /wp-admin/images/plugins.php HTTP/1.1" 302 0 "www.google.com" "Mozlila/5.0 (Linux; Android 7.0; SM-G892A Build/NRD90M; wv) AppleWebKit/537.36 (KHTML, like Gecko) Version/4.0 Chrome/60.0.3112.107 Mobile Safari/537.36"
119.15.88.110 - - [02/Oct/2025:08:18:37 -0400] "GET /wp-login.php?redirect_to=https%3A%2F%2Fsalhab360photos.com%2Fwp-admin%2Fimages%2Fplugins.php&reauth=1 HTTP/1.1" 200 2372 "www.google.com" "Mozlila/5.0 (Linux; Android 7.0; SM-G892A Build/NRD90M; wv) AppleWebKit/537.36 (KHTML, like Gecko) Version/4.0 Chrome/60.0.3112.107 Mobile Safari/537.36"
119.15.88.110 - - [02/Oct/2025:08:18:44 -0400] "GET /wp-admin/maint/plugins.php HTTP/1.1" 302 0 "www.google.com" "Mozlila/5.0 (Linux; Android 7.0; SM-G892A Build/NRD90M; wv) AppleWebKit/537.36 (KHTML, like Gecko) Version/4.0 Chrome/60.0.3112.107 Mobile Safari/537.36"
66.249.73.10 - - [02/Oct/2025:08:18:23 -0400] "GET /products250022?kg=0000247054 HTTP/1.1" 200 29032 "-" "Mozilla/5.0 (Linux; Android 6.0.1; Nexus 5X Build/MMB29P) AppleWebKit/537.36 (KHTML, like Gecko) Chrome/140.0.7339.207 Mobile Safari/537.36 (compatible; Googlebot/2.1; +http://www.google.com/bot.html)"
66.249.73.10 - - [02/Oct/2025:08:18:24 -0400] "GET /products250588?kg=0000247615 HTTP/1.1" 200 28875 "-" "Mozilla/5.0 (Linux; Android 6.0.1; Nexus 5X Build/MMB29P) AppleWebKit/537.36 (KHTML, like Gecko) Chrome/140.0.7339.207 Mobile Safari/537.36 (compatible; Googlebot/2.1; +http://www.google.com/bot.html)"
170.64.235.160 - - [02/Oct/2025:08:18:26 -0400] "GET /assetss/css/ HTTP/1.1" 404 10902 "-" "Mozilla/5.0 (X11; U; Linux i686; nl-NL; rv:1.9.1b4) Gecko/20090423 Firefox/3.5b4"
66.249.73.10 - - [02/Oct/2025:08:18:34 -0400] "GET /products248984?kg=0000246029 HTTP/1.1" 200 31151 "-" "Mozilla/5.0 (Linux; Android 6.0.1; Nexus 5X Build/MMB29P) AppleWebKit/537.36 (KHTML, like Gecko) Chrome/140.0.7339.207 Mobile Safari/537.36 (compatible; Googlebot/2.1; +http://www.google.com/bot.html)"
170.64.235.160 - - [02/Oct/2025:08:18:38 -0400] "GET /img/ HTTP/1.1" 200 12512 "https://salhab360photos.com/assetss/img/" "Mozilla/5.0 (X11; U; Linux i686; nl-NL; rv:1.9.1b4) Gecko/20090423 Firefox/3.5b4"
170.64.235.160 - - [02/Oct/2025:08:18:59 -0400] "GET /assetss/vendor/aos/ HTTP/1.1" 404 12362 "-" "Mozilla/5.0 (X11; U; Linux i686; nl-NL; rv:1.9.1b4) Gecko/20090423 Firefox/3.5b4"
119.15.88.110 - - [02/Oct/2025:08:19:04 -0400] "GET /wp-content/upgrade/plugins.php HTTP/1.1" 200 0 "www.google.com" "Mozlila/5.0 (Linux; Android 7.0; SM-G892A Build/NRD90M; wv) AppleWebKit/537.36 (KHTML, like Gecko) Version/4.0 Chrome/60.0.3112.107 Mobile Safari/537.36"
119.15.88.110 - - [02/Oct/2025:08:19:13 -0400] "GET /css/plugins.php HTTP/1.1" 404 10897 "www.google.com" "Mozlila/5.0 (Linux; Android 7.0; SM-G892A Build/NRD90M; wv) AppleWebKit/537.36 (KHTML, like Gecko) Version/4.0 Chrome/60.0.3112.107 Mobile Safari/537.36"
216.73.216.189 - - [02/Oct/2025:08:19:20 -0400] "GET /products214125534?kg=0211514330 HTTP/1.1" 404 9741 "-" "Mozilla/5.0 AppleWebKit/537.36 (KHTML, like Gecko; compatible; ClaudeBot/1.0; +claudebot@anthropic.com)"
119.15.88.110 - - [02/Oct/2025:08:19:21 -0400] "GET /wp-includes/fonts/plugins.php HTTP/1.1" 404 12361 "www.google.com" "Mozlila/5.0 (Linux; Android 7.0; SM-G892A Build/NRD90M; wv) AppleWebKit/537.36 (KHTML, like Gecko) Version/4.0 Chrome/60.0.3112.107 Mobile Safari/537.36"
170.64.235.160 - - [02/Oct/2025:08:19:22 -0400] "GET /assetss/vendor/glightbox/css/ HTTP/1.1" 404 12366 "-" "Mozilla/5.0 (X11; U; Linux i686; nl-NL; rv:1.9.1b4) Gecko/20090423 Firefox/3.5b4"
66.249.73.11 - - [02/Oct/2025:08:19:29 -0400] "GET /products251170?kg=0000248188 HTTP/1.1" 200 28920 "-" "Mozilla/5.0 (Linux; Android 6.0.1; Nexus 5X Build/MMB29P) AppleWebKit/537.36 (KHTML, like Gecko) Chrome/140.0.7339.207 Mobile Safari/537.36 (compatible; Googlebot/2.1; +http://www.google.com/bot.html)"
185.61.153.107 - - [02/Oct/2025:08:19:35 -0400] "POST /wp-cron.php?doing_wp_cron=1759407575.5682380199432373046875 HTTP/1.1" 200 0 "-" "WordPress/6.8.3; https://salhab360photos.com"
119.15.88.110 - - [02/Oct/2025:08:19:31 -0400] "GET /wp-includes/pomo/plugins.php HTTP/1.1" 404 12362 "www.google.com" "Mozlila/5.0 (Linux; Android 7.0; SM-G892A Build/NRD90M; wv) AppleWebKit/537.36 (KHTML, like Gecko) Version/4.0 Chrome/60.0.3112.107 Mobile Safari/537.36"
119.15.88.110 - - [02/Oct/2025:08:19:40 -0400] "GET /.tmb/plugins.php HTTP/1.1" 404 10906 "www.google.com" "Mozlila/5.0 (Linux; Android 7.0; SM-G892A Build/NRD90M; wv) AppleWebKit/537.36 (KHTML, like Gecko) Version/4.0 Chrome/60.0.3112.107 Mobile Safari/537.36"
119.15.88.110 - - [02/Oct/2025:08:19:46 -0400] "GET /wp-includes/IXR/plugins.php HTTP/1.1" 404 12365 "www.google.com" "Mozlila/5.0 (Linux; Android 7.0; SM-G892A Build/NRD90M; wv) AppleWebKit/537.36 (KHTML, like Gecko) Version/4.0 Chrome/60.0.3112.107 Mobile Safari/537.36"
119.15.88.110 - - [02/Oct/2025:08:18:47 -0400] "GET /wp-login.php?redirect_to=https%3A%2F%2Fsalhab360photos.com%2Fwp-admin%2Fmaint%2Fplugins.php&reauth=1 HTTP/1.1" 200 2373 "www.google.com" "Mozlila/5.0 (Linux; Android 7.0; SM-G892A Build/NRD90M; wv) AppleWebKit/537.36 (KHTML, like Gecko) Version/4.0 Chrome/60.0.3112.107 Mobile Safari/537.36"
170.64.235.160 - - [02/Oct/2025:08:18:52 -0400] "GET /assetss/img/portfolio/ HTTP/1.1" 404 12386 "-" "Mozilla/5.0 (X11; U; Linux i686; nl-NL; rv:1.9.1b4) Gecko/20090423 Firefox/3.5b4"
119.15.88.110 - - [02/Oct/2025:08:18:52 -0400] "GET /wp-admin/images/plugins.php HTTP/1.1" 302 0 "www.google.com" "Mozlila/5.0 (Linux; Android 7.0; SM-G892A Build/NRD90M; wv) AppleWebKit/537.36 (KHTML, like Gecko) Version/4.0 Chrome/60.0.3112.107 Mobile Safari/537.36"
119.15.88.110 - - [02/Oct/2025:08:18:59 -0400] "GET /wp-login.php?redirect_to=https%3A%2F%2Fsalhab360photos.com%2Fwp-admin%2Fimages%2Fplugins.php&reauth=1 HTTP/1.1" 200 2372 "www.google.com" "Mozlila/5.0 (Linux; Android 7.0; SM-G892A Build/NRD90M; wv) AppleWebKit/537.36 (KHTML, like Gecko) Version/4.0 Chrome/60.0.3112.107 Mobile Safari/537.36"
170.64.235.160 - - [02/Oct/2025:08:19:04 -0400] "GET /assetss/vendor/bootstrap-icons/ HTTP/1.1" 404 12359 "-" "Mozilla/5.0 (X11; U; Linux i686; nl-NL; rv:1.9.1b4) Gecko/20090423 Firefox/3.5b4"
119.15.88.110 - - [02/Oct/2025:08:19:07 -0400] "GET /images/plugins.php HTTP/1.1" 404 10899 "www.google.com" "Mozlila/5.0 (Linux; Android 7.0; SM-G892A Build/NRD90M; wv) AppleWebKit/537.36 (KHTML, like Gecko) Version/4.0 Chrome/60.0.3112.107 Mobile Safari/537.36"
170.64.235.160 - - [02/Oct/2025:08:19:09 -0400] "GET /assetss/vendor/bootstrap/css/ HTTP/1.1" 404 12366 "-" "Mozilla/5.0 (X11; U; Linux i686; nl-NL; rv:1.9.1b4) Gecko/20090423 Firefox/3.5b4"
170.64.235.160 - - [02/Oct/2025:08:19:15 -0400] "GET /assetss/vendor/boxicons/css/ HTTP/1.1" 404 12366 "-" "Mozilla/5.0 (X11; U; Linux i686; nl-NL; rv:1.9.1b4) Gecko/20090423 Firefox/3.5b4"
170.64.235.160 - - [02/Oct/2025:08:19:29 -0400] "GET /assetss/vendor/remixicon/ HTTP/1.1" 404 12360 "-" "Mozilla/5.0 (X11; U; Linux i686; nl-NL; rv:1.9.1b4) Gecko/20090423 Firefox/3.5b4"
119.15.88.110 - - [02/Oct/2025:08:19:56 -0400] "GET /.well-known/pki-validation/plugins.php HTTP/1.1" 404 1251 "www.google.com" "Mozlila/5.0 (Linux; Android 7.0; SM-G892A Build/NRD90M; wv) AppleWebKit/537.36 (KHTML, like Gecko) Version/4.0 Chrome/60.0.3112.107 Mobile Safari/537.36"
66.249.73.11 - - [02/Oct/2025:08:20:02 -0400] "GET /products249148?kg=0000246191 HTTP/1.1" 200 28699 "-" "Mozilla/5.0 (Linux; Android 6.0.1; Nexus 5X Build/MMB29P) AppleWebKit/537.36 (KHTML, like Gecko) Chrome/140.0.7339.207 Mobile Safari/537.36 (compatible; Googlebot/2.1; +http://www.google.com/bot.html)"
119.15.88.110 - - [02/Oct/2025:08:20:11 -0400] "GET /wp-content/languages/plugins.php HTTP/1.1" 200 0 "www.google.com" "Mozlila/5.0 (Linux; Android 7.0; SM-G892A Build/NRD90M; wv) AppleWebKit/537.36 (KHTML, like Gecko) Version/4.0 Chrome/60.0.3112.107 Mobile Safari/537.36"
54.37.118.69 - - [02/Oct/2025:08:20:08 -0400] "GET /portfolio/tag/just-crazy/ HTTP/1.1" 200 11939 "-" "Mozilla/5.0 (compatible; AhrefsBot/7.0; +http://ahrefs.com/robot/)"
66.249.73.11 - - [02/Oct/2025:08:20:17 -0400] "GET /products250132?kg=0000247163 HTTP/1.1" 200 28950 "-" "Mozilla/5.0 (Linux; Android 6.0.1; Nexus 5X Build/MMB29P) AppleWebKit/537.36 (KHTML, like Gecko) Chrome/140.0.7339.207 Mobile Safari/537.36 (compatible; Googlebot/2.1; +http://www.google.com/bot.html)"
119.15.88.110 - - [02/Oct/2025:08:20:18 -0400] "GET /wp.php HTTP/1.1" 404 10899 "www.google.com" "Mozlila/5.0 (Linux; Android 7.0; SM-G892A Build/NRD90M; wv) AppleWebKit/537.36 (KHTML, like Gecko) Version/4.0 Chrome/60.0.3112.107 Mobile Safari/537.36"
66.249.73.10 - - [02/Oct/2025:08:20:21 -0400] "GET /products250838?kg=0000247862 HTTP/1.1" 200 29042 "-" "Mozilla/5.0 (Linux; Android 6.0.1; Nexus 5X Build/MMB29P) AppleWebKit/537.36 (KHTML, like Gecko) Chrome/140.0.7339.207 Mobile Safari/537.36 (compatible; Googlebot/2.1; +http://www.google.com/bot.html)"
170.64.235.160 - - [02/Oct/2025:08:19:47 -0400] "GET /assetss/vendor/swiper/ HTTP/1.1" 404 12361 "-" "Mozilla/5.0 (X11; U; Linux i686; nl-NL; rv:1.9.1b4) Gecko/20090423 Firefox/3.5b4"
170.64.235.160 - - [02/Oct/2025:08:19:54 -0400] "GET /atk/entry/ HTTP/1.1" 404 10900 "-" "Mozilla/5.0 (X11; U; Linux i686; nl-NL; rv:1.9.1b4) Gecko/20090423 Firefox/3.5b4"
119.15.88.110 - - [02/Oct/2025:08:19:59 -0400] "GET /cgi-bin/plugins.php HTTP/1.1" 403 1242 "www.google.com" "Mozlila/5.0 (Linux; Android 7.0; SM-G892A Build/NRD90M; wv) AppleWebKit/537.36 (KHTML, like Gecko) Version/4.0 Chrome/60.0.3112.107 Mobile Safari/537.36"
119.15.88.110 - - [02/Oct/2025:08:20:02 -0400] "GET /wp-includes/random_compat/plugins.php HTTP/1.1" 404 12355 "www.google.com" "Mozlila/5.0 (Linux; Android 7.0; SM-G892A Build/NRD90M; wv) AppleWebKit/537.36 (KHTML, like Gecko) Version/4.0 Chrome/60.0.3112.107 Mobile Safari/537.36"
170.64.235.160 - - [02/Oct/2025:08:20:11 -0400] "GET /atk/items/ HTTP/1.1" 404 10906 "-" "Mozilla/5.0 (X11; U; Linux i686; nl-NL; rv:1.9.1b4) Gecko/20090423 Firefox/3.5b4"
66.249.73.10 - - [02/Oct/2025:08:20:22 -0400] "GET /products250314?kg=0000247344 HTTP/1.1" 200 28965 "-" "Mozilla/5.0 (Linux; Android 6.0.1; Nexus 5X Build/MMB29P) AppleWebKit/537.36 (KHTML, like Gecko) Chrome/140.0.7339.207 Mobile Safari/537.36 (compatible; Googlebot/2.1; +http://www.google.com/bot.html)"
170.64.235.160 - - [02/Oct/2025:08:20:27 -0400] "GET /atk/sell/ HTTP/1.1" 404 10903 "-" "Mozilla/5.0 (X11; U; Linux i686; nl-NL; rv:1.9.1b4) Gecko/20090423 Firefox/3.5b4"
119.15.88.110 - - [02/Oct/2025:08:20:31 -0400] "GET /wp-content/wso112233.php HTTP/1.1" 200 0 "www.google.com" "Mozlila/5.0 (Linux; Android 7.0; SM-G892A Build/NRD90M; wv) AppleWebKit/537.36 (KHTML, like Gecko) Version/4.0 Chrome/60.0.3112.107 Mobile Safari/537.36"
66.249.73.10 - - [02/Oct/2025:08:20:34 -0400] "GET /products250478?kg=0000247506 HTTP/1.1" 200 29438 "-" "Mozilla/5.0 (Linux; Android 6.0.1; Nexus 5X Build/MMB29P) AppleWebKit/537.36 (KHTML, like Gecko) Chrome/140.0.7339.207 Mobile Safari/537.36 (compatible; Googlebot/2.1; +http://www.google.com/bot.html)"
170.64.235.160 - - [02/Oct/2025:08:20:40 -0400] "GET /auth/pic-tenant/login/ HTTP/1.1" 404 12359 "-" "Mozilla/5.0 (X11; U; Linux i686; nl-NL; rv:1.9.1b4) Gecko/20090423 Firefox/3.5b4"
170.64.235.160 - - [02/Oct/2025:08:20:55 -0400] "GET /awstats/ HTTP/1.1" 404 10900 "-" "Mozilla/5.0 (X11; U; Linux i686; nl-NL; rv:1.9.1b4) Gecko/20090423 Firefox/3.5b4"
119.15.88.110 - - [02/Oct/2025:08:21:00 -0400] "GET /wp-content/themes/wso112233.php HTTP/1.1" 200 0 "www.google.com" "Mozlila/5.0 (Linux; Android 7.0; SM-G892A Build/NRD90M; wv) AppleWebKit/537.36 (KHTML, like Gecko) Version/4.0 Chrome/60.0.3112.107 Mobile Safari/537.36"
170.64.235.160 - - [02/Oct/2025:08:20:59 -0400] "GET /backend/css/ HTTP/1.1" 404 10896 "-" "Mozilla/5.0 (X11; U; Linux i686; nl-NL; rv:1.9.1b4) Gecko/20090423 Firefox/3.5b4"
119.15.88.110 - - [02/Oct/2025:08:21:03 -0400] "GET /.well-known/shell20211028.php HTTP/1.1" 404 10900 "www.google.com" "Mozlila/5.0 (Linux; Android 7.0; SM-G892A Build/NRD90M; wv) AppleWebKit/537.36 (KHTML, like Gecko) Version/4.0 Chrome/60.0.3112.107 Mobile Safari/537.36"
119.15.88.110 - - [02/Oct/2025:08:21:13 -0400] "GET /.well-knownold/shell20211028.php HTTP/1.1" 404 10897 "www.google.com" "Mozlila/5.0 (Linux; Android 7.0; SM-G892A Build/NRD90M; wv) AppleWebKit/537.36 (KHTML, like Gecko) Version/4.0 Chrome/60.0.3112.107 Mobile Safari/537.36"
216.73.216.189 - - [02/Oct/2025:08:21:29 -0400] "GET /sitemap.xml HTTP/1.1" 200 6003 "-" "Mozilla/5.0 AppleWebKit/537.36 (KHTML, like Gecko; compatible; ClaudeBot/1.0; +claudebot@anthropic.com)"
66.249.73.10 - - [02/Oct/2025:08:21:33 -0400] "GET /products249854?kg=0000246890 HTTP/1.1" 200 28909 "-" "Mozilla/5.0 (Linux; Android 6.0.1; Nexus 5X Build/MMB29P) AppleWebKit/537.36 (KHTML, like Gecko) Chrome/140.0.7339.207 Mobile Safari/537.36 (compatible; Googlebot/2.1; +http://www.google.com/bot.html)"
170.64.235.160 - - [02/Oct/2025:08:20:21 -0400] "GET /atk/laporan/persediaan/ HTTP/1.1" 404 12362 "-" "Mozilla/5.0 (X11; U; Linux i686; nl-NL; rv:1.9.1b4) Gecko/20090423 Firefox/3.5b4"
119.15.88.110 - - [02/Oct/2025:08:20:26 -0400] "GET /wp-content/uploads/wso112233.php HTTP/1.1" 200 0 "www.google.com" "Mozlila/5.0 (Linux; Android 7.0; SM-G892A Build/NRD90M; wv) AppleWebKit/537.36 (KHTML, like Gecko) Version/4.0 Chrome/60.0.3112.107 Mobile Safari/537.36"
185.61.153.107 - - [02/Oct/2025:08:20:38 -0400] "POST /wp-cron.php?doing_wp_cron=1759407638.4707090854644775390625 HTTP/1.1" 200 0 "-" "WordPress/6.8.3; https://salhab360photos.com"
170.64.235.160 - - [02/Oct/2025:08:20:36 -0400] "GET /auth/login/ HTTP/1.1" 404 10899 "-" "Mozilla/5.0 (X11; U; Linux i686; nl-NL; rv:1.9.1b4) Gecko/20090423 Firefox/3.5b4"
119.15.88.110 - - [02/Oct/2025:08:20:36 -0400] "GET /wp-includes/wso112233.php HTTP/1.1" 404 10905 "www.google.com" "Mozlila/5.0 (Linux; Android 7.0; SM-G892A Build/NRD90M; wv) AppleWebKit/537.36 (KHTML, like Gecko) Version/4.0 Chrome/60.0.3112.107 Mobile Safari/537.36"
119.15.88.110 - - [02/Oct/2025:08:20:48 -0400] "GET /wp-admin/wso112233.php HTTP/1.1" 302 0 "www.google.com" "Mozlila/5.0 (Linux; Android 7.0; SM-G892A Build/NRD90M; wv) AppleWebKit/537.36 (KHTML, like Gecko) Version/4.0 Chrome/60.0.3112.107 Mobile Safari/537.36"
170.64.235.160 - - [02/Oct/2025:08:20:48 -0400] "GET /award/ HTTP/1.1" 404 10896 "-" "Mozilla/5.0 (X11; U; Linux i686; nl-NL; rv:1.9.1b4) Gecko/20090423 Firefox/3.5b4"
119.15.88.110 - - [02/Oct/2025:08:20:53 -0400] "GET /wp-login.php?redirect_to=https%3A%2F%2Fsalhab360photos.com%2Fwp-admin%2Fwso112233.php&reauth=1 HTTP/1.1" 200 2370 "www.google.com" "Mozlila/5.0 (Linux; Android 7.0; SM-G892A Build/NRD90M; wv) AppleWebKit/537.36 (KHTML, like Gecko) Version/4.0 Chrome/60.0.3112.107 Mobile Safari/537.36"
170.64.235.160 - - [02/Oct/2025:08:21:02 -0400] "GET /backend/css/themes/layout/aside/ HTTP/1.1" 404 12366 "-" "Mozilla/5.0 (X11; U; Linux i686; nl-NL; rv:1.9.1b4) Gecko/20090423 Firefox/3.5b4"
66.249.73.10 - - [02/Oct/2025:08:21:20 -0400] "GET /products248948?kg=0000245995 HTTP/1.1" 200 28716 "-" "Mozilla/5.0 (Linux; Android 6.0.1; Nexus 5X Build/MMB29P) AppleWebKit/537.36 (KHTML, like Gecko) Chrome/140.0.7339.207 Mobile Safari/537.36 (compatible; Googlebot/2.1; +http://www.google.com/bot.html)"
119.15.88.110 - - [02/Oct/2025:08:21:20 -0400] "GET /.well-known/acme-challenge/shell20211028.php HTTP/1.1" 404 12365 "www.google.com" "Mozlila/5.0 (Linux; Android 7.0; SM-G892A Build/NRD90M; wv) AppleWebKit/537.36 (KHTML, like Gecko) Version/4.0 Chrome/60.0.3112.107 Mobile Safari/537.36"
66.249.73.10 - - [02/Oct/2025:08:21:26 -0400] "GET /products251002?kg=0000248024 HTTP/1.1" 200 28886 "-" "Mozilla/5.0 (Linux; Android 6.0.1; Nexus 5X Build/MMB29P) AppleWebKit/537.36 (KHTML, like Gecko) Chrome/140.0.7339.207 Mobile Safari/537.36 (compatible; Googlebot/2.1; +http://www.google.com/bot.html)"
185.61.153.107 - - [02/Oct/2025:08:21:33 -0400] "POST /wp-cron.php?doing_wp_cron=1759407693.5704040527343750000000 HTTP/1.1" 200 0 "-" "WordPress/6.8.3; https://salhab360photos.com"
119.15.88.110 - - [02/Oct/2025:08:21:30 -0400] "GET /.well-known/pkivalidation/shell20211028.php HTTP/1.1" 404 12358 "www.google.com" "Mozlila/5.0 (Linux; Android 7.0; SM-G892A Build/NRD90M; wv) AppleWebKit/537.36 (KHTML, like Gecko) Version/4.0 Chrome/60.0.3112.107 Mobile Safari/537.36"
119.15.88.110 - - [02/Oct/2025:08:21:38 -0400] "GET /wp-content/plugins/shell20211028.php HTTP/1.1" 200 0 "www.google.com" "Mozlila/5.0 (Linux; Android 7.0; SM-G892A Build/NRD90M; wv) AppleWebKit/537.36 (KHTML, like Gecko) Version/4.0 Chrome/60.0.3112.107 Mobile Safari/537.36"
119.15.88.110 - - [02/Oct/2025:08:21:47 -0400] "GET /wp-content/uploads/shell20211028.php HTTP/1.1" 200 0 "www.google.com" "Mozlila/5.0 (Linux; Android 7.0; SM-G892A Build/NRD90M; wv) AppleWebKit/537.36 (KHTML, like Gecko) Version/4.0 Chrome/60.0.3112.107 Mobile Safari/537.36"
170.64.235.160 - - [02/Oct/2025:08:21:30 -0400] "GET /backend/css/themes/layout/brand/ HTTP/1.1" 404 12366 "-" "Mozilla/5.0 (X11; U; Linux i686; nl-NL; rv:1.9.1b4) Gecko/20090423 Firefox/3.5b4"
66.249.73.10 - - [02/Oct/2025:08:21:38 -0400] "GET /products251900?kg=0000248911 HTTP/1.1" 200 32860 "-" "Mozilla/5.0 (Linux; Android 6.0.1; Nexus 5X Build/MMB29P) AppleWebKit/537.36 (KHTML, like Gecko) Chrome/140.0.7339.207 Mobile Safari/537.36 (compatible; Googlebot/2.1; +http://www.google.com/bot.html)"
170.64.235.160 - - [02/Oct/2025:08:21:37 -0400] "GET /backend/css/themes/layout/header/base/ HTTP/1.1" 404 12359 "-" "Mozilla/5.0 (X11; U; Linux i686; nl-NL; rv:1.9.1b4) Gecko/20090423 Firefox/3.5b4"
170.64.235.160 - - [02/Oct/2025:08:21:42 -0400] "GET /backend/css/themes/layout/header/menu/ HTTP/1.1" 404 12366 "-" "Mozilla/5.0 (X11; U; Linux i686; nl-NL; rv:1.9.1b4) Gecko/20090423 Firefox/3.5b4"
40.81.202.206 - - [02/Oct/2025:08:21:45 -0400] "GET /administrator/ HTTP/1.1" 404 10897 "-" "Mozilla/5.0 (Windows NT 10.0; Win64; x64) AppleWebKit/537.36 (KHTML, like Gecko) Chrome/116.0.0.0 Safari/537.36"
170.64.235.160 - - [02/Oct/2025:08:21:46 -0400] "GET /backend/plugins/custom/datatables/ HTTP/1.1" 404 12359 "-" "Mozilla/5.0 (X11; U; Linux i686; nl-NL; rv:1.9.1b4) Gecko/20090423 Firefox/3.5b4"
119.15.88.110 - - [02/Oct/2025:08:21:53 -0400] "GET /wp-content/shell20211028.php HTTP/1.1" 200 0 "www.google.com" "Mozlila/5.0 (Linux; Android 7.0; SM-G892A Build/NRD90M; wv) AppleWebKit/537.36 (KHTML, like Gecko) Version/4.0 Chrome/60.0.3112.107 Mobile Safari/537.36"
40.81.202.206 - - [02/Oct/2025:08:21:50 -0400] "GET /administrator/index.php HTTP/1.1" 301 0 "-" "Mozilla/5.0 (Windows NT 10.0; Win64; x64) AppleWebKit/537.36 (KHTML, like Gecko) Chrome/116.0.0.0 Safari/537.36"
40.81.202.206 - - [02/Oct/2025:08:21:57 -0400] "GET /wp-admin/install.php?step=2 HTTP/1.1" 403 1242 "-" "Mozilla/5.0 (Windows NT 10.0; Win64; x64) AppleWebKit/537.36 (KHTML, like Gecko) Chrome/116.0.0.0 Safari/537.36"
40.81.202.206 - - [02/Oct/2025:08:21:58 -0400] "GET /wp-admin/setup-config.php?step=1 HTTP/1.1" 409 1213 "-" "Mozilla/5.0 (Windows NT 10.0; Win64; x64) AppleWebKit/537.36 (KHTML, like Gecko) Chrome/116.0.0.0 Safari/537.36"
40.81.202.206 - - [02/Oct/2025:08:22:00 -0400] "GET /wp-admin/install.php?step=2 HTTP/1.1" 403 1242 "-" "Mozilla/5.0 (Windows NT 10.0; Win64; x64) AppleWebKit/537.36 (KHTML, like Gecko) Chrome/116.0.0.0 Safari/537.36"
40.81.202.206 - - [02/Oct/2025:08:22:00 -0400] "GET /wp-admin/setup-config.php?step=1 HTTP/1.1" 409 1213 "-" "Mozilla/5.0 (Windows NT 10.0; Win64; x64) AppleWebKit/537.36 (KHTML, like Gecko) Chrome/116.0.0.0 Safari/537.36"
119.15.88.110 - - [02/Oct/2025:08:22:00 -0400] "GET /wp-includes/shell20211028.php HTTP/1.1" 404 10904 "www.google.com" "Mozlila/5.0 (Linux; Android 7.0; SM-G892A Build/NRD90M; wv) AppleWebKit/537.36 (KHTML, like Gecko) Version/4.0 Chrome/60.0.3112.107 Mobile Safari/537.36"
40.81.202.206 - - [02/Oct/2025:08:22:06 -0400] "GET /wp-admin/setup-config.php?step=1 HTTP/1.1" 409 1213 "-" "Mozilla/5.0 (Windows NT 10.0; Win64; x64) AppleWebKit/537.36 (KHTML, like Gecko) Chrome/116.0.0.0 Safari/537.36"
40.81.202.206 - - [02/Oct/2025:08:22:08 -0400] "GET /wp-admin/install.php?step=2 HTTP/1.1" 403 1242 "-" "Mozilla/5.0 (Windows NT 10.0; Win64; x64) AppleWebKit/537.36 (KHTML, like Gecko) Chrome/116.0.0.0 Safari/537.36"
40.81.202.206 - - [02/Oct/2025:08:22:08 -0400] "GET /wp-admin/setup-config.php?step=1 HTTP/1.1" 409 1213 "-" "Mozilla/5.0 (Windows NT 10.0; Win64; x64) AppleWebKit/537.36 (KHTML, like Gecko) Chrome/116.0.0.0 Safari/537.36"
40.81.202.206 - - [02/Oct/2025:08:22:14 -0400] "GET /wp-admin/install.php?step=2 HTTP/1.1" 403 1242 "-" "Mozilla/5.0 (Windows NT 10.0; Win64; x64) AppleWebKit/537.36 (KHTML, like Gecko) Chrome/116.0.0.0 Safari/537.36"
40.81.202.206 - - [02/Oct/2025:08:21:54 -0400] "GET /administrator/ HTTP/1.1" 404 10900 "-" "Mozilla/5.0 (Windows NT 10.0; Win64; x64) AppleWebKit/537.36 (KHTML, like Gecko) Chrome/116.0.0.0 Safari/537.36"
40.81.202.206 - - [02/Oct/2025:08:22:02 -0400] "GET /wp-admin/install.php?step=2 HTTP/1.1" 403 1242 "-" "Mozilla/5.0 (Windows NT 10.0; Win64; x64) AppleWebKit/537.36 (KHTML, like Gecko) Chrome/116.0.0.0 Safari/537.36"
66.249.73.12 - - [02/Oct/2025:08:22:02 -0400] "GET /products251904?kg=0000248913 HTTP/1.1" 200 29782 "-" "Mozilla/5.0 (Linux; Android 6.0.1; Nexus 5X Build/MMB29P) AppleWebKit/537.36 (KHTML, like Gecko) Chrome/140.0.7339.207 Mobile Safari/537.36 (compatible; Googlebot/2.1; +http://www.google.com/bot.html)"
40.81.202.206 - - [02/Oct/2025:08:22:02 -0400] "GET /wp-admin/setup-config.php?step=1 HTTP/1.1" 409 1213 "-" "Mozilla/5.0 (Windows NT 10.0; Win64; x64) AppleWebKit/537.36 (KHTML, like Gecko) Chrome/116.0.0.0 Safari/537.36"
40.81.202.206 - - [02/Oct/2025:08:22:05 -0400] "GET /wp-admin/install.php?step=2 HTTP/1.1" 403 1242 "-" "Mozilla/5.0 (Windows NT 10.0; Win64; x64) AppleWebKit/537.36 (KHTML, like Gecko) Chrome/116.0.0.0 Safari/537.36"
40.81.202.206 - - [02/Oct/2025:08:22:11 -0400] "GET /wp-admin/install.php?step=2 HTTP/1.1" 403 1242 "-" "Mozilla/5.0 (Windows NT 10.0; Win64; x64) AppleWebKit/537.36 (KHTML, like Gecko) Chrome/116.0.0.0 Safari/537.36"
119.15.88.110 - - [02/Oct/2025:08:22:08 -0400] "GET /wp-admin/shell20211028.php HTTP/1.1" 302 0 "www.google.com" "Mozlila/5.0 (Linux; Android 7.0; SM-G892A Build/NRD90M; wv) AppleWebKit/537.36 (KHTML, like Gecko) Version/4.0 Chrome/60.0.3112.107 Mobile Safari/537.36"
40.81.202.206 - - [02/Oct/2025:08:22:12 -0400] "GET /wp-admin/setup-config.php?step=1 HTTP/1.1" 409 1213 "-" "Mozilla/5.0 (Windows NT 10.0; Win64; x64) AppleWebKit/537.36 (KHTML, like Gecko) Chrome/116.0.0.0 Safari/537.36"
40.81.202.206 - - [02/Oct/2025:08:22:15 -0400] "GET /wp-admin/setup-config.php?step=1 HTTP/1.1" 409 1213 "-" "Mozilla/5.0 (Windows NT 10.0; Win64; x64) AppleWebKit/537.36 (KHTML, like Gecko) Chrome/116.0.0.0 Safari/537.36"
170.64.235.160 - - [02/Oct/2025:08:22:10 -0400] "GET /backend/plugins/custom/fullcalendar/ HTTP/1.1" 404 12366 "-" "Mozilla/5.0 (X11; U; Linux i686; nl-NL; rv:1.9.1b4) Gecko/20090423 Firefox/3.5b4"
40.81.202.206 - - [02/Oct/2025:08:22:18 -0400] "GET /wp-admin/install.php?step=2 HTTP/1.1" 403 1242 "-" "Mozilla/5.0 (Windows NT 10.0; Win64; x64) AppleWebKit/537.36 (KHTML, like Gecko) Chrome/116.0.0.0 Safari/537.36"
40.81.202.206 - - [02/Oct/2025:08:22:18 -0400] "GET /wp-admin/setup-config.php?step=1 HTTP/1.1" 409 1213 "-" "Mozilla/5.0 (Windows NT 10.0; Win64; x64) AppleWebKit/537.36 (KHTML, like Gecko) Chrome/116.0.0.0 Safari/537.36"
119.15.88.110 - - [02/Oct/2025:08:22:23 -0400] "GET /wp-content/themes/shell20211028.php HTTP/1.1" 200 0 "www.google.com" "Mozlila/5.0 (Linux; Android 7.0; SM-G892A Build/NRD90M; wv) AppleWebKit/537.36 (KHTML, like Gecko) Version/4.0 Chrome/60.0.3112.107 Mobile Safari/537.36"
40.81.202.206 - - [02/Oct/2025:08:22:22 -0400] "GET /wp-admin/setup-config.php?step=1 HTTP/1.1" 409 1213 "-" "Mozilla/5.0 (Windows NT 10.0; Win64; x64) AppleWebKit/537.36 (KHTML, like Gecko) Chrome/116.0.0.0 Safari/537.36"
40.81.202.206 - - [02/Oct/2025:08:22:25 -0400] "GET /wp-admin/setup-config.php?step=1 HTTP/1.1" 409 1213 "-" "Mozilla/5.0 (Windows NT 10.0; Win64; x64) AppleWebKit/537.36 (KHTML, like Gecko) Chrome/116.0.0.0 Safari/537.36"
40.81.202.206 - - [02/Oct/2025:08:22:29 -0400] "GET /wp-admin/setup-config.php?step=1 HTTP/1.1" 409 1213 "-" "Mozilla/5.0 (Windows NT 10.0; Win64; x64) AppleWebKit/537.36 (KHTML, like Gecko) Chrome/116.0.0.0 Safari/537.36"
40.81.202.206 - - [02/Oct/2025:08:22:35 -0400] "GET /wp-admin/setup-config.php?step=1 HTTP/1.1" 409 1213 "-" "Mozilla/5.0 (Windows NT 10.0; Win64; x64) AppleWebKit/537.36 (KHTML, like Gecko) Chrome/116.0.0.0 Safari/537.36"
119.15.88.110 - - [02/Oct/2025:08:22:14 -0400] "GET /wp-login.php?redirect_to=https%3A%2F%2Fsalhab360photos.com%2Fwp-admin%2Fshell20211028.php&reauth=1 HTTP/1.1" 200 2372 "www.google.com" "Mozlila/5.0 (Linux; Android 7.0; SM-G892A Build/NRD90M; wv) AppleWebKit/537.36 (KHTML, like Gecko) Version/4.0 Chrome/60.0.3112.107 Mobile Safari/537.36"
40.81.202.206 - - [02/Oct/2025:08:22:21 -0400] "GET /wp-admin/install.php?step=2 HTTP/1.1" 403 1242 "-" "Mozilla/5.0 (Windows NT 10.0; Win64; x64) AppleWebKit/537.36 (KHTML, like Gecko) Chrome/116.0.0.0 Safari/537.36"
170.64.235.160 - - [02/Oct/2025:08:22:18 -0400] "GET /backend/plugins/custom/prismjs/ HTTP/1.1" 404 12366 "-" "Mozilla/5.0 (X11; U; Linux i686; nl-NL; rv:1.9.1b4) Gecko/20090423 Firefox/3.5b4"
40.81.202.206 - - [02/Oct/2025:08:22:25 -0400] "GET /wp-admin/install.php?step=2 HTTP/1.1" 403 1242 "-" "Mozilla/5.0 (Windows NT 10.0; Win64; x64) AppleWebKit/537.36 (KHTML, like Gecko) Chrome/116.0.0.0 Safari/537.36"
40.81.202.206 - - [02/Oct/2025:08:22:28 -0400] "GET /wp-admin/install.php?step=2 HTTP/1.1" 403 1242 "-" "Mozilla/5.0 (Windows NT 10.0; Win64; x64) AppleWebKit/537.36 (KHTML, like Gecko) Chrome/116.0.0.0 Safari/537.36"
170.64.235.160 - - [02/Oct/2025:08:22:25 -0400] "GET /backend/plugins/custom/uppy/ HTTP/1.1" 404 12361 "-" "Mozilla/5.0 (X11; U; Linux i686; nl-NL; rv:1.9.1b4) Gecko/20090423 Firefox/3.5b4"
40.81.202.206 - - [02/Oct/2025:08:22:32 -0400] "GET /wp-admin/install.php?step=2 HTTP/1.1" 403 1242 "-" "Mozilla/5.0 (Windows NT 10.0; Win64; x64) AppleWebKit/537.36 (KHTML, like Gecko) Chrome/116.0.0.0 Safari/537.36"
119.15.88.110 - - [02/Oct/2025:08:22:28 -0400] "GET /.well-known/bala.php HTTP/1.1" 404 10898 "www.google.com" "Mozlila/5.0 (Linux; Android 7.0; SM-G892A Build/NRD90M; wv) AppleWebKit/537.36 (KHTML, like Gecko) Version/4.0 Chrome/60.0.3112.107 Mobile Safari/537.36"
40.81.202.206 - - [02/Oct/2025:08:22:33 -0400] "GET /wp-admin/setup-config.php?step=1 HTTP/1.1" 409 1213 "-" "Mozilla/5.0 (Windows NT 10.0; Win64; x64) AppleWebKit/537.36 (KHTML, like Gecko) Chrome/116.0.0.0 Safari/537.36"
40.81.202.206 - - [02/Oct/2025:08:22:35 -0400] "GET /wp-admin/install.php?step=2 HTTP/1.1" 403 1242 "-" "Mozilla/5.0 (Windows NT 10.0; Win64; x64) AppleWebKit/537.36 (KHTML, like Gecko) Chrome/116.0.0.0 Safari/537.36"
66.249.73.11 - - [02/Oct/2025:08:22:35 -0400] "GET /products249166?kg=0000246210 HTTP/1.1" 200 28791 "-" "Mozilla/5.0 (Linux; Android 6.0.1; Nexus 5X Build/MMB29P) AppleWebKit/537.36 (KHTML, like Gecko) Chrome/140.0.7339.207 Mobile Safari/537.36 (compatible; Googlebot/2.1; +http://www.google.com/bot.html)"
40.81.202.206 - - [02/Oct/2025:08:22:39 -0400] "GET /wp-admin/setup-config.php?step=1 HTTP/1.1" 409 1213 "-" "Mozilla/5.0 (Windows NT 10.0; Win64; x64) AppleWebKit/537.36 (KHTML, like Gecko) Chrome/116.0.0.0 Safari/537.36"
40.81.202.206 - - [02/Oct/2025:08:22:43 -0400] "GET /wp-admin/setup-config.php?step=1 HTTP/1.1" 409 1213 "-" "Mozilla/5.0 (Windows NT 10.0; Win64; x64) AppleWebKit/537.36 (KHTML, like Gecko) Chrome/116.0.0.0 Safari/537.36"
40.81.202.206 - - [02/Oct/2025:08:22:48 -0400] "GET /wp-login.php HTTP/1.1" 200 2345 "-" "Mozilla/5.0 (Windows NT 10.0; Win64; x64) AppleWebKit/537.36 (KHTML, like Gecko) Chrome/116.0.0.0 Safari/537.36"
40.81.202.206 - - [02/Oct/2025:08:22:56 -0400] "GET /style.php HTTP/1.1" 404 10899 "-" "Mozilla/5.0 (Windows NT 10.0; Win64; x64) AppleWebKit/537.36 (KHTML, like Gecko) Chrome/116.0.0.0 Safari/537.36"
170.64.235.160 - - [02/Oct/2025:08:22:59 -0400] "GET /backup/ HTTP/1.1" 404 10903 "-" "Mozilla/5.0 (X11; U; Linux i686; nl-NL; rv:1.9.1b4) Gecko/20090423 Firefox/3.5b4"
40.81.202.206 - - [02/Oct/2025:08:23:03 -0400] "GET /wp-admin/style.php HTTP/1.1" 302 0 "-" "Mozilla/5.0 (Windows NT 10.0; Win64; x64) AppleWebKit/537.36 (KHTML, like Gecko) Chrome/116.0.0.0 Safari/537.36"
40.81.202.206 - - [02/Oct/2025:08:23:16 -0400] "GET /wp-content/style.php HTTP/1.1" 200 0 "-" "Mozilla/5.0 (Windows NT 10.0; Win64; x64) AppleWebKit/537.36 (KHTML, like Gecko) Chrome/116.0.0.0 Safari/537.36"
40.81.202.206 - - [02/Oct/2025:08:22:38 -0400] "GET /wp-admin/install.php?step=2 HTTP/1.1" 403 1242 "-" "Mozilla/5.0 (Windows NT 10.0; Win64; x64) AppleWebKit/537.36 (KHTML, like Gecko) Chrome/116.0.0.0 Safari/537.36"
185.61.153.107 - - [02/Oct/2025:08:22:42 -0400] "POST /wp-cron.php?doing_wp_cron=1759407762.8709781169891357421875 HTTP/1.1" 200 0 "-" "WordPress/6.8.3; https://salhab360photos.com"
40.81.202.206 - - [02/Oct/2025:08:22:43 -0400] "GET /wp-admin/install.php?step=2 HTTP/1.1" 403 1242 "-" "Mozilla/5.0 (Windows NT 10.0; Win64; x64) AppleWebKit/537.36 (KHTML, like Gecko) Chrome/116.0.0.0 Safari/537.36"
170.64.235.160 - - [02/Oct/2025:08:22:38 -0400] "GET /backend/plugins/global/ HTTP/1.1" 404 12365 "-" "Mozilla/5.0 (X11; U; Linux i686; nl-NL; rv:1.9.1b4) Gecko/20090423 Firefox/3.5b4"
119.15.88.110 - - [02/Oct/2025:08:22:37 -0400] "GET /bala.php HTTP/1.1" 404 10906 "www.google.com" "Mozlila/5.0 (Linux; Android 7.0; SM-G892A Build/NRD90M; wv) AppleWebKit/537.36 (KHTML, like Gecko) Version/4.0 Chrome/60.0.3112.107 Mobile Safari/537.36"
170.64.235.160 - - [02/Oct/2025:08:22:46 -0400] "GET /backup-old/ HTTP/1.1" 404 10903 "-" "Mozilla/5.0 (X11; U; Linux i686; nl-NL; rv:1.9.1b4) Gecko/20090423 Firefox/3.5b4"
